Dec 02 16:43:27.900 INFO testing simulacrum_mock-0.1.0 against 1.30.1 for beta-1.31-5
Dec 02 16:43:27.900 INFO running `"docker" "create" "-v" "/mnt/big/crater/work/local/target-dirs/beta-1.31-5/worker-7/1.30.1:/target:rw,Z" "-v" "/mnt/big/crater/work/local/test-source/worker-7/beta-1.31-5/1.30.1:/source:ro,Z" "-v" "/mnt/big/crater/work/local/cargo-home:/cargo-home:ro,Z" "-v" "/mnt/big/crater/work/local/rustup-home:/rustup-home:ro,Z" "-e" "USER_ID=1000" "-e" "SOURCE_DIR=/source" "-e" "USER_ID=1000" "-e" "CMD=cargo +1.30.1 build --frozen" "-e" "CARGO_TARGET_DIR=/target" "-e" "CARGO_INCREMENTAL=0" "-e" "RUST_BACKTRACE=full" "-e" "RUSTFLAGS=--cap-lints=warn" "-e" "CARGO_HOME=/cargo-home" "-e" "RUSTUP_HOME=/rustup-home" "-m" "1536M" "--network" "none" "crater"`
Dec 02 16:43:28.058 INFO [stdout] fd17b42a2d64a42415395dd0944ef3d992b20ca4b5565d847769cb2e65bcef52
Dec 02 16:43:28.064 INFO running `"docker" "start" "-a" "fd17b42a2d64a42415395dd0944ef3d992b20ca4b5565d847769cb2e65bcef52"`
Dec 02 16:43:28.661 INFO [stderr] usermod: no changes
Dec 02 16:43:28.696 INFO [stderr]    Compiling handlebox v0.3.0
Dec 02 16:43:29.251 INFO [stderr]    Compiling simulacrum_mock v0.1.0 (/source)
Dec 02 16:43:30.279 INFO [stderr]     Finished dev [unoptimized + debuginfo] target(s) in 1.59s
Dec 02 16:43:30.279 INFO [stderr] su: No module specific data is present
Dec 02 16:43:30.564 INFO running `"docker" "inspect" "fd17b42a2d64a42415395dd0944ef3d992b20ca4b5565d847769cb2e65bcef52"`
Dec 02 16:43:30.648 INFO running `"docker" "rm" "-f" "fd17b42a2d64a42415395dd0944ef3d992b20ca4b5565d847769cb2e65bcef52"`
Dec 02 16:43:30.754 INFO [stdout] fd17b42a2d64a42415395dd0944ef3d992b20ca4b5565d847769cb2e65bcef52
Dec 02 16:43:30.758 INFO running `"docker" "create" "-v" "/mnt/big/crater/work/local/target-dirs/beta-1.31-5/worker-7/1.30.1:/target:rw,Z" "-v" "/mnt/big/crater/work/local/test-source/worker-7/beta-1.31-5/1.30.1:/source:ro,Z" "-v" "/mnt/big/crater/work/local/cargo-home:/cargo-home:ro,Z" "-v" "/mnt/big/crater/work/local/rustup-home:/rustup-home:ro,Z" "-e" "USER_ID=1000" "-e" "SOURCE_DIR=/source" "-e" "USER_ID=1000" "-e" "CMD=cargo +1.30.1 test --frozen --no-run" "-e" "CARGO_TARGET_DIR=/target" "-e" "CARGO_INCREMENTAL=0" "-e" "RUST_BACKTRACE=full" "-e" "RUSTFLAGS=--cap-lints=warn" "-e" "CARGO_HOME=/cargo-home" "-e" "RUSTUP_HOME=/rustup-home" "-m" "1536M" "--network" "none" "crater"`
Dec 02 16:43:30.979 INFO [stdout] 1d626d53d9c0ec7548f50cbabd3205ddd2671817ca3775d6489f78547fd98423
Dec 02 16:43:30.984 INFO running `"docker" "start" "-a" "1d626d53d9c0ec7548f50cbabd3205ddd2671817ca3775d6489f78547fd98423"`
Dec 02 16:43:32.005 INFO [stderr] usermod: no changes
Dec 02 16:43:32.051 INFO [stderr]    Compiling simulacrum_user v0.1.0
Dec 02 16:43:32.959 INFO [stderr]    Compiling simulacrum_mock v0.1.0 (/source)
Dec 02 16:43:34.964 INFO [stderr]     Finished dev [unoptimized + debuginfo] target(s) in 2.93s
Dec 02 16:43:34.977 INFO [stderr] su: No module specific data is present
Dec 02 16:43:35.251 INFO running `"docker" "inspect" "1d626d53d9c0ec7548f50cbabd3205ddd2671817ca3775d6489f78547fd98423"`
Dec 02 16:43:35.439 INFO running `"docker" "rm" "-f" "1d626d53d9c0ec7548f50cbabd3205ddd2671817ca3775d6489f78547fd98423"`
Dec 02 16:43:35.660 INFO [stdout] 1d626d53d9c0ec7548f50cbabd3205ddd2671817ca3775d6489f78547fd98423
Dec 02 16:43:35.665 INFO running `"docker" "create" "-v" "/mnt/big/crater/work/local/target-dirs/beta-1.31-5/worker-7/1.30.1:/target:rw,Z" "-v" "/mnt/big/crater/work/local/test-source/worker-7/beta-1.31-5/1.30.1:/source:ro,Z" "-v" "/mnt/big/crater/work/local/cargo-home:/cargo-home:ro,Z" "-v" "/mnt/big/crater/work/local/rustup-home:/rustup-home:ro,Z" "-e" "USER_ID=1000" "-e" "SOURCE_DIR=/source" "-e" "USER_ID=1000" "-e" "CMD=cargo +1.30.1 test --frozen" "-e" "CARGO_TARGET_DIR=/target" "-e" "CARGO_INCREMENTAL=0" "-e" "RUST_BACKTRACE=full" "-e" "RUSTFLAGS=--cap-lints=warn" "-e" "CARGO_HOME=/cargo-home" "-e" "RUSTUP_HOME=/rustup-home" "-m" "1536M" "--network" "none" "crater"`
Dec 02 16:43:36.055 INFO [stdout] e0d408420f3090650f46a1b34827ee4cda104c03fea23b23ad1edb65f0636a44
Dec 02 16:43:36.058 INFO running `"docker" "start" "-a" "e0d408420f3090650f46a1b34827ee4cda104c03fea23b23ad1edb65f0636a44"`
Dec 02 16:43:37.115 INFO [stderr] usermod: no changes
Dec 02 16:43:37.183 INFO [stderr]     Finished dev [unoptimized + debuginfo] target(s) in 0.02s
Dec 02 16:43:37.207 INFO [stderr]      Running /target/debug/deps/simulacrum_mock-e38bea6f09cf682f
Dec 02 16:43:37.207 INFO [stdout] 
Dec 02 16:43:37.207 INFO [stdout] running 53 tests
Dec 02 16:43:37.266 INFO [stdout] test constraint::stock::params::tests::test_handle_call_bad_then_good ... ok
Dec 02 16:43:37.275 INFO [stdout] test constraint::stock::always::tests::test_fail ... ok
Dec 02 16:43:37.275 INFO [stdout] test constraint::stock::always::tests::test_pass ... ok
Dec 02 16:43:37.279 INFO [stdout] test constraint::stock::params::tests::test_handle_call_pass ... ok
Dec 02 16:43:37.283 INFO [stdout] test constraint::stock::times::tests::test_fail_called_fewer ... ok
Dec 02 16:43:37.287 INFO [stdout] test constraint::stock::params::tests::test_handle_call_good_then_bad ... ok
Dec 02 16:43:37.287 INFO [stdout] test constraint::stock::params::tests::test_new ... ok
Dec 02 16:43:37.287 INFO [stdout] test constraint::stock::times::tests::test_fail_called_more ... ok
Dec 02 16:43:37.291 INFO [stdout] test constraint::stock::times::tests::test_pass ... ok
Dec 02 16:43:37.291 INFO [stdout] test expectation::tests::test_handle_call ... ok
Dec 02 16:43:37.291 INFO [stdout] test constraint::stock::times::tests::test_handle_call ... ok
Dec 02 16:43:37.299 INFO [stdout] test expectation::tests::test_return ... ok
Dec 02 16:43:37.299 INFO [stdout] test expectation::tests::test_new ... ok
Dec 02 16:43:37.303 INFO [stdout] test expectation::tests::test_constrain ... ok
Dec 02 16:43:37.311 INFO [stdout] test mock::tests::test_called_any_zero ... ok
Dec 02 16:43:37.311 INFO [stdout] test mock::tests::test_called_any_two ... ok
Dec 02 16:43:37.311 INFO [stdout] test expectation::tests::test_set_modification ... ok
Dec 02 16:43:37.311 INFO [stdout] test expectation::tests::test_verify_fail ... ok
Dec 02 16:43:37.311 INFO [stdout] test expectation::tests::test_verify_pass ... ok
Dec 02 16:43:37.331 INFO [stdout] test mock::tests::test_called_twice ... ok
Dec 02 16:43:37.331 INFO [stdout] test mock::tests::test_called_once ... ok
Dec 02 16:43:37.331 INFO [stdout] test mock::tests::test_called_never_pass ... ok
Dec 02 16:43:37.331 INFO [stdout] test expectation::tests::test_return_no_closure_given ... ok
Dec 02 16:43:37.331 INFO [stdout] test mock::tests::test_called_twice_fail ... ok
Dec 02 16:43:37.331 INFO [stdout] test mock::tests::test_called_once_fail ... ok
Dec 02 16:43:37.331 INFO [stdout] test mock::tests::test_called_never_fail ... ok
Dec 02 16:43:37.331 INFO [stdout] test mock::tests::test_modifications ... ok
Dec 02 16:43:37.331 INFO [stdout] test mock::tests::test_param ... ok
Dec 02 16:43:37.331 INFO [stdout] test constraint::stock::params::tests::test_handle_call_fail ... FAILED
Dec 02 16:43:37.331 INFO [stdout] test mock::tests::test_calls_ignored_after_final_era_completes ... ok
Dec 02 16:43:37.331 INFO [stdout] test mock::tests::test_eras_complete_eagerly ... ok
Dec 02 16:43:37.331 INFO [stdout] test mock::tests::test_empty_era_leading ... ok
Dec 02 16:43:37.358 INFO [stdout] test mock::tests::test_returning ... ok
Dec 02 16:43:37.358 INFO [stdout] test mock::tests::test_empty_era_middle ... ok
Dec 02 16:43:37.358 INFO [stdout] test mock::tests::test_one_expectation_per_era ... ok
Dec 02 16:43:37.358 INFO [stdout] test mock::tests::test_empty_era_end ... ok
Dec 02 16:43:37.371 INFO [stdout] test mock::tests::test_then_specific ... ok
Dec 02 16:43:37.375 INFO [stdout] test mock::tests::test_then_never ... ok
Dec 02 16:43:37.375 INFO [stdout] test mock::tests::test_returning_no_matches ... ok
Dec 02 16:43:37.375 INFO [stdout] test mock::tests::test_then_multi_call ... ok
Dec 02 16:43:37.375 INFO [stdout] test mock::tests::test_then ... ok
Dec 02 16:43:37.375 INFO [stdout] test mock::tests::test_then_wrong_order_fail ... ok
Dec 02 16:43:37.375 INFO [stdout] test mock::tests::test_param_fail ... ok
Dec 02 16:43:37.375 INFO [stdout] test mock::tests::test_then_partial_fail ... ok
Dec 02 16:43:37.375 INFO [stdout] test store::store_tests::test_match ... ok
Dec 02 16:43:37.375 INFO [stdout] test store::store_tests::test_new ... ok
Dec 02 16:43:37.375 INFO [stdout] test store::store_tests::test_new_era ... ok
Dec 02 16:43:37.375 INFO [stdout] test store::store_tests::test_match_current_era ... ok
Dec 02 16:43:37.375 INFO [stdout] test store::store_tests::test_match_current_era_passed ... ok
Dec 02 16:43:37.375 INFO [stdout] test store::store_tests::test_verify_no_expectations ... ok
Dec 02 16:43:37.375 INFO [stdout] test store::store_tests::test_verify_simple_fail ... ok
Dec 02 16:43:37.375 INFO [stdout] test store::store_tests::test_verify_simple_pass ... ok
Dec 02 16:43:37.375 INFO [stdout] test store::store_tests::test_add ... ok
Dec 02 16:43:37.375 INFO [stdout] 
Dec 02 16:43:37.375 INFO [stdout] failures:
Dec 02 16:43:37.375 INFO [stdout] 
Dec 02 16:43:37.375 INFO [stdout] ---- constraint::stock::params::tests::test_handle_call_fail stdout ----
Dec 02 16:43:37.375 INFO [stdout] thread 'constraint::stock::params::tests::test_handle_call_fail' panicked at 'assertion failed: `(left == right)`
Dec 02 16:43:37.375 INFO [stdout]   left: `MismatchedParams("<Always Fails>", "<unknown>")`,
Dec 02 16:43:37.375 INFO [stdout]  right: `MismatchedParams("<Always Fails>", "()")`: Constraint should return the correct error', src/constraint/stock/params.rs:86:9
Dec 02 16:43:37.375 INFO [stdout] stack backtrace:
Dec 02 16:43:37.375 INFO [stdout]    0:     0x55d20790805e - std::sys::unix::backtrace::tracing::imp::unwind_backtrace::h15749a98198ba25f
Dec 02 16:43:37.375 INFO [stdout]                                at libstd/sys/unix/backtrace/tracing/gcc_s.rs:49
Dec 02 16:43:37.375 INFO [stdout]    1:     0x55d2078fb3e6 - std::sys_common::backtrace::print::h0ba65c811294dbf0
Dec 02 16:43:37.375 INFO [stdout]                                at libstd/sys_common/backtrace.rs:71
Dec 02 16:43:37.375 INFO [stdout]                                at libstd/sys_common/backtrace.rs:59
Dec 02 16:43:37.375 INFO [stdout]    2:     0x55d2078f980d - std::panicking::default_hook::{{closure}}::h42bb31757f0fee64
Dec 02 16:43:37.375 INFO [stdout]                                at libstd/panicking.rs:211
Dec 02 16:43:37.375 INFO [stdout]    3:     0x55d2078f951b - std::panicking::default_hook::hebc8848d7aa7dbd9
Dec 02 16:43:37.375 INFO [stdout]                                at libstd/panicking.rs:221
Dec 02 16:43:37.375 INFO [stdout]    4:     0x55d2078f9ebc - std::panicking::rust_panic_with_hook::h86e619a638415243
Dec 02 16:43:37.375 INFO [stdout]                                at libstd/panicking.rs:477
Dec 02 16:43:37.375 INFO [stdout]    5:     0x55d2078f9a79 - std::panicking::continue_panic_fmt::h2d2d2bfb065a70b2
Dec 02 16:43:37.375 INFO [stdout]                                at libstd/panicking.rs:391
Dec 02 16:43:37.375 INFO [stdout]    6:     0x55d2078f99dd - std::panicking::begin_panic_fmt::ha5097e2056ef3d5a
Dec 02 16:43:37.375 INFO [stdout]                                at libstd/panicking.rs:346
Dec 02 16:43:37.375 INFO [stdout]    7:     0x55d207891245 - simulacrum_mock::constraint::stock::params::tests::test_handle_call_fail::h15052b0f172cf444
Dec 02 16:43:37.375 INFO [stdout]                                at src/constraint/stock/params.rs:86
Dec 02 16:43:37.375 INFO [stdout]    8:     0x55d207890e39 - simulacrum_mock::constraint::stock::params::tests::test_handle_call_fail::{{closure}}::h44d4b5582610ed02
Dec 02 16:43:37.375 INFO [stdout]                                at src/constraint/stock/params.rs:78
Dec 02 16:43:37.375 INFO [stdout]    9:     0x55d2078b274d - core::ops::function::FnOnce::call_once::h69080cda7e552ff8
Dec 02 16:43:37.375 INFO [stdout]                                at libcore/ops/function.rs:238
Dec 02 16:43:37.375 INFO [stdout]   10:     0x55d2078ba3ae - <F as alloc::boxed::FnBox<A>>::call_box::hbea525814fa423cc
Dec 02 16:43:37.375 INFO [stdout]                                at libtest/lib.rs:1461
Dec 02 16:43:37.375 INFO [stdout]                                at libcore/ops/function.rs:238
Dec 02 16:43:37.375 INFO [stdout]                                at liballoc/boxed.rs:646
Dec 02 16:43:37.376 INFO [stdout]   11:     0x55d207916ec9 - __rust_maybe_catch_panic
Dec 02 16:43:37.376 INFO [stdout]                                at libpanic_unwind/lib.rs:103
Dec 02 16:43:37.376 INFO [stdout]   12:     0x55d2078c5d0d - std::sys_common::backtrace::__rust_begin_short_backtrace::h0ff507d7422944d3
Dec 02 16:43:37.376 INFO [stdout]                                at libstd/panicking.rs:289
Dec 02 16:43:37.376 INFO [stdout]                                at libstd/panic.rs:392
Dec 02 16:43:37.376 INFO [stdout]                                at libtest/lib.rs:1416
Dec 02 16:43:37.376 INFO [stdout]                                at libstd/sys_common/backtrace.rs:136
Dec 02 16:43:37.376 INFO [stdout]   13:     0x55d2078de344 - std::panicking::try::do_call::hba0bdcc3670471cc
Dec 02 16:43:37.376 INFO [stdout]                                at libstd/thread/mod.rs:409
Dec 02 16:43:37.376 INFO [stdout]                                at libstd/panic.rs:313
Dec 02 16:43:37.376 INFO [stdout]                                at libstd/panicking.rs:310
Dec 02 16:43:37.376 INFO [stdout]   14:     0x55d207916ec9 - __rust_maybe_catch_panic
Dec 02 16:43:37.376 INFO [stdout]                                at libpanic_unwind/lib.rs:103
Dec 02 16:43:37.376 INFO [stdout]   15:     0x55d2078cec16 - <F as alloc::boxed::FnBox<A>>::call_box::hdac52587b00591af
Dec 02 16:43:37.376 INFO [stdout]                                at libstd/panicking.rs:289
Dec 02 16:43:37.376 INFO [stdout]                                at libstd/panic.rs:392
Dec 02 16:43:37.376 INFO [stdout]                                at libstd/thread/mod.rs:408
Dec 02 16:43:37.376 INFO [stdout]                                at liballoc/boxed.rs:646
Dec 02 16:43:37.376 INFO [stdout]   16:     0x55d20790996a - std::sys_common::thread::start_thread::h75d887c7d2cc4479
Dec 02 16:43:37.376 INFO [stdout]                                at liballoc/boxed.rs:656
Dec 02 16:43:37.376 INFO [stdout]                                at libstd/sys_common/thread.rs:24
Dec 02 16:43:37.376 INFO [stdout]   17:     0x55d2078fa625 - std::sys::unix::thread::Thread::new::thread_start::h8414caee632bf9ed
Dec 02 16:43:37.376 INFO [stdout]                                at libstd/sys/unix/thread.rs:90
Dec 02 16:43:37.376 INFO [stdout]   18:     0x7fd63d5b56b9 - start_thread
Dec 02 16:43:37.376 INFO [stdout]   19:     0x7fd63d0d541c - clone
Dec 02 16:43:37.376 INFO [stdout]   20:                0x0 - <unknown>
Dec 02 16:43:37.376 INFO [stdout] 
Dec 02 16:43:37.376 INFO [stdout] 
Dec 02 16:43:37.376 INFO [stdout] failures:
Dec 02 16:43:37.376 INFO [stdout]     constraint::stock::params::tests::test_handle_call_fail
Dec 02 16:43:37.376 INFO [stdout] 
Dec 02 16:43:37.376 INFO [stdout] test result: FAILED. 52 passed; 1 failed; 0 ignored; 0 measured; 0 filtered out
Dec 02 16:43:37.376 INFO [stdout] 
Dec 02 16:43:37.383 INFO [stderr] error: test failed, to rerun pass '--lib'
Dec 02 16:43:37.383 INFO [stderr] su: No module specific data is present
Dec 02 16:43:38.019 INFO running `"docker" "inspect" "e0d408420f3090650f46a1b34827ee4cda104c03fea23b23ad1edb65f0636a44"`
Dec 02 16:43:38.261 INFO running `"docker" "rm" "-f" "e0d408420f3090650f46a1b34827ee4cda104c03fea23b23ad1edb65f0636a44"`
Dec 02 16:43:38.517 INFO [stdout] e0d408420f3090650f46a1b34827ee4cda104c03fea23b23ad1edb65f0636a44
