Dec 02 16:45:25.760 INFO testing simple-xml-builder-1.0.0 against 1.30.1 for beta-1.31-5
Dec 02 16:45:25.760 INFO running `"docker" "create" "-v" "/mnt/big/crater/work/local/target-dirs/beta-1.31-5/worker-7/1.30.1:/target:rw,Z" "-v" "/mnt/big/crater/work/local/test-source/worker-7/beta-1.31-5/1.30.1:/source:ro,Z" "-v" "/mnt/big/crater/work/local/cargo-home:/cargo-home:ro,Z" "-v" "/mnt/big/crater/work/local/rustup-home:/rustup-home:ro,Z" "-e" "USER_ID=1000" "-e" "SOURCE_DIR=/source" "-e" "USER_ID=1000" "-e" "CMD=cargo +1.30.1 build --frozen" "-e" "CARGO_TARGET_DIR=/target" "-e" "CARGO_INCREMENTAL=0" "-e" "RUST_BACKTRACE=full" "-e" "RUSTFLAGS=--cap-lints=warn" "-e" "CARGO_HOME=/cargo-home" "-e" "RUSTUP_HOME=/rustup-home" "-m" "1536M" "--network" "none" "crater"`
Dec 02 16:45:25.941 INFO [stdout] ed0627f963a1ea10d74ce60874c698d91da112851dcbde254a237e2e5866141b
Dec 02 16:45:25.946 INFO running `"docker" "start" "-a" "ed0627f963a1ea10d74ce60874c698d91da112851dcbde254a237e2e5866141b"`
Dec 02 16:45:26.429 INFO [stderr] usermod: no changes
Dec 02 16:45:26.454 INFO [stderr]    Compiling simple-xml-builder v1.0.0 (/source)
Dec 02 16:45:27.434 INFO [stderr]     Finished dev [unoptimized + debuginfo] target(s) in 0.98s
Dec 02 16:45:27.435 INFO [stderr] su: No module specific data is present
Dec 02 16:45:27.712 INFO running `"docker" "inspect" "ed0627f963a1ea10d74ce60874c698d91da112851dcbde254a237e2e5866141b"`
Dec 02 16:45:27.782 INFO running `"docker" "rm" "-f" "ed0627f963a1ea10d74ce60874c698d91da112851dcbde254a237e2e5866141b"`
Dec 02 16:45:27.882 INFO [stdout] ed0627f963a1ea10d74ce60874c698d91da112851dcbde254a237e2e5866141b
Dec 02 16:45:27.885 INFO running `"docker" "create" "-v" "/mnt/big/crater/work/local/target-dirs/beta-1.31-5/worker-7/1.30.1:/target:rw,Z" "-v" "/mnt/big/crater/work/local/test-source/worker-7/beta-1.31-5/1.30.1:/source:ro,Z" "-v" "/mnt/big/crater/work/local/cargo-home:/cargo-home:ro,Z" "-v" "/mnt/big/crater/work/local/rustup-home:/rustup-home:ro,Z" "-e" "USER_ID=1000" "-e" "SOURCE_DIR=/source" "-e" "USER_ID=1000" "-e" "CMD=cargo +1.30.1 test --frozen --no-run" "-e" "CARGO_TARGET_DIR=/target" "-e" "CARGO_INCREMENTAL=0" "-e" "RUST_BACKTRACE=full" "-e" "RUSTFLAGS=--cap-lints=warn" "-e" "CARGO_HOME=/cargo-home" "-e" "RUSTUP_HOME=/rustup-home" "-m" "1536M" "--network" "none" "crater"`
Dec 02 16:45:28.064 INFO [stdout] 5422488dfd59a983b14d2abdab966ab449e4338e309a7050295c213b32b7b388
Dec 02 16:45:28.070 INFO running `"docker" "start" "-a" "5422488dfd59a983b14d2abdab966ab449e4338e309a7050295c213b32b7b388"`
Dec 02 16:45:28.495 INFO [stderr] usermod: no changes
Dec 02 16:45:28.539 INFO [stderr]    Compiling simple-xml-builder v1.0.0 (/source)
Dec 02 16:45:30.121 INFO [stderr]     Finished dev [unoptimized + debuginfo] target(s) in 1.60s
Dec 02 16:45:30.123 INFO [stderr] su: No module specific data is present
Dec 02 16:45:30.451 INFO running `"docker" "inspect" "5422488dfd59a983b14d2abdab966ab449e4338e309a7050295c213b32b7b388"`
Dec 02 16:45:30.552 INFO running `"docker" "rm" "-f" "5422488dfd59a983b14d2abdab966ab449e4338e309a7050295c213b32b7b388"`
Dec 02 16:45:30.662 INFO [stdout] 5422488dfd59a983b14d2abdab966ab449e4338e309a7050295c213b32b7b388
Dec 02 16:45:30.665 INFO running `"docker" "create" "-v" "/mnt/big/crater/work/local/target-dirs/beta-1.31-5/worker-7/1.30.1:/target:rw,Z" "-v" "/mnt/big/crater/work/local/test-source/worker-7/beta-1.31-5/1.30.1:/source:ro,Z" "-v" "/mnt/big/crater/work/local/cargo-home:/cargo-home:ro,Z" "-v" "/mnt/big/crater/work/local/rustup-home:/rustup-home:ro,Z" "-e" "USER_ID=1000" "-e" "SOURCE_DIR=/source" "-e" "USER_ID=1000" "-e" "CMD=cargo +1.30.1 test --frozen" "-e" "CARGO_TARGET_DIR=/target" "-e" "CARGO_INCREMENTAL=0" "-e" "RUST_BACKTRACE=full" "-e" "RUSTFLAGS=--cap-lints=warn" "-e" "CARGO_HOME=/cargo-home" "-e" "RUSTUP_HOME=/rustup-home" "-m" "1536M" "--network" "none" "crater"`
Dec 02 16:45:30.943 INFO [stdout] ae97223577333b86b4215f346f70d83cac27a249bfc4a2ee319bc39879cb7ea2
Dec 02 16:45:30.945 INFO running `"docker" "start" "-a" "ae97223577333b86b4215f346f70d83cac27a249bfc4a2ee319bc39879cb7ea2"`
Dec 02 16:45:31.604 INFO [stderr] usermod: no changes
Dec 02 16:45:31.632 INFO [stderr]     Finished dev [unoptimized + debuginfo] target(s) in 0.01s
Dec 02 16:45:31.637 INFO [stderr]      Running /target/debug/deps/simple_xml_builder-f26fe89ec19d6cf9
Dec 02 16:45:31.637 INFO [stdout] 
Dec 02 16:45:31.637 INFO [stdout] running 3 tests
Dec 02 16:45:31.648 INFO [stdout] test tests::write_xml ... ok
Dec 02 16:45:31.656 INFO [stdout] test tests::add_text_to_parent_element ... ok
Dec 02 16:45:31.656 INFO [stdout] test tests::add_child_to_text_element ... ok
Dec 02 16:45:31.656 INFO [stdout] 
Dec 02 16:45:31.657 INFO [stdout] test result: ok. 3 passed; 0 failed; 0 ignored; 0 measured; 0 filtered out
Dec 02 16:45:31.657 INFO [stdout] 
Dec 02 16:45:31.658 INFO [stderr]    Doc-tests simple-xml-builder
Dec 02 16:45:32.715 INFO [stdout] 
Dec 02 16:45:32.715 INFO [stdout] running 1 test
Dec 02 16:45:34.241 INFO [stdout] test src/lib.rs -  (line 15) ... FAILED
Dec 02 16:45:34.241 INFO [stdout] 
Dec 02 16:45:34.242 INFO [stdout] failures:
Dec 02 16:45:34.242 INFO [stdout] 
Dec 02 16:45:34.242 INFO [stdout] ---- src/lib.rs -  (line 15) stdout ----
Dec 02 16:45:34.242 INFO [stdout] thread 'src/lib.rs -  (line 15)' panicked at 'test executable failed:
Dec 02 16:45:34.242 INFO [stdout] 
Dec 02 16:45:34.242 INFO [stdout] Error: Os { code: 30, kind: Other, message: "Read-only file system" }
Dec 02 16:45:34.242 INFO [stdout] 
Dec 02 16:45:34.242 INFO [stdout] ', librustdoc/test.rs:367:17
Dec 02 16:45:34.242 INFO [stdout] stack backtrace:
Dec 02 16:45:34.242 INFO [stdout]    0:     0x7f3c425bc7ce - std::sys::unix::backtrace::tracing::imp::unwind_backtrace::h15749a98198ba25f
Dec 02 16:45:34.242 INFO [stdout]                                at libstd/sys/unix/backtrace/tracing/gcc_s.rs:49
Dec 02 16:45:34.242 INFO [stdout]    1:     0x7f3c42595966 - std::sys_common::backtrace::print::h0ba65c811294dbf0
Dec 02 16:45:34.242 INFO [stdout]                                at libstd/sys_common/backtrace.rs:71
Dec 02 16:45:34.242 INFO [stdout]                                at libstd/sys_common/backtrace.rs:59
Dec 02 16:45:34.242 INFO [stdout]    2:     0x7f3c425935bd - std::panicking::default_hook::{{closure}}::h42bb31757f0fee64
Dec 02 16:45:34.242 INFO [stdout]                                at libstd/panicking.rs:211
Dec 02 16:45:34.242 INFO [stdout]    3:     0x7f3c425932cb - std::panicking::default_hook::hebc8848d7aa7dbd9
Dec 02 16:45:34.242 INFO [stdout]                                at libstd/panicking.rs:221
Dec 02 16:45:34.242 INFO [stdout]    4:     0x7f3c447066a1 - rustc::util::common::panic_hook::h9a39743bb116fb66
Dec 02 16:45:34.242 INFO [stdout]    5:     0x7f3c42593cc3 - std::panicking::rust_panic_with_hook::h86e619a638415243
Dec 02 16:45:34.242 INFO [stdout]                                at libstd/panicking.rs:481
Dec 02 16:45:34.242 INFO [stdout]    6:     0x7f3c42593829 - std::panicking::continue_panic_fmt::h2d2d2bfb065a70b2
Dec 02 16:45:34.242 INFO [stdout]                                at libstd/panicking.rs:391
Dec 02 16:45:34.242 INFO [stdout]    7:     0x7f3c4259378d - std::panicking::begin_panic_fmt::ha5097e2056ef3d5a
Dec 02 16:45:34.242 INFO [stdout]                                at libstd/panicking.rs:346
Dec 02 16:45:34.242 INFO [stdout]    8:     0x5600b1518473 - rustdoc::test::Collector::add_test::{{closure}}::{{closure}}::{{closure}}::h071753b32990ff99
Dec 02 16:45:34.242 INFO [stdout]                                at librustdoc/test.rs:367
Dec 02 16:45:34.242 INFO [stdout]                                at librustdoc/test.rs:564
Dec 02 16:45:34.242 INFO [stdout]    9:     0x5600b14d4990 - <scoped_tls::ScopedKey<T>>::set::h9896b6fe380ee541
Dec 02 16:45:34.242 INFO [stdout]                                at /cargo/registry/src/github.com-1ecc6299db9ec823/scoped-tls-0.1.2/src/lib.rs:155
Dec 02 16:45:34.242 INFO [stdout]                                at libsyntax/lib.rs:108
Dec 02 16:45:34.242 INFO [stdout]                                at /cargo/registry/src/github.com-1ecc6299db9ec823/scoped-tls-0.1.2/src/lib.rs:155
Dec 02 16:45:34.242 INFO [stdout]   10:     0x5600b12fd5cd - syntax::with_globals::h851ff797fe7b24af
Dec 02 16:45:34.242 INFO [stdout]                                at libsyntax/lib.rs:107
Dec 02 16:45:34.242 INFO [stdout]   11:     0x5600b134d484 - std::panicking::try::do_call::h43316ef786a5afc6
Dec 02 16:45:34.242 INFO [stdout]                                at librustdoc/test.rs:561
Dec 02 16:45:34.242 INFO [stdout]                                at libstd/panic.rs:313
Dec 02 16:45:34.242 INFO [stdout]                                at libstd/panicking.rs:310
Dec 02 16:45:34.242 INFO [stdout]   12:     0x7f3c425d35b9 - __rust_maybe_catch_panic
Dec 02 16:45:34.242 INFO [stdout]                                at libpanic_unwind/lib.rs:103
Dec 02 16:45:34.242 INFO [stdout]   13:     0x5600b13c3f03 - rustc_driver::in_named_rustc_thread::h7a18544b9923f524
Dec 02 16:45:34.242 INFO [stdout]                                at libstd/panicking.rs:289
Dec 02 16:45:34.242 INFO [stdout]                                at libstd/panic.rs:392
Dec 02 16:45:34.242 INFO [stdout]                                at librustc_driver/lib.rs:1574
Dec 02 16:45:34.242 INFO [stdout]   14:     0x5600b14f0cfc - <F as alloc::boxed::FnBox<A>>::call_box::h2226feb604beb2d6
Dec 02 16:45:34.242 INFO [stdout]                                at librustdoc/test.rs:561
Dec 02 16:45:34.242 INFO [stdout]                                at liballoc/boxed.rs:646
Dec 02 16:45:34.242 INFO [stdout]   15:     0x7f3c43c20df2 - <F as alloc::boxed::FnBox<A>>::call_box::hf3e9d4c572efaf22
Dec 02 16:45:34.242 INFO [stdout]                                at libtest/lib.rs:1454
Dec 02 16:45:34.242 INFO [stdout]                                at liballoc/boxed.rs:646
Dec 02 16:45:34.242 INFO [stdout]   16:     0x7f3c425d35b9 - __rust_maybe_catch_panic
Dec 02 16:45:34.242 INFO [stdout]                                at libpanic_unwind/lib.rs:103
Dec 02 16:45:34.242 INFO [stdout]   17:     0x7f3c43c2e1ed - std::sys_common::backtrace::__rust_begin_short_backtrace::h0ff507d7422944d3
Dec 02 16:45:34.242 INFO [stdout]                                at libstd/panicking.rs:289
Dec 02 16:45:34.242 INFO [stdout]                                at libstd/panic.rs:392
Dec 02 16:45:34.242 INFO [stdout]                                at libtest/lib.rs:1416
Dec 02 16:45:34.242 INFO [stdout]                                at libstd/sys_common/backtrace.rs:136
Dec 02 16:45:34.242 INFO [stdout]   18:     0x7f3c43c4bff4 - std::panicking::try::do_call::hba0bdcc3670471cc
Dec 02 16:45:34.242 INFO [stdout]                                at libstd/thread/mod.rs:409
Dec 02 16:45:34.242 INFO [stdout]                                at libstd/panic.rs:313
Dec 02 16:45:34.242 INFO [stdout]                                at libstd/panicking.rs:310
Dec 02 16:45:34.242 INFO [stdout]   19:     0x7f3c425d35b9 - __rust_maybe_catch_panic
Dec 02 16:45:34.242 INFO [stdout]                                at libpanic_unwind/lib.rs:103
Dec 02 16:45:34.242 INFO [stdout]   20:     0x7f3c43c38bd6 - <F as alloc::boxed::FnBox<A>>::call_box::hdac52587b00591af
Dec 02 16:45:34.242 INFO [stdout]                                at libstd/panicking.rs:289
Dec 02 16:45:34.242 INFO [stdout]                                at libstd/panic.rs:392
Dec 02 16:45:34.242 INFO [stdout]                                at libstd/thread/mod.rs:408
Dec 02 16:45:34.242 INFO [stdout]                                at liballoc/boxed.rs:646
Dec 02 16:45:34.242 INFO [stdout]   21:     0x7f3c425c0cca - std::sys_common::thread::start_thread::h75d887c7d2cc4479
Dec 02 16:45:34.242 INFO [stdout]                                at liballoc/boxed.rs:656
Dec 02 16:45:34.242 INFO [stdout]                                at libstd/sys_common/thread.rs:24
Dec 02 16:45:34.242 INFO [stdout]   22:     0x7f3c425948f5 - std::sys::unix::thread::Thread::new::thread_start::h8414caee632bf9ed
Dec 02 16:45:34.242 INFO [stdout]                                at libstd/sys/unix/thread.rs:90
Dec 02 16:45:34.242 INFO [stdout]   23:     0x7f3c423296b9 - start_thread
Dec 02 16:45:34.242 INFO [stdout]   24:     0x7f3c41e4941c - clone
Dec 02 16:45:34.242 INFO [stdout]   25:                0x0 - <unknown>
Dec 02 16:45:34.242 INFO [stdout] query stack during panic:
Dec 02 16:45:34.242 INFO [stdout] end of query stack
Dec 02 16:45:34.242 INFO [stdout] 
Dec 02 16:45:34.242 INFO [stdout] 
Dec 02 16:45:34.242 INFO [stdout] failures:
Dec 02 16:45:34.242 INFO [stdout]     src/lib.rs -  (line 15)
Dec 02 16:45:34.242 INFO [stdout] 
Dec 02 16:45:34.242 INFO [stdout] test result: FAILED. 0 passed; 1 failed; 0 ignored; 0 measured; 0 filtered out
Dec 02 16:45:34.242 INFO [stdout] 
Dec 02 16:45:34.254 INFO [stderr] error: test failed, to rerun pass '--doc'
Dec 02 16:45:34.256 INFO [stderr] su: No module specific data is present
Dec 02 16:45:34.630 INFO running `"docker" "inspect" "ae97223577333b86b4215f346f70d83cac27a249bfc4a2ee319bc39879cb7ea2"`
Dec 02 16:45:34.728 INFO running `"docker" "rm" "-f" "ae97223577333b86b4215f346f70d83cac27a249bfc4a2ee319bc39879cb7ea2"`
Dec 02 16:45:34.821 INFO [stdout] ae97223577333b86b4215f346f70d83cac27a249bfc4a2ee319bc39879cb7ea2
