Dec 02 17:05:53.353 INFO testing shadertoy-0.6.1 against 1.30.1 for beta-1.31-5
Dec 02 17:05:53.353 INFO running `"docker" "create" "-v" "/mnt/big/crater/work/local/target-dirs/beta-1.31-5/worker-1/1.30.1:/target:rw,Z" "-v" "/mnt/big/crater/work/local/test-source/worker-1/beta-1.31-5/1.30.1:/source:ro,Z" "-v" "/mnt/big/crater/work/local/cargo-home:/cargo-home:ro,Z" "-v" "/mnt/big/crater/work/local/rustup-home:/rustup-home:ro,Z" "-e" "USER_ID=1000" "-e" "SOURCE_DIR=/source" "-e" "USER_ID=1000" "-e" "CMD=cargo +1.30.1 build --frozen" "-e" "CARGO_TARGET_DIR=/target" "-e" "CARGO_INCREMENTAL=0" "-e" "RUST_BACKTRACE=full" "-e" "RUSTFLAGS=--cap-lints=warn" "-e" "CARGO_HOME=/cargo-home" "-e" "RUSTUP_HOME=/rustup-home" "-m" "1536M" "--network" "none" "crater"`
Dec 02 17:05:53.913 INFO [stdout] e0b9128d68093478548b506fa956636fced554f7a5090dc82e3fea9aafcf3fc4
Dec 02 17:05:53.916 INFO running `"docker" "start" "-a" "e0b9128d68093478548b506fa956636fced554f7a5090dc82e3fea9aafcf3fc4"`
Dec 02 17:05:56.130 INFO [stderr] usermod: no changes
Dec 02 17:05:56.635 INFO [stderr]    Compiling shadertoy v0.6.1 (/source)
Dec 02 17:06:08.033 INFO [stderr]     Finished dev [unoptimized + debuginfo] target(s) in 11.88s
Dec 02 17:06:08.063 INFO [stderr] su: No module specific data is present
Dec 02 17:06:09.859 INFO running `"docker" "inspect" "e0b9128d68093478548b506fa956636fced554f7a5090dc82e3fea9aafcf3fc4"`
Dec 02 17:06:10.219 INFO running `"docker" "rm" "-f" "e0b9128d68093478548b506fa956636fced554f7a5090dc82e3fea9aafcf3fc4"`
Dec 02 17:06:10.543 INFO [stdout] e0b9128d68093478548b506fa956636fced554f7a5090dc82e3fea9aafcf3fc4
Dec 02 17:06:10.549 INFO running `"docker" "create" "-v" "/mnt/big/crater/work/local/target-dirs/beta-1.31-5/worker-1/1.30.1:/target:rw,Z" "-v" "/mnt/big/crater/work/local/test-source/worker-1/beta-1.31-5/1.30.1:/source:ro,Z" "-v" "/mnt/big/crater/work/local/cargo-home:/cargo-home:ro,Z" "-v" "/mnt/big/crater/work/local/rustup-home:/rustup-home:ro,Z" "-e" "USER_ID=1000" "-e" "SOURCE_DIR=/source" "-e" "USER_ID=1000" "-e" "CMD=cargo +1.30.1 test --frozen --no-run" "-e" "CARGO_TARGET_DIR=/target" "-e" "CARGO_INCREMENTAL=0" "-e" "RUST_BACKTRACE=full" "-e" "RUSTFLAGS=--cap-lints=warn" "-e" "CARGO_HOME=/cargo-home" "-e" "RUSTUP_HOME=/rustup-home" "-m" "1536M" "--network" "none" "crater"`
Dec 02 17:06:10.959 INFO [stdout] bb88f8c723de7fc71838fa3ba2ab7068c53f21042dcc492b74a95c694a8b465d
Dec 02 17:06:10.964 INFO running `"docker" "start" "-a" "bb88f8c723de7fc71838fa3ba2ab7068c53f21042dcc492b74a95c694a8b465d"`
Dec 02 17:06:13.035 INFO [stderr] usermod: no changes
Dec 02 17:06:13.392 INFO [stderr]    Compiling shadertoy v0.6.1 (/source)
Dec 02 17:06:29.487 INFO [stderr]     Finished dev [unoptimized + debuginfo] target(s) in 16.42s
Dec 02 17:06:29.525 INFO [stderr] su: No module specific data is present
Dec 02 17:06:30.219 INFO running `"docker" "inspect" "bb88f8c723de7fc71838fa3ba2ab7068c53f21042dcc492b74a95c694a8b465d"`
Dec 02 17:06:30.401 INFO running `"docker" "rm" "-f" "bb88f8c723de7fc71838fa3ba2ab7068c53f21042dcc492b74a95c694a8b465d"`
Dec 02 17:06:30.599 INFO [stdout] bb88f8c723de7fc71838fa3ba2ab7068c53f21042dcc492b74a95c694a8b465d
Dec 02 17:06:30.599 INFO running `"docker" "create" "-v" "/mnt/big/crater/work/local/target-dirs/beta-1.31-5/worker-1/1.30.1:/target:rw,Z" "-v" "/mnt/big/crater/work/local/test-source/worker-1/beta-1.31-5/1.30.1:/source:ro,Z" "-v" "/mnt/big/crater/work/local/cargo-home:/cargo-home:ro,Z" "-v" "/mnt/big/crater/work/local/rustup-home:/rustup-home:ro,Z" "-e" "USER_ID=1000" "-e" "SOURCE_DIR=/source" "-e" "USER_ID=1000" "-e" "CMD=cargo +1.30.1 test --frozen" "-e" "CARGO_TARGET_DIR=/target" "-e" "CARGO_INCREMENTAL=0" "-e" "RUST_BACKTRACE=full" "-e" "RUSTFLAGS=--cap-lints=warn" "-e" "CARGO_HOME=/cargo-home" "-e" "RUSTUP_HOME=/rustup-home" "-m" "1536M" "--network" "none" "crater"`
Dec 02 17:06:30.897 INFO [stdout] f9efaae06321ff1a29e4704b3597a14fd0177ed064d71478e4123856d24bde31
Dec 02 17:06:30.904 INFO running `"docker" "start" "-a" "f9efaae06321ff1a29e4704b3597a14fd0177ed064d71478e4123856d24bde31"`
Dec 02 17:06:31.796 INFO [stderr] usermod: no changes
Dec 02 17:06:32.003 INFO [stderr]     Finished dev [unoptimized + debuginfo] target(s) in 0.17s
Dec 02 17:06:32.021 INFO [stderr]      Running /target/debug/deps/shadertoy-557e4c29a35b05d9
Dec 02 17:06:32.024 INFO [stdout] 
Dec 02 17:06:32.024 INFO [stdout] running 0 tests
Dec 02 17:06:32.024 INFO [stdout] 
Dec 02 17:06:32.024 INFO [stdout] test result: ok. 0 passed; 0 failed; 0 ignored; 0 measured; 0 filtered out
Dec 02 17:06:32.024 INFO [stdout] 
Dec 02 17:06:32.024 INFO [stderr]      Running /target/debug/deps/query-8258c0163429703f
Dec 02 17:06:32.030 INFO [stdout] 
Dec 02 17:06:32.030 INFO [stdout] running 2 tests
Dec 02 17:06:32.247 INFO [stdout] test test_invalid_api_key ... ok
Dec 02 17:06:32.299 INFO [stdout] test test_query ... FAILED
Dec 02 17:06:32.299 INFO [stdout] 
Dec 02 17:06:32.299 INFO [stdout] failures:
Dec 02 17:06:32.299 INFO [stdout] 
Dec 02 17:06:32.299 INFO [stdout] ---- test_query stdout ----
Dec 02 17:06:32.299 INFO [stdout] thread 'test_query' panicked at 'called `Result::unwrap()` on an `Err` value: Error(Reqwest(Error { kind: Io(Custom { kind: Other, error: StringError("failed to lookup address information: Temporary failure in name resolution") }), url: Some("https://www.shadertoy.com/api/v1/shaders/query/car?sort=popular&filter=multipass&key=Bd8tWD") }), State { next_error: None, backtrace: Some(stack backtrace:
Dec 02 17:06:32.299 INFO [stdout]    0:     0x55fb47f36ba5 - backtrace::backtrace::libunwind::trace::h7db97b2639f089ca
Dec 02 17:06:32.299 INFO [stdout]                         at /cargo-home/registry/src/github.com-1ecc6299db9ec823/backtrace-0.3.9/src/backtrace/libunwind.rs:53
Dec 02 17:06:32.299 INFO [stdout]                          - backtrace::backtrace::trace::h33bbde9614f1006e
Dec 02 17:06:32.299 INFO [stdout]                         at /cargo-home/registry/src/github.com-1ecc6299db9ec823/backtrace-0.3.9/src/backtrace/mod.rs:42
Dec 02 17:06:32.299 INFO [stdout]    1:     0x55fb47f31a6e - backtrace::capture::Backtrace::new_unresolved::h4cb68cff8665592a
Dec 02 17:06:32.299 INFO [stdout]                         at /cargo-home/registry/src/github.com-1ecc6299db9ec823/backtrace-0.3.9/src/capture.rs:88
Dec 02 17:06:32.299 INFO [stdout]    2:     0x55fb47f319cc - backtrace::capture::Backtrace::new::hbfbe357a4b9cf510
Dec 02 17:06:32.299 INFO [stdout]                         at /cargo-home/registry/src/github.com-1ecc6299db9ec823/backtrace-0.3.9/src/capture.rs:63
Dec 02 17:06:32.299 INFO [stdout]    3:     0x55fb47f3006a - error_chain::make_backtrace::h0e01935be301dcc2
Dec 02 17:06:32.299 INFO [stdout]                         at /cargo-home/registry/src/github.com-1ecc6299db9ec823/error-chain-0.11.0/src/lib.rs:616
Dec 02 17:06:32.299 INFO [stdout]    4:     0x55fb47f300de - <error_chain::State as core::default::Default>::default::h56c72037ab3f1bd7
Dec 02 17:06:32.299 INFO [stdout]                         at /cargo-home/registry/src/github.com-1ecc6299db9ec823/error-chain-0.11.0/src/lib.rs:710
Dec 02 17:06:32.299 INFO [stdout]    5:     0x55fb47aa40a7 - shadertoy::errors::Error::from_kind::h84e779920cdb5346
Dec 02 17:06:32.299 INFO [stdout]                         at /source/<::error_chain::error_chain::impl_error_chain_processed macros>:53
Dec 02 17:06:32.299 INFO [stdout]    6:     0x55fb47aa43b2 - <shadertoy::errors::Error as core::convert::From<reqwest::error::Error>>::from::hb5f9cad43b92d1bd
Dec 02 17:06:32.299 INFO [stdout]                         at src/errors.rs:1
Dec 02 17:06:32.300 INFO [stdout]    7:     0x55fb47a9a0eb - shadertoy::client::Client::search::h00a61b42f6883e5d
Dec 02 17:06:32.300 INFO [stdout]                         at src/client.rs:121
Dec 02 17:06:32.300 INFO [stdout]    8:     0x55fb47a576f6 - query::test_query::h1c3cb85446c575b4
Dec 02 17:06:32.300 INFO [stdout]                         at tests/query.rs:9
Dec 02 17:06:32.300 INFO [stdout]    9:     0x55fb47a575f9 - query::test_query::{{closure}}::h75870bea29192075
Dec 02 17:06:32.300 INFO [stdout]                         at tests/query.rs:4
Dec 02 17:06:32.300 INFO [stdout]   10:     0x55fb47a5916d - core::ops::function::FnOnce::call_once::h5ce3f5bbf5344dae
Dec 02 17:06:32.300 INFO [stdout]                         at libcore/ops/function.rs:238
Dec 02 17:06:32.300 INFO [stdout]   11:     0x55fb47a5bd6e - test::run_test::{{closure}}::h3a5dfbe1d2fab93e
Dec 02 17:06:32.300 INFO [stdout]                         at libtest/lib.rs:1461
Dec 02 17:06:32.300 INFO [stdout]                          - core::ops::function::FnOnce::call_once::h1d9a9e4523345f36
Dec 02 17:06:32.300 INFO [stdout]                         at libcore/ops/function.rs:238
Dec 02 17:06:32.300 INFO [stdout]                          - <F as alloc::boxed::FnBox<A>>::call_box::hbea525814fa423cc
Dec 02 17:06:32.300 INFO [stdout]                         at liballoc/boxed.rs:646
Dec 02 17:06:32.300 INFO [stdout]   12:     0x55fb47f7d369 - __rust_maybe_catch_panic
Dec 02 17:06:32.300 INFO [stdout]                         at libpanic_unwind/lib.rs:103
Dec 02 17:06:32.300 INFO [stdout]   13:     0x55fb47a676cd - std::panicking::try::h52ce98afaa08c3ec
Dec 02 17:06:32.300 INFO [stdout]                         at libstd/panicking.rs:289
Dec 02 17:06:32.300 INFO [stdout]                          - std::panic::catch_unwind::h8b1fa14840c8b239
Dec 02 17:06:32.300 INFO [stdout]                         at libstd/panic.rs:392
Dec 02 17:06:32.300 INFO [stdout]                          - test::run_test::run_test_inner::{{closure}}::h0c1fb56af3cc46d2
Dec 02 17:06:32.300 INFO [stdout]                         at libtest/lib.rs:1416
Dec 02 17:06:32.300 INFO [stdout]                          - std::sys_common::backtrace::__rust_begin_short_backtrace::h0ff507d7422944d3
Dec 02 17:06:32.300 INFO [stdout]                         at libstd/sys_common/backtrace.rs:136
Dec 02 17:06:32.300 INFO [stdout]   14:     0x55fb47a7fd04 - std::thread::Builder::spawn::{{closure}}::{{closure}}::h9015d15de724c3f6
Dec 02 17:06:32.300 INFO [stdout]                         at libstd/thread/mod.rs:409
Dec 02 17:06:32.300 INFO [stdout]                          - <std::panic::AssertUnwindSafe<F> as core::ops::function::FnOnce<()>>::call_once::hdade3f732363d95a
Dec 02 17:06:32.300 INFO [stdout]                         at libstd/panic.rs:313
Dec 02 17:06:32.300 INFO [stdout]                          - std::panicking::try::do_call::hba0bdcc3670471cc
Dec 02 17:06:32.300 INFO [stdout]                         at libstd/panicking.rs:310
Dec 02 17:06:32.300 INFO [stdout]   15:     0x55fb47f7d369 - __rust_maybe_catch_panic
Dec 02 17:06:32.300 INFO [stdout]                         at libpanic_unwind/lib.rs:103
Dec 02 17:06:32.300 INFO [stdout]   16:     0x55fb47a705d6 - std::panicking::try::ha2cf51a98ef1d8df
Dec 02 17:06:32.300 INFO [stdout]                         at libstd/panicking.rs:289
Dec 02 17:06:32.300 INFO [stdout]                          - std::panic::catch_unwind::h9dbc14b90b636a56
Dec 02 17:06:32.300 INFO [stdout]                         at libstd/panic.rs:392
Dec 02 17:06:32.300 INFO [stdout]                          - std::thread::Builder::spawn::{{closure}}::h1e078d6b2c4e6a8f
Dec 02 17:06:32.300 INFO [stdout]                         at libstd/thread/mod.rs:408
Dec 02 17:06:32.300 INFO [stdout]                          - <F as alloc::boxed::FnBox<A>>::call_box::hdac52587b00591af
Dec 02 17:06:32.300 INFO [stdout]                         at liballoc/boxed.rs:646
Dec 02 17:06:32.300 INFO [stdout]   17:     0x55fb47f6ff0a - <alloc::boxed::Box<(dyn alloc::boxed::FnBox<A, Output=R> + 'a)> as core::ops::function::FnOnce<A>>::call_once::hfedf8d10954bca7a
Dec 02 17:06:32.300 INFO [stdout]                         at liballoc/boxed.rs:656
Dec 02 17:06:32.300 INFO [stdout]                          - std::sys_common::thread::start_thread::h75d887c7d2cc4479
Dec 02 17:06:32.300 INFO [stdout]                         at libstd/sys_common/thread.rs:24
Dec 02 17:06:32.300 INFO [stdout]   18:     0x55fb47f5f1e5 - std::sys::unix::thread::Thread::new::thread_start::h8414caee632bf9ed
Dec 02 17:06:32.300 INFO [stdout]                         at libstd/sys/unix/thread.rs:90
Dec 02 17:06:32.300 INFO [stdout]   19:     0x7f8edb31a6b9 - start_thread
Dec 02 17:06:32.300 INFO [stdout]   20:     0x7f8edae3a41c - clone
Dec 02 17:06:32.300 INFO [stdout]   21:                0x0 - <unknown>) })', libcore/result.rs:1009:5
Dec 02 17:06:32.300 INFO [stdout] stack backtrace:
Dec 02 17:06:32.300 INFO [stdout]    0:     0x55fb47f6e38e - std::sys::unix::backtrace::tracing::imp::unwind_backtrace::h15749a98198ba25f
Dec 02 17:06:32.300 INFO [stdout]                                at libstd/sys/unix/backtrace/tracing/gcc_s.rs:49
Dec 02 17:06:32.300 INFO [stdout]    1:     0x55fb47f60046 - std::sys_common::backtrace::print::h0ba65c811294dbf0
Dec 02 17:06:32.300 INFO [stdout]                                at libstd/sys_common/backtrace.rs:71
Dec 02 17:06:32.300 INFO [stdout]                                at libstd/sys_common/backtrace.rs:59
Dec 02 17:06:32.300 INFO [stdout]    2:     0x55fb47f5e30d - std::panicking::default_hook::{{closure}}::h42bb31757f0fee64
Dec 02 17:06:32.300 INFO [stdout]                                at libstd/panicking.rs:211
Dec 02 17:06:32.300 INFO [stdout]    3:     0x55fb47f5e01b - std::panicking::default_hook::hebc8848d7aa7dbd9
Dec 02 17:06:32.300 INFO [stdout]                                at libstd/panicking.rs:221
Dec 02 17:06:32.300 INFO [stdout]    4:     0x55fb47f5e9bc - std::panicking::rust_panic_with_hook::h86e619a638415243
Dec 02 17:06:32.300 INFO [stdout]                                at libstd/panicking.rs:477
Dec 02 17:06:32.300 INFO [stdout]    5:     0x55fb47f5e579 - std::panicking::continue_panic_fmt::h2d2d2bfb065a70b2
Dec 02 17:06:32.300 INFO [stdout]                                at libstd/panicking.rs:391
Dec 02 17:06:32.300 INFO [stdout]    6:     0x55fb47f5e475 - rust_begin_unwind
Dec 02 17:06:32.300 INFO [stdout]                                at libstd/panicking.rs:326
Dec 02 17:06:32.300 INFO [stdout]    7:     0x55fb47fb184b - core::panicking::panic_fmt::h2155aa66b67fe83c
Dec 02 17:06:32.300 INFO [stdout]                                at libcore/panicking.rs:77
Dec 02 17:06:32.300 INFO [stdout]    8:     0x55fb47a58ab3 - core::result::unwrap_failed::h4723b8c8ae90c071
Dec 02 17:06:32.300 INFO [stdout]                                at libcore/macros.rs:26
Dec 02 17:06:32.300 INFO [stdout]    9:     0x55fb47a58905 - <core::result::Result<T, E>>::unwrap::hb3efedcbe739fb93
Dec 02 17:06:32.300 INFO [stdout]                                at libcore/result.rs:808
Dec 02 17:06:32.300 INFO [stdout]   10:     0x55fb47a57719 - query::test_query::h1c3cb85446c575b4
Dec 02 17:06:32.300 INFO [stdout]                                at tests/query.rs:9
Dec 02 17:06:32.300 INFO [stdout]   11:     0x55fb47a575f9 - query::test_query::{{closure}}::h75870bea29192075
Dec 02 17:06:32.300 INFO [stdout]                                at tests/query.rs:4
Dec 02 17:06:32.300 INFO [stdout]   12:     0x55fb47a5916d - core::ops::function::FnOnce::call_once::h5ce3f5bbf5344dae
Dec 02 17:06:32.300 INFO [stdout]                                at libcore/ops/function.rs:238
Dec 02 17:06:32.300 INFO [stdout]   13:     0x55fb47a5bd6e - <F as alloc::boxed::FnBox<A>>::call_box::hbea525814fa423cc
Dec 02 17:06:32.300 INFO [stdout]                                at libtest/lib.rs:1461
Dec 02 17:06:32.300 INFO [stdout]                                at libcore/ops/function.rs:238
Dec 02 17:06:32.300 INFO [stdout]                                at liballoc/boxed.rs:646
Dec 02 17:06:32.300 INFO [stdout]   14:     0x55fb47f7d369 - __rust_maybe_catch_panic
Dec 02 17:06:32.300 INFO [stdout]                                at libpanic_unwind/lib.rs:103
Dec 02 17:06:32.300 INFO [stdout]   15:     0x55fb47a676cd - std::sys_common::backtrace::__rust_begin_short_backtrace::h0ff507d7422944d3
Dec 02 17:06:32.300 INFO [stdout]                                at libstd/panicking.rs:289
Dec 02 17:06:32.300 INFO [stdout]                                at libstd/panic.rs:392
Dec 02 17:06:32.301 INFO [stdout]                                at libtest/lib.rs:1416
Dec 02 17:06:32.301 INFO [stdout]                                at libstd/sys_common/backtrace.rs:136
Dec 02 17:06:32.301 INFO [stdout]   16:     0x55fb47a7fd04 - std::panicking::try::do_call::hba0bdcc3670471cc
Dec 02 17:06:32.301 INFO [stdout]                                at libstd/thread/mod.rs:409
Dec 02 17:06:32.301 INFO [stdout]                                at libstd/panic.rs:313
Dec 02 17:06:32.301 INFO [stdout]                                at libstd/panicking.rs:310
Dec 02 17:06:32.301 INFO [stdout]   17:     0x55fb47f7d369 - __rust_maybe_catch_panic
Dec 02 17:06:32.301 INFO [stdout]                                at libpanic_unwind/lib.rs:103
Dec 02 17:06:32.301 INFO [stdout]   18:     0x55fb47a705d6 - <F as alloc::boxed::FnBox<A>>::call_box::hdac52587b00591af
Dec 02 17:06:32.301 INFO [stdout]                                at libstd/panicking.rs:289
Dec 02 17:06:32.301 INFO [stdout]                                at libstd/panic.rs:392
Dec 02 17:06:32.301 INFO [stdout]                                at libstd/thread/mod.rs:408
Dec 02 17:06:32.301 INFO [stdout]                                at liballoc/boxed.rs:646
Dec 02 17:06:32.301 INFO [stdout]   19:     0x55fb47f6ff0a - std::sys_common::thread::start_thread::h75d887c7d2cc4479
Dec 02 17:06:32.301 INFO [stdout]                                at liballoc/boxed.rs:656
Dec 02 17:06:32.301 INFO [stdout]                                at libstd/sys_common/thread.rs:24
Dec 02 17:06:32.301 INFO [stdout]   20:     0x55fb47f5f1e5 - std::sys::unix::thread::Thread::new::thread_start::h8414caee632bf9ed
Dec 02 17:06:32.301 INFO [stdout]                                at libstd/sys/unix/thread.rs:90
Dec 02 17:06:32.301 INFO [stdout]   21:     0x7f8edb31a6b9 - start_thread
Dec 02 17:06:32.301 INFO [stdout]   22:     0x7f8edae3a41c - clone
Dec 02 17:06:32.301 INFO [stdout]   23:                0x0 - <unknown>
Dec 02 17:06:32.301 INFO [stdout] 
Dec 02 17:06:32.301 INFO [stdout] 
Dec 02 17:06:32.301 INFO [stdout] failures:
Dec 02 17:06:32.301 INFO [stdout]     test_query
Dec 02 17:06:32.301 INFO [stdout] 
Dec 02 17:06:32.301 INFO [stdout] test result: FAILED. 1 passed; 1 failed; 0 ignored; 0 measured; 0 filtered out
Dec 02 17:06:32.301 INFO [stdout] 
Dec 02 17:06:32.305 INFO [stderr] error: test failed, to rerun pass '--test query'
Dec 02 17:06:32.306 INFO [stderr] su: No module specific data is present
Dec 02 17:06:32.735 INFO running `"docker" "inspect" "f9efaae06321ff1a29e4704b3597a14fd0177ed064d71478e4123856d24bde31"`
Dec 02 17:06:33.081 INFO running `"docker" "rm" "-f" "f9efaae06321ff1a29e4704b3597a14fd0177ed064d71478e4123856d24bde31"`
Dec 02 17:06:33.311 INFO [stdout] f9efaae06321ff1a29e4704b3597a14fd0177ed064d71478e4123856d24bde31
