Dec 02 17:13:15.507 INFO testing serialport-3.1.0 against 1.30.1 for beta-1.31-5
Dec 02 17:13:15.507 INFO running `"docker" "create" "-v" "/mnt/big/crater/work/local/target-dirs/beta-1.31-5/worker-3/1.30.1:/target:rw,Z" "-v" "/mnt/big/crater/work/local/test-source/worker-3/beta-1.31-5/1.30.1:/source:ro,Z" "-v" "/mnt/big/crater/work/local/cargo-home:/cargo-home:ro,Z" "-v" "/mnt/big/crater/work/local/rustup-home:/rustup-home:ro,Z" "-e" "USER_ID=1000" "-e" "SOURCE_DIR=/source" "-e" "USER_ID=1000" "-e" "CMD=cargo +1.30.1 build --frozen" "-e" "CARGO_TARGET_DIR=/target" "-e" "CARGO_INCREMENTAL=0" "-e" "RUST_BACKTRACE=full" "-e" "RUSTFLAGS=--cap-lints=warn" "-e" "CARGO_HOME=/cargo-home" "-e" "RUSTUP_HOME=/rustup-home" "-m" "1536M" "--network" "none" "crater"`
Dec 02 17:13:16.004 INFO [stdout] 78efa6b5c2bd27f4b5d1417f171a915bb7faa2afc2d6a7b0bab1a50e97223717
Dec 02 17:13:16.013 INFO running `"docker" "start" "-a" "78efa6b5c2bd27f4b5d1417f171a915bb7faa2afc2d6a7b0bab1a50e97223717"`
Dec 02 17:13:17.122 INFO [stderr] usermod: no changes
Dec 02 17:13:17.232 INFO [stderr]    Compiling serialport v3.1.0 (/source)
Dec 02 17:13:19.699 INFO [stderr]     Finished dev [unoptimized + debuginfo] target(s) in 2.53s
Dec 02 17:13:19.699 INFO [stderr] su: No module specific data is present
Dec 02 17:13:20.667 INFO running `"docker" "inspect" "78efa6b5c2bd27f4b5d1417f171a915bb7faa2afc2d6a7b0bab1a50e97223717"`
Dec 02 17:13:20.909 INFO running `"docker" "rm" "-f" "78efa6b5c2bd27f4b5d1417f171a915bb7faa2afc2d6a7b0bab1a50e97223717"`
Dec 02 17:13:21.183 INFO [stdout] 78efa6b5c2bd27f4b5d1417f171a915bb7faa2afc2d6a7b0bab1a50e97223717
Dec 02 17:13:21.191 INFO running `"docker" "create" "-v" "/mnt/big/crater/work/local/target-dirs/beta-1.31-5/worker-3/1.30.1:/target:rw,Z" "-v" "/mnt/big/crater/work/local/test-source/worker-3/beta-1.31-5/1.30.1:/source:ro,Z" "-v" "/mnt/big/crater/work/local/cargo-home:/cargo-home:ro,Z" "-v" "/mnt/big/crater/work/local/rustup-home:/rustup-home:ro,Z" "-e" "USER_ID=1000" "-e" "SOURCE_DIR=/source" "-e" "USER_ID=1000" "-e" "CMD=cargo +1.30.1 test --frozen --no-run" "-e" "CARGO_TARGET_DIR=/target" "-e" "CARGO_INCREMENTAL=0" "-e" "RUST_BACKTRACE=full" "-e" "RUSTFLAGS=--cap-lints=warn" "-e" "CARGO_HOME=/cargo-home" "-e" "RUSTUP_HOME=/rustup-home" "-m" "1536M" "--network" "none" "crater"`
Dec 02 17:13:21.526 INFO [stdout] 198e72f93e171d5d5e2cd9126d803913e5f9ff3683fd1840377f60167a445247
Dec 02 17:13:21.531 INFO running `"docker" "start" "-a" "198e72f93e171d5d5e2cd9126d803913e5f9ff3683fd1840377f60167a445247"`
Dec 02 17:13:23.054 INFO [stderr] usermod: no changes
Dec 02 17:13:23.171 INFO [stderr]    Compiling serialport v3.1.0 (/source)
Dec 02 17:13:43.522 INFO [stderr]     Finished dev [unoptimized + debuginfo] target(s) in 20.43s
Dec 02 17:13:43.539 INFO [stderr] su: No module specific data is present
Dec 02 17:13:44.479 INFO running `"docker" "inspect" "198e72f93e171d5d5e2cd9126d803913e5f9ff3683fd1840377f60167a445247"`
Dec 02 17:13:44.923 INFO running `"docker" "rm" "-f" "198e72f93e171d5d5e2cd9126d803913e5f9ff3683fd1840377f60167a445247"`
Dec 02 17:13:45.215 INFO [stdout] 198e72f93e171d5d5e2cd9126d803913e5f9ff3683fd1840377f60167a445247
Dec 02 17:13:45.216 INFO running `"docker" "create" "-v" "/mnt/big/crater/work/local/target-dirs/beta-1.31-5/worker-3/1.30.1:/target:rw,Z" "-v" "/mnt/big/crater/work/local/test-source/worker-3/beta-1.31-5/1.30.1:/source:ro,Z" "-v" "/mnt/big/crater/work/local/cargo-home:/cargo-home:ro,Z" "-v" "/mnt/big/crater/work/local/rustup-home:/rustup-home:ro,Z" "-e" "USER_ID=1000" "-e" "SOURCE_DIR=/source" "-e" "USER_ID=1000" "-e" "CMD=cargo +1.30.1 test --frozen" "-e" "CARGO_TARGET_DIR=/target" "-e" "CARGO_INCREMENTAL=0" "-e" "RUST_BACKTRACE=full" "-e" "RUSTFLAGS=--cap-lints=warn" "-e" "CARGO_HOME=/cargo-home" "-e" "RUSTUP_HOME=/rustup-home" "-m" "1536M" "--network" "none" "crater"`
Dec 02 17:13:45.620 INFO [stdout] 8de8b21e1dc2d4ea41272124774d034fd46f7188bf39c44a653eddeaf8f9d388
Dec 02 17:13:45.622 INFO running `"docker" "start" "-a" "8de8b21e1dc2d4ea41272124774d034fd46f7188bf39c44a653eddeaf8f9d388"`
Dec 02 17:13:46.723 INFO [stderr] usermod: no changes
Dec 02 17:13:46.819 INFO [stderr]     Finished dev [unoptimized + debuginfo] target(s) in 0.07s
Dec 02 17:13:46.839 INFO [stderr]      Running /target/debug/deps/serialport-d0f896d3158ddcd9
Dec 02 17:13:46.843 INFO [stdout] 
Dec 02 17:13:46.843 INFO [stdout] running 1 test
Dec 02 17:13:46.847 INFO [stdout] test posix::tty::test_ttyport_into_raw_fd ... ok
Dec 02 17:13:46.847 INFO [stderr]      Running /target/debug/deps/test_try_clone-65466005b7532961
Dec 02 17:13:46.847 INFO [stdout] 
Dec 02 17:13:46.847 INFO [stdout] test result: ok. 1 passed; 0 failed; 0 ignored; 0 measured; 0 filtered out
Dec 02 17:13:46.847 INFO [stdout] 
Dec 02 17:13:46.851 INFO [stdout] 
Dec 02 17:13:46.851 INFO [stdout] running 2 tests
Dec 02 17:13:46.859 INFO [stdout] test test_try_clone ... ok
Dec 02 17:13:46.892 INFO [stdout] test test_try_clone_move ... FAILED
Dec 02 17:13:46.892 INFO [stdout] 
Dec 02 17:13:46.892 INFO [stdout] failures:
Dec 02 17:13:46.892 INFO [stdout] 
Dec 02 17:13:46.892 INFO [stdout] ---- test_try_clone_move stdout ----
Dec 02 17:13:46.892 INFO [stdout] thread 'test_try_clone_move' panicked at 'called `Result::unwrap()` on an `Err` value: Custom { kind: TimedOut, error: StringError("Operation timed out") }', libcore/result.rs:1009:5
Dec 02 17:13:46.892 INFO [stdout] stack backtrace:
Dec 02 17:13:46.892 INFO [stdout]    0:     0x55af5322b9ee - std::sys::unix::backtrace::tracing::imp::unwind_backtrace::h15749a98198ba25f
Dec 02 17:13:46.892 INFO [stdout]                                at libstd/sys/unix/backtrace/tracing/gcc_s.rs:49
Dec 02 17:13:46.892 INFO [stdout]    1:     0x55af5321ed26 - std::sys_common::backtrace::print::h0ba65c811294dbf0
Dec 02 17:13:46.892 INFO [stdout]                                at libstd/sys_common/backtrace.rs:71
Dec 02 17:13:46.893 INFO [stdout]                                at libstd/sys_common/backtrace.rs:59
Dec 02 17:13:46.893 INFO [stdout]    2:     0x55af5321d0ad - std::panicking::default_hook::{{closure}}::h42bb31757f0fee64
Dec 02 17:13:46.893 INFO [stdout]                                at libstd/panicking.rs:211
Dec 02 17:13:46.893 INFO [stdout]    3:     0x55af5321cdbb - std::panicking::default_hook::hebc8848d7aa7dbd9
Dec 02 17:13:46.893 INFO [stdout]                                at libstd/panicking.rs:221
Dec 02 17:13:46.893 INFO [stdout]    4:     0x55af5321d75c - std::panicking::rust_panic_with_hook::h86e619a638415243
Dec 02 17:13:46.893 INFO [stdout]                                at libstd/panicking.rs:477
Dec 02 17:13:46.893 INFO [stdout]    5:     0x55af5321d319 - std::panicking::continue_panic_fmt::h2d2d2bfb065a70b2
Dec 02 17:13:46.893 INFO [stdout]                                at libstd/panicking.rs:391
Dec 02 17:13:46.893 INFO [stdout]    6:     0x55af5321d215 - rust_begin_unwind
Dec 02 17:13:46.893 INFO [stdout]                                at libstd/panicking.rs:326
Dec 02 17:13:46.893 INFO [stdout]    7:     0x55af5326a28b - core::panicking::panic_fmt::h2155aa66b67fe83c
Dec 02 17:13:46.893 INFO [stdout]                                at libcore/panicking.rs:77
Dec 02 17:13:46.893 INFO [stdout]    8:     0x55af531c0f63 - core::result::unwrap_failed::haf6e1eb19915c8c3
Dec 02 17:13:46.893 INFO [stdout]                                at libcore/macros.rs:26
Dec 02 17:13:46.893 INFO [stdout]    9:     0x55af531c0c5f - <core::result::Result<T, E>>::unwrap::he0a14ea9a38963f8
Dec 02 17:13:46.893 INFO [stdout]                                at libcore/result.rs:808
Dec 02 17:13:46.893 INFO [stdout]   10:     0x55af531be668 - test_try_clone::test_try_clone_move::h03588e6810fa3142
Dec 02 17:13:46.893 INFO [stdout]                                at tests/test_try_clone.rs:50
Dec 02 17:13:46.893 INFO [stdout]   11:     0x55af531be4a9 - test_try_clone::test_try_clone_move::{{closure}}::h8879c11dd88a8b6b
Dec 02 17:13:46.893 INFO [stdout]                                at tests/test_try_clone.rs:37
Dec 02 17:13:46.893 INFO [stdout]   12:     0x55af531beb5d - core::ops::function::FnOnce::call_once::h365146bcdcb5aaec
Dec 02 17:13:46.893 INFO [stdout]                                at libcore/ops/function.rs:238
Dec 02 17:13:46.893 INFO [stdout]   13:     0x55af531c42ee - <F as alloc::boxed::FnBox<A>>::call_box::hbea525814fa423cc
Dec 02 17:13:46.893 INFO [stdout]                                at libtest/lib.rs:1461
Dec 02 17:13:46.893 INFO [stdout]                                at libcore/ops/function.rs:238
Dec 02 17:13:46.893 INFO [stdout]                                at liballoc/boxed.rs:646
Dec 02 17:13:46.893 INFO [stdout]   14:     0x55af5323a639 - __rust_maybe_catch_panic
Dec 02 17:13:46.893 INFO [stdout]                                at libpanic_unwind/lib.rs:103
Dec 02 17:13:46.893 INFO [stdout]   15:     0x55af531cfc4d - std::sys_common::backtrace::__rust_begin_short_backtrace::h0ff507d7422944d3
Dec 02 17:13:46.893 INFO [stdout]                                at libstd/panicking.rs:289
Dec 02 17:13:46.893 INFO [stdout]                                at libstd/panic.rs:392
Dec 02 17:13:46.893 INFO [stdout]                                at libtest/lib.rs:1416
Dec 02 17:13:46.893 INFO [stdout]                                at libstd/sys_common/backtrace.rs:136
Dec 02 17:13:46.893 INFO [stdout]   16:     0x55af531e8284 - std::panicking::try::do_call::hba0bdcc3670471cc
Dec 02 17:13:46.893 INFO [stdout]                                at libstd/thread/mod.rs:409
Dec 02 17:13:46.893 INFO [stdout]                                at libstd/panic.rs:313
Dec 02 17:13:46.893 INFO [stdout]                                at libstd/panicking.rs:310
Dec 02 17:13:46.893 INFO [stdout]   17:     0x55af5323a639 - __rust_maybe_catch_panic
Dec 02 17:13:46.893 INFO [stdout]                                at libpanic_unwind/lib.rs:103
Dec 02 17:13:46.893 INFO [stdout]   18:     0x55af531d8b56 - <F as alloc::boxed::FnBox<A>>::call_box::hdac52587b00591af
Dec 02 17:13:46.893 INFO [stdout]                                at libstd/panicking.rs:289
Dec 02 17:13:46.893 INFO [stdout]                                at libstd/panic.rs:392
Dec 02 17:13:46.893 INFO [stdout]                                at libstd/thread/mod.rs:408
Dec 02 17:13:46.893 INFO [stdout]                                at liballoc/boxed.rs:646
Dec 02 17:13:46.893 INFO [stdout]   19:     0x55af5322d32a - std::sys_common::thread::start_thread::h75d887c7d2cc4479
Dec 02 17:13:46.893 INFO [stdout]                                at liballoc/boxed.rs:656
Dec 02 17:13:46.893 INFO [stdout]                                at libstd/sys_common/thread.rs:24
Dec 02 17:13:46.893 INFO [stdout]   20:     0x55af5321dec5 - std::sys::unix::thread::Thread::new::thread_start::h8414caee632bf9ed
Dec 02 17:13:46.893 INFO [stdout]                                at libstd/sys/unix/thread.rs:90
Dec 02 17:13:46.893 INFO [stdout]   21:     0x7ff5e4fd56b9 - start_thread
Dec 02 17:13:46.893 INFO [stdout]   22:     0x7ff5e4af541c - clone
Dec 02 17:13:46.893 INFO [stdout]   23:                0x0 - <unknown>
Dec 02 17:13:46.893 INFO [stdout] 
Dec 02 17:13:46.893 INFO [stdout] 
Dec 02 17:13:46.893 INFO [stdout] failures:
Dec 02 17:13:46.893 INFO [stdout]     test_try_clone_move
Dec 02 17:13:46.893 INFO [stdout] 
Dec 02 17:13:46.893 INFO [stdout] test result: FAILED. 1 passed; 1 failed; 0 ignored; 0 measured; 0 filtered out
Dec 02 17:13:46.893 INFO [stdout] 
Dec 02 17:13:46.900 INFO [stderr] error: test failed, to rerun pass '--test test_try_clone'
Dec 02 17:13:46.919 INFO [stderr] su: No module specific data is present
Dec 02 17:13:47.573 INFO running `"docker" "inspect" "8de8b21e1dc2d4ea41272124774d034fd46f7188bf39c44a653eddeaf8f9d388"`
Dec 02 17:13:47.855 INFO running `"docker" "rm" "-f" "8de8b21e1dc2d4ea41272124774d034fd46f7188bf39c44a653eddeaf8f9d388"`
Dec 02 17:13:48.142 INFO [stdout] 8de8b21e1dc2d4ea41272124774d034fd46f7188bf39c44a653eddeaf8f9d388
