Dec 02 19:18:52.517 INFO testing ruplacer-0.2.5 against 1.30.1 for beta-1.31-5
Dec 02 19:18:52.517 INFO running `"docker" "create" "-v" "/mnt/big/crater/work/local/target-dirs/beta-1.31-5/worker-3/1.30.1:/target:rw,Z" "-v" "/mnt/big/crater/work/local/test-source/worker-3/beta-1.31-5/1.30.1:/source:ro,Z" "-v" "/mnt/big/crater/work/local/cargo-home:/cargo-home:ro,Z" "-v" "/mnt/big/crater/work/local/rustup-home:/rustup-home:ro,Z" "-e" "USER_ID=1000" "-e" "SOURCE_DIR=/source" "-e" "USER_ID=1000" "-e" "CMD=cargo +1.30.1 build --frozen" "-e" "CARGO_TARGET_DIR=/target" "-e" "CARGO_INCREMENTAL=0" "-e" "RUST_BACKTRACE=full" "-e" "RUSTFLAGS=--cap-lints=warn" "-e" "CARGO_HOME=/cargo-home" "-e" "RUSTUP_HOME=/rustup-home" "-m" "1536M" "--network" "none" "crater"`
Dec 02 19:18:52.908 INFO [stdout] c32e253cf4c97896756f2798fd67a418c9ec8451606b19deb1f2b57a37fe73dc
Dec 02 19:18:52.915 INFO running `"docker" "start" "-a" "c32e253cf4c97896756f2798fd67a418c9ec8451606b19deb1f2b57a37fe73dc"`
Dec 02 19:18:54.071 INFO [stderr] usermod: no changes
Dec 02 19:18:54.247 INFO [stderr]    Compiling Inflector v0.11.3
Dec 02 19:18:56.707 INFO [stderr]    Compiling ruplacer v0.2.5 (/source)
Dec 02 19:19:05.252 INFO [stderr] warning: unused `#[macro_use]` import
Dec 02 19:19:05.252 INFO [stderr]  --> src/main.rs:1:1
Dec 02 19:19:05.252 INFO [stderr]   |
Dec 02 19:19:05.252 INFO [stderr] 1 | #[macro_use]
Dec 02 19:19:05.252 INFO [stderr]   | ^^^^^^^^^^^^
Dec 02 19:19:05.252 INFO [stderr]   |
Dec 02 19:19:05.252 INFO [stderr]   = note: #[warn(unused_imports)] on by default
Dec 02 19:19:05.252 INFO [stderr] 
Dec 02 19:19:08.780 INFO [stderr]     Finished dev [unoptimized + debuginfo] target(s) in 14.68s
Dec 02 19:19:08.791 INFO [stderr] su: No module specific data is present
Dec 02 19:19:09.239 INFO running `"docker" "inspect" "c32e253cf4c97896756f2798fd67a418c9ec8451606b19deb1f2b57a37fe73dc"`
Dec 02 19:19:09.611 INFO running `"docker" "rm" "-f" "c32e253cf4c97896756f2798fd67a418c9ec8451606b19deb1f2b57a37fe73dc"`
Dec 02 19:19:09.883 INFO [stdout] c32e253cf4c97896756f2798fd67a418c9ec8451606b19deb1f2b57a37fe73dc
Dec 02 19:19:09.891 INFO running `"docker" "create" "-v" "/mnt/big/crater/work/local/target-dirs/beta-1.31-5/worker-3/1.30.1:/target:rw,Z" "-v" "/mnt/big/crater/work/local/test-source/worker-3/beta-1.31-5/1.30.1:/source:ro,Z" "-v" "/mnt/big/crater/work/local/cargo-home:/cargo-home:ro,Z" "-v" "/mnt/big/crater/work/local/rustup-home:/rustup-home:ro,Z" "-e" "USER_ID=1000" "-e" "SOURCE_DIR=/source" "-e" "USER_ID=1000" "-e" "CMD=cargo +1.30.1 test --frozen --no-run" "-e" "CARGO_TARGET_DIR=/target" "-e" "CARGO_INCREMENTAL=0" "-e" "RUST_BACKTRACE=full" "-e" "RUSTFLAGS=--cap-lints=warn" "-e" "CARGO_HOME=/cargo-home" "-e" "RUSTUP_HOME=/rustup-home" "-m" "1536M" "--network" "none" "crater"`
Dec 02 19:19:10.267 INFO [stdout] 6ccc0d6c72ec12bb2f92f40c116782ff0b14488e9df9f405340f0a19b93b99b2
Dec 02 19:19:10.269 INFO running `"docker" "start" "-a" "6ccc0d6c72ec12bb2f92f40c116782ff0b14488e9df9f405340f0a19b93b99b2"`
Dec 02 19:19:11.229 INFO [stderr] usermod: no changes
Dec 02 19:19:11.363 INFO [stderr]    Compiling ruplacer v0.2.5 (/source)
Dec 02 19:19:17.387 INFO [stderr] warning: unused `#[macro_use]` import
Dec 02 19:19:17.387 INFO [stderr]  --> src/main.rs:1:1
Dec 02 19:19:17.387 INFO [stderr]   |
Dec 02 19:19:17.387 INFO [stderr] 1 | #[macro_use]
Dec 02 19:19:17.387 INFO [stderr]   | ^^^^^^^^^^^^
Dec 02 19:19:17.387 INFO [stderr]   |
Dec 02 19:19:17.387 INFO [stderr]   = note: #[warn(unused_imports)] on by default
Dec 02 19:19:17.387 INFO [stderr] 
Dec 02 19:19:19.383 INFO [stderr]     Finished dev [unoptimized + debuginfo] target(s) in 8.12s
Dec 02 19:19:19.395 INFO [stderr] su: No module specific data is present
Dec 02 19:19:20.431 INFO running `"docker" "inspect" "6ccc0d6c72ec12bb2f92f40c116782ff0b14488e9df9f405340f0a19b93b99b2"`
Dec 02 19:19:20.725 INFO running `"docker" "rm" "-f" "6ccc0d6c72ec12bb2f92f40c116782ff0b14488e9df9f405340f0a19b93b99b2"`
Dec 02 19:19:20.999 INFO [stdout] 6ccc0d6c72ec12bb2f92f40c116782ff0b14488e9df9f405340f0a19b93b99b2
Dec 02 19:19:21.003 INFO running `"docker" "create" "-v" "/mnt/big/crater/work/local/target-dirs/beta-1.31-5/worker-3/1.30.1:/target:rw,Z" "-v" "/mnt/big/crater/work/local/test-source/worker-3/beta-1.31-5/1.30.1:/source:ro,Z" "-v" "/mnt/big/crater/work/local/cargo-home:/cargo-home:ro,Z" "-v" "/mnt/big/crater/work/local/rustup-home:/rustup-home:ro,Z" "-e" "USER_ID=1000" "-e" "SOURCE_DIR=/source" "-e" "USER_ID=1000" "-e" "CMD=cargo +1.30.1 test --frozen" "-e" "CARGO_TARGET_DIR=/target" "-e" "CARGO_INCREMENTAL=0" "-e" "RUST_BACKTRACE=full" "-e" "RUSTFLAGS=--cap-lints=warn" "-e" "CARGO_HOME=/cargo-home" "-e" "RUSTUP_HOME=/rustup-home" "-m" "1536M" "--network" "none" "crater"`
Dec 02 19:19:21.568 INFO [stdout] a13dfcb149811564a9ce0bd7fbef027e1d206873e787091d0df7676bfa0c325b
Dec 02 19:19:21.570 INFO running `"docker" "start" "-a" "a13dfcb149811564a9ce0bd7fbef027e1d206873e787091d0df7676bfa0c325b"`
Dec 02 19:19:23.036 INFO [stderr] usermod: no changes
Dec 02 19:19:23.215 INFO [stderr]     Finished dev [unoptimized + debuginfo] target(s) in 0.14s
Dec 02 19:19:23.232 INFO [stderr]      Running /target/debug/deps/ruplacer-12b9a77201db0ee8
Dec 02 19:19:23.235 INFO [stdout] 
Dec 02 19:19:23.235 INFO [stdout] running 8 tests
Dec 02 19:19:23.267 INFO [stdout] test file_patcher::tests::test_replacement_display ... ok
Dec 02 19:19:23.269 INFO [stdout] test line_patcher::tests::test_subvert_happy ... ok
Dec 02 19:19:23.269 INFO [stdout] test file_patcher::tests::test_compute_replacements ... ok
Dec 02 19:19:23.269 INFO [stdout] test line_patcher::tests::test_substring ... ok
Dec 02 19:19:23.269 INFO [stdout] test file_patcher::tests::test_patch_file ... ok
Dec 02 19:19:23.279 INFO [stdout] test line_patcher::tests::test_subvert_inconsistent ... ok
Dec 02 19:19:23.310 INFO [stdout] test line_patcher::tests::test_regex ... ok
Dec 02 19:19:23.543 INFO [stdout] test stats::tests::test_stats_to_string ... ok
Dec 02 19:19:23.543 INFO [stderr]      Running /target/debug/deps/ruplacer-0a0c9b2733feb540
Dec 02 19:19:23.543 INFO [stdout] 
Dec 02 19:19:23.543 INFO [stderr]      Running /target/debug/deps/integration_tests-d06b42194a45e9c4
Dec 02 19:19:23.543 INFO [stdout] test result: ok. 8 passed; 0 failed; 0 ignored; 0 measured; 0 filtered out
Dec 02 19:19:23.543 INFO [stdout] 
Dec 02 19:19:23.543 INFO [stdout] 
Dec 02 19:19:23.543 INFO [stdout] running 0 tests
Dec 02 19:19:23.543 INFO [stdout] 
Dec 02 19:19:23.543 INFO [stdout] test result: ok. 0 passed; 0 failed; 0 ignored; 0 measured; 0 filtered out
Dec 02 19:19:23.543 INFO [stdout] 
Dec 02 19:19:23.543 INFO [stdout] 
Dec 02 19:19:23.543 INFO [stdout] running 5 tests
Dec 02 19:19:23.567 INFO [stdout] test test_stats ... ok
Dec 02 19:19:23.567 INFO [stdout] test test_skip_non_utf8_files ... ok
Dec 02 19:19:23.575 INFO [stdout] test test_replace_old_by_new ... ok
Dec 02 19:19:23.583 INFO [stdout] test test_dry_run ... ok
Dec 02 19:19:23.631 INFO [stdout] test test_with_gitignore ... FAILED
Dec 02 19:19:23.631 INFO [stdout] 
Dec 02 19:19:23.631 INFO [stdout] failures:
Dec 02 19:19:23.631 INFO [stdout] 
Dec 02 19:19:23.631 INFO [stdout] ---- test_with_gitignore stdout ----
Dec 02 19:19:23.631 INFO [stdout] [34mPatching[0m [1m/tmp/test-ruplacer.boLrw6iTBy9w/data/top.txt[0m
Dec 02 19:19:23.631 INFO [stdout] [31m--[0m Top: [4;31mold[0m is nice
Dec 02 19:19:23.631 INFO [stdout] [32m++[0m Top: [4;32mnew[0m is nice
Dec 02 19:19:23.631 INFO [stdout] 
Dec 02 19:19:23.631 INFO [stdout] [34mPatching[0m [1m/tmp/test-ruplacer.boLrw6iTBy9w/data/a_dir/sub/foo.txt[0m
Dec 02 19:19:23.631 INFO [stdout] [31m--[0m sub/foo: [4;31mold[0m is everywhere, [4;31mold[0m is [4;31mold[0m
Dec 02 19:19:23.631 INFO [stdout] [32m++[0m sub/foo: [4;32mnew[0m is everywhere, [4;32mnew[0m is [4;32mnew[0m
Dec 02 19:19:23.631 INFO [stdout] [31m--[0m [4;31mold[0m is really [4;31mold[0m
Dec 02 19:19:23.631 INFO [stdout] [32m++[0m [4;32mnew[0m is really [4;32mnew[0m
Dec 02 19:19:23.631 INFO [stdout] 
Dec 02 19:19:23.631 INFO [stdout] thread 'test_with_gitignore' panicked at 'Could not read from "/tmp/test-ruplacer.boLrw6iTBy9w/data/.hidden/hidden.txt": Os { code: 2, kind: NotFound, message: "No such file or directory" }', libcore/result.rs:1009:5
Dec 02 19:19:23.631 INFO [stdout] stack backtrace:
Dec 02 19:19:23.631 INFO [stdout]    0:     0x5569bd43dd3e - std::sys::unix::backtrace::tracing::imp::unwind_backtrace::h15749a98198ba25f
Dec 02 19:19:23.631 INFO [stdout]                                at libstd/sys/unix/backtrace/tracing/gcc_s.rs:49
Dec 02 19:19:23.631 INFO [stdout]    1:     0x5569bd42be56 - std::sys_common::backtrace::print::h0ba65c811294dbf0
Dec 02 19:19:23.631 INFO [stdout]                                at libstd/sys_common/backtrace.rs:71
Dec 02 19:19:23.631 INFO [stdout]                                at libstd/sys_common/backtrace.rs:59
Dec 02 19:19:23.631 INFO [stdout]    2:     0x5569bd42a27d - std::panicking::default_hook::{{closure}}::h42bb31757f0fee64
Dec 02 19:19:23.631 INFO [stdout]                                at libstd/panicking.rs:211
Dec 02 19:19:23.631 INFO [stdout]    3:     0x5569bd429f8b - std::panicking::default_hook::hebc8848d7aa7dbd9
Dec 02 19:19:23.631 INFO [stdout]                                at libstd/panicking.rs:221
Dec 02 19:19:23.631 INFO [stdout]    4:     0x5569bd42a92c - std::panicking::rust_panic_with_hook::h86e619a638415243
Dec 02 19:19:23.631 INFO [stdout]                                at libstd/panicking.rs:477
Dec 02 19:19:23.631 INFO [stdout]    5:     0x5569bd42a4e9 - std::panicking::continue_panic_fmt::h2d2d2bfb065a70b2
Dec 02 19:19:23.631 INFO [stdout]                                at libstd/panicking.rs:391
Dec 02 19:19:23.631 INFO [stdout]    6:     0x5569bd42a3e5 - rust_begin_unwind
Dec 02 19:19:23.631 INFO [stdout]                                at libstd/panicking.rs:326
Dec 02 19:19:23.631 INFO [stdout]    7:     0x5569bd48144b - core::panicking::panic_fmt::h2155aa66b67fe83c
Dec 02 19:19:23.631 INFO [stdout]                                at libcore/panicking.rs:77
Dec 02 19:19:23.631 INFO [stdout]    8:     0x5569bd14c653 - core::result::unwrap_failed::h9de4e8e05a803135
Dec 02 19:19:23.631 INFO [stdout]                                at libcore/macros.rs:26
Dec 02 19:19:23.631 INFO [stdout]    9:     0x5569bd0fcd3d - <core::result::Result<T, E>>::expect::h5dfa3702544e7721
Dec 02 19:19:23.631 INFO [stdout]                                at libcore/result.rs:835
Dec 02 19:19:23.631 INFO [stdout]   10:     0x5569bd0f6e46 - integration_tests::assert_not_replaced::haa2aa731d0ee7c44
Dec 02 19:19:23.631 INFO [stdout]                                at tests/integration_tests.rs:28
Dec 02 19:19:23.631 INFO [stdout]   11:     0x5569bd0f7c84 - integration_tests::test_with_gitignore::he43838c866ff9d6a
Dec 02 19:19:23.632 INFO [stdout]                                at tests/integration_tests.rs:92
Dec 02 19:19:23.632 INFO [stdout]   12:     0x5569bd0f7ad9 - integration_tests::test_with_gitignore::{{closure}}::hf44f7d9397eaa2d9
Dec 02 19:19:23.632 INFO [stdout]                                at tests/integration_tests.rs:82
Dec 02 19:19:23.632 INFO [stdout]   13:     0x5569bd0f92dd - core::ops::function::FnOnce::call_once::hac312f2af43c8905
Dec 02 19:19:23.632 INFO [stdout]                                at libcore/ops/function.rs:238
Dec 02 19:19:23.632 INFO [stdout]   14:     0x5569bd0ff52e - <F as alloc::boxed::FnBox<A>>::call_box::hbea525814fa423cc
Dec 02 19:19:23.632 INFO [stdout]                                at libtest/lib.rs:1461
Dec 02 19:19:23.632 INFO [stdout]                                at libcore/ops/function.rs:238
Dec 02 19:19:23.632 INFO [stdout]                                at liballoc/boxed.rs:646
Dec 02 19:19:23.632 INFO [stdout]   15:     0x5569bd450da9 - __rust_maybe_catch_panic
Dec 02 19:19:23.632 INFO [stdout]                                at libpanic_unwind/lib.rs:103
Dec 02 19:19:23.632 INFO [stdout]   16:     0x5569bd10ae8d - std::sys_common::backtrace::__rust_begin_short_backtrace::h0ff507d7422944d3
Dec 02 19:19:23.632 INFO [stdout]                                at libstd/panicking.rs:289
Dec 02 19:19:23.632 INFO [stdout]                                at libstd/panic.rs:392
Dec 02 19:19:23.632 INFO [stdout]                                at libtest/lib.rs:1416
Dec 02 19:19:23.632 INFO [stdout]                                at libstd/sys_common/backtrace.rs:136
Dec 02 19:19:23.632 INFO [stdout]   17:     0x5569bd1234c4 - std::panicking::try::do_call::hba0bdcc3670471cc
Dec 02 19:19:23.632 INFO [stdout]                                at libstd/thread/mod.rs:409
Dec 02 19:19:23.632 INFO [stdout]                                at libstd/panic.rs:313
Dec 02 19:19:23.632 INFO [stdout]                                at libstd/panicking.rs:310
Dec 02 19:19:23.632 INFO [stdout]   18:     0x5569bd450da9 - __rust_maybe_catch_panic
Dec 02 19:19:23.632 INFO [stdout]                                at libpanic_unwind/lib.rs:103
Dec 02 19:19:23.632 INFO [stdout]   19:     0x5569bd113d96 - <F as alloc::boxed::FnBox<A>>::call_box::hdac52587b00591af
Dec 02 19:19:23.632 INFO [stdout]                                at libstd/panicking.rs:289
Dec 02 19:19:23.632 INFO [stdout]                                at libstd/panic.rs:392
Dec 02 19:19:23.632 INFO [stdout]                                at libstd/thread/mod.rs:408
Dec 02 19:19:23.632 INFO [stdout]                                at liballoc/boxed.rs:646
Dec 02 19:19:23.632 INFO [stdout]   20:     0x5569bd43fcea - std::sys_common::thread::start_thread::h75d887c7d2cc4479
Dec 02 19:19:23.632 INFO [stdout]                                at liballoc/boxed.rs:656
Dec 02 19:19:23.632 INFO [stdout]                                at libstd/sys_common/thread.rs:24
Dec 02 19:19:23.632 INFO [stdout]   21:     0x5569bd42b095 - std::sys::unix::thread::Thread::new::thread_start::h8414caee632bf9ed
Dec 02 19:19:23.632 INFO [stdout]                                at libstd/sys/unix/thread.rs:90
Dec 02 19:19:23.632 INFO [stdout]   22:     0x7f7b4322c6b9 - start_thread
Dec 02 19:19:23.632 INFO [stdout]   23:     0x7f7b42d4c41c - clone
Dec 02 19:19:23.632 INFO [stdout]   24:                0x0 - <unknown>
Dec 02 19:19:23.632 INFO [stdout] 
Dec 02 19:19:23.632 INFO [stdout] 
Dec 02 19:19:23.632 INFO [stdout] failures:
Dec 02 19:19:23.632 INFO [stdout]     test_with_gitignore
Dec 02 19:19:23.632 INFO [stdout] 
Dec 02 19:19:23.632 INFO [stdout] test result: FAILED. 4 passed; 1 failed; 0 ignored; 0 measured; 0 filtered out
Dec 02 19:19:23.632 INFO [stdout] 
Dec 02 19:19:23.643 INFO [stderr] error: test failed, to rerun pass '--test integration_tests'
Dec 02 19:19:23.643 INFO [stderr] su: No module specific data is present
Dec 02 19:19:24.375 INFO running `"docker" "inspect" "a13dfcb149811564a9ce0bd7fbef027e1d206873e787091d0df7676bfa0c325b"`
Dec 02 19:19:24.737 INFO running `"docker" "rm" "-f" "a13dfcb149811564a9ce0bd7fbef027e1d206873e787091d0df7676bfa0c325b"`
Dec 02 19:19:24.948 INFO [stdout] a13dfcb149811564a9ce0bd7fbef027e1d206873e787091d0df7676bfa0c325b
