Dec 02 19:24:50.572 INFO testing rubygems_api-0.1.2 against 1.30.1 for beta-1.31-5
Dec 02 19:24:50.572 INFO running `"docker" "create" "-v" "/mnt/big/crater/work/local/target-dirs/beta-1.31-5/worker-1/1.30.1:/target:rw,Z" "-v" "/mnt/big/crater/work/local/test-source/worker-1/beta-1.31-5/1.30.1:/source:ro,Z" "-v" "/mnt/big/crater/work/local/cargo-home:/cargo-home:ro,Z" "-v" "/mnt/big/crater/work/local/rustup-home:/rustup-home:ro,Z" "-e" "USER_ID=1000" "-e" "SOURCE_DIR=/source" "-e" "USER_ID=1000" "-e" "CMD=cargo +1.30.1 build --frozen" "-e" "CARGO_TARGET_DIR=/target" "-e" "CARGO_INCREMENTAL=0" "-e" "RUST_BACKTRACE=full" "-e" "RUSTFLAGS=--cap-lints=warn" "-e" "CARGO_HOME=/cargo-home" "-e" "RUSTUP_HOME=/rustup-home" "-m" "1536M" "--network" "none" "crater"`
Dec 02 19:24:51.129 INFO [stdout] 46927ee9f2260f8da17e16615fd944fe3cca15f1ed987412c1989df7e76cdc95
Dec 02 19:24:51.131 INFO running `"docker" "start" "-a" "46927ee9f2260f8da17e16615fd944fe3cca15f1ed987412c1989df7e76cdc95"`
Dec 02 19:24:52.343 INFO [stderr] usermod: no changes
Dec 02 19:24:52.691 INFO [stderr]    Compiling rubygems_api v0.1.2 (/source)
Dec 02 19:25:04.283 INFO [stderr]     Finished dev [unoptimized + debuginfo] target(s) in 11.91s
Dec 02 19:25:04.303 INFO [stderr] su: No module specific data is present
Dec 02 19:25:05.132 INFO running `"docker" "inspect" "46927ee9f2260f8da17e16615fd944fe3cca15f1ed987412c1989df7e76cdc95"`
Dec 02 19:25:05.363 INFO running `"docker" "rm" "-f" "46927ee9f2260f8da17e16615fd944fe3cca15f1ed987412c1989df7e76cdc95"`
Dec 02 19:25:05.654 INFO [stdout] 46927ee9f2260f8da17e16615fd944fe3cca15f1ed987412c1989df7e76cdc95
Dec 02 19:25:05.667 INFO running `"docker" "create" "-v" "/mnt/big/crater/work/local/target-dirs/beta-1.31-5/worker-1/1.30.1:/target:rw,Z" "-v" "/mnt/big/crater/work/local/test-source/worker-1/beta-1.31-5/1.30.1:/source:ro,Z" "-v" "/mnt/big/crater/work/local/cargo-home:/cargo-home:ro,Z" "-v" "/mnt/big/crater/work/local/rustup-home:/rustup-home:ro,Z" "-e" "USER_ID=1000" "-e" "SOURCE_DIR=/source" "-e" "USER_ID=1000" "-e" "CMD=cargo +1.30.1 test --frozen --no-run" "-e" "CARGO_TARGET_DIR=/target" "-e" "CARGO_INCREMENTAL=0" "-e" "RUST_BACKTRACE=full" "-e" "RUSTFLAGS=--cap-lints=warn" "-e" "CARGO_HOME=/cargo-home" "-e" "RUSTUP_HOME=/rustup-home" "-m" "1536M" "--network" "none" "crater"`
Dec 02 19:25:06.150 INFO [stdout] 8e03e8695725e1433d7afa617b4a37f088aca20508fcf24cc0806fd6005e5264
Dec 02 19:25:06.150 INFO running `"docker" "start" "-a" "8e03e8695725e1433d7afa617b4a37f088aca20508fcf24cc0806fd6005e5264"`
Dec 02 19:25:07.069 INFO [stderr] usermod: no changes
Dec 02 19:25:07.359 INFO [stderr]    Compiling rubygems_api v0.1.2 (/source)
Dec 02 19:25:21.171 INFO [stderr]     Finished dev [unoptimized + debuginfo] target(s) in 14.07s
Dec 02 19:25:21.187 INFO [stderr] su: No module specific data is present
Dec 02 19:25:21.665 INFO running `"docker" "inspect" "8e03e8695725e1433d7afa617b4a37f088aca20508fcf24cc0806fd6005e5264"`
Dec 02 19:25:21.924 INFO running `"docker" "rm" "-f" "8e03e8695725e1433d7afa617b4a37f088aca20508fcf24cc0806fd6005e5264"`
Dec 02 19:25:22.232 INFO [stdout] 8e03e8695725e1433d7afa617b4a37f088aca20508fcf24cc0806fd6005e5264
Dec 02 19:25:22.239 INFO running `"docker" "create" "-v" "/mnt/big/crater/work/local/target-dirs/beta-1.31-5/worker-1/1.30.1:/target:rw,Z" "-v" "/mnt/big/crater/work/local/test-source/worker-1/beta-1.31-5/1.30.1:/source:ro,Z" "-v" "/mnt/big/crater/work/local/cargo-home:/cargo-home:ro,Z" "-v" "/mnt/big/crater/work/local/rustup-home:/rustup-home:ro,Z" "-e" "USER_ID=1000" "-e" "SOURCE_DIR=/source" "-e" "USER_ID=1000" "-e" "CMD=cargo +1.30.1 test --frozen" "-e" "CARGO_TARGET_DIR=/target" "-e" "CARGO_INCREMENTAL=0" "-e" "RUST_BACKTRACE=full" "-e" "RUSTFLAGS=--cap-lints=warn" "-e" "CARGO_HOME=/cargo-home" "-e" "RUSTUP_HOME=/rustup-home" "-m" "1536M" "--network" "none" "crater"`
Dec 02 19:25:22.592 INFO [stdout] bc3ba42fa2b4c8c50a93e0695618c7957d6e0ac573c5f28258bfa22857c3ed56
Dec 02 19:25:22.594 INFO running `"docker" "start" "-a" "bc3ba42fa2b4c8c50a93e0695618c7957d6e0ac573c5f28258bfa22857c3ed56"`
Dec 02 19:25:23.786 INFO [stderr] usermod: no changes
Dec 02 19:25:24.079 INFO [stderr]     Finished dev [unoptimized + debuginfo] target(s) in 0.27s
Dec 02 19:25:24.108 INFO [stderr]      Running /target/debug/deps/rubygems_api-875e5dec58a2fb22
Dec 02 19:25:24.114 INFO [stdout] 
Dec 02 19:25:24.114 INFO [stdout] running 2 tests
Dec 02 19:25:24.268 INFO [stdout] test test::test_name ... FAILED
Dec 02 19:25:24.270 INFO [stdout] test test::test_deps ... FAILED
Dec 02 19:25:24.270 INFO [stdout] 
Dec 02 19:25:24.270 INFO [stdout] failures:
Dec 02 19:25:24.270 INFO [stdout] 
Dec 02 19:25:24.271 INFO [stdout] ---- test::test_name stdout ----
Dec 02 19:25:24.271 INFO [stdout] thread 'test::test_name' panicked at 'called `Result::unwrap()` on an `Err` value: Http(Inner { kind: Hyper(Error { kind: Connect, cause: Custom { kind: Other, error: StringError("failed to lookup address information: Temporary failure in name resolution") } }), url: Some("https://rubygems.org/api/v1/gems/ruby-json.json") })', libcore/result.rs:1009:5
Dec 02 19:25:24.271 INFO [stdout] stack backtrace:
Dec 02 19:25:24.271 INFO [stdout]    0:     0x55958a6e688e - std::sys::unix::backtrace::tracing::imp::unwind_backtrace::h15749a98198ba25f
Dec 02 19:25:24.271 INFO [stdout]                                at libstd/sys/unix/backtrace/tracing/gcc_s.rs:49
Dec 02 19:25:24.271 INFO [stdout]    1:     0x55958a6d82f6 - std::sys_common::backtrace::print::h0ba65c811294dbf0
Dec 02 19:25:24.271 INFO [stdout]                                at libstd/sys_common/backtrace.rs:71
Dec 02 19:25:24.271 INFO [stdout]                                at libstd/sys_common/backtrace.rs:59
Dec 02 19:25:24.271 INFO [stdout]    2:     0x55958a6d65bd - std::panicking::default_hook::{{closure}}::h42bb31757f0fee64
Dec 02 19:25:24.271 INFO [stdout]                                at libstd/panicking.rs:211
Dec 02 19:25:24.271 INFO [stdout]    3:     0x55958a6d62cb - std::panicking::default_hook::hebc8848d7aa7dbd9
Dec 02 19:25:24.271 INFO [stdout]                                at libstd/panicking.rs:221
Dec 02 19:25:24.271 INFO [stdout]    4:     0x55958a6d6c6c - std::panicking::rust_panic_with_hook::h86e619a638415243
Dec 02 19:25:24.271 INFO [stdout]                                at libstd/panicking.rs:477
Dec 02 19:25:24.271 INFO [stdout]    5:     0x55958a6d6829 - std::panicking::continue_panic_fmt::h2d2d2bfb065a70b2
Dec 02 19:25:24.271 INFO [stdout]                                at libstd/panicking.rs:391
Dec 02 19:25:24.271 INFO [stdout]    6:     0x55958a6d6725 - rust_begin_unwind
Dec 02 19:25:24.271 INFO [stdout]                                at libstd/panicking.rs:326
Dec 02 19:25:24.271 INFO [stdout]    7:     0x55958a72957b - core::panicking::panic_fmt::h2155aa66b67fe83c
Dec 02 19:25:24.271 INFO [stdout]                                at libcore/panicking.rs:77
Dec 02 19:25:24.271 INFO [stdout]    8:     0x55958a1a1253 - core::result::unwrap_failed::h2ddca4edc9dab855
Dec 02 19:25:24.271 INFO [stdout]                                at libcore/macros.rs:26
Dec 02 19:25:24.271 INFO [stdout]    9:     0x55958a1a06dc - <core::result::Result<T, E>>::unwrap::hb8ced1d23ba42365
Dec 02 19:25:24.271 INFO [stdout]                                at libcore/result.rs:808
Dec 02 19:25:24.271 INFO [stdout]   10:     0x55958a1981b6 - rubygems_api::test::test_name::hcbc6349786e3897e
Dec 02 19:25:24.271 INFO [stdout]                                at src/lib.rs:150
Dec 02 19:25:24.271 INFO [stdout]   11:     0x55958a198149 - rubygems_api::test::test_name::{{closure}}::hdb5d48819fc105f6
Dec 02 19:25:24.271 INFO [stdout]                                at src/lib.rs:148
Dec 02 19:25:24.271 INFO [stdout]   12:     0x55958a19509d - core::ops::function::FnOnce::call_once::h84fb3093e231ce67
Dec 02 19:25:24.271 INFO [stdout]                                at libcore/ops/function.rs:238
Dec 02 19:25:24.271 INFO [stdout]   13:     0x55958a1a68fe - <F as alloc::boxed::FnBox<A>>::call_box::hbea525814fa423cc
Dec 02 19:25:24.271 INFO [stdout]                                at libtest/lib.rs:1461
Dec 02 19:25:24.271 INFO [stdout]                                at libcore/ops/function.rs:238
Dec 02 19:25:24.271 INFO [stdout]                                at liballoc/boxed.rs:646
Dec 02 19:25:24.271 INFO [stdout]   14:     0x55958a6f5a49 - __rust_maybe_catch_panic
Dec 02 19:25:24.271 INFO [stdout]                                at libpanic_unwind/lib.rs:103
Dec 02 19:25:24.271 INFO [stdout]   15:     0x55958a1b225d - std::sys_common::backtrace::__rust_begin_short_backtrace::h0ff507d7422944d3
Dec 02 19:25:24.271 INFO [stdout]                                at libstd/panicking.rs:289
Dec 02 19:25:24.271 INFO [stdout]                                at libstd/panic.rs:392
Dec 02 19:25:24.271 INFO [stdout]                                at libtest/lib.rs:1416
Dec 02 19:25:24.271 INFO [stdout]                                at libstd/sys_common/backtrace.rs:136
Dec 02 19:25:24.271 INFO [stdout]   16:     0x55958a1ca894 - std::panicking::try::do_call::hba0bdcc3670471cc
Dec 02 19:25:24.271 INFO [stdout]                                at libstd/thread/mod.rs:409
Dec 02 19:25:24.271 INFO [stdout]                                at libstd/panic.rs:313
Dec 02 19:25:24.271 INFO [stdout]                                at libstd/panicking.rs:310
Dec 02 19:25:24.271 INFO [stdout]   17:     0x55958a6f5a49 - __rust_maybe_catch_panic
Dec 02 19:25:24.271 INFO [stdout]                                at libpanic_unwind/lib.rs:103
Dec 02 19:25:24.271 INFO [stdout]   18:     0x55958a1bb166 - <F as alloc::boxed::FnBox<A>>::call_box::hdac52587b00591af
Dec 02 19:25:24.271 INFO [stdout]                                at libstd/panicking.rs:289
Dec 02 19:25:24.271 INFO [stdout]                                at libstd/panic.rs:392
Dec 02 19:25:24.271 INFO [stdout]                                at libstd/thread/mod.rs:408
Dec 02 19:25:24.271 INFO [stdout]                                at liballoc/boxed.rs:646
Dec 02 19:25:24.271 INFO [stdout]   19:     0x55958a6e83ca - std::sys_common::thread::start_thread::h75d887c7d2cc4479
Dec 02 19:25:24.271 INFO [stdout]                                at liballoc/boxed.rs:656
Dec 02 19:25:24.271 INFO [stdout]                                at libstd/sys_common/thread.rs:24
Dec 02 19:25:24.271 INFO [stdout]   20:     0x55958a6d7495 - std::sys::unix::thread::Thread::new::thread_start::h8414caee632bf9ed
Dec 02 19:25:24.271 INFO [stdout]                                at libstd/sys/unix/thread.rs:90
Dec 02 19:25:24.271 INFO [stdout]   21:     0x7fde9415f6b9 - start_thread
Dec 02 19:25:24.271 INFO [stdout]   22:     0x7fde93c7f41c - clone
Dec 02 19:25:24.271 INFO [stdout]   23:                0x0 - <unknown>
Dec 02 19:25:24.271 INFO [stdout] 
Dec 02 19:25:24.271 INFO [stdout] ---- test::test_deps stdout ----
Dec 02 19:25:24.271 INFO [stdout] thread 'test::test_deps' panicked at 'called `Result::unwrap()` on an `Err` value: Http(Inner { kind: Hyper(Error { kind: Connect, cause: Custom { kind: Other, error: StringError("failed to lookup address information: Temporary failure in name resolution") } }), url: Some("https://rubygems.org/api/v1/gems/ffi.json") })', libcore/result.rs:1009:5
Dec 02 19:25:24.271 INFO [stdout] stack backtrace:
Dec 02 19:25:24.271 INFO [stdout]    0:     0x55958a6e688e - std::sys::unix::backtrace::tracing::imp::unwind_backtrace::h15749a98198ba25f
Dec 02 19:25:24.271 INFO [stdout]                                at libstd/sys/unix/backtrace/tracing/gcc_s.rs:49
Dec 02 19:25:24.271 INFO [stdout]    1:     0x55958a6d82f6 - std::sys_common::backtrace::print::h0ba65c811294dbf0
Dec 02 19:25:24.271 INFO [stdout]                                at libstd/sys_common/backtrace.rs:71
Dec 02 19:25:24.271 INFO [stdout]                                at libstd/sys_common/backtrace.rs:59
Dec 02 19:25:24.271 INFO [stdout]    2:     0x55958a6d65bd - std::panicking::default_hook::{{closure}}::h42bb31757f0fee64
Dec 02 19:25:24.271 INFO [stdout]                                at libstd/panicking.rs:211
Dec 02 19:25:24.271 INFO [stdout]    3:     0x55958a6d62cb - std::panicking::default_hook::hebc8848d7aa7dbd9
Dec 02 19:25:24.271 INFO [stdout]                                at libstd/panicking.rs:221
Dec 02 19:25:24.271 INFO [stdout]    4:     0x55958a6d6c6c - std::panicking::rust_panic_with_hook::h86e619a638415243
Dec 02 19:25:24.271 INFO [stdout]                                at libstd/panicking.rs:477
Dec 02 19:25:24.271 INFO [stdout]    5:     0x55958a6d6829 - std::panicking::continue_panic_fmt::h2d2d2bfb065a70b2
Dec 02 19:25:24.271 INFO [stdout]                                at libstd/panicking.rs:391
Dec 02 19:25:24.271 INFO [stdout]    6:     0x55958a6d6725 - rust_begin_unwind
Dec 02 19:25:24.271 INFO [stdout]                                at libstd/panicking.rs:326
Dec 02 19:25:24.271 INFO [stdout]    7:     0x55958a72957b - core::panicking::panic_fmt::h2155aa66b67fe83c
Dec 02 19:25:24.271 INFO [stdout]                                at libcore/panicking.rs:77
Dec 02 19:25:24.271 INFO [stdout]    8:     0x55958a1a1253 - core::result::unwrap_failed::h2ddca4edc9dab855
Dec 02 19:25:24.271 INFO [stdout]                                at libcore/macros.rs:26
Dec 02 19:25:24.272 INFO [stdout]    9:     0x55958a1a06dc - <core::result::Result<T, E>>::unwrap::hb8ced1d23ba42365
Dec 02 19:25:24.272 INFO [stdout]                                at libcore/result.rs:808
Dec 02 19:25:24.272 INFO [stdout]   10:     0x55958a1982e6 - rubygems_api::test::test_deps::haf422054460ed85c
Dec 02 19:25:24.272 INFO [stdout]                                at src/lib.rs:157
Dec 02 19:25:24.272 INFO [stdout]   11:     0x55958a198279 - rubygems_api::test::test_deps::{{closure}}::he777ec98066064b1
Dec 02 19:25:24.272 INFO [stdout]                                at src/lib.rs:155
Dec 02 19:25:24.272 INFO [stdout]   12:     0x55958a194f1d - core::ops::function::FnOnce::call_once::h2cceaf74efb700d1
Dec 02 19:25:24.272 INFO [stdout]                                at libcore/ops/function.rs:238
Dec 02 19:25:24.272 INFO [stdout]   13:     0x55958a1a68fe - <F as alloc::boxed::FnBox<A>>::call_box::hbea525814fa423cc
Dec 02 19:25:24.272 INFO [stdout]                                at libtest/lib.rs:1461
Dec 02 19:25:24.272 INFO [stdout]                                at libcore/ops/function.rs:238
Dec 02 19:25:24.272 INFO [stdout]                                at liballoc/boxed.rs:646
Dec 02 19:25:24.272 INFO [stdout]   14:     0x55958a6f5a49 - __rust_maybe_catch_panic
Dec 02 19:25:24.272 INFO [stdout]                                at libpanic_unwind/lib.rs:103
Dec 02 19:25:24.272 INFO [stdout]   15:     0x55958a1b225d - std::sys_common::backtrace::__rust_begin_short_backtrace::h0ff507d7422944d3
Dec 02 19:25:24.272 INFO [stdout]                                at libstd/panicking.rs:289
Dec 02 19:25:24.272 INFO [stdout]                                at libstd/panic.rs:392
Dec 02 19:25:24.272 INFO [stdout]                                at libtest/lib.rs:1416
Dec 02 19:25:24.272 INFO [stdout]                                at libstd/sys_common/backtrace.rs:136
Dec 02 19:25:24.272 INFO [stdout]   16:     0x55958a1ca894 - std::panicking::try::do_call::hba0bdcc3670471cc
Dec 02 19:25:24.272 INFO [stdout]                                at libstd/thread/mod.rs:409
Dec 02 19:25:24.272 INFO [stdout]                                at libstd/panic.rs:313
Dec 02 19:25:24.272 INFO [stdout]                                at libstd/panicking.rs:310
Dec 02 19:25:24.272 INFO [stdout]   17:     0x55958a6f5a49 - __rust_maybe_catch_panic
Dec 02 19:25:24.272 INFO [stdout]                                at libpanic_unwind/lib.rs:103
Dec 02 19:25:24.272 INFO [stdout]   18:     0x55958a1bb166 - <F as alloc::boxed::FnBox<A>>::call_box::hdac52587b00591af
Dec 02 19:25:24.272 INFO [stdout]                                at libstd/panicking.rs:289
Dec 02 19:25:24.272 INFO [stdout]                                at libstd/panic.rs:392
Dec 02 19:25:24.272 INFO [stdout]                                at libstd/thread/mod.rs:408
Dec 02 19:25:24.272 INFO [stdout]                                at liballoc/boxed.rs:646
Dec 02 19:25:24.272 INFO [stdout]   19:     0x55958a6e83ca - std::sys_common::thread::start_thread::h75d887c7d2cc4479
Dec 02 19:25:24.272 INFO [stdout]                                at liballoc/boxed.rs:656
Dec 02 19:25:24.272 INFO [stdout]                                at libstd/sys_common/thread.rs:24
Dec 02 19:25:24.272 INFO [stdout]   20:     0x55958a6d7495 - std::sys::unix::thread::Thread::new::thread_start::h8414caee632bf9ed
Dec 02 19:25:24.272 INFO [stdout]                                at libstd/sys/unix/thread.rs:90
Dec 02 19:25:24.272 INFO [stdout]   21:     0x7fde9415f6b9 - start_thread
Dec 02 19:25:24.272 INFO [stdout]   22:     0x7fde93c7f41c - clone
Dec 02 19:25:24.272 INFO [stdout]   23:                0x0 - <unknown>
Dec 02 19:25:24.272 INFO [stdout] 
Dec 02 19:25:24.272 INFO [stdout] 
Dec 02 19:25:24.272 INFO [stdout] failures:
Dec 02 19:25:24.272 INFO [stdout]     test::test_deps
Dec 02 19:25:24.272 INFO [stdout]     test::test_name
Dec 02 19:25:24.272 INFO [stdout] 
Dec 02 19:25:24.272 INFO [stdout] test result: FAILED. 0 passed; 2 failed; 0 ignored; 0 measured; 0 filtered out
Dec 02 19:25:24.272 INFO [stdout] 
Dec 02 19:25:24.278 INFO [stderr] error: test failed, to rerun pass '--lib'
Dec 02 19:25:24.278 INFO [stderr] su: No module specific data is present
Dec 02 19:25:25.215 INFO running `"docker" "inspect" "bc3ba42fa2b4c8c50a93e0695618c7957d6e0ac573c5f28258bfa22857c3ed56"`
Dec 02 19:25:25.552 INFO running `"docker" "rm" "-f" "bc3ba42fa2b4c8c50a93e0695618c7957d6e0ac573c5f28258bfa22857c3ed56"`
Dec 02 19:25:25.730 INFO [stdout] bc3ba42fa2b4c8c50a93e0695618c7957d6e0ac573c5f28258bfa22857c3ed56
