Dec 02 20:07:37.775 INFO testing rm_rf-0.1.1 against 1.30.1 for beta-1.31-5
Dec 02 20:07:37.775 INFO running `"docker" "create" "-v" "/mnt/big/crater/work/local/target-dirs/beta-1.31-5/worker-0/1.30.1:/target:rw,Z" "-v" "/mnt/big/crater/work/local/test-source/worker-0/beta-1.31-5/1.30.1:/source:ro,Z" "-v" "/mnt/big/crater/work/local/cargo-home:/cargo-home:ro,Z" "-v" "/mnt/big/crater/work/local/rustup-home:/rustup-home:ro,Z" "-e" "USER_ID=1000" "-e" "SOURCE_DIR=/source" "-e" "USER_ID=1000" "-e" "CMD=cargo +1.30.1 build --frozen" "-e" "CARGO_TARGET_DIR=/target" "-e" "CARGO_INCREMENTAL=0" "-e" "RUST_BACKTRACE=full" "-e" "RUSTFLAGS=--cap-lints=warn" "-e" "CARGO_HOME=/cargo-home" "-e" "RUSTUP_HOME=/rustup-home" "-m" "1536M" "--network" "none" "crater"`
Dec 02 20:07:38.078 INFO [stdout] 0c265d8609a0068896ca88163ac74b392c8f1ab703af82aafdafae868f3d8312
Dec 02 20:07:38.080 INFO running `"docker" "start" "-a" "0c265d8609a0068896ca88163ac74b392c8f1ab703af82aafdafae868f3d8312"`
Dec 02 20:07:38.860 INFO [stderr] usermod: no changes
Dec 02 20:07:38.903 INFO [stderr]    Compiling rm_rf v0.1.1 (/source)
Dec 02 20:07:39.518 INFO [stderr]     Finished dev [unoptimized + debuginfo] target(s) in 0.62s
Dec 02 20:07:39.520 INFO [stderr] su: No module specific data is present
Dec 02 20:07:39.833 INFO running `"docker" "inspect" "0c265d8609a0068896ca88163ac74b392c8f1ab703af82aafdafae868f3d8312"`
Dec 02 20:07:39.951 INFO running `"docker" "rm" "-f" "0c265d8609a0068896ca88163ac74b392c8f1ab703af82aafdafae868f3d8312"`
Dec 02 20:07:40.090 INFO [stdout] 0c265d8609a0068896ca88163ac74b392c8f1ab703af82aafdafae868f3d8312
Dec 02 20:07:40.095 INFO running `"docker" "create" "-v" "/mnt/big/crater/work/local/target-dirs/beta-1.31-5/worker-0/1.30.1:/target:rw,Z" "-v" "/mnt/big/crater/work/local/test-source/worker-0/beta-1.31-5/1.30.1:/source:ro,Z" "-v" "/mnt/big/crater/work/local/cargo-home:/cargo-home:ro,Z" "-v" "/mnt/big/crater/work/local/rustup-home:/rustup-home:ro,Z" "-e" "USER_ID=1000" "-e" "SOURCE_DIR=/source" "-e" "USER_ID=1000" "-e" "CMD=cargo +1.30.1 test --frozen --no-run" "-e" "CARGO_TARGET_DIR=/target" "-e" "CARGO_INCREMENTAL=0" "-e" "RUST_BACKTRACE=full" "-e" "RUSTFLAGS=--cap-lints=warn" "-e" "CARGO_HOME=/cargo-home" "-e" "RUSTUP_HOME=/rustup-home" "-m" "1536M" "--network" "none" "crater"`
Dec 02 20:07:40.431 INFO [stdout] c04af08a0d21c901d645e68e64eab7478f47104962ce45552c829e3147b7d6b0
Dec 02 20:07:40.436 INFO running `"docker" "start" "-a" "c04af08a0d21c901d645e68e64eab7478f47104962ce45552c829e3147b7d6b0"`
Dec 02 20:07:42.285 INFO [stderr] usermod: no changes
Dec 02 20:07:42.344 INFO [stderr]    Compiling rm_rf v0.1.1 (/source)
Dec 02 20:07:44.161 INFO [stderr]     Finished dev [unoptimized + debuginfo] target(s) in 1.84s
Dec 02 20:07:44.163 INFO [stderr] su: No module specific data is present
Dec 02 20:07:45.240 INFO running `"docker" "inspect" "c04af08a0d21c901d645e68e64eab7478f47104962ce45552c829e3147b7d6b0"`
Dec 02 20:07:45.573 INFO running `"docker" "rm" "-f" "c04af08a0d21c901d645e68e64eab7478f47104962ce45552c829e3147b7d6b0"`
Dec 02 20:07:45.899 INFO [stdout] c04af08a0d21c901d645e68e64eab7478f47104962ce45552c829e3147b7d6b0
Dec 02 20:07:45.901 INFO running `"docker" "create" "-v" "/mnt/big/crater/work/local/target-dirs/beta-1.31-5/worker-0/1.30.1:/target:rw,Z" "-v" "/mnt/big/crater/work/local/test-source/worker-0/beta-1.31-5/1.30.1:/source:ro,Z" "-v" "/mnt/big/crater/work/local/cargo-home:/cargo-home:ro,Z" "-v" "/mnt/big/crater/work/local/rustup-home:/rustup-home:ro,Z" "-e" "USER_ID=1000" "-e" "SOURCE_DIR=/source" "-e" "USER_ID=1000" "-e" "CMD=cargo +1.30.1 test --frozen" "-e" "CARGO_TARGET_DIR=/target" "-e" "CARGO_INCREMENTAL=0" "-e" "RUST_BACKTRACE=full" "-e" "RUSTFLAGS=--cap-lints=warn" "-e" "CARGO_HOME=/cargo-home" "-e" "RUSTUP_HOME=/rustup-home" "-m" "1536M" "--network" "none" "crater"`
Dec 02 20:07:46.365 INFO [stdout] 349537fb6921967e9eb10c7bd098c76314b7f86706d89969b95db2bc1777fb71
Dec 02 20:07:46.367 INFO running `"docker" "start" "-a" "349537fb6921967e9eb10c7bd098c76314b7f86706d89969b95db2bc1777fb71"`
Dec 02 20:07:47.343 INFO [stderr] usermod: no changes
Dec 02 20:07:47.379 INFO [stderr]     Finished dev [unoptimized + debuginfo] target(s) in 0.01s
Dec 02 20:07:47.380 INFO [stderr]      Running /target/debug/deps/rm_rf-3e3a37ed1ff432ca
Dec 02 20:07:47.383 INFO [stdout] 
Dec 02 20:07:47.383 INFO [stdout] running 1 test
Dec 02 20:07:47.402 INFO [stdout] test tests::behavior_test ... FAILED
Dec 02 20:07:47.402 INFO [stdout] 
Dec 02 20:07:47.402 INFO [stdout] failures:
Dec 02 20:07:47.403 INFO [stdout] 
Dec 02 20:07:47.403 INFO [stdout] ---- tests::behavior_test stdout ----
Dec 02 20:07:47.403 INFO [stdout] thread 'tests::behavior_test' panicked at 'called `Result::unwrap()` on an `Err` value: Os { code: 2, kind: NotFound, message: "No such file or directory" }', libcore/result.rs:1009:5
Dec 02 20:07:47.403 INFO [stdout] stack backtrace:
Dec 02 20:07:47.403 INFO [stdout]    0:     0x55b1bde57e1e - std::sys::unix::backtrace::tracing::imp::unwind_backtrace::h15749a98198ba25f
Dec 02 20:07:47.403 INFO [stdout]                                at libstd/sys/unix/backtrace/tracing/gcc_s.rs:49
Dec 02 20:07:47.403 INFO [stdout]    1:     0x55b1bde46986 - std::sys_common::backtrace::print::h0ba65c811294dbf0
Dec 02 20:07:47.403 INFO [stdout]                                at libstd/sys_common/backtrace.rs:71
Dec 02 20:07:47.403 INFO [stdout]                                at libstd/sys_common/backtrace.rs:59
Dec 02 20:07:47.403 INFO [stdout]    2:     0x55b1bde44dad - std::panicking::default_hook::{{closure}}::h42bb31757f0fee64
Dec 02 20:07:47.403 INFO [stdout]                                at libstd/panicking.rs:211
Dec 02 20:07:47.403 INFO [stdout]    3:     0x55b1bde44abb - std::panicking::default_hook::hebc8848d7aa7dbd9
Dec 02 20:07:47.403 INFO [stdout]                                at libstd/panicking.rs:221
Dec 02 20:07:47.403 INFO [stdout]    4:     0x55b1bde4545c - std::panicking::rust_panic_with_hook::h86e619a638415243
Dec 02 20:07:47.403 INFO [stdout]                                at libstd/panicking.rs:477
Dec 02 20:07:47.403 INFO [stdout]    5:     0x55b1bde45019 - std::panicking::continue_panic_fmt::h2d2d2bfb065a70b2
Dec 02 20:07:47.403 INFO [stdout]                                at libstd/panicking.rs:391
Dec 02 20:07:47.403 INFO [stdout]    6:     0x55b1bde44f15 - rust_begin_unwind
Dec 02 20:07:47.403 INFO [stdout]                                at libstd/panicking.rs:326
Dec 02 20:07:47.403 INFO [stdout]    7:     0x55b1bde99dcb - core::panicking::panic_fmt::h2155aa66b67fe83c
Dec 02 20:07:47.403 INFO [stdout]                                at libcore/panicking.rs:77
Dec 02 20:07:47.403 INFO [stdout]    8:     0x55b1bde01de3 - core::result::unwrap_failed::hce15447c67ced862
Dec 02 20:07:47.403 INFO [stdout]                                at libcore/macros.rs:26
Dec 02 20:07:47.403 INFO [stdout]    9:     0x55b1bde019af - <core::result::Result<T, E>>::unwrap::h54f4155f6459d76f
Dec 02 20:07:47.403 INFO [stdout]                                at libcore/result.rs:808
Dec 02 20:07:47.403 INFO [stdout]   10:     0x55b1bde00982 - rm_rf::tests::test_eq_behavior_fn::h0abef2caf3c7d64c
Dec 02 20:07:47.403 INFO [stdout]                                at src/lib.rs:60
Dec 02 20:07:47.403 INFO [stdout]   11:     0x55b1bde00e27 - rm_rf::tests::test_eq_behavior::h9fa7c0652b193961
Dec 02 20:07:47.403 INFO [stdout]                                at src/lib.rs:78
Dec 02 20:07:47.403 INFO [stdout]   12:     0x55b1bde00f76 - rm_rf::tests::behavior_test::hb6ceedcd912d8272
Dec 02 20:07:47.403 INFO [stdout]                                at src/lib.rs:85
Dec 02 20:07:47.403 INFO [stdout]   13:     0x55b1bde00f49 - rm_rf::tests::behavior_test::{{closure}}::h132d950a670663f7
Dec 02 20:07:47.403 INFO [stdout]                                at src/lib.rs:84
Dec 02 20:07:47.403 INFO [stdout]   14:     0x55b1bddfc56d - core::ops::function::FnOnce::call_once::h9600b161037cd34a
Dec 02 20:07:47.403 INFO [stdout]                                at libcore/ops/function.rs:238
Dec 02 20:07:47.403 INFO [stdout]   15:     0x55b1bde0529e - <F as alloc::boxed::FnBox<A>>::call_box::hbea525814fa423cc
Dec 02 20:07:47.403 INFO [stdout]                                at libtest/lib.rs:1461
Dec 02 20:07:47.403 INFO [stdout]                                at libcore/ops/function.rs:238
Dec 02 20:07:47.403 INFO [stdout]                                at liballoc/boxed.rs:646
Dec 02 20:07:47.403 INFO [stdout]   16:     0x55b1bde6a1c9 - __rust_maybe_catch_panic
Dec 02 20:07:47.403 INFO [stdout]                                at libpanic_unwind/lib.rs:103
Dec 02 20:07:47.403 INFO [stdout]   17:     0x55b1bde10bfd - std::sys_common::backtrace::__rust_begin_short_backtrace::h0ff507d7422944d3
Dec 02 20:07:47.403 INFO [stdout]                                at libstd/panicking.rs:289
Dec 02 20:07:47.403 INFO [stdout]                                at libstd/panic.rs:392
Dec 02 20:07:47.403 INFO [stdout]                                at libtest/lib.rs:1416
Dec 02 20:07:47.403 INFO [stdout]                                at libstd/sys_common/backtrace.rs:136
Dec 02 20:07:47.403 INFO [stdout]   18:     0x55b1bde29234 - std::panicking::try::do_call::hba0bdcc3670471cc
Dec 02 20:07:47.403 INFO [stdout]                                at libstd/thread/mod.rs:409
Dec 02 20:07:47.403 INFO [stdout]                                at libstd/panic.rs:313
Dec 02 20:07:47.403 INFO [stdout]                                at libstd/panicking.rs:310
Dec 02 20:07:47.403 INFO [stdout]   19:     0x55b1bde6a1c9 - __rust_maybe_catch_panic
Dec 02 20:07:47.403 INFO [stdout]                                at libpanic_unwind/lib.rs:103
Dec 02 20:07:47.403 INFO [stdout]   20:     0x55b1bde19b06 - <F as alloc::boxed::FnBox<A>>::call_box::hdac52587b00591af
Dec 02 20:07:47.403 INFO [stdout]                                at libstd/panicking.rs:289
Dec 02 20:07:47.403 INFO [stdout]                                at libstd/panic.rs:392
Dec 02 20:07:47.403 INFO [stdout]                                at libstd/thread/mod.rs:408
Dec 02 20:07:47.403 INFO [stdout]                                at liballoc/boxed.rs:646
Dec 02 20:07:47.403 INFO [stdout]   21:     0x55b1bde59d3a - std::sys_common::thread::start_thread::h75d887c7d2cc4479
Dec 02 20:07:47.403 INFO [stdout]                                at liballoc/boxed.rs:656
Dec 02 20:07:47.403 INFO [stdout]                                at libstd/sys_common/thread.rs:24
Dec 02 20:07:47.403 INFO [stdout]   22:     0x55b1bde45bc5 - std::sys::unix::thread::Thread::new::thread_start::h8414caee632bf9ed
Dec 02 20:07:47.403 INFO [stdout]                                at libstd/sys/unix/thread.rs:90
Dec 02 20:07:47.403 INFO [stdout]   23:     0x7fbb53e046b9 - start_thread
Dec 02 20:07:47.403 INFO [stdout]   24:     0x7fbb5392441c - clone
Dec 02 20:07:47.403 INFO [stdout]   25:                0x0 - <unknown>
Dec 02 20:07:47.403 INFO [stdout] 
Dec 02 20:07:47.403 INFO [stdout] 
Dec 02 20:07:47.403 INFO [stdout] failures:
Dec 02 20:07:47.403 INFO [stdout]     tests::behavior_test
Dec 02 20:07:47.403 INFO [stdout] 
Dec 02 20:07:47.403 INFO [stdout] test result: FAILED. 0 passed; 1 failed; 0 ignored; 0 measured; 0 filtered out
Dec 02 20:07:47.403 INFO [stdout] 
Dec 02 20:07:47.405 INFO [stderr] error: test failed, to rerun pass '--lib'
Dec 02 20:07:47.406 INFO [stderr] su: No module specific data is present
Dec 02 20:07:47.735 INFO running `"docker" "inspect" "349537fb6921967e9eb10c7bd098c76314b7f86706d89969b95db2bc1777fb71"`
Dec 02 20:07:47.875 INFO running `"docker" "rm" "-f" "349537fb6921967e9eb10c7bd098c76314b7f86706d89969b95db2bc1777fb71"`
Dec 02 20:07:48.022 INFO [stdout] 349537fb6921967e9eb10c7bd098c76314b7f86706d89969b95db2bc1777fb71
