Dec 02 20:34:56.887 INFO testing rench-0.3.0 against 1.30.1 for beta-1.31-5
Dec 02 20:34:56.887 INFO running `"docker" "create" "-v" "/mnt/big/crater/work/local/target-dirs/beta-1.31-5/worker-0/1.30.1:/target:rw,Z" "-v" "/mnt/big/crater/work/local/test-source/worker-0/beta-1.31-5/1.30.1:/source:ro,Z" "-v" "/mnt/big/crater/work/local/cargo-home:/cargo-home:ro,Z" "-v" "/mnt/big/crater/work/local/rustup-home:/rustup-home:ro,Z" "-e" "USER_ID=1000" "-e" "SOURCE_DIR=/source" "-e" "USER_ID=1000" "-e" "CMD=cargo +1.30.1 build --frozen" "-e" "CARGO_TARGET_DIR=/target" "-e" "CARGO_INCREMENTAL=0" "-e" "RUST_BACKTRACE=full" "-e" "RUSTFLAGS=--cap-lints=warn" "-e" "CARGO_HOME=/cargo-home" "-e" "RUSTUP_HOME=/rustup-home" "-m" "1536M" "--network" "none" "crater"`
Dec 02 20:34:57.106 INFO [stdout] 74ef7f40fc9f67320537d99c7273e802d9df1c299bb32d4d90df01fc6f998ec5
Dec 02 20:34:57.108 INFO running `"docker" "start" "-a" "74ef7f40fc9f67320537d99c7273e802d9df1c299bb32d4d90df01fc6f998ec5"`
Dec 02 20:34:57.719 INFO [stderr] usermod: no changes
Dec 02 20:34:58.043 INFO [stderr]    Compiling rench v0.3.0 (/source)
Dec 02 20:35:15.473 INFO [stderr]     Finished dev [unoptimized + debuginfo] target(s) in 17.72s
Dec 02 20:35:15.487 INFO [stderr] su: No module specific data is present
Dec 02 20:35:16.557 INFO running `"docker" "inspect" "74ef7f40fc9f67320537d99c7273e802d9df1c299bb32d4d90df01fc6f998ec5"`
Dec 02 20:35:16.903 INFO running `"docker" "rm" "-f" "74ef7f40fc9f67320537d99c7273e802d9df1c299bb32d4d90df01fc6f998ec5"`
Dec 02 20:35:17.239 INFO [stdout] 74ef7f40fc9f67320537d99c7273e802d9df1c299bb32d4d90df01fc6f998ec5
Dec 02 20:35:17.247 INFO running `"docker" "create" "-v" "/mnt/big/crater/work/local/target-dirs/beta-1.31-5/worker-0/1.30.1:/target:rw,Z" "-v" "/mnt/big/crater/work/local/test-source/worker-0/beta-1.31-5/1.30.1:/source:ro,Z" "-v" "/mnt/big/crater/work/local/cargo-home:/cargo-home:ro,Z" "-v" "/mnt/big/crater/work/local/rustup-home:/rustup-home:ro,Z" "-e" "USER_ID=1000" "-e" "SOURCE_DIR=/source" "-e" "USER_ID=1000" "-e" "CMD=cargo +1.30.1 test --frozen --no-run" "-e" "CARGO_TARGET_DIR=/target" "-e" "CARGO_INCREMENTAL=0" "-e" "RUST_BACKTRACE=full" "-e" "RUSTFLAGS=--cap-lints=warn" "-e" "CARGO_HOME=/cargo-home" "-e" "RUSTUP_HOME=/rustup-home" "-m" "1536M" "--network" "none" "crater"`
Dec 02 20:35:17.684 INFO [stdout] 7585a662ff193d000f5b7dd2bf767a8f464814ae117b5146564d1b99eb1b31c0
Dec 02 20:35:17.686 INFO running `"docker" "start" "-a" "7585a662ff193d000f5b7dd2bf767a8f464814ae117b5146564d1b99eb1b31c0"`
Dec 02 20:35:18.467 INFO [stderr] usermod: no changes
Dec 02 20:35:18.666 INFO [stderr]    Compiling rench v0.3.0 (/source)
Dec 02 20:35:31.958 INFO [stderr]     Finished dev [unoptimized + debuginfo] target(s) in 13.47s
Dec 02 20:35:31.973 INFO [stderr] su: No module specific data is present
Dec 02 20:35:32.425 INFO running `"docker" "inspect" "7585a662ff193d000f5b7dd2bf767a8f464814ae117b5146564d1b99eb1b31c0"`
Dec 02 20:35:32.613 INFO running `"docker" "rm" "-f" "7585a662ff193d000f5b7dd2bf767a8f464814ae117b5146564d1b99eb1b31c0"`
Dec 02 20:35:32.759 INFO [stdout] 7585a662ff193d000f5b7dd2bf767a8f464814ae117b5146564d1b99eb1b31c0
Dec 02 20:35:32.767 INFO running `"docker" "create" "-v" "/mnt/big/crater/work/local/target-dirs/beta-1.31-5/worker-0/1.30.1:/target:rw,Z" "-v" "/mnt/big/crater/work/local/test-source/worker-0/beta-1.31-5/1.30.1:/source:ro,Z" "-v" "/mnt/big/crater/work/local/cargo-home:/cargo-home:ro,Z" "-v" "/mnt/big/crater/work/local/rustup-home:/rustup-home:ro,Z" "-e" "USER_ID=1000" "-e" "SOURCE_DIR=/source" "-e" "USER_ID=1000" "-e" "CMD=cargo +1.30.1 test --frozen" "-e" "CARGO_TARGET_DIR=/target" "-e" "CARGO_INCREMENTAL=0" "-e" "RUST_BACKTRACE=full" "-e" "RUSTFLAGS=--cap-lints=warn" "-e" "CARGO_HOME=/cargo-home" "-e" "RUSTUP_HOME=/rustup-home" "-m" "1536M" "--network" "none" "crater"`
Dec 02 20:35:33.122 INFO [stdout] 83a1d306b25dc2a82e9616dc9f5bdd0310c27ff7118fb6554cc19c29b0d0cd20
Dec 02 20:35:33.124 INFO running `"docker" "start" "-a" "83a1d306b25dc2a82e9616dc9f5bdd0310c27ff7118fb6554cc19c29b0d0cd20"`
Dec 02 20:35:33.795 INFO [stderr] usermod: no changes
Dec 02 20:35:33.983 INFO [stderr]     Finished dev [unoptimized + debuginfo] target(s) in 0.16s
Dec 02 20:35:34.000 INFO [stderr]      Running /target/debug/deps/rench-2c212aef615e78f7
Dec 02 20:35:34.004 INFO [stdout] 
Dec 02 20:35:34.004 INFO [stdout] running 26 tests
Dec 02 20:35:34.004 INFO [stdout] test content_length::content_length_tests::can_pretty_print_content_length ... ok
Dec 02 20:35:34.005 INFO [stdout] test content_length::content_length_tests::it_can_add_two_content_lengths ... ok
Dec 02 20:35:34.005 INFO [stdout] test chart::tests::it_can_change_the_height ... ok
Dec 02 20:35:34.005 INFO [stdout] test chart::tests::it_makes_a_chart_of_default_height ... ok
Dec 02 20:35:34.006 INFO [stdout] test plan::tests::it_can_distribute_all_work_as_evenly_as_possible ... ok
Dec 02 20:35:34.006 INFO [stdout] test stats::millisecond_tests::convert_from_ms ... ok
Dec 02 20:35:34.006 INFO [stdout] test stats::millisecond_tests::convert_to_ms ... ok
Dec 02 20:35:34.006 INFO [stdout] test stats::millisecond_tests::exchange_duration_to_ms ... ok
Dec 02 20:35:34.006 INFO [stdout] test collector::message_collection_tests::it_ends_when_all_nones_are_received ... ok
Dec 02 20:35:34.006 INFO [stdout] test content_length::content_length_tests::it_returns_bytes ... ok
Dec 02 20:35:34.006 INFO [stdout] test bench::tests::reports_duration_and_response ... ok
Dec 02 20:35:34.007 INFO [stdout] test stats::summary_tests::averages_the_durations ... ok
Dec 02 20:35:34.007 INFO [stdout] test stats::scale_array_tests::it_scale_arrays_an_array ... ok
Dec 02 20:35:34.008 INFO [stdout] 1 requests
Dec 02 20:35:34.008 INFO [stdout] 2 requests
Dec 02 20:35:34.008 INFO [stdout] 3 requests
Dec 02 20:35:34.008 INFO [stdout] 4 requests
Dec 02 20:35:34.008 INFO [stdout] 5 requests
Dec 02 20:35:34.008 INFO [stdout] test collector::message_collection_tests::it_collects_all_data_received ... ok
Dec 02 20:35:34.008 INFO [stdout] test stats::summary_tests::calculates_all_the_percentiles_when_n_greater_than_100 ... ok
Dec 02 20:35:34.008 INFO [stdout] test stats::summary_tests::calculates_percentiles_from_an_odd_number_of_facts ... ok
Dec 02 20:35:34.009 INFO [stdout] test stats::summary_tests::calculates_percentiles_from_an_even_number_of_facts ... ok
Dec 02 20:35:34.009 INFO [stdout] test stats::summary_tests::counts_status_codes ... ok
Dec 02 20:35:34.009 INFO [stdout] test stats::summary_tests::stddev_the_durations ... ok
Dec 02 20:35:34.009 INFO [stdout] test stats::summary_tests::calculates_all_the_percentiles_when_n_less_than_100 ... ok
Dec 02 20:35:34.011 INFO [stdout] test stats::summary_tests::counts_the_facts ... ok
Dec 02 20:35:34.012 INFO [stdout] test stats::summary_tests::sums_up_the_content_lengths ... ok
Dec 02 20:35:34.023 INFO [stdout] test stats::summary_tests::summarizes_to_zero_if_empty ... ok
Dec 02 20:35:34.025 INFO [stdout] test stats::summary_tests::counts_the_histogram_of_latencies ... ok
Dec 02 20:35:34.102 INFO [stdout] test engine::tests::hyper_engine_can_collect_facts ... FAILED
Dec 02 20:35:34.103 INFO [stdout] test engine::tests::reqwest_engine_can_collect_facts ... FAILED
Dec 02 20:35:34.103 INFO [stdout] 
Dec 02 20:35:34.103 INFO [stdout] failures:
Dec 02 20:35:34.103 INFO [stdout] 
Dec 02 20:35:34.103 INFO [stdout] ---- engine::tests::hyper_engine_can_collect_facts stdout ----
Dec 02 20:35:34.103 INFO [stdout] thread 'engine::tests::hyper_engine_can_collect_facts' panicked at 'reactor run: Io(Custom { kind: Other, error: StringError("failed to lookup address information: Temporary failure in name resolution") })', libcore/result.rs:1009:5
Dec 02 20:35:34.103 INFO [stdout] stack backtrace:
Dec 02 20:35:34.103 INFO [stdout]    0:     0x55e16a576b7e - std::sys::unix::backtrace::tracing::imp::unwind_backtrace::h15749a98198ba25f
Dec 02 20:35:34.103 INFO [stdout]                                at libstd/sys/unix/backtrace/tracing/gcc_s.rs:49
Dec 02 20:35:34.103 INFO [stdout]    1:     0x55e16a5688b6 - std::sys_common::backtrace::print::h0ba65c811294dbf0
Dec 02 20:35:34.103 INFO [stdout]                                at libstd/sys_common/backtrace.rs:71
Dec 02 20:35:34.103 INFO [stdout]                                at libstd/sys_common/backtrace.rs:59
Dec 02 20:35:34.103 INFO [stdout]    2:     0x55e16a566b7d - std::panicking::default_hook::{{closure}}::h42bb31757f0fee64
Dec 02 20:35:34.104 INFO [stdout]                                at libstd/panicking.rs:211
Dec 02 20:35:34.104 INFO [stdout]    3:     0x55e16a56688b - std::panicking::default_hook::hebc8848d7aa7dbd9
Dec 02 20:35:34.104 INFO [stdout]                                at libstd/panicking.rs:221
Dec 02 20:35:34.104 INFO [stdout]    4:     0x55e16a56722c - std::panicking::rust_panic_with_hook::h86e619a638415243
Dec 02 20:35:34.104 INFO [stdout]                                at libstd/panicking.rs:477
Dec 02 20:35:34.104 INFO [stdout]    5:     0x55e16a566de9 - std::panicking::continue_panic_fmt::h2d2d2bfb065a70b2
Dec 02 20:35:34.104 INFO [stdout]                                at libstd/panicking.rs:391
Dec 02 20:35:34.104 INFO [stdout]    6:     0x55e16a566ce5 - rust_begin_unwind
Dec 02 20:35:34.104 INFO [stdout]                                at libstd/panicking.rs:326
Dec 02 20:35:34.104 INFO [stdout]    7:     0x55e16a5b986b - core::panicking::panic_fmt::h2155aa66b67fe83c
Dec 02 20:35:34.104 INFO [stdout]                                at libcore/panicking.rs:77
Dec 02 20:35:34.104 INFO [stdout]    8:     0x55e16a0585e3 - core::result::unwrap_failed::h2181b60141f6be60
Dec 02 20:35:34.104 INFO [stdout]                                at libcore/macros.rs:26
Dec 02 20:35:34.104 INFO [stdout]    9:     0x55e16a050ce6 - <core::result::Result<T, E>>::expect::h69675202bed8f620
Dec 02 20:35:34.104 INFO [stdout]                                at libcore/result.rs:835
Dec 02 20:35:34.104 INFO [stdout]   10:     0x55e16a0b01fa - rench::engine::Engine::run_hyper::{{closure}}::hdae745bf695be0e2
Dec 02 20:35:34.104 INFO [stdout]                                at src/engine.rs:133
Dec 02 20:35:34.104 INFO [stdout]   11:     0x55e16a06f04f - rench::bench::time_it::h94fe208e64831601
Dec 02 20:35:34.104 INFO [stdout]                                at src/bench.rs:10
Dec 02 20:35:34.104 INFO [stdout]   12:     0x55e16a0af3bf - rench::engine::Engine::run_hyper::h317cb9046bee4232
Dec 02 20:35:34.104 INFO [stdout]                                at src/engine.rs:133
Dec 02 20:35:34.104 INFO [stdout]   13:     0x55e16a0ade7e - rench::engine::Engine::run::h87d938af20be2ced
Dec 02 20:35:34.104 INFO [stdout]                                at src/engine.rs:60
Dec 02 20:35:34.104 INFO [stdout]   14:     0x55e16a06fe46 - rench::engine::tests::hyper_engine_can_collect_facts::hd07cfd0b9b29989c
Dec 02 20:35:34.104 INFO [stdout]                                at src/engine.rs:159
Dec 02 20:35:34.104 INFO [stdout]   15:     0x55e16a06fd29 - rench::engine::tests::hyper_engine_can_collect_facts::{{closure}}::h6a8f27427e888dfc
Dec 02 20:35:34.104 INFO [stdout]                                at src/engine.rs:156
Dec 02 20:35:34.104 INFO [stdout]   16:     0x55e16a070bad - core::ops::function::FnOnce::call_once::he664ade366a55fa0
Dec 02 20:35:34.104 INFO [stdout]                                at libcore/ops/function.rs:238
Dec 02 20:35:34.104 INFO [stdout]   17:     0x55e16a0d2a6e - <F as alloc::boxed::FnBox<A>>::call_box::hbea525814fa423cc
Dec 02 20:35:34.104 INFO [stdout]                                at libtest/lib.rs:1461
Dec 02 20:35:34.104 INFO [stdout]                                at libcore/ops/function.rs:238
Dec 02 20:35:34.104 INFO [stdout]                                at liballoc/boxed.rs:646
Dec 02 20:35:34.104 INFO [stdout]   18:     0x55e16a585b09 - __rust_maybe_catch_panic
Dec 02 20:35:34.104 INFO [stdout]                                at libpanic_unwind/lib.rs:103
Dec 02 20:35:34.104 INFO [stdout]   19:     0x55e16a0de3cd - std::sys_common::backtrace::__rust_begin_short_backtrace::h0ff507d7422944d3
Dec 02 20:35:34.104 INFO [stdout]                                at libstd/panicking.rs:289
Dec 02 20:35:34.104 INFO [stdout]                                at libstd/panic.rs:392
Dec 02 20:35:34.104 INFO [stdout]                                at libtest/lib.rs:1416
Dec 02 20:35:34.104 INFO [stdout]                                at libstd/sys_common/backtrace.rs:136
Dec 02 20:35:34.104 INFO [stdout]   20:     0x55e16a0f6a04 - std::panicking::try::do_call::hba0bdcc3670471cc
Dec 02 20:35:34.104 INFO [stdout]                                at libstd/thread/mod.rs:409
Dec 02 20:35:34.104 INFO [stdout]                                at libstd/panic.rs:313
Dec 02 20:35:34.104 INFO [stdout]                                at libstd/panicking.rs:310
Dec 02 20:35:34.104 INFO [stdout]   21:     0x55e16a585b09 - __rust_maybe_catch_panic
Dec 02 20:35:34.104 INFO [stdout]                                at libpanic_unwind/lib.rs:103
Dec 02 20:35:34.104 INFO [stdout]   22:     0x55e16a0e72d6 - <F as alloc::boxed::FnBox<A>>::call_box::hdac52587b00591af
Dec 02 20:35:34.104 INFO [stdout]                                at libstd/panicking.rs:289
Dec 02 20:35:34.104 INFO [stdout]                                at libstd/panic.rs:392
Dec 02 20:35:34.104 INFO [stdout]                                at libstd/thread/mod.rs:408
Dec 02 20:35:34.104 INFO [stdout]                                at liballoc/boxed.rs:646
Dec 02 20:35:34.104 INFO [stdout]   23:     0x55e16a5786ba - std::sys_common::thread::start_thread::h75d887c7d2cc4479
Dec 02 20:35:34.104 INFO [stdout]                                at liballoc/boxed.rs:656
Dec 02 20:35:34.104 INFO [stdout]                                at libstd/sys_common/thread.rs:24
Dec 02 20:35:34.104 INFO [stdout]   24:     0x55e16a567a55 - std::sys::unix::thread::Thread::new::thread_start::h8414caee632bf9ed
Dec 02 20:35:34.104 INFO [stdout]                                at libstd/sys/unix/thread.rs:90
Dec 02 20:35:34.104 INFO [stdout]   25:     0x7f315753e6b9 - start_thread
Dec 02 20:35:34.104 INFO [stdout]   26:     0x7f315705e41c - clone
Dec 02 20:35:34.104 INFO [stdout]   27:                0x0 - <unknown>
Dec 02 20:35:34.104 INFO [stdout] 
Dec 02 20:35:34.104 INFO [stdout] ---- engine::tests::reqwest_engine_can_collect_facts stdout ----
Dec 02 20:35:34.104 INFO [stdout] thread 'engine::tests::reqwest_engine_can_collect_facts' panicked at 'Failure to even connect is no good: Error { kind: Io(Custom { kind: Other, error: StringError("failed to lookup address information: Temporary failure in name resolution") }), url: Some("https://www.google.com/") }', libcore/result.rs:1009:5
Dec 02 20:35:34.104 INFO [stdout] stack backtrace:
Dec 02 20:35:34.104 INFO [stdout]    0:     0x55e16a576b7e - std::sys::unix::backtrace::tracing::imp::unwind_backtrace::h15749a98198ba25f
Dec 02 20:35:34.104 INFO [stdout]                                at libstd/sys/unix/backtrace/tracing/gcc_s.rs:49
Dec 02 20:35:34.104 INFO [stdout]    1:     0x55e16a5688b6 - std::sys_common::backtrace::print::h0ba65c811294dbf0
Dec 02 20:35:34.104 INFO [stdout]                                at libstd/sys_common/backtrace.rs:71
Dec 02 20:35:34.104 INFO [stdout]                                at libstd/sys_common/backtrace.rs:59
Dec 02 20:35:34.104 INFO [stdout]    2:     0x55e16a566b7d - std::panicking::default_hook::{{closure}}::h42bb31757f0fee64
Dec 02 20:35:34.104 INFO [stdout]                                at libstd/panicking.rs:211
Dec 02 20:35:34.104 INFO [stdout]    3:     0x55e16a56688b - std::panicking::default_hook::hebc8848d7aa7dbd9
Dec 02 20:35:34.104 INFO [stdout]                                at libstd/panicking.rs:221
Dec 02 20:35:34.104 INFO [stdout]    4:     0x55e16a56722c - std::panicking::rust_panic_with_hook::h86e619a638415243
Dec 02 20:35:34.104 INFO [stdout]                                at libstd/panicking.rs:477
Dec 02 20:35:34.104 INFO [stdout]    5:     0x55e16a566de9 - std::panicking::continue_panic_fmt::h2d2d2bfb065a70b2
Dec 02 20:35:34.104 INFO [stdout]                                at libstd/panicking.rs:391
Dec 02 20:35:34.104 INFO [stdout]    6:     0x55e16a566ce5 - rust_begin_unwind
Dec 02 20:35:34.104 INFO [stdout]                                at libstd/panicking.rs:326
Dec 02 20:35:34.104 INFO [stdout]    7:     0x55e16a5b986b - core::panicking::panic_fmt::h2155aa66b67fe83c
Dec 02 20:35:34.104 INFO [stdout]                                at libcore/panicking.rs:77
Dec 02 20:35:34.104 INFO [stdout]    8:     0x55e16a058743 - core::result::unwrap_failed::h22a18cb4cc999c14
Dec 02 20:35:34.104 INFO [stdout]                                at libcore/macros.rs:26
Dec 02 20:35:34.104 INFO [stdout]    9:     0x55e16a050909 - <core::result::Result<T, E>>::expect::h4778c15b9f4edee1
Dec 02 20:35:34.104 INFO [stdout]                                at libcore/result.rs:835
Dec 02 20:35:34.104 INFO [stdout]   10:     0x55e16a0aea72 - rench::engine::Engine::run_reqwest::{{closure}}::h0336ceb16ec2b11f
Dec 02 20:35:34.105 INFO [stdout]                                at src/engine.rs:82
Dec 02 20:35:34.105 INFO [stdout]   11:     0x55e16a06ec37 - rench::bench::time_it::h56e151d59d2f702d
Dec 02 20:35:34.105 INFO [stdout]                                at src/bench.rs:10
Dec 02 20:35:34.105 INFO [stdout]   12:     0x55e16a0ae7e6 - rench::engine::Engine::run_reqwest::hbb9f68b8f919ff87
Dec 02 20:35:34.105 INFO [stdout]                                at src/engine.rs:81
Dec 02 20:35:34.105 INFO [stdout]   13:     0x55e16a0adf18 - rench::engine::Engine::run::hbdf103059e07f845
Dec 02 20:35:34.105 INFO [stdout]                                at src/engine.rs:59
Dec 02 20:35:34.105 INFO [stdout]   14:     0x55e16a06fc4e - rench::engine::tests::reqwest_engine_can_collect_facts::hfce0ecfcd8672323
Dec 02 20:35:34.105 INFO [stdout]                                at src/engine.rs:151
Dec 02 20:35:34.105 INFO [stdout]   15:     0x55e16a06fb49 - rench::engine::tests::reqwest_engine_can_collect_facts::{{closure}}::h5fb63ca7cd89107f
Dec 02 20:35:34.105 INFO [stdout]                                at src/engine.rs:148
Dec 02 20:35:34.105 INFO [stdout]   16:     0x55e16a0709bd - core::ops::function::FnOnce::call_once::hced577db617add31
Dec 02 20:35:34.105 INFO [stdout]                                at libcore/ops/function.rs:238
Dec 02 20:35:34.105 INFO [stdout]   17:     0x55e16a0d2a6e - <F as alloc::boxed::FnBox<A>>::call_box::hbea525814fa423cc
Dec 02 20:35:34.105 INFO [stdout]                                at libtest/lib.rs:1461
Dec 02 20:35:34.105 INFO [stdout]                                at libcore/ops/function.rs:238
Dec 02 20:35:34.105 INFO [stdout]                                at liballoc/boxed.rs:646
Dec 02 20:35:34.105 INFO [stdout]   18:     0x55e16a585b09 - __rust_maybe_catch_panic
Dec 02 20:35:34.105 INFO [stdout]                                at libpanic_unwind/lib.rs:103
Dec 02 20:35:34.105 INFO [stdout]   19:     0x55e16a0de3cd - std::sys_common::backtrace::__rust_begin_short_backtrace::h0ff507d7422944d3
Dec 02 20:35:34.105 INFO [stdout]                                at libstd/panicking.rs:289
Dec 02 20:35:34.105 INFO [stdout]                                at libstd/panic.rs:392
Dec 02 20:35:34.105 INFO [stdout]                                at libtest/lib.rs:1416
Dec 02 20:35:34.105 INFO [stdout]                                at libstd/sys_common/backtrace.rs:136
Dec 02 20:35:34.105 INFO [stdout]   20:     0x55e16a0f6a04 - std::panicking::try::do_call::hba0bdcc3670471cc
Dec 02 20:35:34.105 INFO [stdout]                                at libstd/thread/mod.rs:409
Dec 02 20:35:34.105 INFO [stdout]                                at libstd/panic.rs:313
Dec 02 20:35:34.105 INFO [stdout]                                at libstd/panicking.rs:310
Dec 02 20:35:34.105 INFO [stdout]   21:     0x55e16a585b09 - __rust_maybe_catch_panic
Dec 02 20:35:34.105 INFO [stdout]                                at libpanic_unwind/lib.rs:103
Dec 02 20:35:34.105 INFO [stdout]   22:     0x55e16a0e72d6 - <F as alloc::boxed::FnBox<A>>::call_box::hdac52587b00591af
Dec 02 20:35:34.105 INFO [stdout]                                at libstd/panicking.rs:289
Dec 02 20:35:34.105 INFO [stdout]                                at libstd/panic.rs:392
Dec 02 20:35:34.105 INFO [stdout]                                at libstd/thread/mod.rs:408
Dec 02 20:35:34.105 INFO [stdout]                                at liballoc/boxed.rs:646
Dec 02 20:35:34.105 INFO [stdout]   23:     0x55e16a5786ba - std::sys_common::thread::start_thread::h75d887c7d2cc4479
Dec 02 20:35:34.105 INFO [stdout]                                at liballoc/boxed.rs:656
Dec 02 20:35:34.105 INFO [stdout]                                at libstd/sys_common/thread.rs:24
Dec 02 20:35:34.105 INFO [stdout]   24:     0x55e16a567a55 - std::sys::unix::thread::Thread::new::thread_start::h8414caee632bf9ed
Dec 02 20:35:34.105 INFO [stdout]                                at libstd/sys/unix/thread.rs:90
Dec 02 20:35:34.105 INFO [stdout]   25:     0x7f315753e6b9 - start_thread
Dec 02 20:35:34.105 INFO [stdout]   26:     0x7f315705e41c - clone
Dec 02 20:35:34.105 INFO [stdout]   27:                0x0 - <unknown>
Dec 02 20:35:34.105 INFO [stdout] 
Dec 02 20:35:34.105 INFO [stdout] 
Dec 02 20:35:34.105 INFO [stdout] failures:
Dec 02 20:35:34.105 INFO [stdout]     engine::tests::hyper_engine_can_collect_facts
Dec 02 20:35:34.105 INFO [stdout]     engine::tests::reqwest_engine_can_collect_facts
Dec 02 20:35:34.105 INFO [stdout] 
Dec 02 20:35:34.105 INFO [stdout] test result: FAILED. 24 passed; 2 failed; 0 ignored; 0 measured; 0 filtered out
Dec 02 20:35:34.105 INFO [stdout] 
Dec 02 20:35:34.108 INFO [stderr] error: test failed, to rerun pass '--bin rench'
Dec 02 20:35:34.109 INFO [stderr] su: No module specific data is present
Dec 02 20:35:34.501 INFO running `"docker" "inspect" "83a1d306b25dc2a82e9616dc9f5bdd0310c27ff7118fb6554cc19c29b0d0cd20"`
Dec 02 20:35:34.583 INFO running `"docker" "rm" "-f" "83a1d306b25dc2a82e9616dc9f5bdd0310c27ff7118fb6554cc19c29b0d0cd20"`
Dec 02 20:35:34.699 INFO [stdout] 83a1d306b25dc2a82e9616dc9f5bdd0310c27ff7118fb6554cc19c29b0d0cd20
