Dec 02 21:08:37.472 INFO testing rap-0.1.0 against 1.30.1 for beta-1.31-5
Dec 02 21:08:37.472 INFO running `"docker" "create" "-v" "/mnt/big/crater/work/local/target-dirs/beta-1.31-5/worker-7/1.30.1:/target:rw,Z" "-v" "/mnt/big/crater/work/local/test-source/worker-7/beta-1.31-5/1.30.1:/source:ro,Z" "-v" "/mnt/big/crater/work/local/cargo-home:/cargo-home:ro,Z" "-v" "/mnt/big/crater/work/local/rustup-home:/rustup-home:ro,Z" "-e" "USER_ID=1000" "-e" "SOURCE_DIR=/source" "-e" "USER_ID=1000" "-e" "CMD=cargo +1.30.1 build --frozen" "-e" "CARGO_TARGET_DIR=/target" "-e" "CARGO_INCREMENTAL=0" "-e" "RUST_BACKTRACE=full" "-e" "RUSTFLAGS=--cap-lints=warn" "-e" "CARGO_HOME=/cargo-home" "-e" "RUSTUP_HOME=/rustup-home" "-m" "1536M" "--network" "none" "crater"`
Dec 02 21:08:37.903 INFO [stdout] 3a1d4a517dcd11693ab8ec71fc1e332c5fe2fd2534e8f4ed392191e6e6b32c32
Dec 02 21:08:37.905 INFO running `"docker" "start" "-a" "3a1d4a517dcd11693ab8ec71fc1e332c5fe2fd2534e8f4ed392191e6e6b32c32"`
Dec 02 21:08:39.399 INFO [stderr] usermod: no changes
Dec 02 21:08:39.511 INFO [stderr]    Compiling claxon v0.4.1
Dec 02 21:08:39.511 INFO [stderr]    Compiling alac v0.3.3
Dec 02 21:08:39.511 INFO [stderr]    Compiling sample v0.9.1
Dec 02 21:08:39.511 INFO [stderr]    Compiling ogg v0.5.1
Dec 02 21:08:39.511 INFO [stderr]    Compiling caf v0.1.0
Dec 02 21:08:39.515 INFO [stderr]    Compiling dft v0.5.5
Dec 02 21:08:39.515 INFO [stderr]    Compiling nalgebra v0.16.11
Dec 02 21:08:44.995 INFO [stderr]    Compiling lewton v0.7.0
Dec 02 21:09:01.995 INFO [stderr]    Compiling audrey v0.2.0
Dec 02 21:09:26.368 INFO [stderr]    Compiling rap v0.1.0 (/source)
Dec 02 21:09:28.435 INFO [stderr] warning: unused import: `Vector`
Dec 02 21:09:28.435 INFO [stderr]   --> src/lib.rs:26:34
Dec 02 21:09:28.435 INFO [stderr]    |
Dec 02 21:09:28.435 INFO [stderr] 26 | use nalgebra::{DMatrix, DVector, Vector};
Dec 02 21:09:28.435 INFO [stderr]    |                                  ^^^^^^
Dec 02 21:09:28.435 INFO [stderr]    |
Dec 02 21:09:28.435 INFO [stderr]    = note: #[warn(unused_imports)] on by default
Dec 02 21:09:28.435 INFO [stderr] 
Dec 02 21:09:28.511 INFO [stderr] warning: unused variable: `sampling_frequency`
Dec 02 21:09:28.511 INFO [stderr]   --> src/lib.rs:43:5
Dec 02 21:09:28.511 INFO [stderr]    |
Dec 02 21:09:28.511 INFO [stderr] 43 |     sampling_frequency: usize,
Dec 02 21:09:28.511 INFO [stderr]    |     ^^^^^^^^^^^^^^^^^^ help: consider using `_sampling_frequency` instead
Dec 02 21:09:28.511 INFO [stderr]    |
Dec 02 21:09:28.511 INFO [stderr]    = note: #[warn(unused_variables)] on by default
Dec 02 21:09:28.511 INFO [stderr] 
Dec 02 21:09:28.804 INFO [stderr]     Finished dev [unoptimized + debuginfo] target(s) in 49.38s
Dec 02 21:09:28.804 INFO [stderr] su: No module specific data is present
Dec 02 21:09:29.041 INFO running `"docker" "inspect" "3a1d4a517dcd11693ab8ec71fc1e332c5fe2fd2534e8f4ed392191e6e6b32c32"`
Dec 02 21:09:29.124 INFO running `"docker" "rm" "-f" "3a1d4a517dcd11693ab8ec71fc1e332c5fe2fd2534e8f4ed392191e6e6b32c32"`
Dec 02 21:09:29.205 INFO [stdout] 3a1d4a517dcd11693ab8ec71fc1e332c5fe2fd2534e8f4ed392191e6e6b32c32
Dec 02 21:09:29.207 INFO running `"docker" "create" "-v" "/mnt/big/crater/work/local/target-dirs/beta-1.31-5/worker-7/1.30.1:/target:rw,Z" "-v" "/mnt/big/crater/work/local/test-source/worker-7/beta-1.31-5/1.30.1:/source:ro,Z" "-v" "/mnt/big/crater/work/local/cargo-home:/cargo-home:ro,Z" "-v" "/mnt/big/crater/work/local/rustup-home:/rustup-home:ro,Z" "-e" "USER_ID=1000" "-e" "SOURCE_DIR=/source" "-e" "USER_ID=1000" "-e" "CMD=cargo +1.30.1 test --frozen --no-run" "-e" "CARGO_TARGET_DIR=/target" "-e" "CARGO_INCREMENTAL=0" "-e" "RUST_BACKTRACE=full" "-e" "RUSTFLAGS=--cap-lints=warn" "-e" "CARGO_HOME=/cargo-home" "-e" "RUSTUP_HOME=/rustup-home" "-m" "1536M" "--network" "none" "crater"`
Dec 02 21:09:29.384 INFO [stdout] 9defaf6ece7c5083b97be8fc454f1149ec394d3a91c4fc061c7f957383ba6c82
Dec 02 21:09:29.386 INFO running `"docker" "start" "-a" "9defaf6ece7c5083b97be8fc454f1149ec394d3a91c4fc061c7f957383ba6c82"`
Dec 02 21:09:29.833 INFO [stderr] usermod: no changes
Dec 02 21:09:29.878 INFO [stderr]    Compiling rap v0.1.0 (/source)
Dec 02 21:09:31.735 INFO [stderr] warning: unused import: `Vector`
Dec 02 21:09:31.735 INFO [stderr]   --> src/lib.rs:26:34
Dec 02 21:09:31.735 INFO [stderr]    |
Dec 02 21:09:31.735 INFO [stderr] 26 | use nalgebra::{DMatrix, DVector, Vector};
Dec 02 21:09:31.735 INFO [stderr]    |                                  ^^^^^^
Dec 02 21:09:31.735 INFO [stderr]    |
Dec 02 21:09:31.735 INFO [stderr]    = note: #[warn(unused_imports)] on by default
Dec 02 21:09:31.735 INFO [stderr] 
Dec 02 21:09:31.735 INFO [stderr] warning: unused import: `nalgebra::DVector`
Dec 02 21:09:31.735 INFO [stderr]   --> src/lib.rs:85:9
Dec 02 21:09:31.735 INFO [stderr]    |
Dec 02 21:09:31.735 INFO [stderr] 85 |     use nalgebra::DVector;
Dec 02 21:09:31.735 INFO [stderr]    |         ^^^^^^^^^^^^^^^^^
Dec 02 21:09:31.735 INFO [stderr] 
Dec 02 21:09:31.873 INFO [stderr] warning: unused variable: `sampling_frequency`
Dec 02 21:09:31.873 INFO [stderr]   --> src/lib.rs:43:5
Dec 02 21:09:31.873 INFO [stderr]    |
Dec 02 21:09:31.873 INFO [stderr] 43 |     sampling_frequency: usize,
Dec 02 21:09:31.873 INFO [stderr]    |     ^^^^^^^^^^^^^^^^^^ help: consider using `_sampling_frequency` instead
Dec 02 21:09:31.873 INFO [stderr]    |
Dec 02 21:09:31.873 INFO [stderr]    = note: #[warn(unused_variables)] on by default
Dec 02 21:09:31.873 INFO [stderr] 
Dec 02 21:09:33.074 INFO [stderr]     Finished dev [unoptimized + debuginfo] target(s) in 3.23s
Dec 02 21:09:33.079 INFO [stderr] su: No module specific data is present
Dec 02 21:09:33.329 INFO running `"docker" "inspect" "9defaf6ece7c5083b97be8fc454f1149ec394d3a91c4fc061c7f957383ba6c82"`
Dec 02 21:09:33.432 INFO running `"docker" "rm" "-f" "9defaf6ece7c5083b97be8fc454f1149ec394d3a91c4fc061c7f957383ba6c82"`
Dec 02 21:09:33.573 INFO [stdout] 9defaf6ece7c5083b97be8fc454f1149ec394d3a91c4fc061c7f957383ba6c82
Dec 02 21:09:33.575 INFO running `"docker" "create" "-v" "/mnt/big/crater/work/local/target-dirs/beta-1.31-5/worker-7/1.30.1:/target:rw,Z" "-v" "/mnt/big/crater/work/local/test-source/worker-7/beta-1.31-5/1.30.1:/source:ro,Z" "-v" "/mnt/big/crater/work/local/cargo-home:/cargo-home:ro,Z" "-v" "/mnt/big/crater/work/local/rustup-home:/rustup-home:ro,Z" "-e" "USER_ID=1000" "-e" "SOURCE_DIR=/source" "-e" "USER_ID=1000" "-e" "CMD=cargo +1.30.1 test --frozen" "-e" "CARGO_TARGET_DIR=/target" "-e" "CARGO_INCREMENTAL=0" "-e" "RUST_BACKTRACE=full" "-e" "RUSTFLAGS=--cap-lints=warn" "-e" "CARGO_HOME=/cargo-home" "-e" "RUSTUP_HOME=/rustup-home" "-m" "1536M" "--network" "none" "crater"`
Dec 02 21:09:33.897 INFO [stdout] 4a039db62680df1b30028a4a5480f804590ba58b0067debbf18063068576ca22
Dec 02 21:09:33.900 INFO running `"docker" "start" "-a" "4a039db62680df1b30028a4a5480f804590ba58b0067debbf18063068576ca22"`
Dec 02 21:09:35.811 INFO [stderr] usermod: no changes
Dec 02 21:09:35.945 INFO [stderr]     Finished dev [unoptimized + debuginfo] target(s) in 0.11s
Dec 02 21:09:35.947 INFO [stderr]      Running /target/debug/deps/rap-e0bad5d58d0b22fb
Dec 02 21:09:35.967 INFO [stdout] 
Dec 02 21:09:35.967 INFO [stdout] running 1 test
Dec 02 21:09:36.043 INFO [stderr] error: test failed, to rerun pass '--lib'
Dec 02 21:09:36.044 INFO [stdout] test tests::input_output ... FAILED
Dec 02 21:09:36.044 INFO [stdout] 
Dec 02 21:09:36.044 INFO [stdout] failures:
Dec 02 21:09:36.044 INFO [stdout] 
Dec 02 21:09:36.044 INFO [stdout] ---- tests::input_output stdout ----
Dec 02 21:09:36.044 INFO [stdout] thread 'tests::input_output' panicked at 'called `Result::unwrap()` on an `Err` value: IoError(Os { code: 30, kind: Other, message: "Read-only file system" })', libcore/result.rs:1009:5
Dec 02 21:09:36.044 INFO [stdout] stack backtrace:
Dec 02 21:09:36.044 INFO [stdout]    0:     0x55de47d7e6ae - std::sys::unix::backtrace::tracing::imp::unwind_backtrace::h15749a98198ba25f
Dec 02 21:09:36.044 INFO [stdout]                                at libstd/sys/unix/backtrace/tracing/gcc_s.rs:49
Dec 02 21:09:36.044 INFO [stdout]    1:     0x55de47d71996 - std::sys_common::backtrace::print::h0ba65c811294dbf0
Dec 02 21:09:36.044 INFO [stdout]                                at libstd/sys_common/backtrace.rs:71
Dec 02 21:09:36.044 INFO [stdout]                                at libstd/sys_common/backtrace.rs:59
Dec 02 21:09:36.044 INFO [stdout]    2:     0x55de47d6fdbd - std::panicking::default_hook::{{closure}}::h42bb31757f0fee64
Dec 02 21:09:36.044 INFO [stdout]                                at libstd/panicking.rs:211
Dec 02 21:09:36.044 INFO [stdout]    3:     0x55de47d6facb - std::panicking::default_hook::hebc8848d7aa7dbd9
Dec 02 21:09:36.044 INFO [stdout]                                at libstd/panicking.rs:221
Dec 02 21:09:36.044 INFO [stdout]    4:     0x55de47d7046c - std::panicking::rust_panic_with_hook::h86e619a638415243
Dec 02 21:09:36.044 INFO [stdout]                                at libstd/panicking.rs:477
Dec 02 21:09:36.044 INFO [stdout]    5:     0x55de47d70029 - std::panicking::continue_panic_fmt::h2d2d2bfb065a70b2
Dec 02 21:09:36.044 INFO [stdout]                                at libstd/panicking.rs:391
Dec 02 21:09:36.044 INFO [stdout]    6:     0x55de47d6ff25 - rust_begin_unwind
Dec 02 21:09:36.044 INFO [stdout]                                at libstd/panicking.rs:326
Dec 02 21:09:36.044 INFO [stdout]    7:     0x55de47dbd32b - core::panicking::panic_fmt::h2155aa66b67fe83c
Dec 02 21:09:36.044 INFO [stdout]                                at libcore/panicking.rs:77
Dec 02 21:09:36.044 INFO [stdout]    8:     0x55de47c815b3 - core::result::unwrap_failed::h9c2d27ca60002819
Dec 02 21:09:36.044 INFO [stdout]                                at libcore/macros.rs:26
Dec 02 21:09:36.044 INFO [stdout]    9:     0x55de47c80221 - <core::result::Result<T, E>>::unwrap::hd133099c1dd26fb5
Dec 02 21:09:36.044 INFO [stdout]                                at libcore/result.rs:808
Dec 02 21:09:36.044 INFO [stdout]   10:     0x55de47cb242f - rap::tests::input_output::h1dddb33a6a373566
Dec 02 21:09:36.044 INFO [stdout]                                at src/lib.rs:91
Dec 02 21:09:36.044 INFO [stdout]   11:     0x55de47cb22d9 - rap::tests::input_output::{{closure}}::hbdf506040e806c76
Dec 02 21:09:36.044 INFO [stdout]                                at src/lib.rs:88
Dec 02 21:09:36.044 INFO [stdout]   12:     0x55de47c7880d - core::ops::function::FnOnce::call_once::h2e8b132efba7a191
Dec 02 21:09:36.044 INFO [stdout]                                at libcore/ops/function.rs:238
Dec 02 21:09:36.044 INFO [stdout]   13:     0x55de47cb883e - <F as alloc::boxed::FnBox<A>>::call_box::hbea525814fa423cc
Dec 02 21:09:36.044 INFO [stdout]                                at libtest/lib.rs:1461
Dec 02 21:09:36.044 INFO [stdout]                                at libcore/ops/function.rs:238
Dec 02 21:09:36.044 INFO [stdout]                                at liballoc/boxed.rs:646
Dec 02 21:09:36.044 INFO [stdout]   14:     0x55de47d8d569 - __rust_maybe_catch_panic
Dec 02 21:09:36.044 INFO [stdout]                                at libpanic_unwind/lib.rs:103
Dec 02 21:09:36.044 INFO [stdout]   15:     0x55de47cc419d - std::sys_common::backtrace::__rust_begin_short_backtrace::h0ff507d7422944d3
Dec 02 21:09:36.044 INFO [stdout]                                at libstd/panicking.rs:289
Dec 02 21:09:36.044 INFO [stdout]                                at libstd/panic.rs:392
Dec 02 21:09:36.044 INFO [stdout]                                at libtest/lib.rs:1416
Dec 02 21:09:36.044 INFO [stdout]                                at libstd/sys_common/backtrace.rs:136
Dec 02 21:09:36.044 INFO [stdout]   16:     0x55de47cdc7d4 - std::panicking::try::do_call::hba0bdcc3670471cc
Dec 02 21:09:36.044 INFO [stdout]                                at libstd/thread/mod.rs:409
Dec 02 21:09:36.044 INFO [stdout]                                at libstd/panic.rs:313
Dec 02 21:09:36.044 INFO [stdout]                                at libstd/panicking.rs:310
Dec 02 21:09:36.044 INFO [stdout]   17:     0x55de47d8d569 - __rust_maybe_catch_panic
Dec 02 21:09:36.044 INFO [stdout]                                at libpanic_unwind/lib.rs:103
Dec 02 21:09:36.044 INFO [stdout]   18:     0x55de47ccd0a6 - <F as alloc::boxed::FnBox<A>>::call_box::hdac52587b00591af
Dec 02 21:09:36.044 INFO [stdout]                                at libstd/panicking.rs:289
Dec 02 21:09:36.044 INFO [stdout]                                at libstd/panic.rs:392
Dec 02 21:09:36.044 INFO [stdout]                                at libstd/thread/mod.rs:408
Dec 02 21:09:36.044 INFO [stdout]                                at liballoc/boxed.rs:646
Dec 02 21:09:36.044 INFO [stdout]   19:     0x55de47d8000a - std::sys_common::thread::start_thread::h75d887c7d2cc4479
Dec 02 21:09:36.044 INFO [stdout]                                at liballoc/boxed.rs:656
Dec 02 21:09:36.044 INFO [stdout]                                at libstd/sys_common/thread.rs:24
Dec 02 21:09:36.044 INFO [stdout]   20:     0x55de47d70bd5 - std::sys::unix::thread::Thread::new::thread_start::h8414caee632bf9ed
Dec 02 21:09:36.044 INFO [stdout]                                at libstd/sys/unix/thread.rs:90
Dec 02 21:09:36.044 INFO [stdout]   21:     0x7f35627f56b9 - start_thread
Dec 02 21:09:36.044 INFO [stdout]   22:     0x7f356231541c - clone
Dec 02 21:09:36.044 INFO [stdout]   23:                0x0 - <unknown>
Dec 02 21:09:36.044 INFO [stdout] 
Dec 02 21:09:36.044 INFO [stdout] 
Dec 02 21:09:36.044 INFO [stdout] failures:
Dec 02 21:09:36.044 INFO [stdout]     tests::input_output
Dec 02 21:09:36.044 INFO [stdout] 
Dec 02 21:09:36.044 INFO [stdout] test result: FAILED. 0 passed; 1 failed; 0 ignored; 0 measured; 0 filtered out
Dec 02 21:09:36.044 INFO [stdout] 
Dec 02 21:09:36.051 INFO [stderr] su: No module specific data is present
Dec 02 21:09:37.296 INFO running `"docker" "inspect" "4a039db62680df1b30028a4a5480f804590ba58b0067debbf18063068576ca22"`
Dec 02 21:09:37.641 INFO running `"docker" "rm" "-f" "4a039db62680df1b30028a4a5480f804590ba58b0067debbf18063068576ca22"`
Dec 02 21:09:38.005 INFO [stdout] 4a039db62680df1b30028a4a5480f804590ba58b0067debbf18063068576ca22
