Dec 02 21:29:56.500 INFO testing qrcode-generator-1.0.3 against 1.30.1 for beta-1.31-5
Dec 02 21:29:56.500 INFO running `"docker" "create" "-v" "/mnt/big/crater/work/local/target-dirs/beta-1.31-5/worker-4/1.30.1:/target:rw,Z" "-v" "/mnt/big/crater/work/local/test-source/worker-4/beta-1.31-5/1.30.1:/source:ro,Z" "-v" "/mnt/big/crater/work/local/cargo-home:/cargo-home:ro,Z" "-v" "/mnt/big/crater/work/local/rustup-home:/rustup-home:ro,Z" "-e" "USER_ID=1000" "-e" "SOURCE_DIR=/source" "-e" "USER_ID=1000" "-e" "CMD=cargo +1.30.1 build --frozen" "-e" "CARGO_TARGET_DIR=/target" "-e" "CARGO_INCREMENTAL=0" "-e" "RUST_BACKTRACE=full" "-e" "RUSTFLAGS=--cap-lints=warn" "-e" "CARGO_HOME=/cargo-home" "-e" "RUSTUP_HOME=/rustup-home" "-m" "1536M" "--network" "none" "crater"`
Dec 02 21:29:57.036 INFO [stdout] b842b0ad34e74deed3d9945c231e1b0b5bf07e830be4f820992ccb2627ec378b
Dec 02 21:29:57.040 INFO running `"docker" "start" "-a" "b842b0ad34e74deed3d9945c231e1b0b5bf07e830be4f820992ccb2627ec378b"`
Dec 02 21:29:58.143 INFO [stderr] usermod: no changes
Dec 02 21:29:58.363 INFO [stderr]    Compiling rc-writer v1.1.1
Dec 02 21:29:58.363 INFO [stderr]    Compiling tiff v0.2.1
Dec 02 21:30:00.533 INFO [stderr]    Compiling image v0.20.1
Dec 02 21:30:13.695 INFO [stderr]    Compiling qrcode-generator v1.0.3 (/source)
Dec 02 21:30:17.010 INFO [stderr]     Finished dev [unoptimized + debuginfo] target(s) in 18.84s
Dec 02 21:30:17.016 INFO [stderr] su: No module specific data is present
Dec 02 21:30:17.915 INFO running `"docker" "inspect" "b842b0ad34e74deed3d9945c231e1b0b5bf07e830be4f820992ccb2627ec378b"`
Dec 02 21:30:18.220 INFO running `"docker" "rm" "-f" "b842b0ad34e74deed3d9945c231e1b0b5bf07e830be4f820992ccb2627ec378b"`
Dec 02 21:30:18.599 INFO [stdout] b842b0ad34e74deed3d9945c231e1b0b5bf07e830be4f820992ccb2627ec378b
Dec 02 21:30:18.607 INFO running `"docker" "create" "-v" "/mnt/big/crater/work/local/target-dirs/beta-1.31-5/worker-4/1.30.1:/target:rw,Z" "-v" "/mnt/big/crater/work/local/test-source/worker-4/beta-1.31-5/1.30.1:/source:ro,Z" "-v" "/mnt/big/crater/work/local/cargo-home:/cargo-home:ro,Z" "-v" "/mnt/big/crater/work/local/rustup-home:/rustup-home:ro,Z" "-e" "USER_ID=1000" "-e" "SOURCE_DIR=/source" "-e" "USER_ID=1000" "-e" "CMD=cargo +1.30.1 test --frozen --no-run" "-e" "CARGO_TARGET_DIR=/target" "-e" "CARGO_INCREMENTAL=0" "-e" "RUST_BACKTRACE=full" "-e" "RUSTFLAGS=--cap-lints=warn" "-e" "CARGO_HOME=/cargo-home" "-e" "RUSTUP_HOME=/rustup-home" "-m" "1536M" "--network" "none" "crater"`
Dec 02 21:30:19.158 INFO [stdout] f1efe73eee3669ad8fc74df821e7cf1c6a4ba009e4e3af3156d65c704ba799ea
Dec 02 21:30:19.160 INFO running `"docker" "start" "-a" "f1efe73eee3669ad8fc74df821e7cf1c6a4ba009e4e3af3156d65c704ba799ea"`
Dec 02 21:30:20.547 INFO [stderr] usermod: no changes
Dec 02 21:30:20.727 INFO [stderr]    Compiling qrcode-generator v1.0.3 (/source)
Dec 02 21:30:26.275 INFO [stderr]     Finished dev [unoptimized + debuginfo] target(s) in 5.69s
Dec 02 21:30:26.281 INFO [stderr] su: No module specific data is present
Dec 02 21:30:26.784 INFO running `"docker" "inspect" "f1efe73eee3669ad8fc74df821e7cf1c6a4ba009e4e3af3156d65c704ba799ea"`
Dec 02 21:30:26.895 INFO running `"docker" "rm" "-f" "f1efe73eee3669ad8fc74df821e7cf1c6a4ba009e4e3af3156d65c704ba799ea"`
Dec 02 21:30:26.979 INFO [stdout] f1efe73eee3669ad8fc74df821e7cf1c6a4ba009e4e3af3156d65c704ba799ea
Dec 02 21:30:26.981 INFO running `"docker" "create" "-v" "/mnt/big/crater/work/local/target-dirs/beta-1.31-5/worker-4/1.30.1:/target:rw,Z" "-v" "/mnt/big/crater/work/local/test-source/worker-4/beta-1.31-5/1.30.1:/source:ro,Z" "-v" "/mnt/big/crater/work/local/cargo-home:/cargo-home:ro,Z" "-v" "/mnt/big/crater/work/local/rustup-home:/rustup-home:ro,Z" "-e" "USER_ID=1000" "-e" "SOURCE_DIR=/source" "-e" "USER_ID=1000" "-e" "CMD=cargo +1.30.1 test --frozen" "-e" "CARGO_TARGET_DIR=/target" "-e" "CARGO_INCREMENTAL=0" "-e" "RUST_BACKTRACE=full" "-e" "RUSTFLAGS=--cap-lints=warn" "-e" "CARGO_HOME=/cargo-home" "-e" "RUSTUP_HOME=/rustup-home" "-m" "1536M" "--network" "none" "crater"`
Dec 02 21:30:27.165 INFO [stdout] 0a9805442a1c480046188d409fa0af30dad00ac5b969d0f931498e57a2b3619c
Dec 02 21:30:27.167 INFO running `"docker" "start" "-a" "0a9805442a1c480046188d409fa0af30dad00ac5b969d0f931498e57a2b3619c"`
Dec 02 21:30:27.570 INFO [stderr] usermod: no changes
Dec 02 21:30:27.645 INFO [stderr]     Finished dev [unoptimized + debuginfo] target(s) in 0.06s
Dec 02 21:30:27.658 INFO [stderr]      Running /target/debug/deps/qrcode_generator-ce4436590a000657
Dec 02 21:30:27.660 INFO [stdout] 
Dec 02 21:30:27.660 INFO [stdout] running 6 tests
Dec 02 21:30:27.674 INFO [stdout] test tests::text_to_matrix ... ok
Dec 02 21:30:27.678 INFO [stdout] test tests::text_to_svg_to_string ... ok
Dec 02 21:30:27.688 INFO [stdout] test tests::text_optimize_url ... ok
Dec 02 21:30:27.710 INFO [stdout] test tests::text_to_png_to_file ... FAILED
Dec 02 21:30:27.710 INFO [stdout] test tests::text_to_svg_to_file ... FAILED
Dec 02 21:30:27.713 INFO [stdout] test tests::text_to_png_to_vec ... ok
Dec 02 21:30:27.713 INFO [stdout] 
Dec 02 21:30:27.713 INFO [stdout] failures:
Dec 02 21:30:27.713 INFO [stdout] 
Dec 02 21:30:27.713 INFO [stdout] ---- tests::text_to_png_to_file stdout ----
Dec 02 21:30:27.713 INFO [stdout] thread 'tests::text_to_png_to_file' panicked at 'called `Result::unwrap()` on an `Err` value: Os { code: 30, kind: Other, message: "Read-only file system" }', libcore/result.rs:1009:5
Dec 02 21:30:27.714 INFO [stdout] stack backtrace:
Dec 02 21:30:27.714 INFO [stdout]    0:     0x5607948a593e - std::sys::unix::backtrace::tracing::imp::unwind_backtrace::h15749a98198ba25f
Dec 02 21:30:27.714 INFO [stdout]                                at libstd/sys/unix/backtrace/tracing/gcc_s.rs:49
Dec 02 21:30:27.714 INFO [stdout]    1:     0x560794898a66 - std::sys_common::backtrace::print::h0ba65c811294dbf0
Dec 02 21:30:27.714 INFO [stdout]                                at libstd/sys_common/backtrace.rs:71
Dec 02 21:30:27.714 INFO [stdout]                                at libstd/sys_common/backtrace.rs:59
Dec 02 21:30:27.714 INFO [stdout]    2:     0x560794896e8d - std::panicking::default_hook::{{closure}}::h42bb31757f0fee64
Dec 02 21:30:27.714 INFO [stdout]                                at libstd/panicking.rs:211
Dec 02 21:30:27.714 INFO [stdout]    3:     0x560794896b9b - std::panicking::default_hook::hebc8848d7aa7dbd9
Dec 02 21:30:27.714 INFO [stdout]                                at libstd/panicking.rs:221
Dec 02 21:30:27.714 INFO [stdout]    4:     0x56079489753c - std::panicking::rust_panic_with_hook::h86e619a638415243
Dec 02 21:30:27.714 INFO [stdout]                                at libstd/panicking.rs:477
Dec 02 21:30:27.714 INFO [stdout]    5:     0x5607948970f9 - std::panicking::continue_panic_fmt::h2d2d2bfb065a70b2
Dec 02 21:30:27.714 INFO [stdout]                                at libstd/panicking.rs:391
Dec 02 21:30:27.714 INFO [stdout]    6:     0x560794896ff5 - rust_begin_unwind
Dec 02 21:30:27.714 INFO [stdout]                                at libstd/panicking.rs:326
Dec 02 21:30:27.714 INFO [stdout]    7:     0x5607948e4c5b - core::panicking::panic_fmt::h2155aa66b67fe83c
Dec 02 21:30:27.714 INFO [stdout]                                at libcore/panicking.rs:77
Dec 02 21:30:27.714 INFO [stdout]    8:     0x560794863a73 - core::result::unwrap_failed::h83fbe438c89585d7
Dec 02 21:30:27.714 INFO [stdout]                                at libcore/macros.rs:26
Dec 02 21:30:27.714 INFO [stdout]    9:     0x5607947d3a4f - <core::result::Result<T, E>>::unwrap::h472fdf8d45362fa5
Dec 02 21:30:27.714 INFO [stdout]                                at libcore/result.rs:808
Dec 02 21:30:27.714 INFO [stdout]   10:     0x5607947cfbf5 - qrcode_generator::tests::text_to_png_to_file::hba2c19f91ceece0f
Dec 02 21:30:27.714 INFO [stdout]                                at src/lib.rs:682
Dec 02 21:30:27.714 INFO [stdout]   11:     0x5607947cfb39 - qrcode_generator::tests::text_to_png_to_file::{{closure}}::hd3a71c3f51779b97
Dec 02 21:30:27.714 INFO [stdout]                                at src/lib.rs:681
Dec 02 21:30:27.714 INFO [stdout]   12:     0x5607947d57cd - core::ops::function::FnOnce::call_once::habe968150311c4d1
Dec 02 21:30:27.714 INFO [stdout]                                at libcore/ops/function.rs:238
Dec 02 21:30:27.714 INFO [stdout]   13:     0x5607947db43e - <F as alloc::boxed::FnBox<A>>::call_box::hbea525814fa423cc
Dec 02 21:30:27.714 INFO [stdout]                                at libtest/lib.rs:1461
Dec 02 21:30:27.714 INFO [stdout]                                at libcore/ops/function.rs:238
Dec 02 21:30:27.714 INFO [stdout]                                at liballoc/boxed.rs:646
Dec 02 21:30:27.714 INFO [stdout]   14:     0x5607948b48b9 - __rust_maybe_catch_panic
Dec 02 21:30:27.714 INFO [stdout]                                at libpanic_unwind/lib.rs:103
Dec 02 21:30:27.714 INFO [stdout]   15:     0x5607947e6d9d - std::sys_common::backtrace::__rust_begin_short_backtrace::h0ff507d7422944d3
Dec 02 21:30:27.714 INFO [stdout]                                at libstd/panicking.rs:289
Dec 02 21:30:27.714 INFO [stdout]                                at libstd/panic.rs:392
Dec 02 21:30:27.714 INFO [stdout]                                at libtest/lib.rs:1416
Dec 02 21:30:27.714 INFO [stdout]                                at libstd/sys_common/backtrace.rs:136
Dec 02 21:30:27.714 INFO [stdout]   16:     0x5607947ff3d4 - std::panicking::try::do_call::hba0bdcc3670471cc
Dec 02 21:30:27.714 INFO [stdout]                                at libstd/thread/mod.rs:409
Dec 02 21:30:27.714 INFO [stdout]                                at libstd/panic.rs:313
Dec 02 21:30:27.714 INFO [stdout]                                at libstd/panicking.rs:310
Dec 02 21:30:27.714 INFO [stdout]   17:     0x5607948b48b9 - __rust_maybe_catch_panic
Dec 02 21:30:27.714 INFO [stdout]                                at libpanic_unwind/lib.rs:103
Dec 02 21:30:27.714 INFO [stdout]   18:     0x5607947efca6 - <F as alloc::boxed::FnBox<A>>::call_box::hdac52587b00591af
Dec 02 21:30:27.714 INFO [stdout]                                at libstd/panicking.rs:289
Dec 02 21:30:27.714 INFO [stdout]                                at libstd/panic.rs:392
Dec 02 21:30:27.714 INFO [stdout]                                at libstd/thread/mod.rs:408
Dec 02 21:30:27.714 INFO [stdout]                                at liballoc/boxed.rs:646
Dec 02 21:30:27.714 INFO [stdout]   19:     0x5607948a724a - std::sys_common::thread::start_thread::h75d887c7d2cc4479
Dec 02 21:30:27.714 INFO [stdout]                                at liballoc/boxed.rs:656
Dec 02 21:30:27.714 INFO [stdout]                                at libstd/sys_common/thread.rs:24
Dec 02 21:30:27.714 INFO [stdout]   20:     0x560794897ca5 - std::sys::unix::thread::Thread::new::thread_start::h8414caee632bf9ed
Dec 02 21:30:27.714 INFO [stdout]                                at libstd/sys/unix/thread.rs:90
Dec 02 21:30:27.714 INFO [stdout]   21:     0x7f63a72146b9 - start_thread
Dec 02 21:30:27.714 INFO [stdout]   22:     0x7f63a6d3441c - clone
Dec 02 21:30:27.714 INFO [stdout]   23:                0x0 - <unknown>
Dec 02 21:30:27.714 INFO [stdout] 
Dec 02 21:30:27.714 INFO [stdout] ---- tests::text_to_svg_to_file stdout ----
Dec 02 21:30:27.714 INFO [stdout] thread 'tests::text_to_svg_to_file' panicked at 'called `Result::unwrap()` on an `Err` value: Os { code: 30, kind: Other, message: "Read-only file system" }', libcore/result.rs:1009:5
Dec 02 21:30:27.714 INFO [stdout] stack backtrace:
Dec 02 21:30:27.714 INFO [stdout]    0:     0x5607948a593e - std::sys::unix::backtrace::tracing::imp::unwind_backtrace::h15749a98198ba25f
Dec 02 21:30:27.714 INFO [stdout]                                at libstd/sys/unix/backtrace/tracing/gcc_s.rs:49
Dec 02 21:30:27.714 INFO [stdout]    1:     0x560794898a66 - std::sys_common::backtrace::print::h0ba65c811294dbf0
Dec 02 21:30:27.714 INFO [stdout]                                at libstd/sys_common/backtrace.rs:71
Dec 02 21:30:27.714 INFO [stdout]                                at libstd/sys_common/backtrace.rs:59
Dec 02 21:30:27.714 INFO [stdout]    2:     0x560794896e8d - std::panicking::default_hook::{{closure}}::h42bb31757f0fee64
Dec 02 21:30:27.714 INFO [stdout]                                at libstd/panicking.rs:211
Dec 02 21:30:27.714 INFO [stdout]    3:     0x560794896b9b - std::panicking::default_hook::hebc8848d7aa7dbd9
Dec 02 21:30:27.714 INFO [stdout]                                at libstd/panicking.rs:221
Dec 02 21:30:27.714 INFO [stdout]    4:     0x56079489753c - std::panicking::rust_panic_with_hook::h86e619a638415243
Dec 02 21:30:27.714 INFO [stdout]                                at libstd/panicking.rs:477
Dec 02 21:30:27.714 INFO [stdout]    5:     0x5607948970f9 - std::panicking::continue_panic_fmt::h2d2d2bfb065a70b2
Dec 02 21:30:27.714 INFO [stdout]                                at libstd/panicking.rs:391
Dec 02 21:30:27.714 INFO [stdout]    6:     0x560794896ff5 - rust_begin_unwind
Dec 02 21:30:27.714 INFO [stdout]                                at libstd/panicking.rs:326
Dec 02 21:30:27.714 INFO [stdout]    7:     0x5607948e4c5b - core::panicking::panic_fmt::h2155aa66b67fe83c
Dec 02 21:30:27.714 INFO [stdout]                                at libcore/panicking.rs:77
Dec 02 21:30:27.714 INFO [stdout]    8:     0x560794863a73 - core::result::unwrap_failed::h83fbe438c89585d7
Dec 02 21:30:27.714 INFO [stdout]                                at libcore/macros.rs:26
Dec 02 21:30:27.714 INFO [stdout]    9:     0x5607947d3a4f - <core::result::Result<T, E>>::unwrap::h472fdf8d45362fa5
Dec 02 21:30:27.714 INFO [stdout]                                at libcore/result.rs:808
Dec 02 21:30:27.714 INFO [stdout]   10:     0x5607947cf570 - qrcode_generator::tests::text_to_svg_to_file::h0b9fb9544d09913d
Dec 02 21:30:27.714 INFO [stdout]                                at src/lib.rs:668
Dec 02 21:30:27.714 INFO [stdout]   11:     0x5607947cf459 - qrcode_generator::tests::text_to_svg_to_file::{{closure}}::h80c62b07b72b5376
Dec 02 21:30:27.714 INFO [stdout]                                at src/lib.rs:667
Dec 02 21:30:27.714 INFO [stdout]   12:     0x5607947d56cd - core::ops::function::FnOnce::call_once::h52a1c50b63df6873
Dec 02 21:30:27.714 INFO [stdout]                                at libcore/ops/function.rs:238
Dec 02 21:30:27.714 INFO [stdout]   13:     0x5607947db43e - <F as alloc::boxed::FnBox<A>>::call_box::hbea525814fa423cc
Dec 02 21:30:27.714 INFO [stdout]                                at libtest/lib.rs:1461
Dec 02 21:30:27.714 INFO [stdout]                                at libcore/ops/function.rs:238
Dec 02 21:30:27.714 INFO [stdout]                                at liballoc/boxed.rs:646
Dec 02 21:30:27.714 INFO [stdout]   14:     0x5607948b48b9 - __rust_maybe_catch_panic
Dec 02 21:30:27.714 INFO [stdout]                                at libpanic_unwind/lib.rs:103
Dec 02 21:30:27.714 INFO [stdout]   15:     0x5607947e6d9d - std::sys_common::backtrace::__rust_begin_short_backtrace::h0ff507d7422944d3
Dec 02 21:30:27.714 INFO [stdout]                                at libstd/panicking.rs:289
Dec 02 21:30:27.714 INFO [stdout]                                at libstd/panic.rs:392
Dec 02 21:30:27.715 INFO [stdout]                                at libtest/lib.rs:1416
Dec 02 21:30:27.715 INFO [stdout]                                at libstd/sys_common/backtrace.rs:136
Dec 02 21:30:27.715 INFO [stdout]   16:     0x5607947ff3d4 - std::panicking::try::do_call::hba0bdcc3670471cc
Dec 02 21:30:27.715 INFO [stdout]                                at libstd/thread/mod.rs:409
Dec 02 21:30:27.715 INFO [stdout]                                at libstd/panic.rs:313
Dec 02 21:30:27.715 INFO [stdout]                                at libstd/panicking.rs:310
Dec 02 21:30:27.715 INFO [stdout]   17:     0x5607948b48b9 - __rust_maybe_catch_panic
Dec 02 21:30:27.715 INFO [stdout]                                at libpanic_unwind/lib.rs:103
Dec 02 21:30:27.715 INFO [stdout]   18:     0x5607947efca6 - <F as alloc::boxed::FnBox<A>>::call_box::hdac52587b00591af
Dec 02 21:30:27.715 INFO [stdout]                                at libstd/panicking.rs:289
Dec 02 21:30:27.715 INFO [stdout]                                at libstd/panic.rs:392
Dec 02 21:30:27.715 INFO [stdout]                                at libstd/thread/mod.rs:408
Dec 02 21:30:27.715 INFO [stdout]                                at liballoc/boxed.rs:646
Dec 02 21:30:27.715 INFO [stdout]   19:     0x5607948a724a - std::sys_common::thread::start_thread::h75d887c7d2cc4479
Dec 02 21:30:27.715 INFO [stdout]                                at liballoc/boxed.rs:656
Dec 02 21:30:27.715 INFO [stdout]                                at libstd/sys_common/thread.rs:24
Dec 02 21:30:27.715 INFO [stdout]   20:     0x560794897ca5 - std::sys::unix::thread::Thread::new::thread_start::h8414caee632bf9ed
Dec 02 21:30:27.715 INFO [stdout]                                at libstd/sys/unix/thread.rs:90
Dec 02 21:30:27.715 INFO [stdout]   21:     0x7f63a72146b9 - start_thread
Dec 02 21:30:27.715 INFO [stdout]   22:     0x7f63a6d3441c - clone
Dec 02 21:30:27.715 INFO [stdout]   23:                0x0 - <unknown>
Dec 02 21:30:27.715 INFO [stdout] 
Dec 02 21:30:27.715 INFO [stdout] 
Dec 02 21:30:27.715 INFO [stdout] failures:
Dec 02 21:30:27.715 INFO [stdout]     tests::text_to_png_to_file
Dec 02 21:30:27.715 INFO [stdout]     tests::text_to_svg_to_file
Dec 02 21:30:27.715 INFO [stdout] 
Dec 02 21:30:27.715 INFO [stdout] test result: FAILED. 4 passed; 2 failed; 0 ignored; 0 measured; 0 filtered out
Dec 02 21:30:27.715 INFO [stdout] 
Dec 02 21:30:27.715 INFO [stderr] error: test failed, to rerun pass '--lib'
Dec 02 21:30:27.717 INFO [stderr] su: No module specific data is present
Dec 02 21:30:28.069 INFO running `"docker" "inspect" "0a9805442a1c480046188d409fa0af30dad00ac5b969d0f931498e57a2b3619c"`
Dec 02 21:30:28.219 INFO running `"docker" "rm" "-f" "0a9805442a1c480046188d409fa0af30dad00ac5b969d0f931498e57a2b3619c"`
Dec 02 21:30:28.348 INFO [stdout] 0a9805442a1c480046188d409fa0af30dad00ac5b969d0f931498e57a2b3619c
