Dec 02 21:36:47.827 INFO testing pwasm-abi-derive-0.2.0 against 1.30.1 for beta-1.31-5
Dec 02 21:36:47.827 INFO running `"docker" "create" "-v" "/mnt/big/crater/work/local/target-dirs/beta-1.31-5/worker-5/1.30.1:/target:rw,Z" "-v" "/mnt/big/crater/work/local/test-source/worker-5/beta-1.31-5/1.30.1:/source:ro,Z" "-v" "/mnt/big/crater/work/local/cargo-home:/cargo-home:ro,Z" "-v" "/mnt/big/crater/work/local/rustup-home:/rustup-home:ro,Z" "-e" "USER_ID=1000" "-e" "SOURCE_DIR=/source" "-e" "USER_ID=1000" "-e" "CMD=cargo +1.30.1 build --frozen" "-e" "CARGO_TARGET_DIR=/target" "-e" "CARGO_INCREMENTAL=0" "-e" "RUST_BACKTRACE=full" "-e" "RUSTFLAGS=--cap-lints=warn" "-e" "CARGO_HOME=/cargo-home" "-e" "RUSTUP_HOME=/rustup-home" "-m" "1536M" "--network" "none" "crater"`
Dec 02 21:36:48.255 INFO [stdout] e2dd55a1c3894d915149958f583116a63a1e74112b59f4ab10047c172be719d6
Dec 02 21:36:48.260 INFO running `"docker" "start" "-a" "e2dd55a1c3894d915149958f583116a63a1e74112b59f4ab10047c172be719d6"`
Dec 02 21:36:49.380 INFO [stderr] usermod: no changes
Dec 02 21:36:49.523 INFO [stderr]    Compiling static_assertions v0.2.5
Dec 02 21:36:49.523 INFO [stderr]    Compiling byteorder v1.2.7
Dec 02 21:36:49.527 INFO [stderr]    Compiling crunchy v0.1.6
Dec 02 21:36:49.723 INFO [stderr]    Compiling fixed-hash v0.3.0
Dec 02 21:36:49.855 INFO [stderr]    Compiling tiny-keccak v1.4.2
Dec 02 21:36:50.927 INFO [stderr]    Compiling pwasm-abi-derive v0.2.0 (/source)
Dec 02 21:37:01.521 INFO [stderr]     Finished dev [unoptimized + debuginfo] target(s) in 12.11s
Dec 02 21:37:01.526 INFO [stderr] su: No module specific data is present
Dec 02 21:37:02.425 INFO running `"docker" "inspect" "e2dd55a1c3894d915149958f583116a63a1e74112b59f4ab10047c172be719d6"`
Dec 02 21:37:02.664 INFO running `"docker" "rm" "-f" "e2dd55a1c3894d915149958f583116a63a1e74112b59f4ab10047c172be719d6"`
Dec 02 21:37:02.983 INFO [stdout] e2dd55a1c3894d915149958f583116a63a1e74112b59f4ab10047c172be719d6
Dec 02 21:37:02.989 INFO running `"docker" "create" "-v" "/mnt/big/crater/work/local/target-dirs/beta-1.31-5/worker-5/1.30.1:/target:rw,Z" "-v" "/mnt/big/crater/work/local/test-source/worker-5/beta-1.31-5/1.30.1:/source:ro,Z" "-v" "/mnt/big/crater/work/local/cargo-home:/cargo-home:ro,Z" "-v" "/mnt/big/crater/work/local/rustup-home:/rustup-home:ro,Z" "-e" "USER_ID=1000" "-e" "SOURCE_DIR=/source" "-e" "USER_ID=1000" "-e" "CMD=cargo +1.30.1 test --frozen --no-run" "-e" "CARGO_TARGET_DIR=/target" "-e" "CARGO_INCREMENTAL=0" "-e" "RUST_BACKTRACE=full" "-e" "RUSTFLAGS=--cap-lints=warn" "-e" "CARGO_HOME=/cargo-home" "-e" "RUSTUP_HOME=/rustup-home" "-m" "1536M" "--network" "none" "crater"`
Dec 02 21:37:03.945 INFO [stdout] 7ee44b692a5b77495f6d8f340688fcab6026328fb85327afccd51ddd4b7f3bec
Dec 02 21:37:03.947 INFO running `"docker" "start" "-a" "7ee44b692a5b77495f6d8f340688fcab6026328fb85327afccd51ddd4b7f3bec"`
Dec 02 21:37:04.512 INFO [stderr] usermod: no changes
Dec 02 21:37:04.565 INFO [stderr]    Compiling pwasm-abi-derive v0.2.0 (/source)
Dec 02 21:37:09.850 INFO [stderr]     Finished dev [unoptimized + debuginfo] target(s) in 5.32s
Dec 02 21:37:09.863 INFO [stderr] su: No module specific data is present
Dec 02 21:37:10.395 INFO running `"docker" "inspect" "7ee44b692a5b77495f6d8f340688fcab6026328fb85327afccd51ddd4b7f3bec"`
Dec 02 21:37:10.633 INFO running `"docker" "rm" "-f" "7ee44b692a5b77495f6d8f340688fcab6026328fb85327afccd51ddd4b7f3bec"`
Dec 02 21:37:11.007 INFO [stdout] 7ee44b692a5b77495f6d8f340688fcab6026328fb85327afccd51ddd4b7f3bec
Dec 02 21:37:11.012 INFO running `"docker" "create" "-v" "/mnt/big/crater/work/local/target-dirs/beta-1.31-5/worker-5/1.30.1:/target:rw,Z" "-v" "/mnt/big/crater/work/local/test-source/worker-5/beta-1.31-5/1.30.1:/source:ro,Z" "-v" "/mnt/big/crater/work/local/cargo-home:/cargo-home:ro,Z" "-v" "/mnt/big/crater/work/local/rustup-home:/rustup-home:ro,Z" "-e" "USER_ID=1000" "-e" "SOURCE_DIR=/source" "-e" "USER_ID=1000" "-e" "CMD=cargo +1.30.1 test --frozen" "-e" "CARGO_TARGET_DIR=/target" "-e" "CARGO_INCREMENTAL=0" "-e" "RUST_BACKTRACE=full" "-e" "RUSTFLAGS=--cap-lints=warn" "-e" "CARGO_HOME=/cargo-home" "-e" "RUSTUP_HOME=/rustup-home" "-m" "1536M" "--network" "none" "crater"`
Dec 02 21:37:11.581 INFO [stdout] b77abe5f782119bf447de6ee3eaec69d8896b089b1fd2dc9909c525218081c84
Dec 02 21:37:11.584 INFO running `"docker" "start" "-a" "b77abe5f782119bf447de6ee3eaec69d8896b089b1fd2dc9909c525218081c84"`
Dec 02 21:37:12.558 INFO [stderr] usermod: no changes
Dec 02 21:37:12.683 INFO [stderr]     Finished dev [unoptimized + debuginfo] target(s) in 0.08s
Dec 02 21:37:12.691 INFO [stderr]      Running /target/debug/deps/pwasm_abi_derive-9690404d9961f6ed
Dec 02 21:37:12.715 INFO [stdout] 
Dec 02 21:37:12.715 INFO [stdout] running 0 tests
Dec 02 21:37:12.715 INFO [stdout] 
Dec 02 21:37:12.716 INFO [stdout] test result: ok. 0 passed; 0 failed; 0 ignored; 0 measured; 0 filtered out
Dec 02 21:37:12.716 INFO [stdout] 
Dec 02 21:37:12.717 INFO [stderr]    Doc-tests pwasm_abi_derive
Dec 02 21:37:20.328 INFO [stdout] 
Dec 02 21:37:20.328 INFO [stdout] running 2 tests
Dec 02 21:37:21.911 INFO [stdout] test src/lib.rs - eth_abi (line 101) ... FAILED
Dec 02 21:37:21.911 INFO [stdout] test src/lib.rs - eth_abi (line 111) ... FAILED
Dec 02 21:37:21.911 INFO [stdout] 
Dec 02 21:37:21.911 INFO [stdout] failures:
Dec 02 21:37:21.911 INFO [stdout] 
Dec 02 21:37:21.911 INFO [stdout] ---- src/lib.rs - eth_abi (line 101) stdout ----
Dec 02 21:37:21.911 INFO [stdout] error[E0658]: The attribute `eth_abi` is currently unknown to the compiler and may have meaning added to it in the future (see issue #29642)
Dec 02 21:37:21.911 INFO [stdout]  --> src/lib.rs:102:3
Dec 02 21:37:21.911 INFO [stdout]   |
Dec 02 21:37:21.911 INFO [stdout] 3 | #[eth_abi(Endpoint)]
Dec 02 21:37:21.911 INFO [stdout]   |   ^^^^^^^
Dec 02 21:37:21.911 INFO [stdout] 
Dec 02 21:37:21.911 INFO [stdout] thread 'src/lib.rs - eth_abi (line 101)' panicked at 'couldn't compile the test', librustdoc/test.rs:332:13
Dec 02 21:37:21.911 INFO [stdout] stack backtrace:
Dec 02 21:37:21.911 INFO [stdout]    0:     0x7f25088a97ce - std::sys::unix::backtrace::tracing::imp::unwind_backtrace::h15749a98198ba25f
Dec 02 21:37:21.911 INFO [stdout]                                at libstd/sys/unix/backtrace/tracing/gcc_s.rs:49
Dec 02 21:37:21.911 INFO [stdout]    1:     0x7f2508882966 - std::sys_common::backtrace::print::h0ba65c811294dbf0
Dec 02 21:37:21.911 INFO [stdout]                                at libstd/sys_common/backtrace.rs:71
Dec 02 21:37:21.912 INFO [stdout]                                at libstd/sys_common/backtrace.rs:59
Dec 02 21:37:21.912 INFO [stdout]    2:     0x7f25088805bd - std::panicking::default_hook::{{closure}}::h42bb31757f0fee64
Dec 02 21:37:21.912 INFO [stdout]                                at libstd/panicking.rs:211
Dec 02 21:37:21.912 INFO [stdout]    3:     0x7f25088802cb - std::panicking::default_hook::hebc8848d7aa7dbd9
Dec 02 21:37:21.912 INFO [stdout]                                at libstd/panicking.rs:221
Dec 02 21:37:21.912 INFO [stdout]    4:     0x7f250a9f36a1 - rustc::util::common::panic_hook::h9a39743bb116fb66
Dec 02 21:37:21.912 INFO [stdout]    5:     0x7f2508880cc3 - std::panicking::rust_panic_with_hook::h86e619a638415243
Dec 02 21:37:21.912 INFO [stdout]                                at libstd/panicking.rs:481
Dec 02 21:37:21.912 INFO [stdout]    6:     0x55beb2e01306 - std::panicking::begin_panic::h2e334451e6084118
Dec 02 21:37:21.912 INFO [stdout]                                at libstd/panicking.rs:411
Dec 02 21:37:21.912 INFO [stdout]    7:     0x55beb2fcc147 - rustdoc::test::Collector::add_test::{{closure}}::{{closure}}::{{closure}}::h071753b32990ff99
Dec 02 21:37:21.912 INFO [stdout]                                at librustdoc/test.rs:332
Dec 02 21:37:21.912 INFO [stdout]                                at librustdoc/test.rs:564
Dec 02 21:37:21.912 INFO [stdout]    8:     0x55beb2f88990 - <scoped_tls::ScopedKey<T>>::set::h9896b6fe380ee541
Dec 02 21:37:21.912 INFO [stdout]                                at /cargo/registry/src/github.com-1ecc6299db9ec823/scoped-tls-0.1.2/src/lib.rs:155
Dec 02 21:37:21.912 INFO [stdout]                                at libsyntax/lib.rs:108
Dec 02 21:37:21.912 INFO [stdout]                                at /cargo/registry/src/github.com-1ecc6299db9ec823/scoped-tls-0.1.2/src/lib.rs:155
Dec 02 21:37:21.912 INFO [stdout]    9:     0x55beb2db15cd - syntax::with_globals::h851ff797fe7b24af
Dec 02 21:37:21.912 INFO [stdout]                                at libsyntax/lib.rs:107
Dec 02 21:37:21.912 INFO [stdout]   10:     0x55beb2e01484 - std::panicking::try::do_call::h43316ef786a5afc6
Dec 02 21:37:21.912 INFO [stdout]                                at librustdoc/test.rs:561
Dec 02 21:37:21.912 INFO [stdout]                                at libstd/panic.rs:313
Dec 02 21:37:21.912 INFO [stdout]                                at libstd/panicking.rs:310
Dec 02 21:37:21.912 INFO [stdout]   11:     0x7f25088c05b9 - __rust_maybe_catch_panic
Dec 02 21:37:21.912 INFO [stdout]                                at libpanic_unwind/lib.rs:103
Dec 02 21:37:21.912 INFO [stdout]   12:     0x55beb2e77f03 - rustc_driver::in_named_rustc_thread::h7a18544b9923f524
Dec 02 21:37:21.912 INFO [stdout]                                at libstd/panicking.rs:289
Dec 02 21:37:21.912 INFO [stdout]                                at libstd/panic.rs:392
Dec 02 21:37:21.912 INFO [stdout]                                at librustc_driver/lib.rs:1574
Dec 02 21:37:21.912 INFO [stdout]   13:     0x55beb2fa4cfc - <F as alloc::boxed::FnBox<A>>::call_box::h2226feb604beb2d6
Dec 02 21:37:21.912 INFO [stdout]                                at librustdoc/test.rs:561
Dec 02 21:37:21.912 INFO [stdout]                                at liballoc/boxed.rs:646
Dec 02 21:37:21.912 INFO [stdout]   14:     0x7f2509f0ddf2 - <F as alloc::boxed::FnBox<A>>::call_box::hf3e9d4c572efaf22
Dec 02 21:37:21.912 INFO [stdout]                                at libtest/lib.rs:1454
Dec 02 21:37:21.912 INFO [stdout]                                at liballoc/boxed.rs:646
Dec 02 21:37:21.912 INFO [stdout]   15:     0x7f25088c05b9 - __rust_maybe_catch_panic
Dec 02 21:37:21.912 INFO [stdout]                                at libpanic_unwind/lib.rs:103
Dec 02 21:37:21.912 INFO [stdout]   16:     0x7f2509f1b1ed - std::sys_common::backtrace::__rust_begin_short_backtrace::h0ff507d7422944d3
Dec 02 21:37:21.912 INFO [stdout]                                at libstd/panicking.rs:289
Dec 02 21:37:21.912 INFO [stdout]                                at libstd/panic.rs:392
Dec 02 21:37:21.912 INFO [stdout]                                at libtest/lib.rs:1416
Dec 02 21:37:21.912 INFO [stdout]                                at libstd/sys_common/backtrace.rs:136
Dec 02 21:37:21.912 INFO [stdout]   17:     0x7f2509f38ff4 - std::panicking::try::do_call::hba0bdcc3670471cc
Dec 02 21:37:21.912 INFO [stdout]                                at libstd/thread/mod.rs:409
Dec 02 21:37:21.912 INFO [stdout]                                at libstd/panic.rs:313
Dec 02 21:37:21.912 INFO [stdout]                                at libstd/panicking.rs:310
Dec 02 21:37:21.912 INFO [stdout]   18:     0x7f25088c05b9 - __rust_maybe_catch_panic
Dec 02 21:37:21.912 INFO [stdout]                                at libpanic_unwind/lib.rs:103
Dec 02 21:37:21.912 INFO [stdout]   19:     0x7f2509f25bd6 - <F as alloc::boxed::FnBox<A>>::call_box::hdac52587b00591af
Dec 02 21:37:21.912 INFO [stdout]                                at libstd/panicking.rs:289
Dec 02 21:37:21.912 INFO [stdout]                                at libstd/panic.rs:392
Dec 02 21:37:21.912 INFO [stdout]                                at libstd/thread/mod.rs:408
Dec 02 21:37:21.912 INFO [stdout]                                at liballoc/boxed.rs:646
Dec 02 21:37:21.912 INFO [stdout]   20:     0x7f25088adcca - std::sys_common::thread::start_thread::h75d887c7d2cc4479
Dec 02 21:37:21.912 INFO [stdout]                                at liballoc/boxed.rs:656
Dec 02 21:37:21.912 INFO [stdout]                                at libstd/sys_common/thread.rs:24
Dec 02 21:37:21.912 INFO [stdout]   21:     0x7f25088818f5 - std::sys::unix::thread::Thread::new::thread_start::h8414caee632bf9ed
Dec 02 21:37:21.912 INFO [stdout]                                at libstd/sys/unix/thread.rs:90
Dec 02 21:37:21.912 INFO [stdout]   22:     0x7f25086166b9 - start_thread
Dec 02 21:37:21.912 INFO [stdout]   23:     0x7f250813641c - clone
Dec 02 21:37:21.912 INFO [stdout]   24:                0x0 - <unknown>
Dec 02 21:37:21.912 INFO [stdout] query stack during panic:
Dec 02 21:37:21.912 INFO [stdout] end of query stack
Dec 02 21:37:21.912 INFO [stdout] 
Dec 02 21:37:21.912 INFO [stdout] ---- src/lib.rs - eth_abi (line 111) stdout ----
Dec 02 21:37:21.912 INFO [stdout] error[E0658]: The attribute `eth_abi` is currently unknown to the compiler and may have meaning added to it in the future (see issue #29642)
Dec 02 21:37:21.912 INFO [stdout]  --> src/lib.rs:112:3
Dec 02 21:37:21.912 INFO [stdout]   |
Dec 02 21:37:21.912 INFO [stdout] 3 | #[eth_abi(Endpoint2, Client2)]
Dec 02 21:37:21.912 INFO [stdout]   |   ^^^^^^^
Dec 02 21:37:21.912 INFO [stdout] 
Dec 02 21:37:21.912 INFO [stdout] thread 'src/lib.rs - eth_abi (line 111)' panicked at 'couldn't compile the test', librustdoc/test.rs:332:13
Dec 02 21:37:21.912 INFO [stdout] stack backtrace:
Dec 02 21:37:21.912 INFO [stdout]    0:     0x7f25088a97ce - std::sys::unix::backtrace::tracing::imp::unwind_backtrace::h15749a98198ba25f
Dec 02 21:37:21.912 INFO [stdout]                                at libstd/sys/unix/backtrace/tracing/gcc_s.rs:49
Dec 02 21:37:21.912 INFO [stdout]    1:     0x7f2508882966 - std::sys_common::backtrace::print::h0ba65c811294dbf0
Dec 02 21:37:21.912 INFO [stdout]                                at libstd/sys_common/backtrace.rs:71
Dec 02 21:37:21.912 INFO [stdout]                                at libstd/sys_common/backtrace.rs:59
Dec 02 21:37:21.912 INFO [stdout]    2:     0x7f25088805bd - std::panicking::default_hook::{{closure}}::h42bb31757f0fee64
Dec 02 21:37:21.912 INFO [stdout]                                at libstd/panicking.rs:211
Dec 02 21:37:21.912 INFO [stdout]    3:     0x7f25088802cb - std::panicking::default_hook::hebc8848d7aa7dbd9
Dec 02 21:37:21.912 INFO [stdout]                                at libstd/panicking.rs:221
Dec 02 21:37:21.912 INFO [stdout]    4:     0x7f250a9f36a1 - rustc::util::common::panic_hook::h9a39743bb116fb66
Dec 02 21:37:21.912 INFO [stdout]    5:     0x7f2508880cc3 - std::panicking::rust_panic_with_hook::h86e619a638415243
Dec 02 21:37:21.912 INFO [stdout]                                at libstd/panicking.rs:481
Dec 02 21:37:21.912 INFO [stdout]    6:     0x55beb2e01306 - std::panicking::begin_panic::h2e334451e6084118
Dec 02 21:37:21.912 INFO [stdout]                                at libstd/panicking.rs:411
Dec 02 21:37:21.912 INFO [stdout]    7:     0x55beb2fcc147 - rustdoc::test::Collector::add_test::{{closure}}::{{closure}}::{{closure}}::h071753b32990ff99
Dec 02 21:37:21.912 INFO [stdout]                                at librustdoc/test.rs:332
Dec 02 21:37:21.912 INFO [stdout]                                at librustdoc/test.rs:564
Dec 02 21:37:21.912 INFO [stdout]    8:     0x55beb2f88990 - <scoped_tls::ScopedKey<T>>::set::h9896b6fe380ee541
Dec 02 21:37:21.913 INFO [stdout]                                at /cargo/registry/src/github.com-1ecc6299db9ec823/scoped-tls-0.1.2/src/lib.rs:155
Dec 02 21:37:21.913 INFO [stdout]                                at libsyntax/lib.rs:108
Dec 02 21:37:21.913 INFO [stdout]                                at /cargo/registry/src/github.com-1ecc6299db9ec823/scoped-tls-0.1.2/src/lib.rs:155
Dec 02 21:37:21.913 INFO [stdout]    9:     0x55beb2db15cd - syntax::with_globals::h851ff797fe7b24af
Dec 02 21:37:21.913 INFO [stdout]                                at libsyntax/lib.rs:107
Dec 02 21:37:21.913 INFO [stdout]   10:     0x55beb2e01484 - std::panicking::try::do_call::h43316ef786a5afc6
Dec 02 21:37:21.913 INFO [stdout]                                at librustdoc/test.rs:561
Dec 02 21:37:21.913 INFO [stdout]                                at libstd/panic.rs:313
Dec 02 21:37:21.913 INFO [stdout]                                at libstd/panicking.rs:310
Dec 02 21:37:21.913 INFO [stdout]   11:     0x7f25088c05b9 - __rust_maybe_catch_panic
Dec 02 21:37:21.913 INFO [stdout]                                at libpanic_unwind/lib.rs:103
Dec 02 21:37:21.913 INFO [stdout]   12:     0x55beb2e77f03 - rustc_driver::in_named_rustc_thread::h7a18544b9923f524
Dec 02 21:37:21.913 INFO [stdout]                                at libstd/panicking.rs:289
Dec 02 21:37:21.913 INFO [stdout]                                at libstd/panic.rs:392
Dec 02 21:37:21.913 INFO [stdout]                                at librustc_driver/lib.rs:1574
Dec 02 21:37:21.913 INFO [stdout]   13:     0x55beb2fa4cfc - <F as alloc::boxed::FnBox<A>>::call_box::h2226feb604beb2d6
Dec 02 21:37:21.913 INFO [stdout]                                at librustdoc/test.rs:561
Dec 02 21:37:21.913 INFO [stdout]                                at liballoc/boxed.rs:646
Dec 02 21:37:21.913 INFO [stdout]   14:     0x7f2509f0ddf2 - <F as alloc::boxed::FnBox<A>>::call_box::hf3e9d4c572efaf22
Dec 02 21:37:21.913 INFO [stdout]                                at libtest/lib.rs:1454
Dec 02 21:37:21.913 INFO [stdout]                                at liballoc/boxed.rs:646
Dec 02 21:37:21.913 INFO [stdout]   15:     0x7f25088c05b9 - __rust_maybe_catch_panic
Dec 02 21:37:21.913 INFO [stdout]                                at libpanic_unwind/lib.rs:103
Dec 02 21:37:21.913 INFO [stdout]   16:     0x7f2509f1b1ed - std::sys_common::backtrace::__rust_begin_short_backtrace::h0ff507d7422944d3
Dec 02 21:37:21.913 INFO [stdout]                                at libstd/panicking.rs:289
Dec 02 21:37:21.913 INFO [stdout]                                at libstd/panic.rs:392
Dec 02 21:37:21.913 INFO [stdout]                                at libtest/lib.rs:1416
Dec 02 21:37:21.913 INFO [stdout]                                at libstd/sys_common/backtrace.rs:136
Dec 02 21:37:21.913 INFO [stdout]   17:     0x7f2509f38ff4 - std::panicking::try::do_call::hba0bdcc3670471cc
Dec 02 21:37:21.913 INFO [stdout]                                at libstd/thread/mod.rs:409
Dec 02 21:37:21.913 INFO [stdout]                                at libstd/panic.rs:313
Dec 02 21:37:21.913 INFO [stdout]                                at libstd/panicking.rs:310
Dec 02 21:37:21.913 INFO [stdout]   18:     0x7f25088c05b9 - __rust_maybe_catch_panic
Dec 02 21:37:21.913 INFO [stdout]                                at libpanic_unwind/lib.rs:103
Dec 02 21:37:21.913 INFO [stdout]   19:     0x7f2509f25bd6 - <F as alloc::boxed::FnBox<A>>::call_box::hdac52587b00591af
Dec 02 21:37:21.913 INFO [stdout]                                at libstd/panicking.rs:289
Dec 02 21:37:21.913 INFO [stdout]                                at libstd/panic.rs:392
Dec 02 21:37:21.913 INFO [stdout]                                at libstd/thread/mod.rs:408
Dec 02 21:37:21.913 INFO [stdout]                                at liballoc/boxed.rs:646
Dec 02 21:37:21.913 INFO [stdout]   20:     0x7f25088adcca - std::sys_common::thread::start_thread::h75d887c7d2cc4479
Dec 02 21:37:21.913 INFO [stdout]                                at liballoc/boxed.rs:656
Dec 02 21:37:21.913 INFO [stdout]                                at libstd/sys_common/thread.rs:24
Dec 02 21:37:21.913 INFO [stdout]   21:     0x7f25088818f5 - std::sys::unix::thread::Thread::new::thread_start::h8414caee632bf9ed
Dec 02 21:37:21.913 INFO [stdout]                                at libstd/sys/unix/thread.rs:90
Dec 02 21:37:21.913 INFO [stdout]   22:     0x7f25086166b9 - start_thread
Dec 02 21:37:21.913 INFO [stdout]   23:     0x7f250813641c - clone
Dec 02 21:37:21.913 INFO [stdout]   24:                0x0 - <unknown>
Dec 02 21:37:21.913 INFO [stdout] query stack during panic:
Dec 02 21:37:21.913 INFO [stdout] end of query stack
Dec 02 21:37:21.913 INFO [stdout] 
Dec 02 21:37:21.913 INFO [stdout] 
Dec 02 21:37:21.913 INFO [stdout] failures:
Dec 02 21:37:21.913 INFO [stdout]     src/lib.rs - eth_abi (line 101)
Dec 02 21:37:21.913 INFO [stdout]     src/lib.rs - eth_abi (line 111)
Dec 02 21:37:21.913 INFO [stdout] 
Dec 02 21:37:21.913 INFO [stdout] test result: FAILED. 0 passed; 2 failed; 0 ignored; 0 measured; 0 filtered out
Dec 02 21:37:21.913 INFO [stdout] 
Dec 02 21:37:21.923 INFO [stderr] error: test failed, to rerun pass '--doc'
Dec 02 21:37:21.925 INFO [stderr] su: No module specific data is present
Dec 02 21:37:22.300 INFO running `"docker" "inspect" "b77abe5f782119bf447de6ee3eaec69d8896b089b1fd2dc9909c525218081c84"`
Dec 02 21:37:22.429 INFO running `"docker" "rm" "-f" "b77abe5f782119bf447de6ee3eaec69d8896b089b1fd2dc9909c525218081c84"`
Dec 02 21:37:22.545 INFO [stdout] b77abe5f782119bf447de6ee3eaec69d8896b089b1fd2dc9909c525218081c84
