Dec 02 21:41:17.608 INFO testing publicsuffix-1.5.2 against 1.30.1 for beta-1.31-5
Dec 02 21:41:17.608 INFO running `"docker" "create" "-v" "/mnt/big/crater/work/local/target-dirs/beta-1.31-5/worker-4/1.30.1:/target:rw,Z" "-v" "/mnt/big/crater/work/local/test-source/worker-4/beta-1.31-5/1.30.1:/source:ro,Z" "-v" "/mnt/big/crater/work/local/cargo-home:/cargo-home:ro,Z" "-v" "/mnt/big/crater/work/local/rustup-home:/rustup-home:ro,Z" "-e" "USER_ID=1000" "-e" "SOURCE_DIR=/source" "-e" "USER_ID=1000" "-e" "CMD=cargo +1.30.1 build --frozen" "-e" "CARGO_TARGET_DIR=/target" "-e" "CARGO_INCREMENTAL=0" "-e" "RUST_BACKTRACE=full" "-e" "RUSTFLAGS=--cap-lints=warn" "-e" "CARGO_HOME=/cargo-home" "-e" "RUSTUP_HOME=/rustup-home" "-m" "1536M" "--network" "none" "crater"`
Dec 02 21:41:17.815 INFO [stdout] 17cc1700f9dbb001775a17f86d071dd5f207f64431925ce23b11746622938c85
Dec 02 21:41:17.817 INFO running `"docker" "start" "-a" "17cc1700f9dbb001775a17f86d071dd5f207f64431925ce23b11746622938c85"`
Dec 02 21:41:19.191 INFO [stderr] usermod: no changes
Dec 02 21:41:19.361 INFO [stderr]    Compiling publicsuffix v1.5.2 (/source)
Dec 02 21:41:23.020 INFO [stderr]     Finished dev [unoptimized + debuginfo] target(s) in 3.80s
Dec 02 21:41:23.026 INFO [stderr] su: No module specific data is present
Dec 02 21:41:23.316 INFO running `"docker" "inspect" "17cc1700f9dbb001775a17f86d071dd5f207f64431925ce23b11746622938c85"`
Dec 02 21:41:23.432 INFO running `"docker" "rm" "-f" "17cc1700f9dbb001775a17f86d071dd5f207f64431925ce23b11746622938c85"`
Dec 02 21:41:23.559 INFO [stdout] 17cc1700f9dbb001775a17f86d071dd5f207f64431925ce23b11746622938c85
Dec 02 21:41:23.560 INFO running `"docker" "create" "-v" "/mnt/big/crater/work/local/target-dirs/beta-1.31-5/worker-4/1.30.1:/target:rw,Z" "-v" "/mnt/big/crater/work/local/test-source/worker-4/beta-1.31-5/1.30.1:/source:ro,Z" "-v" "/mnt/big/crater/work/local/cargo-home:/cargo-home:ro,Z" "-v" "/mnt/big/crater/work/local/rustup-home:/rustup-home:ro,Z" "-e" "USER_ID=1000" "-e" "SOURCE_DIR=/source" "-e" "USER_ID=1000" "-e" "CMD=cargo +1.30.1 test --frozen --no-run" "-e" "CARGO_TARGET_DIR=/target" "-e" "CARGO_INCREMENTAL=0" "-e" "RUST_BACKTRACE=full" "-e" "RUSTFLAGS=--cap-lints=warn" "-e" "CARGO_HOME=/cargo-home" "-e" "RUSTUP_HOME=/rustup-home" "-m" "1536M" "--network" "none" "crater"`
Dec 02 21:41:23.742 INFO [stdout] a69453a42a5d044f57e54f31679f4e2a8c8cd24518aca21a309f521e62795528
Dec 02 21:41:23.744 INFO running `"docker" "start" "-a" "a69453a42a5d044f57e54f31679f4e2a8c8cd24518aca21a309f521e62795528"`
Dec 02 21:41:24.157 INFO [stderr] usermod: no changes
Dec 02 21:41:24.267 INFO [stderr]    Compiling rspec v1.0.0-beta.3
Dec 02 21:41:25.231 INFO [stderr]    Compiling publicsuffix v1.5.2 (/source)
Dec 02 21:41:30.111 INFO [stderr]     Finished dev [unoptimized + debuginfo] target(s) in 5.91s
Dec 02 21:41:30.120 INFO [stderr] su: No module specific data is present
Dec 02 21:41:30.483 INFO running `"docker" "inspect" "a69453a42a5d044f57e54f31679f4e2a8c8cd24518aca21a309f521e62795528"`
Dec 02 21:41:30.639 INFO running `"docker" "rm" "-f" "a69453a42a5d044f57e54f31679f4e2a8c8cd24518aca21a309f521e62795528"`
Dec 02 21:41:30.744 INFO [stdout] a69453a42a5d044f57e54f31679f4e2a8c8cd24518aca21a309f521e62795528
Dec 02 21:41:30.749 INFO running `"docker" "create" "-v" "/mnt/big/crater/work/local/target-dirs/beta-1.31-5/worker-4/1.30.1:/target:rw,Z" "-v" "/mnt/big/crater/work/local/test-source/worker-4/beta-1.31-5/1.30.1:/source:ro,Z" "-v" "/mnt/big/crater/work/local/cargo-home:/cargo-home:ro,Z" "-v" "/mnt/big/crater/work/local/rustup-home:/rustup-home:ro,Z" "-e" "USER_ID=1000" "-e" "SOURCE_DIR=/source" "-e" "USER_ID=1000" "-e" "CMD=cargo +1.30.1 test --frozen" "-e" "CARGO_TARGET_DIR=/target" "-e" "CARGO_INCREMENTAL=0" "-e" "RUST_BACKTRACE=full" "-e" "RUSTFLAGS=--cap-lints=warn" "-e" "CARGO_HOME=/cargo-home" "-e" "RUSTUP_HOME=/rustup-home" "-m" "1536M" "--network" "none" "crater"`
Dec 02 21:41:31.000 INFO [stdout] f59a1e9fc08cfba24783e5ee48fd3812d6690a393fd5c8d57c24713690534b45
Dec 02 21:41:31.002 INFO running `"docker" "start" "-a" "f59a1e9fc08cfba24783e5ee48fd3812d6690a393fd5c8d57c24713690534b45"`
Dec 02 21:41:31.612 INFO [stderr] usermod: no changes
Dec 02 21:41:31.707 INFO [stderr]     Finished dev [unoptimized + debuginfo] target(s) in 0.07s
Dec 02 21:41:31.710 INFO [stderr]      Running /target/debug/deps/publicsuffix-c107f991c5f4ed09
Dec 02 21:41:31.719 INFO [stdout] 
Dec 02 21:41:31.719 INFO [stdout] running 1 test
Dec 02 21:41:31.857 INFO [stdout] test tests::list_behaviour ... FAILED
Dec 02 21:41:31.857 INFO [stdout] 
Dec 02 21:41:31.857 INFO [stdout] failures:
Dec 02 21:41:31.857 INFO [stdout] 
Dec 02 21:41:31.857 INFO [stdout] ---- tests::list_behaviour stdout ----
Dec 02 21:41:31.857 INFO [stdout] thread 'tests::list_behaviour' panicked at 'called `Result::unwrap()` on an `Err` value: Error(Io(Custom { kind: Other, error: StringError("failed to lookup address information: Temporary failure in name resolution") }), State { next_error: None, backtrace: InternalBacktrace { backtrace: Some(stack backtrace:
Dec 02 21:41:31.857 INFO [stdout]    0:     0x55bb103e6765 - backtrace::backtrace::libunwind::trace::h7eec521c80dcd654
Dec 02 21:41:31.857 INFO [stdout]                         at /cargo-home/registry/src/github.com-1ecc6299db9ec823/backtrace-0.3.9/src/backtrace/libunwind.rs:53
Dec 02 21:41:31.857 INFO [stdout]                          - backtrace::backtrace::trace::h33cfb267eae5bd47
Dec 02 21:41:31.857 INFO [stdout]                         at /cargo-home/registry/src/github.com-1ecc6299db9ec823/backtrace-0.3.9/src/backtrace/mod.rs:42
Dec 02 21:41:31.857 INFO [stdout]    1:     0x55bb103e0efe - backtrace::capture::Backtrace::new_unresolved::h5e092e3759cbb994
Dec 02 21:41:31.857 INFO [stdout]                         at /cargo-home/registry/src/github.com-1ecc6299db9ec823/backtrace-0.3.9/src/capture.rs:88
Dec 02 21:41:31.857 INFO [stdout]    2:     0x55bb103dfb0f - error_chain::backtrace::imp::InternalBacktrace::new::h2ec719204e45ed07
Dec 02 21:41:31.857 INFO [stdout]                         at /cargo-home/registry/src/github.com-1ecc6299db9ec823/error-chain-0.12.0/src/backtrace.rs:56
Dec 02 21:41:31.857 INFO [stdout]    3:     0x55bb103ddd7e - <error_chain::State as core::default::Default>::default::h5176f7bbf40f0a89
Dec 02 21:41:31.857 INFO [stdout]                         at /cargo-home/registry/src/github.com-1ecc6299db9ec823/error-chain-0.12.0/src/lib.rs:666
Dec 02 21:41:31.857 INFO [stdout]    4:     0x55bb100fa3db - publicsuffix::errors::Error::from_kind::h6ab1c8c48f19838c
Dec 02 21:41:31.857 INFO [stdout]                         at /source/<::error_chain::error_chain::impl_error_chain_processed macros>:53
Dec 02 21:41:31.857 INFO [stdout]    5:     0x55bb100fa68f - <publicsuffix::errors::Error as core::convert::From<std::io::error::Error>>::from::h85d36f543ad4aaab
Dec 02 21:41:31.857 INFO [stdout]                         at src/errors.rs:6
Dec 02 21:41:31.857 INFO [stdout]    6:     0x55bb100e1dff - publicsuffix::request::h07cbaea05cb39ff6
Dec 02 21:41:31.857 INFO [stdout]                         at src/lib.rs:236
Dec 02 21:41:31.857 INFO [stdout]    7:     0x55bb100e3ce3 - publicsuffix::List::from_url::h538598ea01cd65ed
Dec 02 21:41:31.857 INFO [stdout]                         at src/lib.rs:322
Dec 02 21:41:31.857 INFO [stdout]    8:     0x55bb100e3e66 - publicsuffix::List::fetch::{{closure}}::hd84c145691f77fa4
Dec 02 21:41:31.857 INFO [stdout]                         at src/lib.rs:374
Dec 02 21:41:31.857 INFO [stdout]    9:     0x55bb100f06e9 - <core::result::Result<T, E>>::or_else::h396e58c464bd6a7e
Dec 02 21:41:31.857 INFO [stdout]                         at libcore/result.rs:717
Dec 02 21:41:31.857 INFO [stdout]   10:     0x55bb100e3e18 - publicsuffix::List::fetch::hadc5ad8c3ecde31f
Dec 02 21:41:31.857 INFO [stdout]                         at src/lib.rs:371
Dec 02 21:41:31.857 INFO [stdout]   11:     0x55bb100daf30 - publicsuffix::tests::list_behaviour::h6e3d70d2c877de6f
Dec 02 21:41:31.857 INFO [stdout]                         at src/tests.rs:9
Dec 02 21:41:31.857 INFO [stdout]   12:     0x55bb100daf09 - publicsuffix::tests::list_behaviour::{{closure}}::he14b95586ea97aa1
Dec 02 21:41:31.857 INFO [stdout]                         at src/tests.rs:8
Dec 02 21:41:31.857 INFO [stdout]   13:     0x55bb1010840d - core::ops::function::FnOnce::call_once::h0e51268f04e91c06
Dec 02 21:41:31.857 INFO [stdout]                         at libcore/ops/function.rs:238
Dec 02 21:41:31.857 INFO [stdout]   14:     0x55bb1012781e - test::run_test::{{closure}}::h3a5dfbe1d2fab93e
Dec 02 21:41:31.857 INFO [stdout]                         at libtest/lib.rs:1461
Dec 02 21:41:31.857 INFO [stdout]                          - core::ops::function::FnOnce::call_once::h1d9a9e4523345f36
Dec 02 21:41:31.857 INFO [stdout]                         at libcore/ops/function.rs:238
Dec 02 21:41:31.857 INFO [stdout]                          - <F as alloc::boxed::FnBox<A>>::call_box::hbea525814fa423cc
Dec 02 21:41:31.857 INFO [stdout]                         at liballoc/boxed.rs:646
Dec 02 21:41:31.857 INFO [stdout]   15:     0x55bb1042ca89 - __rust_maybe_catch_panic
Dec 02 21:41:31.857 INFO [stdout]                         at libpanic_unwind/lib.rs:103
Dec 02 21:41:31.857 INFO [stdout]   16:     0x55bb1013317d - std::panicking::try::h52ce98afaa08c3ec
Dec 02 21:41:31.857 INFO [stdout]                         at libstd/panicking.rs:289
Dec 02 21:41:31.857 INFO [stdout]                          - std::panic::catch_unwind::h8b1fa14840c8b239
Dec 02 21:41:31.857 INFO [stdout]                         at libstd/panic.rs:392
Dec 02 21:41:31.857 INFO [stdout]                          - test::run_test::run_test_inner::{{closure}}::h0c1fb56af3cc46d2
Dec 02 21:41:31.857 INFO [stdout]                         at libtest/lib.rs:1416
Dec 02 21:41:31.857 INFO [stdout]                          - std::sys_common::backtrace::__rust_begin_short_backtrace::h0ff507d7422944d3
Dec 02 21:41:31.857 INFO [stdout]                         at libstd/sys_common/backtrace.rs:136
Dec 02 21:41:31.857 INFO [stdout]   17:     0x55bb1014b7b4 - std::thread::Builder::spawn::{{closure}}::{{closure}}::h9015d15de724c3f6
Dec 02 21:41:31.857 INFO [stdout]                         at libstd/thread/mod.rs:409
Dec 02 21:41:31.857 INFO [stdout]                          - <std::panic::AssertUnwindSafe<F> as core::ops::function::FnOnce<()>>::call_once::hdade3f732363d95a
Dec 02 21:41:31.857 INFO [stdout]                         at libstd/panic.rs:313
Dec 02 21:41:31.857 INFO [stdout]                          - std::panicking::try::do_call::hba0bdcc3670471cc
Dec 02 21:41:31.857 INFO [stdout]                         at libstd/panicking.rs:310
Dec 02 21:41:31.857 INFO [stdout]   18:     0x55bb1042ca89 - __rust_maybe_catch_panic
Dec 02 21:41:31.857 INFO [stdout]                         at libpanic_unwind/lib.rs:103
Dec 02 21:41:31.857 INFO [stdout]   19:     0x55bb1013c086 - std::panicking::try::ha2cf51a98ef1d8df
Dec 02 21:41:31.857 INFO [stdout]                         at libstd/panicking.rs:289
Dec 02 21:41:31.857 INFO [stdout]                          - std::panic::catch_unwind::h9dbc14b90b636a56
Dec 02 21:41:31.857 INFO [stdout]                         at libstd/panic.rs:392
Dec 02 21:41:31.857 INFO [stdout]                          - std::thread::Builder::spawn::{{closure}}::h1e078d6b2c4e6a8f
Dec 02 21:41:31.858 INFO [stdout]                         at libstd/thread/mod.rs:408
Dec 02 21:41:31.858 INFO [stdout]                          - <F as alloc::boxed::FnBox<A>>::call_box::hdac52587b00591af
Dec 02 21:41:31.858 INFO [stdout]                         at liballoc/boxed.rs:646
Dec 02 21:41:31.858 INFO [stdout]   20:     0x55bb1041f3fa - <alloc::boxed::Box<(dyn alloc::boxed::FnBox<A, Output=R> + 'a)> as core::ops::function::FnOnce<A>>::call_once::hfedf8d10954bca7a
Dec 02 21:41:31.858 INFO [stdout]                         at liballoc/boxed.rs:656
Dec 02 21:41:31.858 INFO [stdout]                          - std::sys_common::thread::start_thread::h75d887c7d2cc4479
Dec 02 21:41:31.858 INFO [stdout]                         at libstd/sys_common/thread.rs:24
Dec 02 21:41:31.858 INFO [stdout]   21:     0x55bb1040e585 - std::sys::unix::thread::Thread::new::thread_start::h8414caee632bf9ed
Dec 02 21:41:31.858 INFO [stdout]                         at libstd/sys/unix/thread.rs:90
Dec 02 21:41:31.858 INFO [stdout]   22:     0x7fb1677c06b9 - start_thread
Dec 02 21:41:31.858 INFO [stdout]   23:     0x7fb1672e041c - clone
Dec 02 21:41:31.858 INFO [stdout]   24:                0x0 - <unknown>) } })', libcore/result.rs:1009:5
Dec 02 21:41:31.858 INFO [stdout] stack backtrace:
Dec 02 21:41:31.858 INFO [stdout]    0:     0x55bb1041d87e - std::sys::unix::backtrace::tracing::imp::unwind_backtrace::h15749a98198ba25f
Dec 02 21:41:31.858 INFO [stdout]                                at libstd/sys/unix/backtrace/tracing/gcc_s.rs:49
Dec 02 21:41:31.858 INFO [stdout]    1:     0x55bb1040f346 - std::sys_common::backtrace::print::h0ba65c811294dbf0
Dec 02 21:41:31.858 INFO [stdout]                                at libstd/sys_common/backtrace.rs:71
Dec 02 21:41:31.858 INFO [stdout]                                at libstd/sys_common/backtrace.rs:59
Dec 02 21:41:31.858 INFO [stdout]    2:     0x55bb1040d6ad - std::panicking::default_hook::{{closure}}::h42bb31757f0fee64
Dec 02 21:41:31.858 INFO [stdout]                                at libstd/panicking.rs:211
Dec 02 21:41:31.858 INFO [stdout]    3:     0x55bb1040d3bb - std::panicking::default_hook::hebc8848d7aa7dbd9
Dec 02 21:41:31.858 INFO [stdout]                                at libstd/panicking.rs:221
Dec 02 21:41:31.858 INFO [stdout]    4:     0x55bb1040dd5c - std::panicking::rust_panic_with_hook::h86e619a638415243
Dec 02 21:41:31.858 INFO [stdout]                                at libstd/panicking.rs:477
Dec 02 21:41:31.858 INFO [stdout]    5:     0x55bb1040d919 - std::panicking::continue_panic_fmt::h2d2d2bfb065a70b2
Dec 02 21:41:31.858 INFO [stdout]                                at libstd/panicking.rs:391
Dec 02 21:41:31.858 INFO [stdout]    6:     0x55bb1040d815 - rust_begin_unwind
Dec 02 21:41:31.858 INFO [stdout]                                at libstd/panicking.rs:326
Dec 02 21:41:31.858 INFO [stdout]    7:     0x55bb1045f5cb - core::panicking::panic_fmt::h2155aa66b67fe83c
Dec 02 21:41:31.858 INFO [stdout]                                at libcore/panicking.rs:77
Dec 02 21:41:31.858 INFO [stdout]    8:     0x55bb100f1dd3 - core::result::unwrap_failed::h8db897421437e487
Dec 02 21:41:31.858 INFO [stdout]                                at libcore/macros.rs:26
Dec 02 21:41:31.858 INFO [stdout]    9:     0x55bb100ef4eb - <core::result::Result<T, E>>::unwrap::h8af845c538500fd3
Dec 02 21:41:31.858 INFO [stdout]                                at libcore/result.rs:808
Dec 02 21:41:31.858 INFO [stdout]   10:     0x55bb100daf50 - publicsuffix::tests::list_behaviour::h6e3d70d2c877de6f
Dec 02 21:41:31.858 INFO [stdout]                                at src/tests.rs:9
Dec 02 21:41:31.858 INFO [stdout]   11:     0x55bb100daf09 - publicsuffix::tests::list_behaviour::{{closure}}::he14b95586ea97aa1
Dec 02 21:41:31.858 INFO [stdout]                                at src/tests.rs:8
Dec 02 21:41:31.858 INFO [stdout]   12:     0x55bb1010840d - core::ops::function::FnOnce::call_once::h0e51268f04e91c06
Dec 02 21:41:31.858 INFO [stdout]                                at libcore/ops/function.rs:238
Dec 02 21:41:31.858 INFO [stdout]   13:     0x55bb1012781e - <F as alloc::boxed::FnBox<A>>::call_box::hbea525814fa423cc
Dec 02 21:41:31.858 INFO [stdout]                                at libtest/lib.rs:1461
Dec 02 21:41:31.858 INFO [stdout]                                at libcore/ops/function.rs:238
Dec 02 21:41:31.858 INFO [stdout]                                at liballoc/boxed.rs:646
Dec 02 21:41:31.858 INFO [stdout]   14:     0x55bb1042ca89 - __rust_maybe_catch_panic
Dec 02 21:41:31.858 INFO [stdout]                                at libpanic_unwind/lib.rs:103
Dec 02 21:41:31.858 INFO [stdout]   15:     0x55bb1013317d - std::sys_common::backtrace::__rust_begin_short_backtrace::h0ff507d7422944d3
Dec 02 21:41:31.858 INFO [stdout]                                at libstd/panicking.rs:289
Dec 02 21:41:31.858 INFO [stdout]                                at libstd/panic.rs:392
Dec 02 21:41:31.858 INFO [stdout]                                at libtest/lib.rs:1416
Dec 02 21:41:31.858 INFO [stdout]                                at libstd/sys_common/backtrace.rs:136
Dec 02 21:41:31.858 INFO [stdout]   16:     0x55bb1014b7b4 - std::panicking::try::do_call::hba0bdcc3670471cc
Dec 02 21:41:31.858 INFO [stdout]                                at libstd/thread/mod.rs:409
Dec 02 21:41:31.858 INFO [stdout]                                at libstd/panic.rs:313
Dec 02 21:41:31.858 INFO [stdout]                                at libstd/panicking.rs:310
Dec 02 21:41:31.858 INFO [stdout]   17:     0x55bb1042ca89 - __rust_maybe_catch_panic
Dec 02 21:41:31.858 INFO [stdout]                                at libpanic_unwind/lib.rs:103
Dec 02 21:41:31.858 INFO [stdout]   18:     0x55bb1013c086 - <F as alloc::boxed::FnBox<A>>::call_box::hdac52587b00591af
Dec 02 21:41:31.858 INFO [stdout]                                at libstd/panicking.rs:289
Dec 02 21:41:31.858 INFO [stdout]                                at libstd/panic.rs:392
Dec 02 21:41:31.858 INFO [stdout]                                at libstd/thread/mod.rs:408
Dec 02 21:41:31.858 INFO [stdout]                                at liballoc/boxed.rs:646
Dec 02 21:41:31.858 INFO [stdout]   19:     0x55bb1041f3fa - std::sys_common::thread::start_thread::h75d887c7d2cc4479
Dec 02 21:41:31.858 INFO [stdout]                                at liballoc/boxed.rs:656
Dec 02 21:41:31.858 INFO [stdout]                                at libstd/sys_common/thread.rs:24
Dec 02 21:41:31.858 INFO [stdout]   20:     0x55bb1040e585 - std::sys::unix::thread::Thread::new::thread_start::h8414caee632bf9ed
Dec 02 21:41:31.858 INFO [stdout]                                at libstd/sys/unix/thread.rs:90
Dec 02 21:41:31.858 INFO [stdout]   21:     0x7fb1677c06b9 - start_thread
Dec 02 21:41:31.858 INFO [stdout]   22:     0x7fb1672e041c - clone
Dec 02 21:41:31.858 INFO [stdout]   23:                0x0 - <unknown>
Dec 02 21:41:31.858 INFO [stdout] 
Dec 02 21:41:31.858 INFO [stdout] 
Dec 02 21:41:31.858 INFO [stdout] failures:
Dec 02 21:41:31.858 INFO [stdout]     tests::list_behaviour
Dec 02 21:41:31.858 INFO [stdout] 
Dec 02 21:41:31.858 INFO [stdout] test result: FAILED. 0 passed; 1 failed; 0 ignored; 0 measured; 0 filtered out
Dec 02 21:41:31.858 INFO [stdout] 
Dec 02 21:41:31.860 INFO [stderr] error: test failed, to rerun pass '--lib'
Dec 02 21:41:31.862 INFO [stderr] su: No module specific data is present
Dec 02 21:41:32.326 INFO running `"docker" "inspect" "f59a1e9fc08cfba24783e5ee48fd3812d6690a393fd5c8d57c24713690534b45"`
Dec 02 21:41:32.456 INFO running `"docker" "rm" "-f" "f59a1e9fc08cfba24783e5ee48fd3812d6690a393fd5c8d57c24713690534b45"`
Dec 02 21:41:32.646 INFO [stdout] f59a1e9fc08cfba24783e5ee48fd3812d6690a393fd5c8d57c24713690534b45
