Dec 02 23:19:11.688 INFO testing pagerduty-0.2.0 against 1.30.1 for beta-1.31-5
Dec 02 23:19:11.688 INFO running `"docker" "create" "-v" "/mnt/big/crater/work/local/target-dirs/beta-1.31-5/worker-5/1.30.1:/target:rw,Z" "-v" "/mnt/big/crater/work/local/test-source/worker-5/beta-1.31-5/1.30.1:/source:ro,Z" "-v" "/mnt/big/crater/work/local/cargo-home:/cargo-home:ro,Z" "-v" "/mnt/big/crater/work/local/rustup-home:/rustup-home:ro,Z" "-e" "USER_ID=1000" "-e" "SOURCE_DIR=/source" "-e" "USER_ID=1000" "-e" "CMD=cargo +1.30.1 build --frozen" "-e" "CARGO_TARGET_DIR=/target" "-e" "CARGO_INCREMENTAL=0" "-e" "RUST_BACKTRACE=full" "-e" "RUSTFLAGS=--cap-lints=warn" "-e" "CARGO_HOME=/cargo-home" "-e" "RUSTUP_HOME=/rustup-home" "-m" "1536M" "--network" "none" "crater"`
Dec 02 23:19:11.927 INFO [stdout] 8de61f9f2406242f198cb8ce40b0c7456754cef5c798f07c2586fa3325869228
Dec 02 23:19:11.932 INFO running `"docker" "start" "-a" "8de61f9f2406242f198cb8ce40b0c7456754cef5c798f07c2586fa3325869228"`
Dec 02 23:19:12.583 INFO [stderr] usermod: no changes
Dec 02 23:19:12.722 INFO [stderr]    Compiling pagerduty v0.2.0 (/source)
Dec 02 23:19:15.587 INFO [stderr] warning: unused import: `AuthToken`
Dec 02 23:19:15.587 INFO [stderr]    --> src/integration.rs:546:9
Dec 02 23:19:15.587 INFO [stderr]     |
Dec 02 23:19:15.588 INFO [stderr] 546 |     use AuthToken;
Dec 02 23:19:15.588 INFO [stderr]     |         ^^^^^^^^^
Dec 02 23:19:15.588 INFO [stderr]     |
Dec 02 23:19:15.588 INFO [stderr]     = note: #[warn(unused_imports)] on by default
Dec 02 23:19:15.589 INFO [stderr] 
Dec 02 23:19:15.589 INFO [stderr] warning: unused imports: `Response`, `TriggerEvent`, `trigger`
Dec 02 23:19:15.589 INFO [stderr]    --> src/integration.rs:548:17
Dec 02 23:19:15.589 INFO [stderr]     |
Dec 02 23:19:15.590 INFO [stderr] 548 |     use super::{trigger, Response, TriggerEvent};
Dec 02 23:19:15.590 INFO [stderr]     |                 ^^^^^^^  ^^^^^^^^  ^^^^^^^^^^^^
Dec 02 23:19:15.590 INFO [stderr] 
Dec 02 23:19:16.591 INFO [stderr]     Finished dev [unoptimized + debuginfo] target(s) in 3.98s
Dec 02 23:19:16.599 INFO [stderr] su: No module specific data is present
Dec 02 23:19:16.852 INFO running `"docker" "inspect" "8de61f9f2406242f198cb8ce40b0c7456754cef5c798f07c2586fa3325869228"`
Dec 02 23:19:16.961 INFO running `"docker" "rm" "-f" "8de61f9f2406242f198cb8ce40b0c7456754cef5c798f07c2586fa3325869228"`
Dec 02 23:19:17.046 INFO [stdout] 8de61f9f2406242f198cb8ce40b0c7456754cef5c798f07c2586fa3325869228
Dec 02 23:19:17.048 INFO running `"docker" "create" "-v" "/mnt/big/crater/work/local/target-dirs/beta-1.31-5/worker-5/1.30.1:/target:rw,Z" "-v" "/mnt/big/crater/work/local/test-source/worker-5/beta-1.31-5/1.30.1:/source:ro,Z" "-v" "/mnt/big/crater/work/local/cargo-home:/cargo-home:ro,Z" "-v" "/mnt/big/crater/work/local/rustup-home:/rustup-home:ro,Z" "-e" "USER_ID=1000" "-e" "SOURCE_DIR=/source" "-e" "USER_ID=1000" "-e" "CMD=cargo +1.30.1 test --frozen --no-run" "-e" "CARGO_TARGET_DIR=/target" "-e" "CARGO_INCREMENTAL=0" "-e" "RUST_BACKTRACE=full" "-e" "RUSTFLAGS=--cap-lints=warn" "-e" "CARGO_HOME=/cargo-home" "-e" "RUSTUP_HOME=/rustup-home" "-m" "1536M" "--network" "none" "crater"`
Dec 02 23:19:17.255 INFO [stdout] 6e76385514967332083f863290c3f29dd295a43744ece4a439c6546d54c98a5f
Dec 02 23:19:17.256 INFO running `"docker" "start" "-a" "6e76385514967332083f863290c3f29dd295a43744ece4a439c6546d54c98a5f"`
Dec 02 23:19:17.759 INFO [stderr] usermod: no changes
Dec 02 23:19:17.876 INFO [stderr]    Compiling pagerduty v0.2.0 (/source)
Dec 02 23:19:24.018 INFO [stderr]     Finished dev [unoptimized + debuginfo] target(s) in 6.24s
Dec 02 23:19:24.026 INFO [stderr] su: No module specific data is present
Dec 02 23:19:24.949 INFO running `"docker" "inspect" "6e76385514967332083f863290c3f29dd295a43744ece4a439c6546d54c98a5f"`
Dec 02 23:19:25.307 INFO running `"docker" "rm" "-f" "6e76385514967332083f863290c3f29dd295a43744ece4a439c6546d54c98a5f"`
Dec 02 23:19:25.508 INFO [stdout] 6e76385514967332083f863290c3f29dd295a43744ece4a439c6546d54c98a5f
Dec 02 23:19:25.512 INFO running `"docker" "create" "-v" "/mnt/big/crater/work/local/target-dirs/beta-1.31-5/worker-5/1.30.1:/target:rw,Z" "-v" "/mnt/big/crater/work/local/test-source/worker-5/beta-1.31-5/1.30.1:/source:ro,Z" "-v" "/mnt/big/crater/work/local/cargo-home:/cargo-home:ro,Z" "-v" "/mnt/big/crater/work/local/rustup-home:/rustup-home:ro,Z" "-e" "USER_ID=1000" "-e" "SOURCE_DIR=/source" "-e" "USER_ID=1000" "-e" "CMD=cargo +1.30.1 test --frozen" "-e" "CARGO_TARGET_DIR=/target" "-e" "CARGO_INCREMENTAL=0" "-e" "RUST_BACKTRACE=full" "-e" "RUSTFLAGS=--cap-lints=warn" "-e" "CARGO_HOME=/cargo-home" "-e" "RUSTUP_HOME=/rustup-home" "-m" "1536M" "--network" "none" "crater"`
Dec 02 23:19:25.941 INFO [stdout] d972c07c8bc2d4307a571ade626ba30d5367ec89188347b8cf6f6f0fb951d031
Dec 02 23:19:25.943 INFO running `"docker" "start" "-a" "d972c07c8bc2d4307a571ade626ba30d5367ec89188347b8cf6f6f0fb951d031"`
Dec 02 23:19:26.513 INFO [stderr] usermod: no changes
Dec 02 23:19:26.621 INFO [stderr]     Finished dev [unoptimized + debuginfo] target(s) in 0.09s
Dec 02 23:19:26.627 INFO [stderr]      Running /target/debug/deps/pagerduty-60ab680c96ee090a
Dec 02 23:19:26.631 INFO [stdout] 
Dec 02 23:19:26.631 INFO [stdout] running 6 tests
Dec 02 23:19:26.639 INFO [stdout] test integration::tests::trigger_event_with_contexts_to_json ... ok
Dec 02 23:19:26.647 INFO [stdout] test integration::tests::trigger_event_to_json ... ok
Dec 02 23:19:26.647 INFO [stdout] test auth::tests::make_auth_token_with_owned_string ... ok
Dec 02 23:19:26.655 INFO [stdout] test auth::tests::make_auth_token_with_str_slice ... ok
Dec 02 23:19:26.656 INFO [stdout] test integration::tests::context_to_json ... ok
Dec 02 23:19:26.689 INFO [stdout] test integration::live_tests::invalid_auth_token_is_rejected ... FAILED
Dec 02 23:19:26.689 INFO [stdout] 
Dec 02 23:19:26.689 INFO [stdout] failures:
Dec 02 23:19:26.689 INFO [stdout] 
Dec 02 23:19:26.689 INFO [stdout] ---- integration::live_tests::invalid_auth_token_is_rejected stdout ----
Dec 02 23:19:26.689 INFO [stdout] thread 'integration::live_tests::invalid_auth_token_is_rejected' panicked at 'called `Result::unwrap()` on an `Err` value: Http(Io(Custom { kind: Other, error: StringError("failed to lookup address information: Temporary failure in name resolution") }))', libcore/result.rs:1009:5
Dec 02 23:19:26.689 INFO [stdout] stack backtrace:
Dec 02 23:19:26.689 INFO [stdout]    0:     0x5649260625ce - std::sys::unix::backtrace::tracing::imp::unwind_backtrace::h15749a98198ba25f
Dec 02 23:19:26.689 INFO [stdout]                                at libstd/sys/unix/backtrace/tracing/gcc_s.rs:49
Dec 02 23:19:26.689 INFO [stdout]    1:     0x564926054706 - std::sys_common::backtrace::print::h0ba65c811294dbf0
Dec 02 23:19:26.689 INFO [stdout]                                at libstd/sys_common/backtrace.rs:71
Dec 02 23:19:26.689 INFO [stdout]                                at libstd/sys_common/backtrace.rs:59
Dec 02 23:19:26.689 INFO [stdout]    2:     0x564926052b2d - std::panicking::default_hook::{{closure}}::h42bb31757f0fee64
Dec 02 23:19:26.689 INFO [stdout]                                at libstd/panicking.rs:211
Dec 02 23:19:26.689 INFO [stdout]    3:     0x56492605283b - std::panicking::default_hook::hebc8848d7aa7dbd9
Dec 02 23:19:26.689 INFO [stdout]                                at libstd/panicking.rs:221
Dec 02 23:19:26.689 INFO [stdout]    4:     0x5649260531dc - std::panicking::rust_panic_with_hook::h86e619a638415243
Dec 02 23:19:26.689 INFO [stdout]                                at libstd/panicking.rs:477
Dec 02 23:19:26.689 INFO [stdout]    5:     0x564926052d99 - std::panicking::continue_panic_fmt::h2d2d2bfb065a70b2
Dec 02 23:19:26.689 INFO [stdout]                                at libstd/panicking.rs:391
Dec 02 23:19:26.689 INFO [stdout]    6:     0x564926052c95 - rust_begin_unwind
Dec 02 23:19:26.689 INFO [stdout]                                at libstd/panicking.rs:326
Dec 02 23:19:26.689 INFO [stdout]    7:     0x5649260a4d3b - core::panicking::panic_fmt::h2155aa66b67fe83c
Dec 02 23:19:26.689 INFO [stdout]                                at libcore/panicking.rs:77
Dec 02 23:19:26.689 INFO [stdout]    8:     0x564925e643b3 - core::result::unwrap_failed::hadf576e695c49523
Dec 02 23:19:26.689 INFO [stdout]                                at libcore/macros.rs:26
Dec 02 23:19:26.689 INFO [stdout]    9:     0x564925e63a5b - <core::result::Result<T, E>>::unwrap::h308f0091d6545387
Dec 02 23:19:26.689 INFO [stdout]                                at libcore/result.rs:808
Dec 02 23:19:26.689 INFO [stdout]   10:     0x564925e630f1 - pagerduty::integration::live_tests::invalid_auth_token_is_rejected::h3add5e6a0afd21fa
Dec 02 23:19:26.689 INFO [stdout]                                at src/integration.rs:554
Dec 02 23:19:26.689 INFO [stdout]   11:     0x564925e63039 - pagerduty::integration::live_tests::invalid_auth_token_is_rejected::{{closure}}::ha6bc722224d4aaab
Dec 02 23:19:26.689 INFO [stdout]                                at src/integration.rs:551
Dec 02 23:19:26.689 INFO [stdout]   12:     0x564925e7632d - core::ops::function::FnOnce::call_once::hb8da82241a802ada
Dec 02 23:19:26.689 INFO [stdout]                                at libcore/ops/function.rs:238
Dec 02 23:19:26.689 INFO [stdout]   13:     0x564925e7a72e - <F as alloc::boxed::FnBox<A>>::call_box::hbea525814fa423cc
Dec 02 23:19:26.689 INFO [stdout]                                at libtest/lib.rs:1461
Dec 02 23:19:26.689 INFO [stdout]                                at libcore/ops/function.rs:238
Dec 02 23:19:26.689 INFO [stdout]                                at liballoc/boxed.rs:646
Dec 02 23:19:26.689 INFO [stdout]   14:     0x564926071559 - __rust_maybe_catch_panic
Dec 02 23:19:26.689 INFO [stdout]                                at libpanic_unwind/lib.rs:103
Dec 02 23:19:26.689 INFO [stdout]   15:     0x564925e8608d - std::sys_common::backtrace::__rust_begin_short_backtrace::h0ff507d7422944d3
Dec 02 23:19:26.689 INFO [stdout]                                at libstd/panicking.rs:289
Dec 02 23:19:26.689 INFO [stdout]                                at libstd/panic.rs:392
Dec 02 23:19:26.689 INFO [stdout]                                at libtest/lib.rs:1416
Dec 02 23:19:26.689 INFO [stdout]                                at libstd/sys_common/backtrace.rs:136
Dec 02 23:19:26.689 INFO [stdout]   16:     0x564925e9e6c4 - std::panicking::try::do_call::hba0bdcc3670471cc
Dec 02 23:19:26.689 INFO [stdout]                                at libstd/thread/mod.rs:409
Dec 02 23:19:26.689 INFO [stdout]                                at libstd/panic.rs:313
Dec 02 23:19:26.689 INFO [stdout]                                at libstd/panicking.rs:310
Dec 02 23:19:26.689 INFO [stdout]   17:     0x564926071559 - __rust_maybe_catch_panic
Dec 02 23:19:26.689 INFO [stdout]                                at libpanic_unwind/lib.rs:103
Dec 02 23:19:26.689 INFO [stdout]   18:     0x564925e8ef96 - <F as alloc::boxed::FnBox<A>>::call_box::hdac52587b00591af
Dec 02 23:19:26.689 INFO [stdout]                                at libstd/panicking.rs:289
Dec 02 23:19:26.689 INFO [stdout]                                at libstd/panic.rs:392
Dec 02 23:19:26.689 INFO [stdout]                                at libstd/thread/mod.rs:408
Dec 02 23:19:26.689 INFO [stdout]                                at liballoc/boxed.rs:646
Dec 02 23:19:26.689 INFO [stdout]   19:     0x56492606410a - std::sys_common::thread::start_thread::h75d887c7d2cc4479
Dec 02 23:19:26.689 INFO [stdout]                                at liballoc/boxed.rs:656
Dec 02 23:19:26.689 INFO [stdout]                                at libstd/sys_common/thread.rs:24
Dec 02 23:19:26.690 INFO [stdout]   20:     0x564926053945 - std::sys::unix::thread::Thread::new::thread_start::h8414caee632bf9ed
Dec 02 23:19:26.690 INFO [stdout]                                at libstd/sys/unix/thread.rs:90
Dec 02 23:19:26.690 INFO [stdout]   21:     0x7f8577c386b9 - start_thread
Dec 02 23:19:26.690 INFO [stdout]   22:     0x7f857775841c - clone
Dec 02 23:19:26.690 INFO [stdout]   23:                0x0 - <unknown>
Dec 02 23:19:26.690 INFO [stdout] 
Dec 02 23:19:26.690 INFO [stdout] 
Dec 02 23:19:26.690 INFO [stdout] failures:
Dec 02 23:19:26.690 INFO [stdout]     integration::live_tests::invalid_auth_token_is_rejected
Dec 02 23:19:26.690 INFO [stdout] 
Dec 02 23:19:26.690 INFO [stdout] test result: FAILED. 5 passed; 1 failed; 0 ignored; 0 measured; 0 filtered out
Dec 02 23:19:26.690 INFO [stdout] 
Dec 02 23:19:26.693 INFO [stderr] error: test failed, to rerun pass '--lib'
Dec 02 23:19:26.695 INFO [stderr] su: No module specific data is present
Dec 02 23:19:27.007 INFO running `"docker" "inspect" "d972c07c8bc2d4307a571ade626ba30d5367ec89188347b8cf6f6f0fb951d031"`
Dec 02 23:19:27.152 INFO running `"docker" "rm" "-f" "d972c07c8bc2d4307a571ade626ba30d5367ec89188347b8cf6f6f0fb951d031"`
Dec 02 23:19:27.391 INFO [stdout] d972c07c8bc2d4307a571ade626ba30d5367ec89188347b8cf6f6f0fb951d031
