Dec 03 01:37:26.029 INFO testing mio-0.6.16 against 1.30.1 for beta-1.31-5
Dec 03 01:37:26.030 INFO running `"docker" "create" "-v" "/mnt/big/crater/work/local/target-dirs/beta-1.31-5/worker-2/1.30.1:/target:rw,Z" "-v" "/mnt/big/crater/work/local/test-source/worker-2/beta-1.31-5/1.30.1:/source:ro,Z" "-v" "/mnt/big/crater/work/local/cargo-home:/cargo-home:ro,Z" "-v" "/mnt/big/crater/work/local/rustup-home:/rustup-home:ro,Z" "-e" "USER_ID=1000" "-e" "SOURCE_DIR=/source" "-e" "USER_ID=1000" "-e" "CMD=cargo +1.30.1 build --frozen" "-e" "CARGO_TARGET_DIR=/target" "-e" "CARGO_INCREMENTAL=0" "-e" "RUST_BACKTRACE=full" "-e" "RUSTFLAGS=--cap-lints=warn" "-e" "CARGO_HOME=/cargo-home" "-e" "RUSTUP_HOME=/rustup-home" "-m" "1536M" "--network" "none" "crater"`
Dec 03 01:37:26.476 INFO [stdout] 167be828f14d61740f85d4533b142cc7b62a5ca72522d7f2205a20e9ee3dbaf7
Dec 03 01:37:26.487 INFO running `"docker" "start" "-a" "167be828f14d61740f85d4533b142cc7b62a5ca72522d7f2205a20e9ee3dbaf7"`
Dec 03 01:37:27.483 INFO [stderr] usermod: no changes
Dec 03 01:37:27.565 INFO [stderr]    Compiling mio v0.6.16 (/source)
Dec 03 01:37:30.627 INFO [stderr]     Finished dev [unoptimized + debuginfo] target(s) in 3.10s
Dec 03 01:37:30.627 INFO [stderr] su: No module specific data is present
Dec 03 01:37:31.244 INFO running `"docker" "inspect" "167be828f14d61740f85d4533b142cc7b62a5ca72522d7f2205a20e9ee3dbaf7"`
Dec 03 01:37:31.467 INFO running `"docker" "rm" "-f" "167be828f14d61740f85d4533b142cc7b62a5ca72522d7f2205a20e9ee3dbaf7"`
Dec 03 01:37:31.622 INFO [stdout] 167be828f14d61740f85d4533b142cc7b62a5ca72522d7f2205a20e9ee3dbaf7
Dec 03 01:37:31.629 INFO running `"docker" "create" "-v" "/mnt/big/crater/work/local/target-dirs/beta-1.31-5/worker-2/1.30.1:/target:rw,Z" "-v" "/mnt/big/crater/work/local/test-source/worker-2/beta-1.31-5/1.30.1:/source:ro,Z" "-v" "/mnt/big/crater/work/local/cargo-home:/cargo-home:ro,Z" "-v" "/mnt/big/crater/work/local/rustup-home:/rustup-home:ro,Z" "-e" "USER_ID=1000" "-e" "SOURCE_DIR=/source" "-e" "USER_ID=1000" "-e" "CMD=cargo +1.30.1 test --frozen --no-run" "-e" "CARGO_TARGET_DIR=/target" "-e" "CARGO_INCREMENTAL=0" "-e" "RUST_BACKTRACE=full" "-e" "RUSTFLAGS=--cap-lints=warn" "-e" "CARGO_HOME=/cargo-home" "-e" "RUSTUP_HOME=/rustup-home" "-m" "1536M" "--network" "none" "crater"`
Dec 03 01:37:31.971 INFO [stdout] a0bb0d784a775555944d5eecc913061aae28dea995cfd3302a7231e3a143589f
Dec 03 01:37:31.975 INFO running `"docker" "start" "-a" "a0bb0d784a775555944d5eecc913061aae28dea995cfd3302a7231e3a143589f"`
Dec 03 01:37:32.856 INFO [stderr] usermod: no changes
Dec 03 01:37:32.947 INFO [stderr]    Compiling env_logger v0.4.3
Dec 03 01:37:34.275 INFO [stderr]    Compiling mio v0.6.16 (/source)
Dec 03 01:37:44.078 INFO [stderr]     Finished dev [unoptimized + debuginfo] target(s) in 11.18s
Dec 03 01:37:44.083 INFO [stderr] su: No module specific data is present
Dec 03 01:37:44.795 INFO running `"docker" "inspect" "a0bb0d784a775555944d5eecc913061aae28dea995cfd3302a7231e3a143589f"`
Dec 03 01:37:44.921 INFO running `"docker" "rm" "-f" "a0bb0d784a775555944d5eecc913061aae28dea995cfd3302a7231e3a143589f"`
Dec 03 01:37:45.111 INFO [stdout] a0bb0d784a775555944d5eecc913061aae28dea995cfd3302a7231e3a143589f
Dec 03 01:37:45.127 INFO running `"docker" "create" "-v" "/mnt/big/crater/work/local/target-dirs/beta-1.31-5/worker-2/1.30.1:/target:rw,Z" "-v" "/mnt/big/crater/work/local/test-source/worker-2/beta-1.31-5/1.30.1:/source:ro,Z" "-v" "/mnt/big/crater/work/local/cargo-home:/cargo-home:ro,Z" "-v" "/mnt/big/crater/work/local/rustup-home:/rustup-home:ro,Z" "-e" "USER_ID=1000" "-e" "SOURCE_DIR=/source" "-e" "USER_ID=1000" "-e" "CMD=cargo +1.30.1 test --frozen" "-e" "CARGO_TARGET_DIR=/target" "-e" "CARGO_INCREMENTAL=0" "-e" "RUST_BACKTRACE=full" "-e" "RUSTFLAGS=--cap-lints=warn" "-e" "CARGO_HOME=/cargo-home" "-e" "RUSTUP_HOME=/rustup-home" "-m" "1536M" "--network" "none" "crater"`
Dec 03 01:37:45.386 INFO [stdout] 498c656f9603c59b22b9f1a18f52c72cdd81b9cafc0c4512941038bf9999a167
Dec 03 01:37:45.388 INFO running `"docker" "start" "-a" "498c656f9603c59b22b9f1a18f52c72cdd81b9cafc0c4512941038bf9999a167"`
Dec 03 01:37:45.843 INFO [stderr] usermod: no changes
Dec 03 01:37:45.895 INFO [stderr]     Finished dev [unoptimized + debuginfo] target(s) in 0.03s
Dec 03 01:37:45.898 INFO [stderr]      Running /target/debug/deps/mio-ca2968146d3e66ea
Dec 03 01:37:45.902 INFO [stdout] 
Dec 03 01:37:45.902 INFO [stdout] running 3 tests
Dec 03 01:37:45.903 INFO [stdout] test poll::as_raw_fd ... ok
Dec 03 01:37:45.907 INFO [stdout] test event_imp::test_debug_ready ... ok
Dec 03 01:37:45.907 INFO [stdout] test event_imp::test_debug_pollopt ... ok
Dec 03 01:37:45.907 INFO [stdout] 
Dec 03 01:37:45.907 INFO [stdout] test result: ok. 3 passed; 0 failed; 0 ignored; 0 measured; 0 filtered out
Dec 03 01:37:45.907 INFO [stdout] 
Dec 03 01:37:45.908 INFO [stderr]      Running /target/debug/deps/test-972c18f3ef61811d
Dec 03 01:37:45.911 INFO [stdout] 
Dec 03 01:37:45.911 INFO [stdout] running 60 tests
Dec 03 01:37:45.927 INFO [stdout] test test_custom_evented::smoke ... ok
Dec 03 01:37:45.955 INFO [stdout] test test_close_on_drop::test_close_on_drop ... ok
Dec 03 01:37:45.984 INFO [stdout] test test_double_register::test_double_register ... ok
Dec 03 01:37:46.074 INFO [stdout] test test_echo_server::test_echo_server ... ok
Dec 03 01:37:46.074 INFO [stdout] test test_local_addr_ready::local_addr_ready ... ok
Dec 03 01:37:46.312 INFO [stdout] test test_custom_evented::stress::with_small_events_collection ... ok
Dec 03 01:37:46.415 INFO [stdout] test test_multicast::test_multicast ... FAILED
Dec 03 01:37:46.427 INFO [stdout] test test_notify::test_notify_capacity ... ok
Dec 03 01:37:46.451 INFO [stdout] test test_custom_evented::stress::multi_threaded_poll ... ok
Dec 03 01:37:46.487 INFO [stdout] test test_oneshot::test_tcp_edge_oneshot ... ok
Dec 03 01:37:46.543 INFO [stdout] test test_poll::test_poll_closes_fd ... ok
Dec 03 01:37:46.543 INFO [stdout] test test_poll_channel::test_dropping_receive_before_poll ... ok
Dec 03 01:37:46.568 INFO [stdout] test test_notify::test_notify_drop ... ok
Dec 03 01:37:46.795 INFO [stdout] test test_poll_channel::test_mixing_channel_with_socket ... ok
Dec 03 01:37:46.919 INFO [stdout] test test_broken_pipe::broken_pipe ... ok
Dec 03 01:37:47.117 INFO [stdout] test test_poll_channel::test_poll_channel_level ... ok
Dec 03 01:37:47.376 INFO [stdout] test test_notify::test_notify ... ok
Dec 03 01:37:47.471 INFO [stdout] test test_poll_channel::test_poll_channel_edge ... ok
Dec 03 01:37:47.575 INFO [stdout] test test_register_deregister::test_register_deregister ... ok
Dec 03 01:37:47.691 INFO [stdout] test test_register_deregister::test_register_empty_interest ... ok
Dec 03 01:37:47.691 INFO [stdout] test test_register_multiple_event_loops::test_tcp_register_multiple_event_loops ... ok
Dec 03 01:37:47.703 INFO [stdout] test test_register_multiple_event_loops::test_udp_register_multiple_event_loops ... ok
Dec 03 01:37:47.727 INFO [stdout] test test_poll_channel::test_poll_channel_writable ... ok
Dec 03 01:37:47.831 INFO [stdout] test test_smoke::add_then_drop ... ok
Dec 03 01:37:47.855 INFO [stdout] test test_custom_evented::drop_registration_from_non_main_thread ... ok
Dec 03 01:37:47.947 INFO [stdout] test test_smoke::run_once_with_nothing ... ok
Dec 03 01:37:48.007 INFO [stdout] test test_tcp::accept ... ok
Dec 03 01:37:48.063 INFO [stdout] test test_tcp::bind_twice_bad ... ok
Dec 03 01:37:48.079 INFO [stdout] test test_tcp::connect ... ok
Dec 03 01:37:48.079 INFO [stdout] test test_tcp::connect_error ... ok
Dec 03 01:37:48.079 INFO [stdout] test test_tcp::connect_then_close ... ok
Dec 03 01:37:48.181 INFO [stdout] test test_tcp::connection_reset_by_peer ... ok
Dec 03 01:37:48.291 INFO [stdout] test test_tcp::listen_then_close ... ok
Dec 03 01:37:48.299 INFO [stdout] test test_tcp::multiple_writes_immediate_success ... ok
Dec 03 01:37:48.539 INFO [stdout] test test_tcp::peek ... ok
Dec 03 01:37:48.627 INFO [stdout] test test_tcp::read ... ok
Dec 03 01:37:48.747 INFO [stdout] test test_poll_channel::test_sending_from_other_thread_while_polling ... ok
Dec 03 01:37:48.747 INFO [stdout] test test_tcp::test_tcp_sockets_are_send ... ok
Dec 03 01:37:48.806 INFO [stdout] test test_poll_channel::test_poll_channel_oneshot ... ok
Dec 03 01:37:48.922 INFO [stdout] test test_tcp::write ... ok
Dec 03 01:37:48.953 INFO [stdout] test test_tcp::write_error ... ok
Dec 03 01:37:48.953 INFO [stdout] test test_tcp_level::test_tcp_listener_level_triggered ... ok
Dec 03 01:37:48.953 INFO [stdout] test test_subprocess_pipe::test_subprocess_pipe ... ok
Dec 03 01:37:49.214 INFO [stdout] test test_tick::test_tick ... ok
Dec 03 01:37:49.704 INFO [stdout] test test_reregister_without_poll::test_reregister_different_without_poll ... ok
Dec 03 01:37:49.704 INFO [stdout] test test_udp_socket::test_udp_socket ... ok
Dec 03 01:37:49.705 INFO [stdout] test test_udp_socket::test_udp_socket_discard ... ok
Dec 03 01:37:49.705 INFO [stdout] test test_tcp_level::test_tcp_stream_level_triggered ... ok
Dec 03 01:37:49.707 INFO [stdout] test test_udp_socket::test_udp_socket_send_recv ... ok
Dec 03 01:37:49.709 INFO [stdout] test test_unix_echo_server::test_unix_echo_server ... ok
Dec 03 01:37:49.711 INFO [stdout] test test_unix_pass_fd::test_unix_pass_fd ... ok
Dec 03 01:37:49.715 INFO [stdout] test test_uds_shutdown::test_echo_server ... ok
Dec 03 01:37:49.715 INFO [stdout] test test_udp_level::test_udp_level_triggered ... ok
Dec 03 01:37:49.715 INFO [stdout] test test_write_then_drop::write_then_deregister ... ok
Dec 03 01:37:49.715 INFO [stdout] test test_write_then_drop::write_then_drop ... ok
Dec 03 01:37:51.288 INFO [stdout] test test_tcp::read_bufs ... ok
Dec 03 01:37:51.831 INFO [stdout] test test_tcp::write_bufs ... ok
Dec 03 01:37:54.739 INFO [stdout] test test_custom_evented::set_readiness_before_register ... ok
Dec 03 01:37:54.993 INFO [stdout] test test_battery::test_echo_server ... ok
Dec 03 01:37:58.539 INFO [stdout] test test_custom_evented::stress::single_threaded_poll ... ok
Dec 03 01:37:58.539 INFO [stdout] 
Dec 03 01:37:58.539 INFO [stdout] failures:
Dec 03 01:37:58.539 INFO [stdout] 
Dec 03 01:37:58.539 INFO [stdout] ---- test_multicast::test_multicast stdout ----
Dec 03 01:37:58.539 INFO [stdout] thread 'test_multicast::test_multicast' panicked at 'called `Result::unwrap()` on an `Err` value: Os { code: 19, kind: Other, message: "No such device" }', libcore/result.rs:1009:5
Dec 03 01:37:58.539 INFO [stdout] stack backtrace:
Dec 03 01:37:58.539 INFO [stdout]    0:     0x5621cd375d4e - std::sys::unix::backtrace::tracing::imp::unwind_backtrace::h15749a98198ba25f
Dec 03 01:37:58.539 INFO [stdout]                                at libstd/sys/unix/backtrace/tracing/gcc_s.rs:49
Dec 03 01:37:58.539 INFO [stdout]    1:     0x5621cd362216 - std::sys_common::backtrace::print::h0ba65c811294dbf0
Dec 03 01:37:58.539 INFO [stdout]                                at libstd/sys_common/backtrace.rs:71
Dec 03 01:37:58.539 INFO [stdout]                                at libstd/sys_common/backtrace.rs:59
Dec 03 01:37:58.539 INFO [stdout]    2:     0x5621cd36040d - std::panicking::default_hook::{{closure}}::h42bb31757f0fee64
Dec 03 01:37:58.539 INFO [stdout]                                at libstd/panicking.rs:211
Dec 03 01:37:58.539 INFO [stdout]    3:     0x5621cd36011b - std::panicking::default_hook::hebc8848d7aa7dbd9
Dec 03 01:37:58.539 INFO [stdout]                                at libstd/panicking.rs:221
Dec 03 01:37:58.539 INFO [stdout]    4:     0x5621cd360abc - std::panicking::rust_panic_with_hook::h86e619a638415243
Dec 03 01:37:58.539 INFO [stdout]                                at libstd/panicking.rs:477
Dec 03 01:37:58.539 INFO [stdout]    5:     0x5621cd360679 - std::panicking::continue_panic_fmt::h2d2d2bfb065a70b2
Dec 03 01:37:58.539 INFO [stdout]                                at libstd/panicking.rs:391
Dec 03 01:37:58.539 INFO [stdout]    6:     0x5621cd360575 - rust_begin_unwind
Dec 03 01:37:58.539 INFO [stdout]                                at libstd/panicking.rs:326
Dec 03 01:37:58.539 INFO [stdout]    7:     0x5621cd3b8dfb - core::panicking::panic_fmt::h2155aa66b67fe83c
Dec 03 01:37:58.539 INFO [stdout]                                at libcore/panicking.rs:77
Dec 03 01:37:58.539 INFO [stdout]    8:     0x5621cd307af3 - core::result::unwrap_failed::h9de4e8e05a803135
Dec 03 01:37:58.539 INFO [stdout]                                at libcore/macros.rs:26
Dec 03 01:37:58.539 INFO [stdout]    9:     0x5621cd30737f - <core::result::Result<T, E>>::unwrap::hda11039653c54c37
Dec 03 01:37:58.539 INFO [stdout]                                at libcore/result.rs:808
Dec 03 01:37:58.539 INFO [stdout]   10:     0x5621cd1f8ab7 - test::test_multicast::test_multicast::hf7d978a6d838cfa3
Dec 03 01:37:58.539 INFO [stdout]                                at test/test_multicast.rs:83
Dec 03 01:37:58.539 INFO [stdout]   11:     0x5621cd1f85d9 - test::test_multicast::test_multicast::{{closure}}::h1448f84bbd6af771
Dec 03 01:37:58.539 INFO [stdout]                                at test/test_multicast.rs:70
Dec 03 01:37:58.539 INFO [stdout]   12:     0x5621cd22d85d - core::ops::function::FnOnce::call_once::h50d582be4e83f91d
Dec 03 01:37:58.539 INFO [stdout]                                at libcore/ops/function.rs:238
Dec 03 01:37:58.539 INFO [stdout]   13:     0x5621cd2ba9ae - <F as alloc::boxed::FnBox<A>>::call_box::hbea525814fa423cc
Dec 03 01:37:58.539 INFO [stdout]                                at libtest/lib.rs:1461
Dec 03 01:37:58.539 INFO [stdout]                                at libcore/ops/function.rs:238
Dec 03 01:37:58.539 INFO [stdout]                                at liballoc/boxed.rs:646
Dec 03 01:37:58.539 INFO [stdout]   14:     0x5621cd3886e9 - __rust_maybe_catch_panic
Dec 03 01:37:58.539 INFO [stdout]                                at libpanic_unwind/lib.rs:103
Dec 03 01:37:58.540 INFO [stdout]   15:     0x5621cd2c630d - std::sys_common::backtrace::__rust_begin_short_backtrace::h0ff507d7422944d3
Dec 03 01:37:58.540 INFO [stdout]                                at libstd/panicking.rs:289
Dec 03 01:37:58.540 INFO [stdout]                                at libstd/panic.rs:392
Dec 03 01:37:58.540 INFO [stdout]                                at libtest/lib.rs:1416
Dec 03 01:37:58.540 INFO [stdout]                                at libstd/sys_common/backtrace.rs:136
Dec 03 01:37:58.540 INFO [stdout]   16:     0x5621cd2de944 - std::panicking::try::do_call::hba0bdcc3670471cc
Dec 03 01:37:58.540 INFO [stdout]                                at libstd/thread/mod.rs:409
Dec 03 01:37:58.540 INFO [stdout]                                at libstd/panic.rs:313
Dec 03 01:37:58.540 INFO [stdout]                                at libstd/panicking.rs:310
Dec 03 01:37:58.540 INFO [stdout]   17:     0x5621cd3886e9 - __rust_maybe_catch_panic
Dec 03 01:37:58.540 INFO [stdout]                                at libpanic_unwind/lib.rs:103
Dec 03 01:37:58.540 INFO [stdout]   18:     0x5621cd2cf216 - <F as alloc::boxed::FnBox<A>>::call_box::hdac52587b00591af
Dec 03 01:37:58.540 INFO [stdout]                                at libstd/panicking.rs:289
Dec 03 01:37:58.540 INFO [stdout]                                at libstd/panic.rs:392
Dec 03 01:37:58.540 INFO [stdout]                                at libstd/thread/mod.rs:408
Dec 03 01:37:58.540 INFO [stdout]                                at liballoc/boxed.rs:646
Dec 03 01:37:58.540 INFO [stdout]   19:     0x5621cd377bda - std::sys_common::thread::start_thread::h75d887c7d2cc4479
Dec 03 01:37:58.540 INFO [stdout]                                at liballoc/boxed.rs:656
Dec 03 01:37:58.540 INFO [stdout]                                at libstd/sys_common/thread.rs:24
Dec 03 01:37:58.540 INFO [stdout]   20:     0x5621cd361285 - std::sys::unix::thread::Thread::new::thread_start::h8414caee632bf9ed
Dec 03 01:37:58.540 INFO [stdout]                                at libstd/sys/unix/thread.rs:90
Dec 03 01:37:58.540 INFO [stdout]   21:     0x7f79e1ad56b9 - start_thread
Dec 03 01:37:58.540 INFO [stdout]   22:     0x7f79e15f541c - clone
Dec 03 01:37:58.540 INFO [stdout]   23:                0x0 - <unknown>
Dec 03 01:37:58.540 INFO [stdout] 
Dec 03 01:37:58.540 INFO [stdout] 
Dec 03 01:37:58.540 INFO [stdout] failures:
Dec 03 01:37:58.540 INFO [stdout]     test_multicast::test_multicast
Dec 03 01:37:58.540 INFO [stdout] 
Dec 03 01:37:58.540 INFO [stdout] test result: FAILED. 59 passed; 1 failed; 0 ignored; 0 measured; 0 filtered out
Dec 03 01:37:58.540 INFO [stdout] 
Dec 03 01:37:58.555 INFO [stderr] error: test failed, to rerun pass '--test test'
Dec 03 01:37:58.555 INFO [stderr] su: No module specific data is present
Dec 03 01:37:59.223 INFO running `"docker" "inspect" "498c656f9603c59b22b9f1a18f52c72cdd81b9cafc0c4512941038bf9999a167"`
Dec 03 01:37:59.511 INFO running `"docker" "rm" "-f" "498c656f9603c59b22b9f1a18f52c72cdd81b9cafc0c4512941038bf9999a167"`
Dec 03 01:37:59.663 INFO [stdout] 498c656f9603c59b22b9f1a18f52c72cdd81b9cafc0c4512941038bf9999a167
