Dec 03 03:11:03.040 INFO testing libads-0.1.0-beta against 1.30.1 for beta-1.31-5
Dec 03 03:11:03.040 INFO running `"docker" "create" "-v" "/mnt/big/crater/work/local/target-dirs/beta-1.31-5/worker-3/1.30.1:/target:rw,Z" "-v" "/mnt/big/crater/work/local/test-source/worker-3/beta-1.31-5/1.30.1:/source:ro,Z" "-v" "/mnt/big/crater/work/local/cargo-home:/cargo-home:ro,Z" "-v" "/mnt/big/crater/work/local/rustup-home:/rustup-home:ro,Z" "-e" "USER_ID=1000" "-e" "SOURCE_DIR=/source" "-e" "USER_ID=1000" "-e" "CMD=cargo +1.30.1 build --frozen" "-e" "CARGO_TARGET_DIR=/target" "-e" "CARGO_INCREMENTAL=0" "-e" "RUST_BACKTRACE=full" "-e" "RUSTFLAGS=--cap-lints=warn" "-e" "CARGO_HOME=/cargo-home" "-e" "RUSTUP_HOME=/rustup-home" "-m" "1536M" "--network" "none" "crater"`
Dec 03 03:11:03.192 INFO [stdout] d1186989bcc73d0b1f2b3eb43218a2a79c659ddea66280bc00022499ad61ddbe
Dec 03 03:11:03.194 INFO running `"docker" "start" "-a" "d1186989bcc73d0b1f2b3eb43218a2a79c659ddea66280bc00022499ad61ddbe"`
Dec 03 03:11:03.875 INFO [stderr] usermod: no changes
Dec 03 03:11:04.165 INFO [stderr]    Compiling slog v1.7.1
Dec 03 03:11:04.172 INFO [stderr]    Compiling utf-8 v0.6.0
Dec 03 03:11:04.187 INFO [stderr]    Compiling isatty v0.1.9
Dec 03 03:11:04.192 INFO [stderr]    Compiling string_cache v0.2.29
Dec 03 03:11:04.192 INFO [stderr]    Compiling html5ever v0.5.4
Dec 03 03:11:04.192 INFO [stderr]    Compiling chrono v0.2.25
Dec 03 03:11:08.703 INFO [stderr]    Compiling tendril v0.2.4
Dec 03 03:11:09.111 INFO [stderr]    Compiling slog-extra v0.1.2
Dec 03 03:11:16.276 INFO [stderr]    Compiling slog-stream v1.2.1
Dec 03 03:11:20.825 INFO [stderr]    Compiling slog-term v1.5.0
Dec 03 03:11:26.647 INFO [stderr]    Compiling slog-stdlog v1.1.0
Dec 03 03:11:34.107 INFO [stderr]    Compiling select v0.3.0
Dec 03 03:11:40.163 INFO [stderr]    Compiling libads v0.1.0-beta (/source)
Dec 03 03:11:46.635 INFO [stderr]     Finished dev [unoptimized + debuginfo] target(s) in 42.73s
Dec 03 03:11:46.650 INFO [stderr] su: No module specific data is present
Dec 03 03:11:47.457 INFO running `"docker" "inspect" "d1186989bcc73d0b1f2b3eb43218a2a79c659ddea66280bc00022499ad61ddbe"`
Dec 03 03:11:47.707 INFO running `"docker" "rm" "-f" "d1186989bcc73d0b1f2b3eb43218a2a79c659ddea66280bc00022499ad61ddbe"`
Dec 03 03:11:47.966 INFO [stdout] d1186989bcc73d0b1f2b3eb43218a2a79c659ddea66280bc00022499ad61ddbe
Dec 03 03:11:47.969 INFO running `"docker" "create" "-v" "/mnt/big/crater/work/local/target-dirs/beta-1.31-5/worker-3/1.30.1:/target:rw,Z" "-v" "/mnt/big/crater/work/local/test-source/worker-3/beta-1.31-5/1.30.1:/source:ro,Z" "-v" "/mnt/big/crater/work/local/cargo-home:/cargo-home:ro,Z" "-v" "/mnt/big/crater/work/local/rustup-home:/rustup-home:ro,Z" "-e" "USER_ID=1000" "-e" "SOURCE_DIR=/source" "-e" "USER_ID=1000" "-e" "CMD=cargo +1.30.1 test --frozen --no-run" "-e" "CARGO_TARGET_DIR=/target" "-e" "CARGO_INCREMENTAL=0" "-e" "RUST_BACKTRACE=full" "-e" "RUSTFLAGS=--cap-lints=warn" "-e" "CARGO_HOME=/cargo-home" "-e" "RUSTUP_HOME=/rustup-home" "-m" "1536M" "--network" "none" "crater"`
Dec 03 03:11:48.448 INFO [stdout] eb0ee4f0a0ba41402c9a50388cef77ab033228d218f6d72be617a4b7928cc140
Dec 03 03:11:48.450 INFO running `"docker" "start" "-a" "eb0ee4f0a0ba41402c9a50388cef77ab033228d218f6d72be617a4b7928cc140"`
Dec 03 03:11:50.461 INFO [stderr] usermod: no changes
Dec 03 03:11:50.659 INFO [stderr]    Compiling libads v0.1.0-beta (/source)
Dec 03 03:11:56.436 INFO [stderr]     Finished dev [unoptimized + debuginfo] target(s) in 5.95s
Dec 03 03:11:56.457 INFO [stderr] su: No module specific data is present
Dec 03 03:11:57.427 INFO running `"docker" "inspect" "eb0ee4f0a0ba41402c9a50388cef77ab033228d218f6d72be617a4b7928cc140"`
Dec 03 03:11:57.705 INFO running `"docker" "rm" "-f" "eb0ee4f0a0ba41402c9a50388cef77ab033228d218f6d72be617a4b7928cc140"`
Dec 03 03:11:58.035 INFO [stdout] eb0ee4f0a0ba41402c9a50388cef77ab033228d218f6d72be617a4b7928cc140
Dec 03 03:11:58.041 INFO running `"docker" "create" "-v" "/mnt/big/crater/work/local/target-dirs/beta-1.31-5/worker-3/1.30.1:/target:rw,Z" "-v" "/mnt/big/crater/work/local/test-source/worker-3/beta-1.31-5/1.30.1:/source:ro,Z" "-v" "/mnt/big/crater/work/local/cargo-home:/cargo-home:ro,Z" "-v" "/mnt/big/crater/work/local/rustup-home:/rustup-home:ro,Z" "-e" "USER_ID=1000" "-e" "SOURCE_DIR=/source" "-e" "USER_ID=1000" "-e" "CMD=cargo +1.30.1 test --frozen" "-e" "CARGO_TARGET_DIR=/target" "-e" "CARGO_INCREMENTAL=0" "-e" "RUST_BACKTRACE=full" "-e" "RUSTFLAGS=--cap-lints=warn" "-e" "CARGO_HOME=/cargo-home" "-e" "RUSTUP_HOME=/rustup-home" "-m" "1536M" "--network" "none" "crater"`
Dec 03 03:11:58.440 INFO [stdout] 9fad04ccf1e7045af1835a98f178e648eab94fd91be0f4227b2afc71f57d3b67
Dec 03 03:11:58.442 INFO running `"docker" "start" "-a" "9fad04ccf1e7045af1835a98f178e648eab94fd91be0f4227b2afc71f57d3b67"`
Dec 03 03:11:59.245 INFO [stderr] usermod: no changes
Dec 03 03:11:59.440 INFO [stderr]     Finished dev [unoptimized + debuginfo] target(s) in 0.15s
Dec 03 03:11:59.459 INFO [stderr]      Running /target/debug/deps/libads-492a895d35c0315b
Dec 03 03:11:59.482 INFO [stdout] 
Dec 03 03:11:59.483 INFO [stdout] running 1 test
Dec 03 03:11:59.486 INFO [stdout] test tests::it_works ... ok
Dec 03 03:11:59.486 INFO [stderr]    Doc-tests libads
Dec 03 03:11:59.487 INFO [stdout] 
Dec 03 03:11:59.487 INFO [stdout] test result: ok. 1 passed; 0 failed; 0 ignored; 0 measured; 0 filtered out
Dec 03 03:11:59.487 INFO [stdout] 
Dec 03 03:12:08.759 INFO [stdout] 
Dec 03 03:12:08.759 INFO [stdout] running 5 tests
Dec 03 03:12:34.797 INFO [stdout] test src/lib.rs - Api::init (line 32) ... ok
Dec 03 03:12:34.819 INFO [stdout] test src/lib.rs - validate_bib_code (line 95) ... ok
Dec 03 03:12:35.130 INFO [stdout] test src/lib.rs - BibCode<'a> (line 125) ... ok
Dec 03 03:12:35.208 INFO [stdout] test src/lib.rs - Api::fetch_bibtex_with_key (line 45) ... FAILED
Dec 03 03:12:36.382 INFO [stdout] test src/lib.rs - validate_bib_code (line 99) ... ok
Dec 03 03:12:36.382 INFO [stdout] 
Dec 03 03:12:36.382 INFO [stdout] failures:
Dec 03 03:12:36.382 INFO [stdout] 
Dec 03 03:12:36.382 INFO [stdout] ---- src/lib.rs - Api::fetch_bibtex_with_key (line 45) stdout ----
Dec 03 03:12:36.382 INFO [stdout] thread 'src/lib.rs - Api::fetch_bibtex_with_key (line 45)' panicked at 'test executable failed:
Dec 03 03:12:36.382 INFO [stdout] 
Dec 03 03:12:36.382 INFO [stdout] thread 'main' panicked at 'Failed to send get request: Http(Io(Custom { kind: Other, error: StringError("failed to lookup address information: Temporary failure in name resolution") }))', libcore/result.rs:1009:5
Dec 03 03:12:36.382 INFO [stdout] stack backtrace:
Dec 03 03:12:36.382 INFO [stdout]    0:     0x56056e671f1e - std::sys::unix::backtrace::tracing::imp::unwind_backtrace::h15749a98198ba25f
Dec 03 03:12:36.382 INFO [stdout]                                at libstd/sys/unix/backtrace/tracing/gcc_s.rs:49
Dec 03 03:12:36.382 INFO [stdout]    1:     0x56056e666416 - std::sys_common::backtrace::print::h0ba65c811294dbf0
Dec 03 03:12:36.382 INFO [stdout]                                at libstd/sys_common/backtrace.rs:71
Dec 03 03:12:36.382 INFO [stdout]                                at libstd/sys_common/backtrace.rs:59
Dec 03 03:12:36.382 INFO [stdout]    2:     0x56056e664bed - std::panicking::default_hook::{{closure}}::h42bb31757f0fee64
Dec 03 03:12:36.382 INFO [stdout]                                at libstd/panicking.rs:211
Dec 03 03:12:36.382 INFO [stdout]    3:     0x56056e664960 - std::panicking::default_hook::hebc8848d7aa7dbd9
Dec 03 03:12:36.382 INFO [stdout]                                at libstd/panicking.rs:227
Dec 03 03:12:36.382 INFO [stdout]    4:     0x56056e66529c - std::panicking::rust_panic_with_hook::h86e619a638415243
Dec 03 03:12:36.382 INFO [stdout]                                at libstd/panicking.rs:477
Dec 03 03:12:36.382 INFO [stdout]    5:     0x56056e664e59 - std::panicking::continue_panic_fmt::h2d2d2bfb065a70b2
Dec 03 03:12:36.382 INFO [stdout]                                at libstd/panicking.rs:391
Dec 03 03:12:36.382 INFO [stdout]    6:     0x56056e664d55 - rust_begin_unwind
Dec 03 03:12:36.382 INFO [stdout]                                at libstd/panicking.rs:326
Dec 03 03:12:36.382 INFO [stdout]    7:     0x56056e6b3f3b - core::panicking::panic_fmt::h2155aa66b67fe83c
Dec 03 03:12:36.382 INFO [stdout]                                at libcore/panicking.rs:77
Dec 03 03:12:36.382 INFO [stdout]    8:     0x56056e315eb3 - core::result::unwrap_failed::hbaf213572f6f2595
Dec 03 03:12:36.382 INFO [stdout]                                at libcore/macros.rs:26
Dec 03 03:12:36.382 INFO [stdout]    9:     0x56056e3159f7 - <core::result::Result<T, E>>::expect::h61aacf8dd4287e6a
Dec 03 03:12:36.382 INFO [stdout]                                at libcore/result.rs:835
Dec 03 03:12:36.382 INFO [stdout]   10:     0x56056e3136c6 - libads::Api::fetch_bibtex_with_key::h0b0f5175eeae5d5b
Dec 03 03:12:36.382 INFO [stdout]                                at src/lib.rs:70
Dec 03 03:12:36.382 INFO [stdout]   11:     0x56056e312f1b - rust_out::main::h944e552f3f67b4ba
Dec 03 03:12:36.382 INFO [stdout]   12:     0x56056e3130b2 - std::rt::lang_start::{{closure}}::h728c831e7cc482ed
Dec 03 03:12:36.382 INFO [stdout]   13:     0x56056e664cf2 - std::panicking::try::do_call::h47665672c57b11e4
Dec 03 03:12:36.382 INFO [stdout]                                at libstd/rt.rs:59
Dec 03 03:12:36.382 INFO [stdout]                                at libstd/panicking.rs:310
Dec 03 03:12:36.382 INFO [stdout]   14:     0x56056e680349 - __rust_maybe_catch_panic
Dec 03 03:12:36.382 INFO [stdout]                                at libpanic_unwind/lib.rs:103
Dec 03 03:12:36.382 INFO [stdout]   15:     0x56056e66cbe5 - std::rt::lang_start_internal::had9505969b8e20a2
Dec 03 03:12:36.382 INFO [stdout]                                at libstd/panicking.rs:289
Dec 03 03:12:36.382 INFO [stdout]                                at libstd/panic.rs:392
Dec 03 03:12:36.382 INFO [stdout]                                at libstd/rt.rs:58
Dec 03 03:12:36.382 INFO [stdout]   16:     0x56056e313093 - std::rt::lang_start::hcf64ef8c79b4db31
Dec 03 03:12:36.382 INFO [stdout]   17:     0x56056e31304a - main
Dec 03 03:12:36.382 INFO [stdout]   18:     0x7faaf492c82f - __libc_start_main
Dec 03 03:12:36.382 INFO [stdout]   19:     0x56056e312928 - _start
Dec 03 03:12:36.382 INFO [stdout]   20:                0x0 - <unknown>
Dec 03 03:12:36.382 INFO [stdout] 
Dec 03 03:12:36.382 INFO [stdout] ', librustdoc/test.rs:367:17
Dec 03 03:12:36.382 INFO [stdout] stack backtrace:
Dec 03 03:12:36.382 INFO [stdout]    0:     0x7fdd7e62e7ce - std::sys::unix::backtrace::tracing::imp::unwind_backtrace::h15749a98198ba25f
Dec 03 03:12:36.382 INFO [stdout]                                at libstd/sys/unix/backtrace/tracing/gcc_s.rs:49
Dec 03 03:12:36.382 INFO [stdout]    1:     0x7fdd7e607966 - std::sys_common::backtrace::print::h0ba65c811294dbf0
Dec 03 03:12:36.382 INFO [stdout]                                at libstd/sys_common/backtrace.rs:71
Dec 03 03:12:36.382 INFO [stdout]                                at libstd/sys_common/backtrace.rs:59
Dec 03 03:12:36.382 INFO [stdout]    2:     0x7fdd7e6055bd - std::panicking::default_hook::{{closure}}::h42bb31757f0fee64
Dec 03 03:12:36.382 INFO [stdout]                                at libstd/panicking.rs:211
Dec 03 03:12:36.382 INFO [stdout]    3:     0x7fdd7e6052cb - std::panicking::default_hook::hebc8848d7aa7dbd9
Dec 03 03:12:36.382 INFO [stdout]                                at libstd/panicking.rs:221
Dec 03 03:12:36.382 INFO [stdout]    4:     0x7fdd807786a1 - rustc::util::common::panic_hook::h9a39743bb116fb66
Dec 03 03:12:36.382 INFO [stdout]    5:     0x7fdd7e605cc3 - std::panicking::rust_panic_with_hook::h86e619a638415243
Dec 03 03:12:36.382 INFO [stdout]                                at libstd/panicking.rs:481
Dec 03 03:12:36.382 INFO [stdout]    6:     0x7fdd7e605829 - std::panicking::continue_panic_fmt::h2d2d2bfb065a70b2
Dec 03 03:12:36.382 INFO [stdout]                                at libstd/panicking.rs:391
Dec 03 03:12:36.382 INFO [stdout]    7:     0x7fdd7e60578d - std::panicking::begin_panic_fmt::ha5097e2056ef3d5a
Dec 03 03:12:36.382 INFO [stdout]                                at libstd/panicking.rs:346
Dec 03 03:12:36.382 INFO [stdout]    8:     0x562225ab7473 - rustdoc::test::Collector::add_test::{{closure}}::{{closure}}::{{closure}}::h071753b32990ff99
Dec 03 03:12:36.382 INFO [stdout]                                at librustdoc/test.rs:367
Dec 03 03:12:36.383 INFO [stdout]                                at librustdoc/test.rs:564
Dec 03 03:12:36.383 INFO [stdout]    9:     0x562225a73990 - <scoped_tls::ScopedKey<T>>::set::h9896b6fe380ee541
Dec 03 03:12:36.383 INFO [stdout]                                at /cargo/registry/src/github.com-1ecc6299db9ec823/scoped-tls-0.1.2/src/lib.rs:155
Dec 03 03:12:36.383 INFO [stdout]                                at libsyntax/lib.rs:108
Dec 03 03:12:36.383 INFO [stdout]                                at /cargo/registry/src/github.com-1ecc6299db9ec823/scoped-tls-0.1.2/src/lib.rs:155
Dec 03 03:12:36.383 INFO [stdout]   10:     0x56222589c5cd - syntax::with_globals::h851ff797fe7b24af
Dec 03 03:12:36.383 INFO [stdout]                                at libsyntax/lib.rs:107
Dec 03 03:12:36.383 INFO [stdout]   11:     0x5622258ec484 - std::panicking::try::do_call::h43316ef786a5afc6
Dec 03 03:12:36.383 INFO [stdout]                                at librustdoc/test.rs:561
Dec 03 03:12:36.383 INFO [stdout]                                at libstd/panic.rs:313
Dec 03 03:12:36.383 INFO [stdout]                                at libstd/panicking.rs:310
Dec 03 03:12:36.383 INFO [stdout]   12:     0x7fdd7e6455b9 - __rust_maybe_catch_panic
Dec 03 03:12:36.383 INFO [stdout]                                at libpanic_unwind/lib.rs:103
Dec 03 03:12:36.383 INFO [stdout]   13:     0x562225962f03 - rustc_driver::in_named_rustc_thread::h7a18544b9923f524
Dec 03 03:12:36.383 INFO [stdout]                                at libstd/panicking.rs:289
Dec 03 03:12:36.383 INFO [stdout]                                at libstd/panic.rs:392
Dec 03 03:12:36.383 INFO [stdout]                                at librustc_driver/lib.rs:1574
Dec 03 03:12:36.383 INFO [stdout]   14:     0x562225a8fcfc - <F as alloc::boxed::FnBox<A>>::call_box::h2226feb604beb2d6
Dec 03 03:12:36.383 INFO [stdout]                                at librustdoc/test.rs:561
Dec 03 03:12:36.383 INFO [stdout]                                at liballoc/boxed.rs:646
Dec 03 03:12:36.383 INFO [stdout]   15:     0x7fdd7fc92df2 - <F as alloc::boxed::FnBox<A>>::call_box::hf3e9d4c572efaf22
Dec 03 03:12:36.383 INFO [stdout]                                at libtest/lib.rs:1454
Dec 03 03:12:36.383 INFO [stdout]                                at liballoc/boxed.rs:646
Dec 03 03:12:36.383 INFO [stdout]   16:     0x7fdd7e6455b9 - __rust_maybe_catch_panic
Dec 03 03:12:36.383 INFO [stdout]                                at libpanic_unwind/lib.rs:103
Dec 03 03:12:36.383 INFO [stdout]   17:     0x7fdd7fca01ed - std::sys_common::backtrace::__rust_begin_short_backtrace::h0ff507d7422944d3
Dec 03 03:12:36.383 INFO [stdout]                                at libstd/panicking.rs:289
Dec 03 03:12:36.383 INFO [stdout]                                at libstd/panic.rs:392
Dec 03 03:12:36.383 INFO [stdout]                                at libtest/lib.rs:1416
Dec 03 03:12:36.383 INFO [stdout]                                at libstd/sys_common/backtrace.rs:136
Dec 03 03:12:36.383 INFO [stdout]   18:     0x7fdd7fcbdff4 - std::panicking::try::do_call::hba0bdcc3670471cc
Dec 03 03:12:36.383 INFO [stdout]                                at libstd/thread/mod.rs:409
Dec 03 03:12:36.383 INFO [stdout]                                at libstd/panic.rs:313
Dec 03 03:12:36.383 INFO [stdout]                                at libstd/panicking.rs:310
Dec 03 03:12:36.383 INFO [stdout]   19:     0x7fdd7e6455b9 - __rust_maybe_catch_panic
Dec 03 03:12:36.383 INFO [stdout]                                at libpanic_unwind/lib.rs:103
Dec 03 03:12:36.383 INFO [stdout]   20:     0x7fdd7fcaabd6 - <F as alloc::boxed::FnBox<A>>::call_box::hdac52587b00591af
Dec 03 03:12:36.383 INFO [stdout]                                at libstd/panicking.rs:289
Dec 03 03:12:36.383 INFO [stdout]                                at libstd/panic.rs:392
Dec 03 03:12:36.383 INFO [stdout]                                at libstd/thread/mod.rs:408
Dec 03 03:12:36.383 INFO [stdout]                                at liballoc/boxed.rs:646
Dec 03 03:12:36.383 INFO [stdout]   21:     0x7fdd7e632cca - std::sys_common::thread::start_thread::h75d887c7d2cc4479
Dec 03 03:12:36.383 INFO [stdout]                                at liballoc/boxed.rs:656
Dec 03 03:12:36.383 INFO [stdout]                                at libstd/sys_common/thread.rs:24
Dec 03 03:12:36.383 INFO [stdout]   22:     0x7fdd7e6068f5 - std::sys::unix::thread::Thread::new::thread_start::h8414caee632bf9ed
Dec 03 03:12:36.383 INFO [stdout]                                at libstd/sys/unix/thread.rs:90
Dec 03 03:12:36.383 INFO [stdout]   23:     0x7fdd7e39b6b9 - start_thread
Dec 03 03:12:36.383 INFO [stdout]   24:     0x7fdd7debb41c - clone
Dec 03 03:12:36.383 INFO [stdout]   25:                0x0 - <unknown>
Dec 03 03:12:36.383 INFO [stdout] query stack during panic:
Dec 03 03:12:36.383 INFO [stdout] end of query stack
Dec 03 03:12:36.383 INFO [stdout] 
Dec 03 03:12:36.383 INFO [stdout] 
Dec 03 03:12:36.383 INFO [stdout] failures:
Dec 03 03:12:36.383 INFO [stdout]     src/lib.rs - Api::fetch_bibtex_with_key (line 45)
Dec 03 03:12:36.383 INFO [stdout] 
Dec 03 03:12:36.383 INFO [stdout] test result: FAILED. 4 passed; 1 failed; 0 ignored; 0 measured; 0 filtered out
Dec 03 03:12:36.383 INFO [stdout] 
Dec 03 03:12:36.400 INFO [stderr] error: test failed, to rerun pass '--doc'
Dec 03 03:12:36.400 INFO [stderr] su: No module specific data is present
Dec 03 03:12:36.725 INFO running `"docker" "inspect" "9fad04ccf1e7045af1835a98f178e648eab94fd91be0f4227b2afc71f57d3b67"`
Dec 03 03:12:36.793 INFO running `"docker" "rm" "-f" "9fad04ccf1e7045af1835a98f178e648eab94fd91be0f4227b2afc71f57d3b67"`
Dec 03 03:12:36.876 INFO [stdout] 9fad04ccf1e7045af1835a98f178e648eab94fd91be0f4227b2afc71f57d3b67
