Dec 03 03:16:13.781 INFO testing ledger-parser-2.1.0 against 1.30.1 for beta-1.31-5
Dec 03 03:16:13.781 INFO running `"docker" "create" "-v" "/mnt/big/crater/work/local/target-dirs/beta-1.31-5/worker-0/1.30.1:/target:rw,Z" "-v" "/mnt/big/crater/work/local/test-source/worker-0/beta-1.31-5/1.30.1:/source:ro,Z" "-v" "/mnt/big/crater/work/local/cargo-home:/cargo-home:ro,Z" "-v" "/mnt/big/crater/work/local/rustup-home:/rustup-home:ro,Z" "-e" "USER_ID=1000" "-e" "SOURCE_DIR=/source" "-e" "USER_ID=1000" "-e" "CMD=cargo +1.30.1 build --frozen" "-e" "CARGO_TARGET_DIR=/target" "-e" "CARGO_INCREMENTAL=0" "-e" "RUST_BACKTRACE=full" "-e" "RUSTFLAGS=--cap-lints=warn" "-e" "CARGO_HOME=/cargo-home" "-e" "RUSTUP_HOME=/rustup-home" "-m" "1536M" "--network" "none" "crater"`
Dec 03 03:16:14.025 INFO [stdout] f4001a4cf8fa96b1d2aa758d9b9fda95b93b38da2186f21abfa22ca6c46537c8
Dec 03 03:16:14.027 INFO running `"docker" "start" "-a" "f4001a4cf8fa96b1d2aa758d9b9fda95b93b38da2186f21abfa22ca6c46537c8"`
Dec 03 03:16:14.383 INFO [stderr] usermod: no changes
Dec 03 03:16:14.459 INFO [stderr]    Compiling chrono v0.4.6
Dec 03 03:16:14.459 INFO [stderr]    Compiling rust_decimal v0.10.2
Dec 03 03:16:17.386 INFO [stderr]    Compiling ledger-parser v2.1.0 (/source)
Dec 03 03:16:19.939 INFO [stderr]     Finished dev [unoptimized + debuginfo] target(s) in 5.53s
Dec 03 03:16:19.943 INFO [stderr] su: No module specific data is present
Dec 03 03:16:20.358 INFO running `"docker" "inspect" "f4001a4cf8fa96b1d2aa758d9b9fda95b93b38da2186f21abfa22ca6c46537c8"`
Dec 03 03:16:20.469 INFO running `"docker" "rm" "-f" "f4001a4cf8fa96b1d2aa758d9b9fda95b93b38da2186f21abfa22ca6c46537c8"`
Dec 03 03:16:20.554 INFO [stdout] f4001a4cf8fa96b1d2aa758d9b9fda95b93b38da2186f21abfa22ca6c46537c8
Dec 03 03:16:20.557 INFO running `"docker" "create" "-v" "/mnt/big/crater/work/local/target-dirs/beta-1.31-5/worker-0/1.30.1:/target:rw,Z" "-v" "/mnt/big/crater/work/local/test-source/worker-0/beta-1.31-5/1.30.1:/source:ro,Z" "-v" "/mnt/big/crater/work/local/cargo-home:/cargo-home:ro,Z" "-v" "/mnt/big/crater/work/local/rustup-home:/rustup-home:ro,Z" "-e" "USER_ID=1000" "-e" "SOURCE_DIR=/source" "-e" "USER_ID=1000" "-e" "CMD=cargo +1.30.1 test --frozen --no-run" "-e" "CARGO_TARGET_DIR=/target" "-e" "CARGO_INCREMENTAL=0" "-e" "RUST_BACKTRACE=full" "-e" "RUSTFLAGS=--cap-lints=warn" "-e" "CARGO_HOME=/cargo-home" "-e" "RUSTUP_HOME=/rustup-home" "-m" "1536M" "--network" "none" "crater"`
Dec 03 03:16:20.760 INFO [stdout] 5ec6266b7a0c5127a065bfee67f29b3bec9743c58a794bb24c00085a211cb061
Dec 03 03:16:20.767 INFO running `"docker" "start" "-a" "5ec6266b7a0c5127a065bfee67f29b3bec9743c58a794bb24c00085a211cb061"`
Dec 03 03:16:21.266 INFO [stderr] usermod: no changes
Dec 03 03:16:21.339 INFO [stderr]    Compiling ledger-parser v2.1.0 (/source)
Dec 03 03:16:24.867 INFO [stderr]     Finished dev [unoptimized + debuginfo] target(s) in 3.58s
Dec 03 03:16:24.872 INFO [stderr] su: No module specific data is present
Dec 03 03:16:25.500 INFO running `"docker" "inspect" "5ec6266b7a0c5127a065bfee67f29b3bec9743c58a794bb24c00085a211cb061"`
Dec 03 03:16:25.603 INFO running `"docker" "rm" "-f" "5ec6266b7a0c5127a065bfee67f29b3bec9743c58a794bb24c00085a211cb061"`
Dec 03 03:16:25.704 INFO [stdout] 5ec6266b7a0c5127a065bfee67f29b3bec9743c58a794bb24c00085a211cb061
Dec 03 03:16:25.709 INFO running `"docker" "create" "-v" "/mnt/big/crater/work/local/target-dirs/beta-1.31-5/worker-0/1.30.1:/target:rw,Z" "-v" "/mnt/big/crater/work/local/test-source/worker-0/beta-1.31-5/1.30.1:/source:ro,Z" "-v" "/mnt/big/crater/work/local/cargo-home:/cargo-home:ro,Z" "-v" "/mnt/big/crater/work/local/rustup-home:/rustup-home:ro,Z" "-e" "USER_ID=1000" "-e" "SOURCE_DIR=/source" "-e" "USER_ID=1000" "-e" "CMD=cargo +1.30.1 test --frozen" "-e" "CARGO_TARGET_DIR=/target" "-e" "CARGO_INCREMENTAL=0" "-e" "RUST_BACKTRACE=full" "-e" "RUSTFLAGS=--cap-lints=warn" "-e" "CARGO_HOME=/cargo-home" "-e" "RUSTUP_HOME=/rustup-home" "-m" "1536M" "--network" "none" "crater"`
Dec 03 03:16:25.863 INFO [stdout] 7a1629e0389fddb39a6bf4cc81cee34887cc89e739aab8c0cfd3d68707ab1878
Dec 03 03:16:25.865 INFO running `"docker" "start" "-a" "7a1629e0389fddb39a6bf4cc81cee34887cc89e739aab8c0cfd3d68707ab1878"`
Dec 03 03:16:26.259 INFO [stderr] usermod: no changes
Dec 03 03:16:26.321 INFO [stderr]     Finished dev [unoptimized + debuginfo] target(s) in 0.04s
Dec 03 03:16:26.333 INFO [stderr]      Running /target/debug/deps/ledger_parser-180e9d30298dd9c2
Dec 03 03:16:26.339 INFO [stdout] 
Dec 03 03:16:26.339 INFO [stdout] running 13 tests
Dec 03 03:16:26.340 INFO [stdout] test parser::tests::parse_datetime_test ... ok
Dec 03 03:16:26.340 INFO [stdout] test parser::tests::parse_quantity_test ... ok
Dec 03 03:16:26.340 INFO [stdout] test parser::tests::parse_account_test ... ok
Dec 03 03:16:26.340 INFO [stdout] test parser::tests::parse_transaction_status_test ... ok
Dec 03 03:16:26.340 INFO [stdout] test parser::tests::parse_commodity_price_test ... ok
Dec 03 03:16:26.341 INFO [stdout] test tests::parse_ledger_test ... ok
Dec 03 03:16:26.341 INFO [stdout] test tests::parse_ledger_err_test ... ok
Dec 03 03:16:26.341 INFO [stdout] test parser::tests::parse_transaction_test ... ok
Dec 03 03:16:26.341 INFO [stdout] test parser::tests::parse_date_test ... ok
Dec 03 03:16:26.341 INFO [stdout] test parser::tests::parse_amount_test ... ok
Dec 03 03:16:26.342 INFO [stdout] test parser::tests::parse_ledger_items_test ... ok
Dec 03 03:16:26.342 INFO [stdout] test parser::tests::parse_posting_test ... ok
Dec 03 03:16:26.342 INFO [stdout] test parser::tests::parse_commodity_test ... ok
Dec 03 03:16:26.342 INFO [stdout] 
Dec 03 03:16:26.342 INFO [stdout] test result: ok. 13 passed; 0 failed; 0 ignored; 0 measured; 0 filtered out
Dec 03 03:16:26.342 INFO [stdout] 
Dec 03 03:16:26.343 INFO [stderr]    Doc-tests ledger-parser
Dec 03 03:16:29.143 INFO [stdout] 
Dec 03 03:16:29.143 INFO [stdout] running 4 tests
Dec 03 03:16:31.795 INFO [stdout] test src/lib.rs - parse (line 45) ... FAILED
Dec 03 03:16:31.815 INFO [stdout] test src/lib.rs -  (line 28) ... FAILED
Dec 03 03:16:31.991 INFO [stdout] test src/lib.rs -  (line 19) ... FAILED
Dec 03 03:16:32.000 INFO [stdout] test src/lib.rs -  (line 13) ... FAILED
Dec 03 03:16:32.000 INFO [stdout] 
Dec 03 03:16:32.000 INFO [stdout] failures:
Dec 03 03:16:32.000 INFO [stdout] 
Dec 03 03:16:32.000 INFO [stdout] ---- src/lib.rs - parse (line 45) stdout ----
Dec 03 03:16:32.000 INFO [stdout] error[E0425]: cannot find function `parse` in this scope
Dec 03 03:16:32.000 INFO [stdout]  --> src/lib.rs:46:14
Dec 03 03:16:32.000 INFO [stdout]   |
Dec 03 03:16:32.000 INFO [stdout] 3 | let result = parse(r#"; Example 1
Dec 03 03:16:32.000 INFO [stdout]   |              ^^^^^ not found in this scope
Dec 03 03:16:32.000 INFO [stdout] 
Dec 03 03:16:32.000 INFO [stdout] thread 'src/lib.rs - parse (line 45)' panicked at 'couldn't compile the test', librustdoc/test.rs:332:13
Dec 03 03:16:32.000 INFO [stdout] stack backtrace:
Dec 03 03:16:32.000 INFO [stdout]    0:     0x7fad2383e7ce - std::sys::unix::backtrace::tracing::imp::unwind_backtrace::h15749a98198ba25f
Dec 03 03:16:32.000 INFO [stdout]                                at libstd/sys/unix/backtrace/tracing/gcc_s.rs:49
Dec 03 03:16:32.000 INFO [stdout]    1:     0x7fad23817966 - std::sys_common::backtrace::print::h0ba65c811294dbf0
Dec 03 03:16:32.000 INFO [stdout]                                at libstd/sys_common/backtrace.rs:71
Dec 03 03:16:32.000 INFO [stdout]                                at libstd/sys_common/backtrace.rs:59
Dec 03 03:16:32.000 INFO [stdout]    2:     0x7fad238155bd - std::panicking::default_hook::{{closure}}::h42bb31757f0fee64
Dec 03 03:16:32.000 INFO [stdout]                                at libstd/panicking.rs:211
Dec 03 03:16:32.000 INFO [stdout]    3:     0x7fad238152cb - std::panicking::default_hook::hebc8848d7aa7dbd9
Dec 03 03:16:32.000 INFO [stdout]                                at libstd/panicking.rs:221
Dec 03 03:16:32.000 INFO [stdout]    4:     0x7fad259886a1 - rustc::util::common::panic_hook::h9a39743bb116fb66
Dec 03 03:16:32.000 INFO [stdout]    5:     0x7fad23815cc3 - std::panicking::rust_panic_with_hook::h86e619a638415243
Dec 03 03:16:32.000 INFO [stdout]                                at libstd/panicking.rs:481
Dec 03 03:16:32.000 INFO [stdout]    6:     0x55ee3c113306 - std::panicking::begin_panic::h2e334451e6084118
Dec 03 03:16:32.000 INFO [stdout]                                at libstd/panicking.rs:411
Dec 03 03:16:32.000 INFO [stdout]    7:     0x55ee3c2de147 - rustdoc::test::Collector::add_test::{{closure}}::{{closure}}::{{closure}}::h071753b32990ff99
Dec 03 03:16:32.000 INFO [stdout]                                at librustdoc/test.rs:332
Dec 03 03:16:32.000 INFO [stdout]                                at librustdoc/test.rs:564
Dec 03 03:16:32.000 INFO [stdout]    8:     0x55ee3c29a990 - <scoped_tls::ScopedKey<T>>::set::h9896b6fe380ee541
Dec 03 03:16:32.000 INFO [stdout]                                at /cargo/registry/src/github.com-1ecc6299db9ec823/scoped-tls-0.1.2/src/lib.rs:155
Dec 03 03:16:32.000 INFO [stdout]                                at libsyntax/lib.rs:108
Dec 03 03:16:32.000 INFO [stdout]                                at /cargo/registry/src/github.com-1ecc6299db9ec823/scoped-tls-0.1.2/src/lib.rs:155
Dec 03 03:16:32.000 INFO [stdout]    9:     0x55ee3c0c35cd - syntax::with_globals::h851ff797fe7b24af
Dec 03 03:16:32.000 INFO [stdout]                                at libsyntax/lib.rs:107
Dec 03 03:16:32.000 INFO [stdout]   10:     0x55ee3c113484 - std::panicking::try::do_call::h43316ef786a5afc6
Dec 03 03:16:32.000 INFO [stdout]                                at librustdoc/test.rs:561
Dec 03 03:16:32.000 INFO [stdout]                                at libstd/panic.rs:313
Dec 03 03:16:32.000 INFO [stdout]                                at libstd/panicking.rs:310
Dec 03 03:16:32.000 INFO [stdout]   11:     0x7fad238555b9 - __rust_maybe_catch_panic
Dec 03 03:16:32.000 INFO [stdout]                                at libpanic_unwind/lib.rs:103
Dec 03 03:16:32.000 INFO [stdout]   12:     0x55ee3c189f03 - rustc_driver::in_named_rustc_thread::h7a18544b9923f524
Dec 03 03:16:32.000 INFO [stdout]                                at libstd/panicking.rs:289
Dec 03 03:16:32.000 INFO [stdout]                                at libstd/panic.rs:392
Dec 03 03:16:32.000 INFO [stdout]                                at librustc_driver/lib.rs:1574
Dec 03 03:16:32.000 INFO [stdout]   13:     0x55ee3c2b6cfc - <F as alloc::boxed::FnBox<A>>::call_box::h2226feb604beb2d6
Dec 03 03:16:32.000 INFO [stdout]                                at librustdoc/test.rs:561
Dec 03 03:16:32.001 INFO [stdout]                                at liballoc/boxed.rs:646
Dec 03 03:16:32.001 INFO [stdout]   14:     0x7fad24ea2df2 - <F as alloc::boxed::FnBox<A>>::call_box::hf3e9d4c572efaf22
Dec 03 03:16:32.001 INFO [stdout]                                at libtest/lib.rs:1454
Dec 03 03:16:32.001 INFO [stdout]                                at liballoc/boxed.rs:646
Dec 03 03:16:32.001 INFO [stdout]   15:     0x7fad238555b9 - __rust_maybe_catch_panic
Dec 03 03:16:32.001 INFO [stdout]                                at libpanic_unwind/lib.rs:103
Dec 03 03:16:32.001 INFO [stdout]   16:     0x7fad24eb01ed - std::sys_common::backtrace::__rust_begin_short_backtrace::h0ff507d7422944d3
Dec 03 03:16:32.001 INFO [stdout]                                at libstd/panicking.rs:289
Dec 03 03:16:32.001 INFO [stdout]                                at libstd/panic.rs:392
Dec 03 03:16:32.001 INFO [stdout]                                at libtest/lib.rs:1416
Dec 03 03:16:32.001 INFO [stdout]                                at libstd/sys_common/backtrace.rs:136
Dec 03 03:16:32.001 INFO [stdout]   17:     0x7fad24ecdff4 - std::panicking::try::do_call::hba0bdcc3670471cc
Dec 03 03:16:32.001 INFO [stdout]                                at libstd/thread/mod.rs:409
Dec 03 03:16:32.001 INFO [stdout]                                at libstd/panic.rs:313
Dec 03 03:16:32.001 INFO [stdout]                                at libstd/panicking.rs:310
Dec 03 03:16:32.001 INFO [stdout]   18:     0x7fad238555b9 - __rust_maybe_catch_panic
Dec 03 03:16:32.001 INFO [stdout]                                at libpanic_unwind/lib.rs:103
Dec 03 03:16:32.001 INFO [stdout]   19:     0x7fad24ebabd6 - <F as alloc::boxed::FnBox<A>>::call_box::hdac52587b00591af
Dec 03 03:16:32.001 INFO [stdout]                                at libstd/panicking.rs:289
Dec 03 03:16:32.001 INFO [stdout]                                at libstd/panic.rs:392
Dec 03 03:16:32.001 INFO [stdout]                                at libstd/thread/mod.rs:408
Dec 03 03:16:32.001 INFO [stdout]                                at liballoc/boxed.rs:646
Dec 03 03:16:32.001 INFO [stdout]   20:     0x7fad23842cca - std::sys_common::thread::start_thread::h75d887c7d2cc4479
Dec 03 03:16:32.001 INFO [stdout]                                at liballoc/boxed.rs:656
Dec 03 03:16:32.001 INFO [stdout]                                at libstd/sys_common/thread.rs:24
Dec 03 03:16:32.001 INFO [stdout]   21:     0x7fad238168f5 - std::sys::unix::thread::Thread::new::thread_start::h8414caee632bf9ed
Dec 03 03:16:32.001 INFO [stdout]                                at libstd/sys/unix/thread.rs:90
Dec 03 03:16:32.001 INFO [stdout]   22:     0x7fad235ab6b9 - start_thread
Dec 03 03:16:32.001 INFO [stdout]   23:     0x7fad230cb41c - clone
Dec 03 03:16:32.001 INFO [stdout]   24:                0x0 - <unknown>
Dec 03 03:16:32.001 INFO [stdout] query stack during panic:
Dec 03 03:16:32.001 INFO [stdout] end of query stack
Dec 03 03:16:32.001 INFO [stdout] 
Dec 03 03:16:32.001 INFO [stdout] ---- src/lib.rs -  (line 28) stdout ----
Dec 03 03:16:32.001 INFO [stdout] error: expected one of `!`, `.`, `::`, `;`, `?`, `{`, `}`, or an operator, found `DATE`
Dec 03 03:16:32.001 INFO [stdout]  --> src/lib.rs:29:3
Dec 03 03:16:32.001 INFO [stdout]   |
Dec 03 03:16:32.001 INFO [stdout] 3 | P DATE SYMBOL PRICE
Dec 03 03:16:32.001 INFO [stdout]   |   ^^^^ expected one of 8 possible tokens here
Dec 03 03:16:32.001 INFO [stdout] 
Dec 03 03:16:32.001 INFO [stdout] error[E0425]: cannot find value `P` in this scope
Dec 03 03:16:32.001 INFO [stdout]  --> src/lib.rs:29:1
Dec 03 03:16:32.001 INFO [stdout]   |
Dec 03 03:16:32.001 INFO [stdout] 3 | P DATE SYMBOL PRICE
Dec 03 03:16:32.001 INFO [stdout]   | ^ not found in this scope
Dec 03 03:16:32.001 INFO [stdout] 
Dec 03 03:16:32.001 INFO [stdout] thread 'src/lib.rs -  (line 28)' panicked at 'couldn't compile the test', librustdoc/test.rs:332:13
Dec 03 03:16:32.001 INFO [stdout] stack backtrace:
Dec 03 03:16:32.001 INFO [stdout]    0:     0x7fad2383e7ce - std::sys::unix::backtrace::tracing::imp::unwind_backtrace::h15749a98198ba25f
Dec 03 03:16:32.001 INFO [stdout]                                at libstd/sys/unix/backtrace/tracing/gcc_s.rs:49
Dec 03 03:16:32.001 INFO [stdout]    1:     0x7fad23817966 - std::sys_common::backtrace::print::h0ba65c811294dbf0
Dec 03 03:16:32.001 INFO [stdout]                                at libstd/sys_common/backtrace.rs:71
Dec 03 03:16:32.001 INFO [stdout]                                at libstd/sys_common/backtrace.rs:59
Dec 03 03:16:32.001 INFO [stdout]    2:     0x7fad238155bd - std::panicking::default_hook::{{closure}}::h42bb31757f0fee64
Dec 03 03:16:32.001 INFO [stdout]                                at libstd/panicking.rs:211
Dec 03 03:16:32.001 INFO [stdout]    3:     0x7fad238152cb - std::panicking::default_hook::hebc8848d7aa7dbd9
Dec 03 03:16:32.001 INFO [stdout]                                at libstd/panicking.rs:221
Dec 03 03:16:32.001 INFO [stdout]    4:     0x7fad259886a1 - rustc::util::common::panic_hook::h9a39743bb116fb66
Dec 03 03:16:32.001 INFO [stdout]    5:     0x7fad23815cc3 - std::panicking::rust_panic_with_hook::h86e619a638415243
Dec 03 03:16:32.001 INFO [stdout]                                at libstd/panicking.rs:481
Dec 03 03:16:32.001 INFO [stdout]    6:     0x55ee3c113306 - std::panicking::begin_panic::h2e334451e6084118
Dec 03 03:16:32.001 INFO [stdout]                                at libstd/panicking.rs:411
Dec 03 03:16:32.001 INFO [stdout]    7:     0x55ee3c2de147 - rustdoc::test::Collector::add_test::{{closure}}::{{closure}}::{{closure}}::h071753b32990ff99
Dec 03 03:16:32.001 INFO [stdout]                                at librustdoc/test.rs:332
Dec 03 03:16:32.001 INFO [stdout]                                at librustdoc/test.rs:564
Dec 03 03:16:32.001 INFO [stdout]    8:     0x55ee3c29a990 - <scoped_tls::ScopedKey<T>>::set::h9896b6fe380ee541
Dec 03 03:16:32.001 INFO [stdout]                                at /cargo/registry/src/github.com-1ecc6299db9ec823/scoped-tls-0.1.2/src/lib.rs:155
Dec 03 03:16:32.001 INFO [stdout]                                at libsyntax/lib.rs:108
Dec 03 03:16:32.001 INFO [stdout]                                at /cargo/registry/src/github.com-1ecc6299db9ec823/scoped-tls-0.1.2/src/lib.rs:155
Dec 03 03:16:32.001 INFO [stdout]    9:     0x55ee3c0c35cd - syntax::with_globals::h851ff797fe7b24af
Dec 03 03:16:32.001 INFO [stdout]                                at libsyntax/lib.rs:107
Dec 03 03:16:32.001 INFO [stdout]   10:     0x55ee3c113484 - std::panicking::try::do_call::h43316ef786a5afc6
Dec 03 03:16:32.001 INFO [stdout]                                at librustdoc/test.rs:561
Dec 03 03:16:32.001 INFO [stdout]                                at libstd/panic.rs:313
Dec 03 03:16:32.001 INFO [stdout]                                at libstd/panicking.rs:310
Dec 03 03:16:32.001 INFO [stdout]   11:     0x7fad238555b9 - __rust_maybe_catch_panic
Dec 03 03:16:32.001 INFO [stdout]                                at libpanic_unwind/lib.rs:103
Dec 03 03:16:32.001 INFO [stdout]   12:     0x55ee3c189f03 - rustc_driver::in_named_rustc_thread::h7a18544b9923f524
Dec 03 03:16:32.001 INFO [stdout]                                at libstd/panicking.rs:289
Dec 03 03:16:32.001 INFO [stdout]                                at libstd/panic.rs:392
Dec 03 03:16:32.001 INFO [stdout]                                at librustc_driver/lib.rs:1574
Dec 03 03:16:32.001 INFO [stdout]   13:     0x55ee3c2b6cfc - <F as alloc::boxed::FnBox<A>>::call_box::h2226feb604beb2d6
Dec 03 03:16:32.001 INFO [stdout]                                at librustdoc/test.rs:561
Dec 03 03:16:32.002 INFO [stdout]                                at liballoc/boxed.rs:646
Dec 03 03:16:32.002 INFO [stdout]   14:     0x7fad24ea2df2 - <F as alloc::boxed::FnBox<A>>::call_box::hf3e9d4c572efaf22
Dec 03 03:16:32.002 INFO [stdout]                                at libtest/lib.rs:1454
Dec 03 03:16:32.002 INFO [stdout]                                at liballoc/boxed.rs:646
Dec 03 03:16:32.002 INFO [stdout]   15:     0x7fad238555b9 - __rust_maybe_catch_panic
Dec 03 03:16:32.002 INFO [stdout]                                at libpanic_unwind/lib.rs:103
Dec 03 03:16:32.002 INFO [stdout]   16:     0x7fad24eb01ed - std::sys_common::backtrace::__rust_begin_short_backtrace::h0ff507d7422944d3
Dec 03 03:16:32.002 INFO [stdout]                                at libstd/panicking.rs:289
Dec 03 03:16:32.002 INFO [stdout]                                at libstd/panic.rs:392
Dec 03 03:16:32.002 INFO [stdout]                                at libtest/lib.rs:1416
Dec 03 03:16:32.002 INFO [stdout]                                at libstd/sys_common/backtrace.rs:136
Dec 03 03:16:32.002 INFO [stdout]   17:     0x7fad24ecdff4 - std::panicking::try::do_call::hba0bdcc3670471cc
Dec 03 03:16:32.002 INFO [stdout]                                at libstd/thread/mod.rs:409
Dec 03 03:16:32.002 INFO [stdout]                                at libstd/panic.rs:313
Dec 03 03:16:32.002 INFO [stdout]                                at libstd/panicking.rs:310
Dec 03 03:16:32.002 INFO [stdout]   18:     0x7fad238555b9 - __rust_maybe_catch_panic
Dec 03 03:16:32.002 INFO [stdout]                                at libpanic_unwind/lib.rs:103
Dec 03 03:16:32.002 INFO [stdout]   19:     0x7fad24ebabd6 - <F as alloc::boxed::FnBox<A>>::call_box::hdac52587b00591af
Dec 03 03:16:32.002 INFO [stdout]                                at libstd/panicking.rs:289
Dec 03 03:16:32.002 INFO [stdout]                                at libstd/panic.rs:392
Dec 03 03:16:32.002 INFO [stdout]                                at libstd/thread/mod.rs:408
Dec 03 03:16:32.002 INFO [stdout]                                at liballoc/boxed.rs:646
Dec 03 03:16:32.002 INFO [stdout]   20:     0x7fad23842cca - std::sys_common::thread::start_thread::h75d887c7d2cc4479
Dec 03 03:16:32.002 INFO [stdout]                                at liballoc/boxed.rs:656
Dec 03 03:16:32.002 INFO [stdout]                                at libstd/sys_common/thread.rs:24
Dec 03 03:16:32.002 INFO [stdout]   21:     0x7fad238168f5 - std::sys::unix::thread::Thread::new::thread_start::h8414caee632bf9ed
Dec 03 03:16:32.002 INFO [stdout]                                at libstd/sys/unix/thread.rs:90
Dec 03 03:16:32.002 INFO [stdout]   22:     0x7fad235ab6b9 - start_thread
Dec 03 03:16:32.002 INFO [stdout]   23:     0x7fad230cb41c - clone
Dec 03 03:16:32.002 INFO [stdout]   24:                0x0 - <unknown>
Dec 03 03:16:32.002 INFO [stdout] query stack during panic:
Dec 03 03:16:32.002 INFO [stdout] end of query stack
Dec 03 03:16:32.002 INFO [stdout] 
Dec 03 03:16:32.002 INFO [stdout] ---- src/lib.rs -  (line 19) stdout ----
Dec 03 03:16:32.002 INFO [stdout] error: expected one of `!`, `.`, `::`, `;`, `?`, `{`, `}`, or an operator, found `AMOUNT`
Dec 03 03:16:32.002 INFO [stdout]  --> src/lib.rs:20:10
Dec 03 03:16:32.002 INFO [stdout]   |
Dec 03 03:16:32.002 INFO [stdout] 3 | ACCOUNT  AMOUNT [; NOTE]
Dec 03 03:16:32.002 INFO [stdout]   |          ^^^^^^ expected one of 8 possible tokens here
Dec 03 03:16:32.002 INFO [stdout] 
Dec 03 03:16:32.002 INFO [stdout] error[E0425]: cannot find value `ACCOUNT` in this scope
Dec 03 03:16:32.002 INFO [stdout]  --> src/lib.rs:20:1
Dec 03 03:16:32.002 INFO [stdout]   |
Dec 03 03:16:32.002 INFO [stdout] 3 | ACCOUNT  AMOUNT [; NOTE]
Dec 03 03:16:32.002 INFO [stdout]   | ^^^^^^^ not found in this scope
Dec 03 03:16:32.002 INFO [stdout] 
Dec 03 03:16:32.002 INFO [stdout] thread 'src/lib.rs -  (line 19)' panicked at 'couldn't compile the test', librustdoc/test.rs:332:13
Dec 03 03:16:32.002 INFO [stdout] stack backtrace:
Dec 03 03:16:32.002 INFO [stdout]    0:     0x7fad2383e7ce - std::sys::unix::backtrace::tracing::imp::unwind_backtrace::h15749a98198ba25f
Dec 03 03:16:32.002 INFO [stdout]                                at libstd/sys/unix/backtrace/tracing/gcc_s.rs:49
Dec 03 03:16:32.002 INFO [stdout]    1:     0x7fad23817966 - std::sys_common::backtrace::print::h0ba65c811294dbf0
Dec 03 03:16:32.002 INFO [stdout]                                at libstd/sys_common/backtrace.rs:71
Dec 03 03:16:32.002 INFO [stdout]                                at libstd/sys_common/backtrace.rs:59
Dec 03 03:16:32.002 INFO [stdout]    2:     0x7fad238155bd - std::panicking::default_hook::{{closure}}::h42bb31757f0fee64
Dec 03 03:16:32.002 INFO [stdout]                                at libstd/panicking.rs:211
Dec 03 03:16:32.002 INFO [stdout]    3:     0x7fad238152cb - std::panicking::default_hook::hebc8848d7aa7dbd9
Dec 03 03:16:32.002 INFO [stdout]                                at libstd/panicking.rs:221
Dec 03 03:16:32.002 INFO [stdout]    4:     0x7fad259886a1 - rustc::util::common::panic_hook::h9a39743bb116fb66
Dec 03 03:16:32.002 INFO [stdout]    5:     0x7fad23815cc3 - std::panicking::rust_panic_with_hook::h86e619a638415243
Dec 03 03:16:32.002 INFO [stdout]                                at libstd/panicking.rs:481
Dec 03 03:16:32.002 INFO [stdout]    6:     0x55ee3c113306 - std::panicking::begin_panic::h2e334451e6084118
Dec 03 03:16:32.002 INFO [stdout]                                at libstd/panicking.rs:411
Dec 03 03:16:32.002 INFO [stdout]    7:     0x55ee3c2de147 - rustdoc::test::Collector::add_test::{{closure}}::{{closure}}::{{closure}}::h071753b32990ff99
Dec 03 03:16:32.002 INFO [stdout]                                at librustdoc/test.rs:332
Dec 03 03:16:32.002 INFO [stdout]                                at librustdoc/test.rs:564
Dec 03 03:16:32.002 INFO [stdout]    8:     0x55ee3c29a990 - <scoped_tls::ScopedKey<T>>::set::h9896b6fe380ee541
Dec 03 03:16:32.002 INFO [stdout]                                at /cargo/registry/src/github.com-1ecc6299db9ec823/scoped-tls-0.1.2/src/lib.rs:155
Dec 03 03:16:32.002 INFO [stdout]                                at libsyntax/lib.rs:108
Dec 03 03:16:32.002 INFO [stdout]                                at /cargo/registry/src/github.com-1ecc6299db9ec823/scoped-tls-0.1.2/src/lib.rs:155
Dec 03 03:16:32.002 INFO [stdout]    9:     0x55ee3c0c35cd - syntax::with_globals::h851ff797fe7b24af
Dec 03 03:16:32.002 INFO [stdout]                                at libsyntax/lib.rs:107
Dec 03 03:16:32.002 INFO [stdout]   10:     0x55ee3c113484 - std::panicking::try::do_call::h43316ef786a5afc6
Dec 03 03:16:32.002 INFO [stdout]                                at librustdoc/test.rs:561
Dec 03 03:16:32.002 INFO [stdout]                                at libstd/panic.rs:313
Dec 03 03:16:32.002 INFO [stdout]                                at libstd/panicking.rs:310
Dec 03 03:16:32.002 INFO [stdout]   11:     0x7fad238555b9 - __rust_maybe_catch_panic
Dec 03 03:16:32.002 INFO [stdout]                                at libpanic_unwind/lib.rs:103
Dec 03 03:16:32.002 INFO [stdout]   12:     0x55ee3c189f03 - rustc_driver::in_named_rustc_thread::h7a18544b9923f524
Dec 03 03:16:32.002 INFO [stdout]                                at libstd/panicking.rs:289
Dec 03 03:16:32.002 INFO [stdout]                                at libstd/panic.rs:392
Dec 03 03:16:32.002 INFO [stdout]                                at librustc_driver/lib.rs:1574
Dec 03 03:16:32.002 INFO [stdout]   13:     0x55ee3c2b6cfc - <F as alloc::boxed::FnBox<A>>::call_box::h2226feb604beb2d6
Dec 03 03:16:32.003 INFO [stdout]                                at librustdoc/test.rs:561
Dec 03 03:16:32.003 INFO [stdout]                                at liballoc/boxed.rs:646
Dec 03 03:16:32.003 INFO [stdout]   14:     0x7fad24ea2df2 - <F as alloc::boxed::FnBox<A>>::call_box::hf3e9d4c572efaf22
Dec 03 03:16:32.003 INFO [stdout]                                at libtest/lib.rs:1454
Dec 03 03:16:32.003 INFO [stdout]                                at liballoc/boxed.rs:646
Dec 03 03:16:32.003 INFO [stdout]   15:     0x7fad238555b9 - __rust_maybe_catch_panic
Dec 03 03:16:32.003 INFO [stdout]                                at libpanic_unwind/lib.rs:103
Dec 03 03:16:32.003 INFO [stdout]   16:     0x7fad24eb01ed - std::sys_common::backtrace::__rust_begin_short_backtrace::h0ff507d7422944d3
Dec 03 03:16:32.003 INFO [stdout]                                at libstd/panicking.rs:289
Dec 03 03:16:32.003 INFO [stdout]                                at libstd/panic.rs:392
Dec 03 03:16:32.003 INFO [stdout]                                at libtest/lib.rs:1416
Dec 03 03:16:32.003 INFO [stdout]                                at libstd/sys_common/backtrace.rs:136
Dec 03 03:16:32.003 INFO [stdout]   17:     0x7fad24ecdff4 - std::panicking::try::do_call::hba0bdcc3670471cc
Dec 03 03:16:32.003 INFO [stdout]                                at libstd/thread/mod.rs:409
Dec 03 03:16:32.003 INFO [stdout]                                at libstd/panic.rs:313
Dec 03 03:16:32.003 INFO [stdout]                                at libstd/panicking.rs:310
Dec 03 03:16:32.003 INFO [stdout]   18:     0x7fad238555b9 - __rust_maybe_catch_panic
Dec 03 03:16:32.003 INFO [stdout]                                at libpanic_unwind/lib.rs:103
Dec 03 03:16:32.003 INFO [stdout]   19:     0x7fad24ebabd6 - <F as alloc::boxed::FnBox<A>>::call_box::hdac52587b00591af
Dec 03 03:16:32.003 INFO [stdout]                                at libstd/panicking.rs:289
Dec 03 03:16:32.003 INFO [stdout]                                at libstd/panic.rs:392
Dec 03 03:16:32.003 INFO [stdout]                                at libstd/thread/mod.rs:408
Dec 03 03:16:32.003 INFO [stdout]                                at liballoc/boxed.rs:646
Dec 03 03:16:32.003 INFO [stdout]   20:     0x7fad23842cca - std::sys_common::thread::start_thread::h75d887c7d2cc4479
Dec 03 03:16:32.003 INFO [stdout]                                at liballoc/boxed.rs:656
Dec 03 03:16:32.003 INFO [stdout]                                at libstd/sys_common/thread.rs:24
Dec 03 03:16:32.003 INFO [stdout]   21:     0x7fad238168f5 - std::sys::unix::thread::Thread::new::thread_start::h8414caee632bf9ed
Dec 03 03:16:32.003 INFO [stdout]                                at libstd/sys/unix/thread.rs:90
Dec 03 03:16:32.003 INFO [stdout]   22:     0x7fad235ab6b9 - start_thread
Dec 03 03:16:32.003 INFO [stdout]   23:     0x7fad230cb41c - clone
Dec 03 03:16:32.003 INFO [stdout]   24:                0x0 - <unknown>
Dec 03 03:16:32.003 INFO [stdout] query stack during panic:
Dec 03 03:16:32.003 INFO [stdout] end of query stack
Dec 03 03:16:32.003 INFO [stdout] 
Dec 03 03:16:32.003 INFO [stdout] ---- src/lib.rs -  (line 13) stdout ----
Dec 03 03:16:32.003 INFO [stdout] error: expected expression, found `=`
Dec 03 03:16:32.003 INFO [stdout]  --> src/lib.rs:14:6
Dec 03 03:16:32.003 INFO [stdout]   |
Dec 03 03:16:32.003 INFO [stdout] 3 | DATE[=EDATE] [*|!] [(CODE)] DESC
Dec 03 03:16:32.003 INFO [stdout]   |      ^ expected expression
Dec 03 03:16:32.003 INFO [stdout] 
Dec 03 03:16:32.003 INFO [stdout] thread 'src/lib.rs -  (line 13)' panicked at 'couldn't compile the test', librustdoc/test.rs:332:13
Dec 03 03:16:32.003 INFO [stdout] stack backtrace:
Dec 03 03:16:32.003 INFO [stdout]    0:     0x7fad2383e7ce - std::sys::unix::backtrace::tracing::imp::unwind_backtrace::h15749a98198ba25f
Dec 03 03:16:32.003 INFO [stdout]                                at libstd/sys/unix/backtrace/tracing/gcc_s.rs:49
Dec 03 03:16:32.003 INFO [stdout]    1:     0x7fad23817966 - std::sys_common::backtrace::print::h0ba65c811294dbf0
Dec 03 03:16:32.003 INFO [stdout]                                at libstd/sys_common/backtrace.rs:71
Dec 03 03:16:32.003 INFO [stdout]                                at libstd/sys_common/backtrace.rs:59
Dec 03 03:16:32.003 INFO [stdout]    2:     0x7fad238155bd - std::panicking::default_hook::{{closure}}::h42bb31757f0fee64
Dec 03 03:16:32.003 INFO [stdout]                                at libstd/panicking.rs:211
Dec 03 03:16:32.003 INFO [stdout]    3:     0x7fad238152cb - std::panicking::default_hook::hebc8848d7aa7dbd9
Dec 03 03:16:32.003 INFO [stdout]                                at libstd/panicking.rs:221
Dec 03 03:16:32.003 INFO [stdout]    4:     0x7fad259886a1 - rustc::util::common::panic_hook::h9a39743bb116fb66
Dec 03 03:16:32.003 INFO [stdout]    5:     0x7fad23815cc3 - std::panicking::rust_panic_with_hook::h86e619a638415243
Dec 03 03:16:32.003 INFO [stdout]                                at libstd/panicking.rs:481
Dec 03 03:16:32.003 INFO [stdout]    6:     0x55ee3c113306 - std::panicking::begin_panic::h2e334451e6084118
Dec 03 03:16:32.003 INFO [stdout]                                at libstd/panicking.rs:411
Dec 03 03:16:32.003 INFO [stdout]    7:     0x55ee3c2de147 - rustdoc::test::Collector::add_test::{{closure}}::{{closure}}::{{closure}}::h071753b32990ff99
Dec 03 03:16:32.003 INFO [stdout]                                at librustdoc/test.rs:332
Dec 03 03:16:32.003 INFO [stdout]                                at librustdoc/test.rs:564
Dec 03 03:16:32.003 INFO [stdout]    8:     0x55ee3c29a990 - <scoped_tls::ScopedKey<T>>::set::h9896b6fe380ee541
Dec 03 03:16:32.003 INFO [stdout]                                at /cargo/registry/src/github.com-1ecc6299db9ec823/scoped-tls-0.1.2/src/lib.rs:155
Dec 03 03:16:32.003 INFO [stdout]                                at libsyntax/lib.rs:108
Dec 03 03:16:32.003 INFO [stdout]                                at /cargo/registry/src/github.com-1ecc6299db9ec823/scoped-tls-0.1.2/src/lib.rs:155
Dec 03 03:16:32.003 INFO [stdout]    9:     0x55ee3c0c35cd - syntax::with_globals::h851ff797fe7b24af
Dec 03 03:16:32.003 INFO [stdout]                                at libsyntax/lib.rs:107
Dec 03 03:16:32.003 INFO [stdout]   10:     0x55ee3c113484 - std::panicking::try::do_call::h43316ef786a5afc6
Dec 03 03:16:32.003 INFO [stdout]                                at librustdoc/test.rs:561
Dec 03 03:16:32.003 INFO [stdout]                                at libstd/panic.rs:313
Dec 03 03:16:32.003 INFO [stdout]                                at libstd/panicking.rs:310
Dec 03 03:16:32.003 INFO [stdout]   11:     0x7fad238555b9 - __rust_maybe_catch_panic
Dec 03 03:16:32.003 INFO [stdout]                                at libpanic_unwind/lib.rs:103
Dec 03 03:16:32.003 INFO [stdout]   12:     0x55ee3c189f03 - rustc_driver::in_named_rustc_thread::h7a18544b9923f524
Dec 03 03:16:32.003 INFO [stdout]                                at libstd/panicking.rs:289
Dec 03 03:16:32.003 INFO [stdout]                                at libstd/panic.rs:392
Dec 03 03:16:32.003 INFO [stdout]                                at librustc_driver/lib.rs:1574
Dec 03 03:16:32.003 INFO [stdout]   13:     0x55ee3c2b6cfc - <F as alloc::boxed::FnBox<A>>::call_box::h2226feb604beb2d6
Dec 03 03:16:32.003 INFO [stdout]                                at librustdoc/test.rs:561
Dec 03 03:16:32.003 INFO [stdout]                                at liballoc/boxed.rs:646
Dec 03 03:16:32.003 INFO [stdout]   14:     0x7fad24ea2df2 - <F as alloc::boxed::FnBox<A>>::call_box::hf3e9d4c572efaf22
Dec 03 03:16:32.003 INFO [stdout]                                at libtest/lib.rs:1454
Dec 03 03:16:32.003 INFO [stdout]                                at liballoc/boxed.rs:646
Dec 03 03:16:32.003 INFO [stdout]   15:     0x7fad238555b9 - __rust_maybe_catch_panic
Dec 03 03:16:32.004 INFO [stdout]                                at libpanic_unwind/lib.rs:103
Dec 03 03:16:32.004 INFO [stdout]   16:     0x7fad24eb01ed - std::sys_common::backtrace::__rust_begin_short_backtrace::h0ff507d7422944d3
Dec 03 03:16:32.004 INFO [stdout]                                at libstd/panicking.rs:289
Dec 03 03:16:32.004 INFO [stdout]                                at libstd/panic.rs:392
Dec 03 03:16:32.004 INFO [stdout]                                at libtest/lib.rs:1416
Dec 03 03:16:32.004 INFO [stdout]                                at libstd/sys_common/backtrace.rs:136
Dec 03 03:16:32.004 INFO [stdout]   17:     0x7fad24ecdff4 - std::panicking::try::do_call::hba0bdcc3670471cc
Dec 03 03:16:32.004 INFO [stdout]                                at libstd/thread/mod.rs:409
Dec 03 03:16:32.004 INFO [stdout]                                at libstd/panic.rs:313
Dec 03 03:16:32.004 INFO [stdout]                                at libstd/panicking.rs:310
Dec 03 03:16:32.004 INFO [stdout]   18:     0x7fad238555b9 - __rust_maybe_catch_panic
Dec 03 03:16:32.004 INFO [stdout]                                at libpanic_unwind/lib.rs:103
Dec 03 03:16:32.004 INFO [stdout]   19:     0x7fad24ebabd6 - <F as alloc::boxed::FnBox<A>>::call_box::hdac52587b00591af
Dec 03 03:16:32.004 INFO [stdout]                                at libstd/panicking.rs:289
Dec 03 03:16:32.004 INFO [stdout]                                at libstd/panic.rs:392
Dec 03 03:16:32.004 INFO [stdout]                                at libstd/thread/mod.rs:408
Dec 03 03:16:32.004 INFO [stdout]                                at liballoc/boxed.rs:646
Dec 03 03:16:32.004 INFO [stdout]   20:     0x7fad23842cca - std::sys_common::thread::start_thread::h75d887c7d2cc4479
Dec 03 03:16:32.004 INFO [stdout]                                at liballoc/boxed.rs:656
Dec 03 03:16:32.004 INFO [stdout]                                at libstd/sys_common/thread.rs:24
Dec 03 03:16:32.004 INFO [stdout]   21:     0x7fad238168f5 - std::sys::unix::thread::Thread::new::thread_start::h8414caee632bf9ed
Dec 03 03:16:32.004 INFO [stdout]                                at libstd/sys/unix/thread.rs:90
Dec 03 03:16:32.004 INFO [stdout]   22:     0x7fad235ab6b9 - start_thread
Dec 03 03:16:32.004 INFO [stdout]   23:     0x7fad230cb41c - clone
Dec 03 03:16:32.004 INFO [stdout]   24:                0x0 - <unknown>
Dec 03 03:16:32.004 INFO [stdout] query stack during panic:
Dec 03 03:16:32.004 INFO [stdout] end of query stack
Dec 03 03:16:32.004 INFO [stdout] 
Dec 03 03:16:32.004 INFO [stdout] 
Dec 03 03:16:32.004 INFO [stdout] failures:
Dec 03 03:16:32.004 INFO [stdout]     src/lib.rs -  (line 13)
Dec 03 03:16:32.004 INFO [stdout]     src/lib.rs -  (line 19)
Dec 03 03:16:32.004 INFO [stdout]     src/lib.rs -  (line 28)
Dec 03 03:16:32.004 INFO [stdout]     src/lib.rs - parse (line 45)
Dec 03 03:16:32.004 INFO [stdout] 
Dec 03 03:16:32.004 INFO [stdout] test result: FAILED. 0 passed; 4 failed; 0 ignored; 0 measured; 0 filtered out
Dec 03 03:16:32.004 INFO [stdout] 
Dec 03 03:16:32.015 INFO [stderr] error: test failed, to rerun pass '--doc'
Dec 03 03:16:32.015 INFO [stderr] su: No module specific data is present
Dec 03 03:16:32.960 INFO running `"docker" "inspect" "7a1629e0389fddb39a6bf4cc81cee34887cc89e739aab8c0cfd3d68707ab1878"`
Dec 03 03:16:33.309 INFO running `"docker" "rm" "-f" "7a1629e0389fddb39a6bf4cc81cee34887cc89e739aab8c0cfd3d68707ab1878"`
Dec 03 03:16:33.671 INFO [stdout] 7a1629e0389fddb39a6bf4cc81cee34887cc89e739aab8c0cfd3d68707ab1878
