Dec 03 03:16:29.964 INFO testing ledb-actix-0.2.1 against 1.30.1 for beta-1.31-5
Dec 03 03:16:29.964 INFO running `"docker" "create" "-v" "/mnt/big/crater/work/local/target-dirs/beta-1.31-5/worker-2/1.30.1:/target:rw,Z" "-v" "/mnt/big/crater/work/local/test-source/worker-2/beta-1.31-5/1.30.1:/source:ro,Z" "-v" "/mnt/big/crater/work/local/cargo-home:/cargo-home:ro,Z" "-v" "/mnt/big/crater/work/local/rustup-home:/rustup-home:ro,Z" "-e" "USER_ID=1000" "-e" "SOURCE_DIR=/source" "-e" "USER_ID=1000" "-e" "CMD=cargo +1.30.1 build --frozen" "-e" "CARGO_TARGET_DIR=/target" "-e" "CARGO_INCREMENTAL=0" "-e" "RUST_BACKTRACE=full" "-e" "RUSTFLAGS=--cap-lints=warn" "-e" "CARGO_HOME=/cargo-home" "-e" "RUSTUP_HOME=/rustup-home" "-m" "1536M" "--network" "none" "crater"`
Dec 03 03:16:30.512 INFO [stdout] e6b086baa196047df1412c058d6996c365f1ce9980e2a30db7cba27500fc4e8c
Dec 03 03:16:30.517 INFO running `"docker" "start" "-a" "e6b086baa196047df1412c058d6996c365f1ce9980e2a30db7cba27500fc4e8c"`
Dec 03 03:16:31.686 INFO [stderr] usermod: no changes
Dec 03 03:16:32.171 INFO [stderr]    Compiling supercow v0.1.0
Dec 03 03:16:32.171 INFO [stderr]    Compiling dunce v0.1.1
Dec 03 03:16:32.187 INFO [stderr]    Compiling liblmdb-sys v0.2.2
Dec 03 03:16:32.191 INFO [stderr]    Compiling resolv-conf v0.6.1
Dec 03 03:16:32.191 INFO [stderr]    Compiling serde v1.0.80
Dec 03 03:16:32.191 INFO [stderr]    Compiling crossbeam-channel v0.2.6
Dec 03 03:16:32.191 INFO [stderr]    Compiling trust-dns-proto v0.5.0
Dec 03 03:16:42.849 INFO [stderr]    Compiling lmdb-zero v0.4.4
Dec 03 03:16:51.563 INFO [stderr]    Compiling trust-dns-resolver v0.10.0
Dec 03 03:16:54.315 INFO [stderr]    Compiling serde_json v1.0.33
Dec 03 03:16:54.315 INFO [stderr]    Compiling serde_cbor v0.9.0
Dec 03 03:16:54.315 INFO [stderr]    Compiling ron v0.4.0
Dec 03 03:17:03.384 INFO [stderr]    Compiling ledb-types v0.2.0
Dec 03 03:17:06.447 INFO [stderr]    Compiling actix v0.7.7
Dec 03 03:17:07.091 INFO [stderr]    Compiling ledb v0.2.0
Dec 03 03:17:17.704 INFO [stderr]    Compiling ledb-actix v0.2.1 (/source)
Dec 03 03:17:27.767 INFO [stderr]     Finished dev [unoptimized + debuginfo] target(s) in 56.05s
Dec 03 03:17:27.782 INFO [stderr] su: No module specific data is present
Dec 03 03:17:28.041 INFO running `"docker" "inspect" "e6b086baa196047df1412c058d6996c365f1ce9980e2a30db7cba27500fc4e8c"`
Dec 03 03:17:28.105 INFO running `"docker" "rm" "-f" "e6b086baa196047df1412c058d6996c365f1ce9980e2a30db7cba27500fc4e8c"`
Dec 03 03:17:28.214 INFO [stdout] e6b086baa196047df1412c058d6996c365f1ce9980e2a30db7cba27500fc4e8c
Dec 03 03:17:28.217 INFO running `"docker" "create" "-v" "/mnt/big/crater/work/local/target-dirs/beta-1.31-5/worker-2/1.30.1:/target:rw,Z" "-v" "/mnt/big/crater/work/local/test-source/worker-2/beta-1.31-5/1.30.1:/source:ro,Z" "-v" "/mnt/big/crater/work/local/cargo-home:/cargo-home:ro,Z" "-v" "/mnt/big/crater/work/local/rustup-home:/rustup-home:ro,Z" "-e" "USER_ID=1000" "-e" "SOURCE_DIR=/source" "-e" "USER_ID=1000" "-e" "CMD=cargo +1.30.1 test --frozen --no-run" "-e" "CARGO_TARGET_DIR=/target" "-e" "CARGO_INCREMENTAL=0" "-e" "RUST_BACKTRACE=full" "-e" "RUSTFLAGS=--cap-lints=warn" "-e" "CARGO_HOME=/cargo-home" "-e" "RUSTUP_HOME=/rustup-home" "-m" "1536M" "--network" "none" "crater"`
Dec 03 03:17:28.415 INFO [stdout] 6ea4a1821060c6538f4c24b35a2cb2a1601ad04ec50702adce1557a4bed314d5
Dec 03 03:17:28.416 INFO running `"docker" "start" "-a" "6ea4a1821060c6538f4c24b35a2cb2a1601ad04ec50702adce1557a4bed314d5"`
Dec 03 03:17:28.803 INFO [stderr] usermod: no changes
Dec 03 03:17:29.099 INFO [stderr]    Compiling liblmdb-sys v0.2.2
Dec 03 03:17:29.099 INFO [stderr]    Compiling ledb-derive v0.2.1
Dec 03 03:17:29.119 INFO [stderr]    Compiling serde_urlencoded v0.5.4
Dec 03 03:17:29.119 INFO [stderr]    Compiling pretty_env_logger v0.1.1
Dec 03 03:17:29.119 INFO [stderr]    Compiling tokio-signal v0.2.7
Dec 03 03:17:29.119 INFO [stderr]    Compiling trust-dns-proto v0.5.0
Dec 03 03:17:31.163 INFO [stderr]    Compiling lmdb-zero v0.4.4
Dec 03 03:17:35.215 INFO [stderr]    Compiling ledb v0.2.0
Dec 03 03:17:40.106 INFO [stderr]    Compiling trust-dns-resolver v0.10.0
Dec 03 03:17:50.794 INFO [stderr]    Compiling actix v0.7.7
Dec 03 03:18:03.159 INFO [stderr]    Compiling actix-net v0.2.4
Dec 03 03:18:03.159 INFO [stderr]    Compiling ledb-actix v0.2.1 (/source)
Dec 03 03:18:17.191 INFO [stderr]    Compiling actix-web v0.7.14
Dec 03 03:19:18.696 INFO [stderr]     Finished dev [unoptimized + debuginfo] target(s) in 1m 49s
Dec 03 03:19:18.725 INFO [stderr] su: No module specific data is present
Dec 03 03:19:19.886 INFO running `"docker" "inspect" "6ea4a1821060c6538f4c24b35a2cb2a1601ad04ec50702adce1557a4bed314d5"`
Dec 03 03:19:20.237 INFO running `"docker" "rm" "-f" "6ea4a1821060c6538f4c24b35a2cb2a1601ad04ec50702adce1557a4bed314d5"`
Dec 03 03:19:20.575 INFO [stdout] 6ea4a1821060c6538f4c24b35a2cb2a1601ad04ec50702adce1557a4bed314d5
Dec 03 03:19:20.583 INFO running `"docker" "create" "-v" "/mnt/big/crater/work/local/target-dirs/beta-1.31-5/worker-2/1.30.1:/target:rw,Z" "-v" "/mnt/big/crater/work/local/test-source/worker-2/beta-1.31-5/1.30.1:/source:ro,Z" "-v" "/mnt/big/crater/work/local/cargo-home:/cargo-home:ro,Z" "-v" "/mnt/big/crater/work/local/rustup-home:/rustup-home:ro,Z" "-e" "USER_ID=1000" "-e" "SOURCE_DIR=/source" "-e" "USER_ID=1000" "-e" "CMD=cargo +1.30.1 test --frozen" "-e" "CARGO_TARGET_DIR=/target" "-e" "CARGO_INCREMENTAL=0" "-e" "RUST_BACKTRACE=full" "-e" "RUSTFLAGS=--cap-lints=warn" "-e" "CARGO_HOME=/cargo-home" "-e" "RUSTUP_HOME=/rustup-home" "-m" "1536M" "--network" "none" "crater"`
Dec 03 03:19:21.236 INFO [stdout] 20d02c8a5639a3c2da0b18c68dcb91b602600e617451fa501b3d7043be6e2152
Dec 03 03:19:21.239 INFO running `"docker" "start" "-a" "20d02c8a5639a3c2da0b18c68dcb91b602600e617451fa501b3d7043be6e2152"`
Dec 03 03:19:22.700 INFO [stderr] usermod: no changes
Dec 03 03:19:23.219 INFO [stderr]     Finished dev [unoptimized + debuginfo] target(s) in 0.48s
Dec 03 03:19:23.259 INFO [stderr]      Running /target/debug/deps/ledb_actix-6421adbc1c879892
Dec 03 03:19:23.291 INFO [stdout] 
Dec 03 03:19:23.291 INFO [stdout] running 3 tests
Dec 03 03:19:23.291 INFO [stdout] test macros::test::find ... ok
Dec 03 03:19:23.291 INFO [stdout] test macros::test::update ... ok
Dec 03 03:19:23.436 INFO [stdout] test actor::tests::test ... FAILED
Dec 03 03:19:23.436 INFO [stdout] 
Dec 03 03:19:23.436 INFO [stdout] failures:
Dec 03 03:19:23.436 INFO [stdout] 
Dec 03 03:19:23.436 INFO [stdout] ---- actor::tests::test stdout ----
Dec 03 03:19:23.436 INFO [stdout] thread 'actor::tests::test' panicked at 'called `Result::unwrap()` on an `Err` value: IoError(Os { code: 30, kind: Other, message: "Read-only file system" })', libcore/result.rs:1009:5
Dec 03 03:19:23.436 INFO [stdout] stack backtrace:
Dec 03 03:19:23.436 INFO [stdout]    0:     0x56266ae146de - std::sys::unix::backtrace::tracing::imp::unwind_backtrace::h15749a98198ba25f
Dec 03 03:19:23.436 INFO [stdout]                                at libstd/sys/unix/backtrace/tracing/gcc_s.rs:49
Dec 03 03:19:23.436 INFO [stdout]    1:     0x56266ae06a86 - std::sys_common::backtrace::print::h0ba65c811294dbf0
Dec 03 03:19:23.436 INFO [stdout]                                at libstd/sys_common/backtrace.rs:71
Dec 03 03:19:23.436 INFO [stdout]                                at libstd/sys_common/backtrace.rs:59
Dec 03 03:19:23.436 INFO [stdout]    2:     0x56266ae04d7d - std::panicking::default_hook::{{closure}}::h42bb31757f0fee64
Dec 03 03:19:23.436 INFO [stdout]                                at libstd/panicking.rs:211
Dec 03 03:19:23.436 INFO [stdout]    3:     0x56266ae04a8b - std::panicking::default_hook::hebc8848d7aa7dbd9
Dec 03 03:19:23.436 INFO [stdout]                                at libstd/panicking.rs:221
Dec 03 03:19:23.436 INFO [stdout]    4:     0x56266ae0542c - std::panicking::rust_panic_with_hook::h86e619a638415243
Dec 03 03:19:23.436 INFO [stdout]                                at libstd/panicking.rs:477
Dec 03 03:19:23.436 INFO [stdout]    5:     0x56266ae04fe9 - std::panicking::continue_panic_fmt::h2d2d2bfb065a70b2
Dec 03 03:19:23.436 INFO [stdout]                                at libstd/panicking.rs:391
Dec 03 03:19:23.436 INFO [stdout]    6:     0x56266ae04ee5 - rust_begin_unwind
Dec 03 03:19:23.436 INFO [stdout]                                at libstd/panicking.rs:326
Dec 03 03:19:23.436 INFO [stdout]    7:     0x56266ae59dab - core::panicking::panic_fmt::h2155aa66b67fe83c
Dec 03 03:19:23.436 INFO [stdout]                                at libcore/panicking.rs:77
Dec 03 03:19:23.436 INFO [stdout]    8:     0x56266ab871c3 - core::result::unwrap_failed::h746878dfc4b2f47b
Dec 03 03:19:23.436 INFO [stdout]                                at libcore/macros.rs:26
Dec 03 03:19:23.436 INFO [stdout]    9:     0x56266ab83955 - <core::result::Result<T, E>>::unwrap::h1f595f038de4deb2
Dec 03 03:19:23.436 INFO [stdout]                                at libcore/result.rs:808
Dec 03 03:19:23.436 INFO [stdout]   10:     0x56266ab1b92c - ledb_actix::actor::tests::test::{{closure}}::h21ef73ee938b5289
Dec 03 03:19:23.436 INFO [stdout]                                at src/actor.rs:437
Dec 03 03:19:23.436 INFO [stdout]   11:     0x56266ab2d4fc - actix::system::Builder::create_runtime::{{closure}}::hc530e64f8ea7d358
Dec 03 03:19:23.436 INFO [stdout]                                at /cargo-home/registry/src/github.com-1ecc6299db9ec823/actix-0.7.7/src/system.rs:399
Dec 03 03:19:23.436 INFO [stdout]   12:     0x56266ab76aa4 - <futures::future::lazy::Lazy<F, R>>::get::h95938c4e296d70aa
Dec 03 03:19:23.436 INFO [stdout]                                at /cargo-home/registry/src/github.com-1ecc6299db9ec823/futures-0.1.25/src/future/lazy.rs:64
Dec 03 03:19:23.436 INFO [stdout]   13:     0x56266ab77002 - <futures::future::lazy::Lazy<F, R> as futures::future::Future>::poll::he6d8f3e269ba500b
Dec 03 03:19:23.436 INFO [stdout]                                at /cargo-home/registry/src/github.com-1ecc6299db9ec823/futures-0.1.25/src/future/lazy.rs:82
Dec 03 03:19:23.436 INFO [stdout]   14:     0x56266aadeeb2 - <futures::task_impl::Spawn<T>>::poll_future_notify::{{closure}}::hb974d321a3091fbd
Dec 03 03:19:23.436 INFO [stdout]                                at /cargo-home/registry/src/github.com-1ecc6299db9ec823/futures-0.1.25/src/task_impl/mod.rs:326
Dec 03 03:19:23.436 INFO [stdout]   15:     0x56266aadefff - <futures::task_impl::Spawn<T>>::enter::{{closure}}::hb6d037812bed4cce
Dec 03 03:19:23.436 INFO [stdout]                                at /cargo-home/registry/src/github.com-1ecc6299db9ec823/futures-0.1.25/src/task_impl/mod.rs:396
Dec 03 03:19:23.436 INFO [stdout]   16:     0x56266ab6c4ab - futures::task_impl::std::set::h21942b35cc009641
Dec 03 03:19:23.436 INFO [stdout]                                at /cargo-home/registry/src/github.com-1ecc6299db9ec823/futures-0.1.25/src/task_impl/std/mod.rs:78
Dec 03 03:19:23.436 INFO [stdout]   17:     0x56266aadef9a - <futures::task_impl::Spawn<T>>::enter::h7aaecdae5ceaf69a
Dec 03 03:19:23.436 INFO [stdout]                                at /cargo-home/registry/src/github.com-1ecc6299db9ec823/futures-0.1.25/src/task_impl/mod.rs:396
Dec 03 03:19:23.436 INFO [stdout]   18:     0x56266aadede3 - <futures::task_impl::Spawn<T>>::poll_fn_notify::h6a7062693861dc91
Dec 03 03:19:23.436 INFO [stdout]                                at /cargo-home/registry/src/github.com-1ecc6299db9ec823/futures-0.1.25/src/task_impl/mod.rs:288
Dec 03 03:19:23.436 INFO [stdout]   19:     0x56266aadee86 - <futures::task_impl::Spawn<T>>::poll_future_notify::hb6736efb0c824ff5
Dec 03 03:19:23.436 INFO [stdout]                                at /cargo-home/registry/src/github.com-1ecc6299db9ec823/futures-0.1.25/src/task_impl/mod.rs:326
Dec 03 03:19:23.436 INFO [stdout]   20:     0x56266aae4ef0 - <tokio_current_thread::Entered<'a, P>>::block_on::{{closure}}::h540b41e4a83b9bf2
Dec 03 03:19:23.436 INFO [stdout]                                at /cargo-home/registry/src/github.com-1ecc6299db9ec823/tokio-current-thread-0.1.4/src/lib.rs:479
Dec 03 03:19:23.436 INFO [stdout]   21:     0x56266aae483c - <tokio_current_thread::Borrow<'a, U>>::enter::{{closure}}::{{closure}}::h0fe82972d7188c0c
Dec 03 03:19:23.436 INFO [stdout]                                at /cargo-home/registry/src/github.com-1ecc6299db9ec823/tokio-current-thread-0.1.4/src/lib.rs:779
Dec 03 03:19:23.436 INFO [stdout]   22:     0x56266aad8671 - tokio_current_thread::CurrentRunner::set_spawn::h81d214d0fe5d6411
Dec 03 03:19:23.436 INFO [stdout]                                at /cargo-home/registry/src/github.com-1ecc6299db9ec823/tokio-current-thread-0.1.4/src/lib.rs:816
Dec 03 03:19:23.436 INFO [stdout]   23:     0x56266aae47db - <tokio_current_thread::Borrow<'a, U>>::enter::{{closure}}::hfde3f7da47720041
Dec 03 03:19:23.436 INFO [stdout]                                at /cargo-home/registry/src/github.com-1ecc6299db9ec823/tokio-current-thread-0.1.4/src/lib.rs:778
Dec 03 03:19:23.436 INFO [stdout]   24:     0x56266ab892c1 - <std::thread::local::LocalKey<T>>::try_with::h38e17bbb81fdc2d3
Dec 03 03:19:23.436 INFO [stdout]                                at libstd/thread/local.rs:294
Dec 03 03:19:23.436 INFO [stdout]   25:     0x56266ab88671 - <std::thread::local::LocalKey<T>>::with::h880b2b3688f31fd9
Dec 03 03:19:23.436 INFO [stdout]                                at libstd/thread/local.rs:248
Dec 03 03:19:23.436 INFO [stdout]   26:     0x56266aae4739 - <tokio_current_thread::Borrow<'a, U>>::enter::h737151e000f483bc
Dec 03 03:19:23.436 INFO [stdout]                                at /cargo-home/registry/src/github.com-1ecc6299db9ec823/tokio-current-thread-0.1.4/src/lib.rs:776
Dec 03 03:19:23.436 INFO [stdout]   27:     0x56266aae4c34 - <tokio_current_thread::Entered<'a, P>>::block_on::h3ba5eeaf86ccaca6
Dec 03 03:19:23.436 INFO [stdout]                                at /cargo-home/registry/src/github.com-1ecc6299db9ec823/tokio-current-thread-0.1.4/src/lib.rs:478
Dec 03 03:19:23.436 INFO [stdout]   28:     0x56266ab8e19d - tokio::runtime::current_thread::runtime::Runtime::block_on::{{closure}}::h79ab35cdb19159d5
Dec 03 03:19:23.437 INFO [stdout]                                at /cargo-home/registry/src/github.com-1ecc6299db9ec823/tokio-0.1.13/src/runtime/current_thread/runtime.rs:187
Dec 03 03:19:23.437 INFO [stdout]   29:     0x56266ab8e086 - tokio::runtime::current_thread::runtime::Runtime::enter::{{closure}}::{{closure}}::{{closure}}::{{closure}}::he6cb621fe419871a
Dec 03 03:19:23.437 INFO [stdout]                                at /cargo-home/registry/src/github.com-1ecc6299db9ec823/tokio-0.1.13/src/runtime/current_thread/runtime.rs:228
Dec 03 03:19:23.437 INFO [stdout]   30:     0x56266ab45ab9 - tokio_executor::global::with_default::{{closure}}::h4e3999bfbd05205e
Dec 03 03:19:23.437 INFO [stdout]                                at /cargo-home/registry/src/github.com-1ecc6299db9ec823/tokio-executor-0.1.5/src/global.rs:192
Dec 03 03:19:23.437 INFO [stdout]   31:     0x56266ab89a49 - <std::thread::local::LocalKey<T>>::try_with::hb251ad7396b331b6
Dec 03 03:19:23.437 INFO [stdout]                                at libstd/thread/local.rs:294
Dec 03 03:19:23.437 INFO [stdout]   32:     0x56266ab886f0 - <std::thread::local::LocalKey<T>>::with::h9d6f1d60226aa5e5
Dec 03 03:19:23.437 INFO [stdout]                                at libstd/thread/local.rs:248
Dec 03 03:19:23.437 INFO [stdout]   33:     0x56266ab45926 - tokio_executor::global::with_default::hfbfeae2b4bdab03d
Dec 03 03:19:23.437 INFO [stdout]                                at /cargo-home/registry/src/github.com-1ecc6299db9ec823/tokio-executor-0.1.5/src/global.rs:162
Dec 03 03:19:23.437 INFO [stdout]   34:     0x56266ab8df4e - tokio::runtime::current_thread::runtime::Runtime::enter::{{closure}}::{{closure}}::{{closure}}::h5f4e5740fb2211fc
Dec 03 03:19:23.437 INFO [stdout]                                at /cargo-home/registry/src/github.com-1ecc6299db9ec823/tokio-0.1.13/src/runtime/current_thread/runtime.rs:226
Dec 03 03:19:23.437 INFO [stdout]   35:     0x56266ab546b2 - tokio_timer::timer::handle::with_default::{{closure}}::hc8693890b487cb44
Dec 03 03:19:23.437 INFO [stdout]                                at /cargo-home/registry/src/github.com-1ecc6299db9ec823/tokio-timer-0.2.8/src/timer/handle.rs:94
Dec 03 03:19:23.437 INFO [stdout]   36:     0x56266ab89540 - <std::thread::local::LocalKey<T>>::try_with::h53fe61cfeaacfbee
Dec 03 03:19:23.437 INFO [stdout]                                at libstd/thread/local.rs:294
Dec 03 03:19:23.437 INFO [stdout]   37:     0x56266ab887d0 - <std::thread::local::LocalKey<T>>::with::hdd08e6aaaa6399e0
Dec 03 03:19:23.437 INFO [stdout]                                at libstd/thread/local.rs:248
Dec 03 03:19:23.437 INFO [stdout]   38:     0x56266ab54488 - tokio_timer::timer::handle::with_default::hbc8ef051e504a37c
Dec 03 03:19:23.437 INFO [stdout]                                at /cargo-home/registry/src/github.com-1ecc6299db9ec823/tokio-timer-0.2.8/src/timer/handle.rs:81
Dec 03 03:19:23.437 INFO [stdout]   39:     0x56266ab8de8e - tokio::runtime::current_thread::runtime::Runtime::enter::{{closure}}::{{closure}}::h1733674c1a5aa88c
Dec 03 03:19:23.437 INFO [stdout]                                at /cargo-home/registry/src/github.com-1ecc6299db9ec823/tokio-0.1.13/src/runtime/current_thread/runtime.rs:219
Dec 03 03:19:23.437 INFO [stdout]   40:     0x56266ab01408 - tokio_timer::clock::clock::with_default::{{closure}}::hb127a9f3666a1e6f
Dec 03 03:19:23.437 INFO [stdout]                                at /cargo-home/registry/src/github.com-1ecc6299db9ec823/tokio-timer-0.2.8/src/clock/clock.rs:136
Dec 03 03:19:23.437 INFO [stdout]   41:     0x56266ab8a953 - <std::thread::local::LocalKey<T>>::try_with::hfe4c4310bd3c0ba8
Dec 03 03:19:23.437 INFO [stdout]                                at libstd/thread/local.rs:294
Dec 03 03:19:23.437 INFO [stdout]   42:     0x56266ab88850 - <std::thread::local::LocalKey<T>>::with::hf05791be0c0f36c5
Dec 03 03:19:23.437 INFO [stdout]                                at libstd/thread/local.rs:248
Dec 03 03:19:23.437 INFO [stdout]   43:     0x56266ab012d6 - tokio_timer::clock::clock::with_default::hd0f0e4df6c93cf16
Dec 03 03:19:23.437 INFO [stdout]                                at /cargo-home/registry/src/github.com-1ecc6299db9ec823/tokio-timer-0.2.8/src/clock/clock.rs:119
Dec 03 03:19:23.437 INFO [stdout]   44:     0x56266ab8de07 - tokio::runtime::current_thread::runtime::Runtime::enter::{{closure}}::h8d51cbcab1f8c235
Dec 03 03:19:23.437 INFO [stdout]                                at /cargo-home/registry/src/github.com-1ecc6299db9ec823/tokio-0.1.13/src/runtime/current_thread/runtime.rs:218
Dec 03 03:19:23.437 INFO [stdout]   45:     0x56266ab45792 - tokio_reactor::with_default::{{closure}}::h9a0dbf9aa5644e13
Dec 03 03:19:23.437 INFO [stdout]                                at /cargo-home/registry/src/github.com-1ecc6299db9ec823/tokio-reactor-0.1.7/src/lib.rs:229
Dec 03 03:19:23.437 INFO [stdout]   46:     0x56266ab89030 - <std::thread::local::LocalKey<T>>::try_with::h2e851896c733ad76
Dec 03 03:19:23.437 INFO [stdout]                                at libstd/thread/local.rs:294
Dec 03 03:19:23.437 INFO [stdout]   47:     0x56266ab88930 - <std::thread::local::LocalKey<T>>::with::hfe5fa7d813f767d3
Dec 03 03:19:23.437 INFO [stdout]                                at libstd/thread/local.rs:248
Dec 03 03:19:23.437 INFO [stdout]   48:     0x56266ab45539 - tokio_reactor::with_default::h9f62edf28d4e9dc7
Dec 03 03:19:23.437 INFO [stdout]                                at /cargo-home/registry/src/github.com-1ecc6299db9ec823/tokio-reactor-0.1.7/src/lib.rs:212
Dec 03 03:19:23.437 INFO [stdout]   49:     0x56266ab8dd06 - tokio::runtime::current_thread::runtime::Runtime::enter::h45057232ef3522d2
Dec 03 03:19:23.437 INFO [stdout]                                at /cargo-home/registry/src/github.com-1ecc6299db9ec823/tokio-0.1.13/src/runtime/current_thread/runtime.rs:217
Dec 03 03:19:23.437 INFO [stdout]   50:     0x56266ab8e130 - tokio::runtime::current_thread::runtime::Runtime::block_on::hd5a5e3b52bce6c63
Dec 03 03:19:23.437 INFO [stdout]                                at /cargo-home/registry/src/github.com-1ecc6299db9ec823/tokio-0.1.13/src/runtime/current_thread/runtime.rs:185
Dec 03 03:19:23.437 INFO [stdout]   51:     0x56266ab2d0d2 - actix::system::Builder::create_runtime::h10b4b4e08d2d7994
Dec 03 03:19:23.437 INFO [stdout]                                at /cargo-home/registry/src/github.com-1ecc6299db9ec823/actix-0.7.7/src/system.rs:394
Dec 03 03:19:23.437 INFO [stdout]   52:     0x56266ab2d62e - actix::system::Builder::run::h27526cf5c7259ad1
Dec 03 03:19:23.437 INFO [stdout]                                at /cargo-home/registry/src/github.com-1ecc6299db9ec823/actix-0.7.7/src/system.rs:366
Dec 03 03:19:23.437 INFO [stdout]   53:     0x56266ab2cba4 - actix::system::System::run::h820f2a00baab4982
Dec 03 03:19:23.437 INFO [stdout]                                at /cargo-home/registry/src/github.com-1ecc6299db9ec823/actix-0.7.7/src/system.rs:151
Dec 03 03:19:23.437 INFO [stdout]   54:     0x56266ab19fc8 - ledb_actix::actor::tests::test::hd552bed76707804c
Dec 03 03:19:23.437 INFO [stdout]                                at src/actor.rs:434
Dec 03 03:19:23.437 INFO [stdout]   55:     0x56266ab19fa9 - ledb_actix::actor::tests::test::{{closure}}::hacc285dc807294d6
Dec 03 03:19:23.437 INFO [stdout]                                at src/actor.rs:433
Dec 03 03:19:23.437 INFO [stdout]   56:     0x56266ab213ad - core::ops::function::FnOnce::call_once::h513cf6ecb8257e7e
Dec 03 03:19:23.437 INFO [stdout]                                at libcore/ops/function.rs:238
Dec 03 03:19:23.437 INFO [stdout]   57:     0x56266ab9679e - <F as alloc::boxed::FnBox<A>>::call_box::hbea525814fa423cc
Dec 03 03:19:23.437 INFO [stdout]                                at libtest/lib.rs:1461
Dec 03 03:19:23.437 INFO [stdout]                                at libcore/ops/function.rs:238
Dec 03 03:19:23.437 INFO [stdout]                                at liballoc/boxed.rs:646
Dec 03 03:19:23.437 INFO [stdout]   58:     0x56266ae24709 - __rust_maybe_catch_panic
Dec 03 03:19:23.437 INFO [stdout]                                at libpanic_unwind/lib.rs:103
Dec 03 03:19:23.437 INFO [stdout]   59:     0x56266aba20fd - std::sys_common::backtrace::__rust_begin_short_backtrace::h0ff507d7422944d3
Dec 03 03:19:23.437 INFO [stdout]                                at libstd/panicking.rs:289
Dec 03 03:19:23.437 INFO [stdout]                                at libstd/panic.rs:392
Dec 03 03:19:23.437 INFO [stdout]                                at libtest/lib.rs:1416
Dec 03 03:19:23.437 INFO [stdout]                                at libstd/sys_common/backtrace.rs:136
Dec 03 03:19:23.437 INFO [stdout]   60:     0x56266abba734 - std::panicking::try::do_call::hba0bdcc3670471cc
Dec 03 03:19:23.437 INFO [stdout]                                at libstd/thread/mod.rs:409
Dec 03 03:19:23.437 INFO [stdout]                                at libstd/panic.rs:313
Dec 03 03:19:23.437 INFO [stdout]                                at libstd/panicking.rs:310
Dec 03 03:19:23.437 INFO [stdout]   61:     0x56266ae24709 - __rust_maybe_catch_panic
Dec 03 03:19:23.437 INFO [stdout]                                at libpanic_unwind/lib.rs:103
Dec 03 03:19:23.437 INFO [stdout]   62:     0x56266abab006 - <F as alloc::boxed::FnBox<A>>::call_box::hdac52587b00591af
Dec 03 03:19:23.437 INFO [stdout]                                at libstd/panicking.rs:289
Dec 03 03:19:23.437 INFO [stdout]                                at libstd/panic.rs:392
Dec 03 03:19:23.437 INFO [stdout]                                at libstd/thread/mod.rs:408
Dec 03 03:19:23.437 INFO [stdout]                                at liballoc/boxed.rs:646
Dec 03 03:19:23.437 INFO [stdout]   63:     0x56266ae160da - std::sys_common::thread::start_thread::h75d887c7d2cc4479
Dec 03 03:19:23.437 INFO [stdout]                                at liballoc/boxed.rs:656
Dec 03 03:19:23.437 INFO [stdout]                                at libstd/sys_common/thread.rs:24
Dec 03 03:19:23.437 INFO [stdout]   64:     0x56266ae05b95 - std::sys::unix::thread::Thread::new::thread_start::h8414caee632bf9ed
Dec 03 03:19:23.437 INFO [stdout]                                at libstd/sys/unix/thread.rs:90
Dec 03 03:19:23.437 INFO [stdout]   65:     0x7f9a70e7b6b9 - start_thread
Dec 03 03:19:23.438 INFO [stdout]   66:     0x7f9a7099b41c - clone
Dec 03 03:19:23.438 INFO [stdout]   67:                0x0 - <unknown>
Dec 03 03:19:23.438 INFO [stdout] 
Dec 03 03:19:23.438 INFO [stdout] 
Dec 03 03:19:23.438 INFO [stdout] failures:
Dec 03 03:19:23.438 INFO [stdout]     actor::tests::test
Dec 03 03:19:23.438 INFO [stdout] 
Dec 03 03:19:23.438 INFO [stdout] test result: FAILED. 2 passed; 1 failed; 0 ignored; 0 measured; 0 filtered out
Dec 03 03:19:23.438 INFO [stdout] 
Dec 03 03:19:23.451 INFO [stderr] error: test failed, to rerun pass '--lib'
Dec 03 03:19:23.459 INFO [stderr] su: No module specific data is present
Dec 03 03:19:24.026 INFO running `"docker" "inspect" "20d02c8a5639a3c2da0b18c68dcb91b602600e617451fa501b3d7043be6e2152"`
Dec 03 03:19:24.421 INFO running `"docker" "rm" "-f" "20d02c8a5639a3c2da0b18c68dcb91b602600e617451fa501b3d7043be6e2152"`
Dec 03 03:19:24.799 INFO [stdout] 20d02c8a5639a3c2da0b18c68dcb91b602600e617451fa501b3d7043be6e2152
