Dec 03 03:16:53.536 INFO testing learnrust-0.1.0 against 1.30.1 for beta-1.31-5
Dec 03 03:16:53.536 INFO running `"docker" "create" "-v" "/mnt/big/crater/work/local/target-dirs/beta-1.31-5/worker-5/1.30.1:/target:rw,Z" "-v" "/mnt/big/crater/work/local/test-source/worker-5/beta-1.31-5/1.30.1:/source:ro,Z" "-v" "/mnt/big/crater/work/local/cargo-home:/cargo-home:ro,Z" "-v" "/mnt/big/crater/work/local/rustup-home:/rustup-home:ro,Z" "-e" "USER_ID=1000" "-e" "SOURCE_DIR=/source" "-e" "USER_ID=1000" "-e" "CMD=cargo +1.30.1 build --frozen" "-e" "CARGO_TARGET_DIR=/target" "-e" "CARGO_INCREMENTAL=0" "-e" "RUST_BACKTRACE=full" "-e" "RUSTFLAGS=--cap-lints=warn" "-e" "CARGO_HOME=/cargo-home" "-e" "RUSTUP_HOME=/rustup-home" "-m" "1536M" "--network" "none" "crater"`
Dec 03 03:16:54.084 INFO [stdout] a79a7b302f6b91a2fad57ff7d80d2614f52b7eb76369ab07badb05de1baf402c
Dec 03 03:16:54.087 INFO running `"docker" "start" "-a" "a79a7b302f6b91a2fad57ff7d80d2614f52b7eb76369ab07badb05de1baf402c"`
Dec 03 03:16:55.320 INFO [stderr] usermod: no changes
Dec 03 03:16:55.380 INFO [stderr]    Compiling learnrust v0.1.0 (/source)
Dec 03 03:16:56.035 INFO [stderr] warning: unused import: `::lessons::Rectangle::Rectangle`
Dec 03 03:16:56.035 INFO [stderr]  --> src/adder/mod.rs:1:5
Dec 03 03:16:56.035 INFO [stderr]   |
Dec 03 03:16:56.035 INFO [stderr] 1 | use ::lessons::Rectangle::Rectangle;
Dec 03 03:16:56.035 INFO [stderr]   |     ^^^^^^^^^^^^^^^^^^^^^^^^^^^^^^^
Dec 03 03:16:56.035 INFO [stderr]   |
Dec 03 03:16:56.035 INFO [stderr]   = note: #[warn(unused_imports)] on by default
Dec 03 03:16:56.035 INFO [stderr] 
Dec 03 03:16:56.035 INFO [stderr] warning: unused import: `::lessons::Guess::Guess`
Dec 03 03:16:56.035 INFO [stderr]  --> src/adder/mod.rs:2:5
Dec 03 03:16:56.035 INFO [stderr]   |
Dec 03 03:16:56.035 INFO [stderr] 2 | use ::lessons::Guess::Guess;
Dec 03 03:16:56.035 INFO [stderr]   |     ^^^^^^^^^^^^^^^^^^^^^^^
Dec 03 03:16:56.035 INFO [stderr] 
Dec 03 03:16:56.035 INFO [stderr] warning: unnecessary parentheses around `if` condition
Dec 03 03:16:56.035 INFO [stderr]   --> src/closures/learnIterator.rs:30:7
Dec 03 03:16:56.035 INFO [stderr]    |
Dec 03 03:16:56.035 INFO [stderr] 30 |     if(self.count < 6){
Dec 03 03:16:56.035 INFO [stderr]    |       ^^^^^^^^^^^^^^^^ help: remove these parentheses
Dec 03 03:16:56.035 INFO [stderr]    |
Dec 03 03:16:56.035 INFO [stderr]    = note: #[warn(unused_parens)] on by default
Dec 03 03:16:56.035 INFO [stderr] 
Dec 03 03:16:56.273 INFO [stderr] warning: unused variable: `v_reference`
Dec 03 03:16:56.273 INFO [stderr]   --> src/lessons/commonCollection.rs:25:9
Dec 03 03:16:56.273 INFO [stderr]    |
Dec 03 03:16:56.273 INFO [stderr] 25 |     let v_reference = &v[v_index];
Dec 03 03:16:56.273 INFO [stderr]    |         ^^^^^^^^^^^ help: consider using `_v_reference` instead
Dec 03 03:16:56.273 INFO [stderr]    |
Dec 03 03:16:56.273 INFO [stderr]    = note: #[warn(unused_variables)] on by default
Dec 03 03:16:56.274 INFO [stderr] 
Dec 03 03:16:56.274 INFO [stderr] warning: unused variable: `s2`
Dec 03 03:16:56.274 INFO [stderr]   --> src/lessons/tryStringCollection.rs:24:7
Dec 03 03:16:56.274 INFO [stderr]    |
Dec 03 03:16:56.274 INFO [stderr] 24 |   let s2 = String::from("tac");
Dec 03 03:16:56.274 INFO [stderr]    |       ^^ help: consider using `_s2` instead
Dec 03 03:16:56.274 INFO [stderr] 
Dec 03 03:16:56.274 INFO [stderr] warning: unused variable: `point2`
Dec 03 03:16:56.274 INFO [stderr]   --> src/lessons/tryGenericTypes.rs:48:7
Dec 03 03:16:56.274 INFO [stderr]    |
Dec 03 03:16:56.274 INFO [stderr] 48 |   let point2 = Point{x : 10.1, y: 20.2};
Dec 03 03:16:56.274 INFO [stderr]    |       ^^^^^^ help: consider using `_point2` instead
Dec 03 03:16:56.274 INFO [stderr] 
Dec 03 03:16:56.274 INFO [stderr] warning: unused variable: `point2_2`
Dec 03 03:16:56.274 INFO [stderr]   --> src/lessons/tryGenericTypes.rs:53:7
Dec 03 03:16:56.274 INFO [stderr]    |
Dec 03 03:16:56.275 INFO [stderr] 53 |   let point2_2 = Point2{x : 20, y : 20.1};
Dec 03 03:16:56.275 INFO [stderr]    |       ^^^^^^^^ help: consider using `_point2_2` instead
Dec 03 03:16:56.275 INFO [stderr] 
Dec 03 03:16:56.275 INFO [stderr] warning: unused variable: `intensity`
Dec 03 03:16:56.275 INFO [stderr]   --> src/closures/learnClosure.rs:41:40
Dec 03 03:16:56.275 INFO [stderr]    |
Dec 03 03:16:56.275 INFO [stderr] 41 | pub fn simulated_expensive_calculation(intensity: u32){
Dec 03 03:16:56.275 INFO [stderr]    |                                        ^^^^^^^^^ help: consider using `_intensity` instead
Dec 03 03:16:56.275 INFO [stderr] 
Dec 03 03:16:56.275 INFO [stderr] warning: unused variable: `expensive_result2`
Dec 03 03:16:56.275 INFO [stderr]   --> src/closures/learnClosure.rs:62:7
Dec 03 03:16:56.275 INFO [stderr]    |
Dec 03 03:16:56.275 INFO [stderr] 62 |   let expensive_result2 = expensive_calculation(intensity);
Dec 03 03:16:56.275 INFO [stderr]    |       ^^^^^^^^^^^^^^^^^ help: consider using `_expensive_result2` instead
Dec 03 03:16:56.275 INFO [stderr] 
Dec 03 03:16:56.275 INFO [stderr] warning: unused variable: `expensive_result3`
Dec 03 03:16:56.275 INFO [stderr]   --> src/closures/learnClosure.rs:63:7
Dec 03 03:16:56.275 INFO [stderr]    |
Dec 03 03:16:56.275 INFO [stderr] 63 |   let expensive_result3 = |num: u32| -> u32{
Dec 03 03:16:56.275 INFO [stderr]    |       ^^^^^^^^^^^^^^^^^ help: consider using `_expensive_result3` instead
Dec 03 03:16:56.275 INFO [stderr] 
Dec 03 03:16:56.359 INFO [stderr] warning: function is never used: `returns_summarizable`
Dec 03 03:16:56.359 INFO [stderr]    --> src/lessons/tryGenericTypes.rs:132:1
Dec 03 03:16:56.359 INFO [stderr]     |
Dec 03 03:16:56.359 INFO [stderr] 132 | fn returns_summarizable() -> impl Summary {
Dec 03 03:16:56.359 INFO [stderr]     | ^^^^^^^^^^^^^^^^^^^^^^^^^^^^^^^^^^^^^^^^^
Dec 03 03:16:56.359 INFO [stderr]     |
Dec 03 03:16:56.359 INFO [stderr]     = note: #[warn(dead_code)] on by default
Dec 03 03:16:56.359 INFO [stderr] 
Dec 03 03:16:56.359 INFO [stderr] warning: field is never used: `value`
Dec 03 03:16:56.359 INFO [stderr]  --> src/lessons/Guess.rs:2:3
Dec 03 03:16:56.359 INFO [stderr]   |
Dec 03 03:16:56.359 INFO [stderr] 2 |   value:u32,
Dec 03 03:16:56.359 INFO [stderr]   |   ^^^^^^^^^
Dec 03 03:16:56.359 INFO [stderr] 
Dec 03 03:16:56.359 INFO [stderr] warning: module `commonCollection` should have a snake case name such as `common_collection`
Dec 03 03:16:56.359 INFO [stderr]  --> src/lessons/mod.rs:1:1
Dec 03 03:16:56.359 INFO [stderr]   |
Dec 03 03:16:56.359 INFO [stderr] 1 | pub mod commonCollection;
Dec 03 03:16:56.359 INFO [stderr]   | ^^^^^^^^^^^^^^^^^^^^^^^^^
Dec 03 03:16:56.359 INFO [stderr]   |
Dec 03 03:16:56.359 INFO [stderr]   = note: #[warn(non_snake_case)] on by default
Dec 03 03:16:56.359 INFO [stderr] 
Dec 03 03:16:56.361 INFO [stderr] warning: function `tryCommonCollection` should have a snake case name such as `try_common_collection`
Dec 03 03:16:56.361 INFO [stderr]   --> src/lessons/commonCollection.rs:8:1
Dec 03 03:16:56.361 INFO [stderr]    |
Dec 03 03:16:56.361 INFO [stderr] 8  | / pub fn tryCommonCollection(){
Dec 03 03:16:56.361 INFO [stderr] 9  | |     let v = vec![1,2,3];
Dec 03 03:16:56.361 INFO [stderr] 10 | |     println!("vector value : {:#?}", v);
Dec 03 03:16:56.361 INFO [stderr] 11 | |
Dec 03 03:16:56.361 INFO [stderr] ...  |
Dec 03 03:16:56.361 INFO [stderr] 65 | |     println!("row data : {:?}", row);
Dec 03 03:16:56.361 INFO [stderr] 66 | | }
Dec 03 03:16:56.361 INFO [stderr]    | |_^
Dec 03 03:16:56.361 INFO [stderr] 
Dec 03 03:16:56.361 INFO [stderr] warning: module `tryStringCollection` should have a snake case name such as `try_string_collection`
Dec 03 03:16:56.361 INFO [stderr]  --> src/lessons/mod.rs:3:1
Dec 03 03:16:56.361 INFO [stderr]   |
Dec 03 03:16:56.361 INFO [stderr] 3 | pub mod tryStringCollection;
Dec 03 03:16:56.361 INFO [stderr]   | ^^^^^^^^^^^^^^^^^^^^^^^^^^^^
Dec 03 03:16:56.361 INFO [stderr] 
Dec 03 03:16:56.361 INFO [stderr] warning: function `tryUpdateString` should have a snake case name such as `try_update_string`
Dec 03 03:16:56.361 INFO [stderr]   --> src/lessons/tryStringCollection.rs:1:1
Dec 03 03:16:56.361 INFO [stderr]    |
Dec 03 03:16:56.361 INFO [stderr] 1  | / pub fn tryUpdateString(){
Dec 03 03:16:56.361 INFO [stderr] 2  | |   println!("==============================");
Dec 03 03:16:56.361 INFO [stderr] 3  | |
Dec 03 03:16:56.361 INFO [stderr] 4  | |   let mut s = String::from("foo");
Dec 03 03:16:56.361 INFO [stderr] ...  |
Dec 03 03:16:56.361 INFO [stderr] 37 | |   println!("==============================");
Dec 03 03:16:56.361 INFO [stderr] 38 | | }
Dec 03 03:16:56.361 INFO [stderr]    | |_^
Dec 03 03:16:56.361 INFO [stderr] 
Dec 03 03:16:56.362 INFO [stderr] warning: module `tryHashMapCollection` should have a snake case name such as `try_hash_map_collection`
Dec 03 03:16:56.362 INFO [stderr]  --> src/lessons/mod.rs:5:1
Dec 03 03:16:56.362 INFO [stderr]   |
Dec 03 03:16:56.362 INFO [stderr] 5 | pub mod tryHashMapCollection;
Dec 03 03:16:56.362 INFO [stderr]   | ^^^^^^^^^^^^^^^^^^^^^^^^^^^^^
Dec 03 03:16:56.362 INFO [stderr] 
Dec 03 03:16:56.362 INFO [stderr] warning: function `tryHashMap` should have a snake case name such as `try_hash_map`
Dec 03 03:16:56.362 INFO [stderr]   --> src/lessons/tryHashMapCollection.rs:3:1
Dec 03 03:16:56.362 INFO [stderr]    |
Dec 03 03:16:56.362 INFO [stderr] 3  | / pub fn tryHashMap(){
Dec 03 03:16:56.362 INFO [stderr] 4  | |   println!("========================");
Dec 03 03:16:56.362 INFO [stderr] 5  | |
Dec 03 03:16:56.362 INFO [stderr] 6  | |   let mut scores = HashMap::new();
Dec 03 03:16:56.362 INFO [stderr] ...  |
Dec 03 03:16:56.362 INFO [stderr] 52 | |   println!("========================");
Dec 03 03:16:56.362 INFO [stderr] 53 | | }
Dec 03 03:16:56.362 INFO [stderr]    | |_^
Dec 03 03:16:56.362 INFO [stderr] 
Dec 03 03:16:56.365 INFO [stderr] warning: module `recoverableError` should have a snake case name such as `recoverable_error`
Dec 03 03:16:56.365 INFO [stderr]  --> src/lessons/mod.rs:7:1
Dec 03 03:16:56.365 INFO [stderr]   |
Dec 03 03:16:56.365 INFO [stderr] 7 | pub mod recoverableError;
Dec 03 03:16:56.365 INFO [stderr]   | ^^^^^^^^^^^^^^^^^^^^^^^^^
Dec 03 03:16:56.365 INFO [stderr] 
Dec 03 03:16:56.365 INFO [stderr] warning: function `recoverableError` should have a snake case name such as `recoverable_error`
Dec 03 03:16:56.365 INFO [stderr]   --> src/lessons/recoverableError.rs:27:1
Dec 03 03:16:56.365 INFO [stderr]    |
Dec 03 03:16:56.365 INFO [stderr] 27 | / pub fn recoverableError(){
Dec 03 03:16:56.365 INFO [stderr] 28 | |   let f = File::open("hello.txt");
Dec 03 03:16:56.365 INFO [stderr] 29 | |   let t = match f{
Dec 03 03:16:56.365 INFO [stderr] 30 | |     Ok(file) => file,
Dec 03 03:16:56.365 INFO [stderr] ...  |
Dec 03 03:16:56.365 INFO [stderr] 54 | |   println!("file value : {:?}", t);
Dec 03 03:16:56.365 INFO [stderr] 55 | | }
Dec 03 03:16:56.365 INFO [stderr]    | |_^
Dec 03 03:16:56.365 INFO [stderr] 
Dec 03 03:16:56.367 INFO [stderr] warning: module `tryGenericTypes` should have a snake case name such as `try_generic_types`
Dec 03 03:16:56.367 INFO [stderr]  --> src/lessons/mod.rs:9:1
Dec 03 03:16:56.367 INFO [stderr]   |
Dec 03 03:16:56.367 INFO [stderr] 9 | pub mod tryGenericTypes;
Dec 03 03:16:56.367 INFO [stderr]   | ^^^^^^^^^^^^^^^^^^^^^^^^
Dec 03 03:16:56.367 INFO [stderr] 
Dec 03 03:16:56.367 INFO [stderr] warning: module `tryLifetime` should have a snake case name such as `try_lifetime`
Dec 03 03:16:56.367 INFO [stderr]   --> src/lessons/mod.rs:11:1
Dec 03 03:16:56.367 INFO [stderr]    |
Dec 03 03:16:56.367 INFO [stderr] 11 | pub mod tryLifetime;
Dec 03 03:16:56.367 INFO [stderr]    | ^^^^^^^^^^^^^^^^^^^^
Dec 03 03:16:56.367 INFO [stderr] 
Dec 03 03:16:56.367 INFO [stderr] warning: module `Rectangle` should have a snake case name such as `rectangle`
Dec 03 03:16:56.367 INFO [stderr]   --> src/lessons/mod.rs:13:1
Dec 03 03:16:56.367 INFO [stderr]    |
Dec 03 03:16:56.367 INFO [stderr] 13 | pub mod Rectangle;
Dec 03 03:16:56.367 INFO [stderr]    | ^^^^^^^^^^^^^^^^^^
Dec 03 03:16:56.367 INFO [stderr] 
Dec 03 03:16:56.367 INFO [stderr] warning: module `Guess` should have a snake case name such as `guess`
Dec 03 03:16:56.367 INFO [stderr]   --> src/lessons/mod.rs:15:1
Dec 03 03:16:56.367 INFO [stderr]    |
Dec 03 03:16:56.367 INFO [stderr] 15 | pub mod Guess;
Dec 03 03:16:56.367 INFO [stderr]    | ^^^^^^^^^^^^^^
Dec 03 03:16:56.367 INFO [stderr] 
Dec 03 03:16:56.367 INFO [stderr] warning: module `learnClosure` should have a snake case name such as `learn_closure`
Dec 03 03:16:56.367 INFO [stderr]  --> src/closures/mod.rs:8:1
Dec 03 03:16:56.367 INFO [stderr]   |
Dec 03 03:16:56.367 INFO [stderr] 8 | pub mod learnClosure;
Dec 03 03:16:56.367 INFO [stderr]   | ^^^^^^^^^^^^^^^^^^^^^
Dec 03 03:16:56.367 INFO [stderr] 
Dec 03 03:16:56.367 INFO [stderr] warning: module `learnIterator` should have a snake case name such as `learn_iterator`
Dec 03 03:16:56.367 INFO [stderr]  --> src/closures/mod.rs:9:1
Dec 03 03:16:56.367 INFO [stderr]   |
Dec 03 03:16:56.367 INFO [stderr] 9 | pub mod learnIterator;
Dec 03 03:16:56.367 INFO [stderr]   | ^^^^^^^^^^^^^^^^^^^^^^
Dec 03 03:16:56.367 INFO [stderr] 
Dec 03 03:16:56.367 INFO [stderr] warning: function `learnIterator` should have a snake case name such as `learn_iterator`
Dec 03 03:16:56.367 INFO [stderr]   --> src/closures/learnIterator.rs:41:1
Dec 03 03:16:56.367 INFO [stderr]    |
Dec 03 03:16:56.367 INFO [stderr] 41 | / pub fn learnIterator(){
Dec 03 03:16:56.367 INFO [stderr] 42 | |   let v1 = vec![1,2,3,4];
Dec 03 03:16:56.367 INFO [stderr] 43 | |   let v1_iter = v1.iter();
Dec 03 03:16:56.367 INFO [stderr] 44 | |   for item in v1_iter{
Dec 03 03:16:56.367 INFO [stderr] ...  |
Dec 03 03:16:56.367 INFO [stderr] 64 | |   println!("============================");
Dec 03 03:16:56.367 INFO [stderr] 65 | | }
Dec 03 03:16:56.367 INFO [stderr]    | |_^
Dec 03 03:16:56.367 INFO [stderr] 
Dec 03 03:16:58.367 INFO [stderr] warning: field is never used: `email`
Dec 03 03:16:58.367 INFO [stderr]   --> src/main.rs:19:5
Dec 03 03:16:58.367 INFO [stderr]    |
Dec 03 03:16:58.367 INFO [stderr] 19 |     email: String,
Dec 03 03:16:58.367 INFO [stderr]    |     ^^^^^^^^^^^^^
Dec 03 03:16:58.367 INFO [stderr]    |
Dec 03 03:16:58.367 INFO [stderr]    = note: #[warn(dead_code)] on by default
Dec 03 03:16:58.367 INFO [stderr] 
Dec 03 03:16:58.367 INFO [stderr] warning: field is never used: `sign_in_count`
Dec 03 03:16:58.367 INFO [stderr]   --> src/main.rs:20:5
Dec 03 03:16:58.367 INFO [stderr]    |
Dec 03 03:16:58.367 INFO [stderr] 20 |     sign_in_count: u64,
Dec 03 03:16:58.367 INFO [stderr]    |     ^^^^^^^^^^^^^^^^^^
Dec 03 03:16:58.367 INFO [stderr] 
Dec 03 03:16:58.367 INFO [stderr] warning: field is never used: `active`
Dec 03 03:16:58.367 INFO [stderr]   --> src/main.rs:21:5
Dec 03 03:16:58.367 INFO [stderr]    |
Dec 03 03:16:58.367 INFO [stderr] 21 |     active: bool
Dec 03 03:16:58.367 INFO [stderr]    |     ^^^^^^^^^^^^
Dec 03 03:16:58.367 INFO [stderr] 
Dec 03 03:16:58.367 INFO [stderr] warning: constant `point1` should have an upper case name such as `POINT1`
Dec 03 03:16:58.367 INFO [stderr]    --> src/main.rs:100:5
Dec 03 03:16:58.367 INFO [stderr]     |
Dec 03 03:16:58.367 INFO [stderr] 100 |     const point1 :Point = Point(0,0,0);
Dec 03 03:16:58.367 INFO [stderr]     |     ^^^^^^^^^^^^^^^^^^^^^^^^^^^^^^^^^^^
Dec 03 03:16:58.367 INFO [stderr]     |
Dec 03 03:16:58.367 INFO [stderr]     = note: #[warn(non_upper_case_globals)] on by default
Dec 03 03:16:58.367 INFO [stderr] 
Dec 03 03:16:58.367 INFO [stderr] warning: constant `color1` should have an upper case name such as `COLOR1`
Dec 03 03:16:58.367 INFO [stderr]    --> src/main.rs:101:5
Dec 03 03:16:58.367 INFO [stderr]     |
Dec 03 03:16:58.367 INFO [stderr] 101 |     const color1 :Color = Color( 0, 0, 10);
Dec 03 03:16:58.367 INFO [stderr]     |     ^^^^^^^^^^^^^^^^^^^^^^^^^^^^^^^^^^^^^^^
Dec 03 03:16:58.367 INFO [stderr] 
Dec 03 03:16:59.032 INFO [stderr]     Finished dev [unoptimized + debuginfo] target(s) in 3.69s
Dec 03 03:16:59.042 INFO [stderr] su: No module specific data is present
Dec 03 03:16:59.701 INFO running `"docker" "inspect" "a79a7b302f6b91a2fad57ff7d80d2614f52b7eb76369ab07badb05de1baf402c"`
Dec 03 03:16:59.867 INFO running `"docker" "rm" "-f" "a79a7b302f6b91a2fad57ff7d80d2614f52b7eb76369ab07badb05de1baf402c"`
Dec 03 03:17:00.184 INFO [stdout] a79a7b302f6b91a2fad57ff7d80d2614f52b7eb76369ab07badb05de1baf402c
Dec 03 03:17:00.192 INFO running `"docker" "create" "-v" "/mnt/big/crater/work/local/target-dirs/beta-1.31-5/worker-5/1.30.1:/target:rw,Z" "-v" "/mnt/big/crater/work/local/test-source/worker-5/beta-1.31-5/1.30.1:/source:ro,Z" "-v" "/mnt/big/crater/work/local/cargo-home:/cargo-home:ro,Z" "-v" "/mnt/big/crater/work/local/rustup-home:/rustup-home:ro,Z" "-e" "USER_ID=1000" "-e" "SOURCE_DIR=/source" "-e" "USER_ID=1000" "-e" "CMD=cargo +1.30.1 test --frozen --no-run" "-e" "CARGO_TARGET_DIR=/target" "-e" "CARGO_INCREMENTAL=0" "-e" "RUST_BACKTRACE=full" "-e" "RUSTFLAGS=--cap-lints=warn" "-e" "CARGO_HOME=/cargo-home" "-e" "RUSTUP_HOME=/rustup-home" "-m" "1536M" "--network" "none" "crater"`
Dec 03 03:17:00.565 INFO [stdout] c2212f9821c4d154df58e896bd3e521206feb23199521a0efef823ec58e6fc19
Dec 03 03:17:00.567 INFO running `"docker" "start" "-a" "c2212f9821c4d154df58e896bd3e521206feb23199521a0efef823ec58e6fc19"`
Dec 03 03:17:01.379 INFO [stderr] usermod: no changes
Dec 03 03:17:01.463 INFO [stderr]    Compiling learnrust v0.1.0 (/source)
Dec 03 03:17:03.507 INFO [stderr] warning: unnecessary parentheses around `if` condition
Dec 03 03:17:03.507 INFO [stderr]   --> src/closures/learnIterator.rs:30:7
Dec 03 03:17:03.507 INFO [stderr]    |
Dec 03 03:17:03.507 INFO [stderr] 30 |     if(self.count < 6){
Dec 03 03:17:03.507 INFO [stderr]    |       ^^^^^^^^^^^^^^^^ help: remove these parentheses
Dec 03 03:17:03.507 INFO [stderr]    |
Dec 03 03:17:03.507 INFO [stderr]    = note: #[warn(unused_parens)] on by default
Dec 03 03:17:03.507 INFO [stderr] 
Dec 03 03:17:03.579 INFO [stderr] warning: field is never used: `email`
Dec 03 03:17:03.579 INFO [stderr]   --> src/main.rs:19:5
Dec 03 03:17:03.579 INFO [stderr]    |
Dec 03 03:17:03.579 INFO [stderr] 19 |     email: String,
Dec 03 03:17:03.579 INFO [stderr]    |     ^^^^^^^^^^^^^
Dec 03 03:17:03.579 INFO [stderr]    |
Dec 03 03:17:03.579 INFO [stderr]    = note: #[warn(dead_code)] on by default
Dec 03 03:17:03.579 INFO [stderr] 
Dec 03 03:17:03.579 INFO [stderr] warning: field is never used: `sign_in_count`
Dec 03 03:17:03.579 INFO [stderr]   --> src/main.rs:20:5
Dec 03 03:17:03.579 INFO [stderr]    |
Dec 03 03:17:03.579 INFO [stderr] 20 |     sign_in_count: u64,
Dec 03 03:17:03.579 INFO [stderr]    |     ^^^^^^^^^^^^^^^^^^
Dec 03 03:17:03.579 INFO [stderr] 
Dec 03 03:17:03.579 INFO [stderr] warning: field is never used: `active`
Dec 03 03:17:03.579 INFO [stderr]   --> src/main.rs:21:5
Dec 03 03:17:03.579 INFO [stderr]    |
Dec 03 03:17:03.579 INFO [stderr] 21 |     active: bool
Dec 03 03:17:03.579 INFO [stderr]    |     ^^^^^^^^^^^^
Dec 03 03:17:03.579 INFO [stderr] 
Dec 03 03:17:03.579 INFO [stderr] warning: constant `point1` should have an upper case name such as `POINT1`
Dec 03 03:17:03.579 INFO [stderr]    --> src/main.rs:100:5
Dec 03 03:17:03.579 INFO [stderr]     |
Dec 03 03:17:03.579 INFO [stderr] 100 |     const point1 :Point = Point(0,0,0);
Dec 03 03:17:03.579 INFO [stderr]     |     ^^^^^^^^^^^^^^^^^^^^^^^^^^^^^^^^^^^
Dec 03 03:17:03.579 INFO [stderr]     |
Dec 03 03:17:03.579 INFO [stderr]     = note: #[warn(non_upper_case_globals)] on by default
Dec 03 03:17:03.579 INFO [stderr] 
Dec 03 03:17:03.579 INFO [stderr] warning: constant `color1` should have an upper case name such as `COLOR1`
Dec 03 03:17:03.579 INFO [stderr]    --> src/main.rs:101:5
Dec 03 03:17:03.579 INFO [stderr]     |
Dec 03 03:17:03.579 INFO [stderr] 101 |     const color1 :Color = Color( 0, 0, 10);
Dec 03 03:17:03.579 INFO [stderr]     |     ^^^^^^^^^^^^^^^^^^^^^^^^^^^^^^^^^^^^^^^
Dec 03 03:17:03.579 INFO [stderr] 
Dec 03 03:17:04.131 INFO [stderr] warning: unused variable: `v_reference`
Dec 03 03:17:04.131 INFO [stderr]   --> src/lessons/commonCollection.rs:25:9
Dec 03 03:17:04.131 INFO [stderr]    |
Dec 03 03:17:04.131 INFO [stderr] 25 |     let v_reference = &v[v_index];
Dec 03 03:17:04.131 INFO [stderr]    |         ^^^^^^^^^^^ help: consider using `_v_reference` instead
Dec 03 03:17:04.131 INFO [stderr]    |
Dec 03 03:17:04.131 INFO [stderr]    = note: #[warn(unused_variables)] on by default
Dec 03 03:17:04.131 INFO [stderr] 
Dec 03 03:17:04.131 INFO [stderr] warning: unused variable: `s2`
Dec 03 03:17:04.131 INFO [stderr]   --> src/lessons/tryStringCollection.rs:24:7
Dec 03 03:17:04.131 INFO [stderr]    |
Dec 03 03:17:04.131 INFO [stderr] 24 |   let s2 = String::from("tac");
Dec 03 03:17:04.131 INFO [stderr]    |       ^^ help: consider using `_s2` instead
Dec 03 03:17:04.131 INFO [stderr] 
Dec 03 03:17:04.131 INFO [stderr] warning: unused variable: `point2`
Dec 03 03:17:04.131 INFO [stderr]   --> src/lessons/tryGenericTypes.rs:48:7
Dec 03 03:17:04.131 INFO [stderr]    |
Dec 03 03:17:04.131 INFO [stderr] 48 |   let point2 = Point{x : 10.1, y: 20.2};
Dec 03 03:17:04.131 INFO [stderr]    |       ^^^^^^ help: consider using `_point2` instead
Dec 03 03:17:04.131 INFO [stderr] 
Dec 03 03:17:04.131 INFO [stderr] warning: unused variable: `point2_2`
Dec 03 03:17:04.131 INFO [stderr]   --> src/lessons/tryGenericTypes.rs:53:7
Dec 03 03:17:04.131 INFO [stderr]    |
Dec 03 03:17:04.131 INFO [stderr] 53 |   let point2_2 = Point2{x : 20, y : 20.1};
Dec 03 03:17:04.131 INFO [stderr]    |       ^^^^^^^^ help: consider using `_point2_2` instead
Dec 03 03:17:04.131 INFO [stderr] 
Dec 03 03:17:04.131 INFO [stderr] warning: unused variable: `intensity`
Dec 03 03:17:04.131 INFO [stderr]   --> src/closures/learnClosure.rs:41:40
Dec 03 03:17:04.131 INFO [stderr]    |
Dec 03 03:17:04.131 INFO [stderr] 41 | pub fn simulated_expensive_calculation(intensity: u32){
Dec 03 03:17:04.131 INFO [stderr]    |                                        ^^^^^^^^^ help: consider using `_intensity` instead
Dec 03 03:17:04.131 INFO [stderr] 
Dec 03 03:17:04.131 INFO [stderr] warning: unused variable: `expensive_result2`
Dec 03 03:17:04.131 INFO [stderr]   --> src/closures/learnClosure.rs:62:7
Dec 03 03:17:04.131 INFO [stderr]    |
Dec 03 03:17:04.131 INFO [stderr] 62 |   let expensive_result2 = expensive_calculation(intensity);
Dec 03 03:17:04.131 INFO [stderr]    |       ^^^^^^^^^^^^^^^^^ help: consider using `_expensive_result2` instead
Dec 03 03:17:04.131 INFO [stderr] 
Dec 03 03:17:04.131 INFO [stderr] warning: unused variable: `expensive_result3`
Dec 03 03:17:04.131 INFO [stderr]   --> src/closures/learnClosure.rs:63:7
Dec 03 03:17:04.131 INFO [stderr]    |
Dec 03 03:17:04.131 INFO [stderr] 63 |   let expensive_result3 = |num: u32| -> u32{
Dec 03 03:17:04.131 INFO [stderr]    |       ^^^^^^^^^^^^^^^^^ help: consider using `_expensive_result3` instead
Dec 03 03:17:04.131 INFO [stderr] 
Dec 03 03:17:04.131 INFO [stderr] warning: unused variable: `guess`
Dec 03 03:17:04.131 INFO [stderr]   --> src/adder/mod.rs:45:7
Dec 03 03:17:04.131 INFO [stderr]    |
Dec 03 03:17:04.131 INFO [stderr] 45 |   let guess = Guess::new(0);
Dec 03 03:17:04.131 INFO [stderr]    |       ^^^^^ help: consider using `_guess` instead
Dec 03 03:17:04.132 INFO [stderr] 
Dec 03 03:17:04.132 INFO [stderr] warning: unused variable: `y`
Dec 03 03:17:04.132 INFO [stderr]   --> src/adder/mod.rs:74:7
Dec 03 03:17:04.132 INFO [stderr]    |
Dec 03 03:17:04.132 INFO [stderr] 74 |   let y = 10;
Dec 03 03:17:04.132 INFO [stderr]    |       ^ help: consider using `_y` instead
Dec 03 03:17:04.132 INFO [stderr] 
Dec 03 03:17:04.348 INFO [stderr] warning: function is never used: `returns_summarizable`
Dec 03 03:17:04.348 INFO [stderr]    --> src/lessons/tryGenericTypes.rs:132:1
Dec 03 03:17:04.348 INFO [stderr]     |
Dec 03 03:17:04.348 INFO [stderr] 132 | fn returns_summarizable() -> impl Summary {
Dec 03 03:17:04.348 INFO [stderr]     | ^^^^^^^^^^^^^^^^^^^^^^^^^^^^^^^^^^^^^^^^^
Dec 03 03:17:04.348 INFO [stderr]     |
Dec 03 03:17:04.348 INFO [stderr]     = note: #[warn(dead_code)] on by default
Dec 03 03:17:04.348 INFO [stderr] 
Dec 03 03:17:04.348 INFO [stderr] warning: field is never used: `value`
Dec 03 03:17:04.348 INFO [stderr]  --> src/lessons/Guess.rs:2:3
Dec 03 03:17:04.348 INFO [stderr]   |
Dec 03 03:17:04.348 INFO [stderr] 2 |   value:u32,
Dec 03 03:17:04.348 INFO [stderr]   |   ^^^^^^^^^
Dec 03 03:17:04.348 INFO [stderr] 
Dec 03 03:17:04.349 INFO [stderr] warning: module `commonCollection` should have a snake case name such as `common_collection`
Dec 03 03:17:04.349 INFO [stderr]  --> src/lessons/mod.rs:1:1
Dec 03 03:17:04.349 INFO [stderr]   |
Dec 03 03:17:04.349 INFO [stderr] 1 | pub mod commonCollection;
Dec 03 03:17:04.349 INFO [stderr]   | ^^^^^^^^^^^^^^^^^^^^^^^^^
Dec 03 03:17:04.349 INFO [stderr]   |
Dec 03 03:17:04.349 INFO [stderr]   = note: #[warn(non_snake_case)] on by default
Dec 03 03:17:04.349 INFO [stderr] 
Dec 03 03:17:04.349 INFO [stderr] warning: function `tryCommonCollection` should have a snake case name such as `try_common_collection`
Dec 03 03:17:04.350 INFO [stderr]   --> src/lessons/commonCollection.rs:8:1
Dec 03 03:17:04.350 INFO [stderr]    |
Dec 03 03:17:04.350 INFO [stderr] 8  | / pub fn tryCommonCollection(){
Dec 03 03:17:04.350 INFO [stderr] 9  | |     let v = vec![1,2,3];
Dec 03 03:17:04.350 INFO [stderr] 10 | |     println!("vector value : {:#?}", v);
Dec 03 03:17:04.350 INFO [stderr] 11 | |
Dec 03 03:17:04.350 INFO [stderr] ...  |
Dec 03 03:17:04.350 INFO [stderr] 65 | |     println!("row data : {:?}", row);
Dec 03 03:17:04.350 INFO [stderr] 66 | | }
Dec 03 03:17:04.350 INFO [stderr]    | |_^
Dec 03 03:17:04.350 INFO [stderr] 
Dec 03 03:17:04.350 INFO [stderr] warning: module `tryStringCollection` should have a snake case name such as `try_string_collection`
Dec 03 03:17:04.351 INFO [stderr]  --> src/lessons/mod.rs:3:1
Dec 03 03:17:04.351 INFO [stderr]   |
Dec 03 03:17:04.351 INFO [stderr] 3 | pub mod tryStringCollection;
Dec 03 03:17:04.351 INFO [stderr]   | ^^^^^^^^^^^^^^^^^^^^^^^^^^^^
Dec 03 03:17:04.351 INFO [stderr] 
Dec 03 03:17:04.351 INFO [stderr] warning: function `tryUpdateString` should have a snake case name such as `try_update_string`
Dec 03 03:17:04.351 INFO [stderr]   --> src/lessons/tryStringCollection.rs:1:1
Dec 03 03:17:04.351 INFO [stderr]    |
Dec 03 03:17:04.351 INFO [stderr] 1  | / pub fn tryUpdateString(){
Dec 03 03:17:04.351 INFO [stderr] 2  | |   println!("==============================");
Dec 03 03:17:04.351 INFO [stderr] 3  | |
Dec 03 03:17:04.351 INFO [stderr] 4  | |   let mut s = String::from("foo");
Dec 03 03:17:04.351 INFO [stderr] ...  |
Dec 03 03:17:04.351 INFO [stderr] 37 | |   println!("==============================");
Dec 03 03:17:04.351 INFO [stderr] 38 | | }
Dec 03 03:17:04.351 INFO [stderr]    | |_^
Dec 03 03:17:04.351 INFO [stderr] 
Dec 03 03:17:04.355 INFO [stderr] warning: module `tryHashMapCollection` should have a snake case name such as `try_hash_map_collection`
Dec 03 03:17:04.355 INFO [stderr]  --> src/lessons/mod.rs:5:1
Dec 03 03:17:04.355 INFO [stderr]   |
Dec 03 03:17:04.355 INFO [stderr] 5 | pub mod tryHashMapCollection;
Dec 03 03:17:04.355 INFO [stderr]   | ^^^^^^^^^^^^^^^^^^^^^^^^^^^^^
Dec 03 03:17:04.355 INFO [stderr] 
Dec 03 03:17:04.355 INFO [stderr] warning: function `tryHashMap` should have a snake case name such as `try_hash_map`
Dec 03 03:17:04.355 INFO [stderr]   --> src/lessons/tryHashMapCollection.rs:3:1
Dec 03 03:17:04.355 INFO [stderr]    |
Dec 03 03:17:04.355 INFO [stderr] 3  | / pub fn tryHashMap(){
Dec 03 03:17:04.355 INFO [stderr] 4  | |   println!("========================");
Dec 03 03:17:04.355 INFO [stderr] 5  | |
Dec 03 03:17:04.355 INFO [stderr] 6  | |   let mut scores = HashMap::new();
Dec 03 03:17:04.355 INFO [stderr] ...  |
Dec 03 03:17:04.355 INFO [stderr] 52 | |   println!("========================");
Dec 03 03:17:04.355 INFO [stderr] 53 | | }
Dec 03 03:17:04.355 INFO [stderr]    | |_^
Dec 03 03:17:04.355 INFO [stderr] 
Dec 03 03:17:04.356 INFO [stderr] warning: module `recoverableError` should have a snake case name such as `recoverable_error`
Dec 03 03:17:04.356 INFO [stderr]  --> src/lessons/mod.rs:7:1
Dec 03 03:17:04.356 INFO [stderr]   |
Dec 03 03:17:04.356 INFO [stderr] 7 | pub mod recoverableError;
Dec 03 03:17:04.356 INFO [stderr]   | ^^^^^^^^^^^^^^^^^^^^^^^^^
Dec 03 03:17:04.356 INFO [stderr] 
Dec 03 03:17:04.363 INFO [stderr] warning: function `recoverableError` should have a snake case name such as `recoverable_error`
Dec 03 03:17:04.363 INFO [stderr]   --> src/lessons/recoverableError.rs:27:1
Dec 03 03:17:04.363 INFO [stderr]    |
Dec 03 03:17:04.363 INFO [stderr] 27 | / pub fn recoverableError(){
Dec 03 03:17:04.363 INFO [stderr] 28 | |   let f = File::open("hello.txt");
Dec 03 03:17:04.363 INFO [stderr] 29 | |   let t = match f{
Dec 03 03:17:04.363 INFO [stderr] 30 | |     Ok(file) => file,
Dec 03 03:17:04.363 INFO [stderr] ...  |
Dec 03 03:17:04.363 INFO [stderr] 54 | |   println!("file value : {:?}", t);
Dec 03 03:17:04.363 INFO [stderr] 55 | | }
Dec 03 03:17:04.363 INFO [stderr]    | |_^
Dec 03 03:17:04.363 INFO [stderr] 
Dec 03 03:17:04.364 INFO [stderr] warning: module `tryGenericTypes` should have a snake case name such as `try_generic_types`
Dec 03 03:17:04.364 INFO [stderr]  --> src/lessons/mod.rs:9:1
Dec 03 03:17:04.364 INFO [stderr]   |
Dec 03 03:17:04.364 INFO [stderr] 9 | pub mod tryGenericTypes;
Dec 03 03:17:04.364 INFO [stderr]   | ^^^^^^^^^^^^^^^^^^^^^^^^
Dec 03 03:17:04.364 INFO [stderr] 
Dec 03 03:17:04.365 INFO [stderr] warning: module `tryLifetime` should have a snake case name such as `try_lifetime`
Dec 03 03:17:04.365 INFO [stderr]   --> src/lessons/mod.rs:11:1
Dec 03 03:17:04.365 INFO [stderr]    |
Dec 03 03:17:04.365 INFO [stderr] 11 | pub mod tryLifetime;
Dec 03 03:17:04.365 INFO [stderr]    | ^^^^^^^^^^^^^^^^^^^^
Dec 03 03:17:04.365 INFO [stderr] 
Dec 03 03:17:04.379 INFO [stderr] warning: module `Rectangle` should have a snake case name such as `rectangle`
Dec 03 03:17:04.379 INFO [stderr]   --> src/lessons/mod.rs:13:1
Dec 03 03:17:04.379 INFO [stderr]    |
Dec 03 03:17:04.379 INFO [stderr] 13 | pub mod Rectangle;
Dec 03 03:17:04.379 INFO [stderr]    | ^^^^^^^^^^^^^^^^^^
Dec 03 03:17:04.379 INFO [stderr] 
Dec 03 03:17:04.379 INFO [stderr] warning: module `Guess` should have a snake case name such as `guess`
Dec 03 03:17:04.379 INFO [stderr]   --> src/lessons/mod.rs:15:1
Dec 03 03:17:04.379 INFO [stderr]    |
Dec 03 03:17:04.379 INFO [stderr] 15 | pub mod Guess;
Dec 03 03:17:04.379 INFO [stderr]    | ^^^^^^^^^^^^^^
Dec 03 03:17:04.379 INFO [stderr] 
Dec 03 03:17:04.382 INFO [stderr] warning: module `learnClosure` should have a snake case name such as `learn_closure`
Dec 03 03:17:04.383 INFO [stderr]  --> src/closures/mod.rs:8:1
Dec 03 03:17:04.383 INFO [stderr]   |
Dec 03 03:17:04.383 INFO [stderr] 8 | pub mod learnClosure;
Dec 03 03:17:04.383 INFO [stderr]   | ^^^^^^^^^^^^^^^^^^^^^
Dec 03 03:17:04.385 INFO [stderr] 
Dec 03 03:17:04.395 INFO [stderr] warning: module `learnIterator` should have a snake case name such as `learn_iterator`
Dec 03 03:17:04.395 INFO [stderr]  --> src/closures/mod.rs:9:1
Dec 03 03:17:04.395 INFO [stderr]   |
Dec 03 03:17:04.395 INFO [stderr] 9 | pub mod learnIterator;
Dec 03 03:17:04.395 INFO [stderr]   | ^^^^^^^^^^^^^^^^^^^^^^
Dec 03 03:17:04.395 INFO [stderr] 
Dec 03 03:17:04.395 INFO [stderr] warning: function `learnIterator` should have a snake case name such as `learn_iterator`
Dec 03 03:17:04.395 INFO [stderr]   --> src/closures/learnIterator.rs:41:1
Dec 03 03:17:04.395 INFO [stderr]    |
Dec 03 03:17:04.395 INFO [stderr] 41 | / pub fn learnIterator(){
Dec 03 03:17:04.395 INFO [stderr] 42 | |   let v1 = vec![1,2,3,4];
Dec 03 03:17:04.395 INFO [stderr] 43 | |   let v1_iter = v1.iter();
Dec 03 03:17:04.395 INFO [stderr] 44 | |   for item in v1_iter{
Dec 03 03:17:04.395 INFO [stderr] ...  |
Dec 03 03:17:04.395 INFO [stderr] 64 | |   println!("============================");
Dec 03 03:17:04.395 INFO [stderr] 65 | | }
Dec 03 03:17:04.395 INFO [stderr]    | |_^
Dec 03 03:17:04.395 INFO [stderr] 
Dec 03 03:17:05.749 INFO [stderr]     Finished dev [unoptimized + debuginfo] target(s) in 4.32s
Dec 03 03:17:05.753 INFO [stderr] su: No module specific data is present
Dec 03 03:17:06.300 INFO running `"docker" "inspect" "c2212f9821c4d154df58e896bd3e521206feb23199521a0efef823ec58e6fc19"`
Dec 03 03:17:06.424 INFO running `"docker" "rm" "-f" "c2212f9821c4d154df58e896bd3e521206feb23199521a0efef823ec58e6fc19"`
Dec 03 03:17:06.551 INFO [stdout] c2212f9821c4d154df58e896bd3e521206feb23199521a0efef823ec58e6fc19
Dec 03 03:17:06.553 INFO running `"docker" "create" "-v" "/mnt/big/crater/work/local/target-dirs/beta-1.31-5/worker-5/1.30.1:/target:rw,Z" "-v" "/mnt/big/crater/work/local/test-source/worker-5/beta-1.31-5/1.30.1:/source:ro,Z" "-v" "/mnt/big/crater/work/local/cargo-home:/cargo-home:ro,Z" "-v" "/mnt/big/crater/work/local/rustup-home:/rustup-home:ro,Z" "-e" "USER_ID=1000" "-e" "SOURCE_DIR=/source" "-e" "USER_ID=1000" "-e" "CMD=cargo +1.30.1 test --frozen" "-e" "CARGO_TARGET_DIR=/target" "-e" "CARGO_INCREMENTAL=0" "-e" "RUST_BACKTRACE=full" "-e" "RUSTFLAGS=--cap-lints=warn" "-e" "CARGO_HOME=/cargo-home" "-e" "RUSTUP_HOME=/rustup-home" "-m" "1536M" "--network" "none" "crater"`
Dec 03 03:17:06.795 INFO [stdout] b1107d871a7cd3662cca3fa947cf0fe4afccbec9d9c5b5ec3b1d365968962b3e
Dec 03 03:17:06.797 INFO running `"docker" "start" "-a" "b1107d871a7cd3662cca3fa947cf0fe4afccbec9d9c5b5ec3b1d365968962b3e"`
Dec 03 03:17:07.262 INFO [stderr] usermod: no changes
Dec 03 03:17:07.300 INFO [stderr]     Finished dev [unoptimized + debuginfo] target(s) in 0.02s
Dec 03 03:17:07.315 INFO [stderr]      Running /target/debug/deps/learnrust-7a7d0596659dcadb
Dec 03 03:17:07.317 INFO [stdout] 
Dec 03 03:17:07.318 INFO [stdout] running 9 tests
Dec 03 03:17:07.318 INFO [stdout] test adder::another ... ignored
Dec 03 03:17:07.318 INFO [stdout] test adder::it_works_using_result ... ignored
Dec 03 03:17:07.318 INFO [stdout] test adder::test_greeting_name ... ignored
Dec 03 03:17:07.318 INFO [stdout] test adder::test_guess_game ... ignored
Dec 03 03:17:07.327 INFO [stdout] test adder::add_two_test ... ok
Dec 03 03:17:07.327 INFO [stdout] test adder::exploration ... ok
Dec 03 03:17:07.327 INFO [stdout] test adder::larger_can_hold_smaller ... ok
Dec 03 03:17:07.327 INFO [stdout] test adder::smaller_can_not_hold_larger ... ok
Dec 03 03:17:07.327 INFO [stdout] test adder::test_closure ... ok
Dec 03 03:17:07.327 INFO [stdout] 
Dec 03 03:17:07.327 INFO [stdout] test result: ok. 5 passed; 0 failed; 4 ignored; 0 measured; 0 filtered out
Dec 03 03:17:07.327 INFO [stdout] 
Dec 03 03:17:07.327 INFO [stderr]      Running /target/debug/deps/learnrust-6462da80b2f8af46
Dec 03 03:17:07.329 INFO [stdout] 
Dec 03 03:17:07.329 INFO [stdout] running 0 tests
Dec 03 03:17:07.329 INFO [stdout] 
Dec 03 03:17:07.329 INFO [stdout] test result: ok. 0 passed; 0 failed; 0 ignored; 0 measured; 0 filtered out
Dec 03 03:17:07.329 INFO [stdout] 
Dec 03 03:17:07.329 INFO [stderr]      Running /target/debug/deps/integration_test-1d4e32e658980ad9
Dec 03 03:17:07.331 INFO [stdout] 
Dec 03 03:17:07.331 INFO [stdout] running 1 test
Dec 03 03:17:07.331 INFO [stdout] test integration_it_adds_two ... ok
Dec 03 03:17:07.331 INFO [stdout] 
Dec 03 03:17:07.331 INFO [stdout] test result: ok. 1 passed; 0 failed; 0 ignored; 0 measured; 0 filtered out
Dec 03 03:17:07.331 INFO [stdout] 
Dec 03 03:17:07.331 INFO [stderr]    Doc-tests learnrust
Dec 03 03:17:08.449 INFO [stdout] 
Dec 03 03:17:08.449 INFO [stdout] running 1 test
Dec 03 03:17:09.777 INFO [stdout] test src/closures/learnClosure.rs - closures::learnClosure::simulated_expensive_calculation (line 36) ... FAILED
Dec 03 03:17:09.777 INFO [stdout] 
Dec 03 03:17:09.777 INFO [stdout] failures:
Dec 03 03:17:09.777 INFO [stdout] 
Dec 03 03:17:09.777 INFO [stdout] ---- src/closures/learnClosure.rs - closures::learnClosure::simulated_expensive_calculation (line 36) stdout ----
Dec 03 03:17:09.777 INFO [stdout] error[E0433]: failed to resolve. Use of undeclared type or module `my_crate`
Dec 03 03:17:09.777 INFO [stdout]  --> src/closures/learnClosure.rs:39:15
Dec 03 03:17:09.777 INFO [stdout]   |
Dec 03 03:17:09.777 INFO [stdout] 5 | assert_eq!(6, my_crate::add_one(5));
Dec 03 03:17:09.777 INFO [stdout]   |               ^^^^^^^^ Use of undeclared type or module `my_crate`
Dec 03 03:17:09.777 INFO [stdout] 
Dec 03 03:17:09.777 INFO [stdout] thread 'src/closures/learnClosure.rs - closures::learnClosure::simulated_expensive_calculation (line 36)' panicked at 'couldn't compile the test', librustdoc/test.rs:332:13
Dec 03 03:17:09.777 INFO [stdout] stack backtrace:
Dec 03 03:17:09.777 INFO [stdout]    0:     0x7f7bf884c7ce - std::sys::unix::backtrace::tracing::imp::unwind_backtrace::h15749a98198ba25f
Dec 03 03:17:09.777 INFO [stdout]                                at libstd/sys/unix/backtrace/tracing/gcc_s.rs:49
Dec 03 03:17:09.777 INFO [stdout]    1:     0x7f7bf8825966 - std::sys_common::backtrace::print::h0ba65c811294dbf0
Dec 03 03:17:09.777 INFO [stdout]                                at libstd/sys_common/backtrace.rs:71
Dec 03 03:17:09.777 INFO [stdout]                                at libstd/sys_common/backtrace.rs:59
Dec 03 03:17:09.777 INFO [stdout]    2:     0x7f7bf88235bd - std::panicking::default_hook::{{closure}}::h42bb31757f0fee64
Dec 03 03:17:09.777 INFO [stdout]                                at libstd/panicking.rs:211
Dec 03 03:17:09.777 INFO [stdout]    3:     0x7f7bf88232cb - std::panicking::default_hook::hebc8848d7aa7dbd9
Dec 03 03:17:09.777 INFO [stdout]                                at libstd/panicking.rs:221
Dec 03 03:17:09.777 INFO [stdout]    4:     0x7f7bfa9966a1 - rustc::util::common::panic_hook::h9a39743bb116fb66
Dec 03 03:17:09.777 INFO [stdout]    5:     0x7f7bf8823cc3 - std::panicking::rust_panic_with_hook::h86e619a638415243
Dec 03 03:17:09.777 INFO [stdout]                                at libstd/panicking.rs:481
Dec 03 03:17:09.777 INFO [stdout]    6:     0x55f8a19fd306 - std::panicking::begin_panic::h2e334451e6084118
Dec 03 03:17:09.777 INFO [stdout]                                at libstd/panicking.rs:411
Dec 03 03:17:09.777 INFO [stdout]    7:     0x55f8a1bc8147 - rustdoc::test::Collector::add_test::{{closure}}::{{closure}}::{{closure}}::h071753b32990ff99
Dec 03 03:17:09.777 INFO [stdout]                                at librustdoc/test.rs:332
Dec 03 03:17:09.777 INFO [stdout]                                at librustdoc/test.rs:564
Dec 03 03:17:09.777 INFO [stdout]    8:     0x55f8a1b84990 - <scoped_tls::ScopedKey<T>>::set::h9896b6fe380ee541
Dec 03 03:17:09.777 INFO [stdout]                                at /cargo/registry/src/github.com-1ecc6299db9ec823/scoped-tls-0.1.2/src/lib.rs:155
Dec 03 03:17:09.777 INFO [stdout]                                at libsyntax/lib.rs:108
Dec 03 03:17:09.777 INFO [stdout]                                at /cargo/registry/src/github.com-1ecc6299db9ec823/scoped-tls-0.1.2/src/lib.rs:155
Dec 03 03:17:09.777 INFO [stdout]    9:     0x55f8a19ad5cd - syntax::with_globals::h851ff797fe7b24af
Dec 03 03:17:09.777 INFO [stdout]                                at libsyntax/lib.rs:107
Dec 03 03:17:09.777 INFO [stdout]   10:     0x55f8a19fd484 - std::panicking::try::do_call::h43316ef786a5afc6
Dec 03 03:17:09.777 INFO [stdout]                                at librustdoc/test.rs:561
Dec 03 03:17:09.777 INFO [stdout]                                at libstd/panic.rs:313
Dec 03 03:17:09.777 INFO [stdout]                                at libstd/panicking.rs:310
Dec 03 03:17:09.777 INFO [stdout]   11:     0x7f7bf88635b9 - __rust_maybe_catch_panic
Dec 03 03:17:09.777 INFO [stdout]                                at libpanic_unwind/lib.rs:103
Dec 03 03:17:09.777 INFO [stdout]   12:     0x55f8a1a73f03 - rustc_driver::in_named_rustc_thread::h7a18544b9923f524
Dec 03 03:17:09.777 INFO [stdout]                                at libstd/panicking.rs:289
Dec 03 03:17:09.777 INFO [stdout]                                at libstd/panic.rs:392
Dec 03 03:17:09.777 INFO [stdout]                                at librustc_driver/lib.rs:1574
Dec 03 03:17:09.777 INFO [stdout]   13:     0x55f8a1ba0cfc - <F as alloc::boxed::FnBox<A>>::call_box::h2226feb604beb2d6
Dec 03 03:17:09.777 INFO [stdout]                                at librustdoc/test.rs:561
Dec 03 03:17:09.777 INFO [stdout]                                at liballoc/boxed.rs:646
Dec 03 03:17:09.777 INFO [stdout]   14:     0x7f7bf9eb0df2 - <F as alloc::boxed::FnBox<A>>::call_box::hf3e9d4c572efaf22
Dec 03 03:17:09.777 INFO [stdout]                                at libtest/lib.rs:1454
Dec 03 03:17:09.777 INFO [stdout]                                at liballoc/boxed.rs:646
Dec 03 03:17:09.777 INFO [stdout]   15:     0x7f7bf88635b9 - __rust_maybe_catch_panic
Dec 03 03:17:09.777 INFO [stdout]                                at libpanic_unwind/lib.rs:103
Dec 03 03:17:09.777 INFO [stdout]   16:     0x7f7bf9ebe1ed - std::sys_common::backtrace::__rust_begin_short_backtrace::h0ff507d7422944d3
Dec 03 03:17:09.777 INFO [stdout]                                at libstd/panicking.rs:289
Dec 03 03:17:09.777 INFO [stdout]                                at libstd/panic.rs:392
Dec 03 03:17:09.777 INFO [stdout]                                at libtest/lib.rs:1416
Dec 03 03:17:09.777 INFO [stdout]                                at libstd/sys_common/backtrace.rs:136
Dec 03 03:17:09.777 INFO [stdout]   17:     0x7f7bf9edbff4 - std::panicking::try::do_call::hba0bdcc3670471cc
Dec 03 03:17:09.777 INFO [stdout]                                at libstd/thread/mod.rs:409
Dec 03 03:17:09.777 INFO [stdout]                                at libstd/panic.rs:313
Dec 03 03:17:09.777 INFO [stdout]                                at libstd/panicking.rs:310
Dec 03 03:17:09.777 INFO [stdout]   18:     0x7f7bf88635b9 - __rust_maybe_catch_panic
Dec 03 03:17:09.777 INFO [stdout]                                at libpanic_unwind/lib.rs:103
Dec 03 03:17:09.777 INFO [stdout]   19:     0x7f7bf9ec8bd6 - <F as alloc::boxed::FnBox<A>>::call_box::hdac52587b00591af
Dec 03 03:17:09.777 INFO [stdout]                                at libstd/panicking.rs:289
Dec 03 03:17:09.777 INFO [stdout]                                at libstd/panic.rs:392
Dec 03 03:17:09.777 INFO [stdout]                                at libstd/thread/mod.rs:408
Dec 03 03:17:09.777 INFO [stdout]                                at liballoc/boxed.rs:646
Dec 03 03:17:09.777 INFO [stdout]   20:     0x7f7bf8850cca - std::sys_common::thread::start_thread::h75d887c7d2cc4479
Dec 03 03:17:09.778 INFO [stdout]                                at liballoc/boxed.rs:656
Dec 03 03:17:09.778 INFO [stdout]                                at libstd/sys_common/thread.rs:24
Dec 03 03:17:09.778 INFO [stdout]   21:     0x7f7bf88248f5 - std::sys::unix::thread::Thread::new::thread_start::h8414caee632bf9ed
Dec 03 03:17:09.778 INFO [stdout]                                at libstd/sys/unix/thread.rs:90
Dec 03 03:17:09.778 INFO [stdout]   22:     0x7f7bf85b96b9 - start_thread
Dec 03 03:17:09.778 INFO [stdout]   23:     0x7f7bf80d941c - clone
Dec 03 03:17:09.778 INFO [stdout]   24:                0x0 - <unknown>
Dec 03 03:17:09.778 INFO [stdout] query stack during panic:
Dec 03 03:17:09.778 INFO [stdout] end of query stack
Dec 03 03:17:09.778 INFO [stdout] 
Dec 03 03:17:09.778 INFO [stdout] 
Dec 03 03:17:09.778 INFO [stdout] failures:
Dec 03 03:17:09.779 INFO [stdout]     src/closures/learnClosure.rs - closures::learnClosure::simulated_expensive_calculation (line 36)
Dec 03 03:17:09.779 INFO [stdout] 
Dec 03 03:17:09.779 INFO [stdout] test result: FAILED. 0 passed; 1 failed; 0 ignored; 0 measured; 0 filtered out
Dec 03 03:17:09.779 INFO [stdout] 
Dec 03 03:17:09.799 INFO [stderr] error: test failed, to rerun pass '--doc'
Dec 03 03:17:09.799 INFO [stderr] su: No module specific data is present
Dec 03 03:17:10.248 INFO running `"docker" "inspect" "b1107d871a7cd3662cca3fa947cf0fe4afccbec9d9c5b5ec3b1d365968962b3e"`
Dec 03 03:17:10.484 INFO running `"docker" "rm" "-f" "b1107d871a7cd3662cca3fa947cf0fe4afccbec9d9c5b5ec3b1d365968962b3e"`
Dec 03 03:17:10.767 INFO [stdout] b1107d871a7cd3662cca3fa947cf0fe4afccbec9d9c5b5ec3b1d365968962b3e
