Dec 03 03:34:29.618 INFO testing kubewatch-0.9.2 against 1.30.1 for beta-1.31-5
Dec 03 03:34:29.618 INFO running `"docker" "create" "-v" "/mnt/big/crater/work/local/target-dirs/beta-1.31-5/worker-4/1.30.1:/target:rw,Z" "-v" "/mnt/big/crater/work/local/test-source/worker-4/beta-1.31-5/1.30.1:/source:ro,Z" "-v" "/mnt/big/crater/work/local/cargo-home:/cargo-home:ro,Z" "-v" "/mnt/big/crater/work/local/rustup-home:/rustup-home:ro,Z" "-e" "USER_ID=1000" "-e" "SOURCE_DIR=/source" "-e" "USER_ID=1000" "-e" "CMD=cargo +1.30.1 build --frozen" "-e" "CARGO_TARGET_DIR=/target" "-e" "CARGO_INCREMENTAL=0" "-e" "RUST_BACKTRACE=full" "-e" "RUSTFLAGS=--cap-lints=warn" "-e" "CARGO_HOME=/cargo-home" "-e" "RUSTUP_HOME=/rustup-home" "-m" "1536M" "--network" "none" "crater"`
Dec 03 03:34:30.003 INFO [stdout] 980c0e8967d4461cd8fe4039aa2c2c969eaeb912d3f0e98f415123fb726b6dfc
Dec 03 03:34:30.005 INFO running `"docker" "start" "-a" "980c0e8967d4461cd8fe4039aa2c2c969eaeb912d3f0e98f415123fb726b6dfc"`
Dec 03 03:34:30.574 INFO [stderr] usermod: no changes
Dec 03 03:34:30.712 INFO [stderr]    Compiling kubewatch v0.9.2 (/source)
Dec 03 03:34:33.363 INFO [stderr]     Finished dev [unoptimized + debuginfo] target(s) in 2.76s
Dec 03 03:34:33.369 INFO [stderr] su: No module specific data is present
Dec 03 03:34:33.733 INFO running `"docker" "inspect" "980c0e8967d4461cd8fe4039aa2c2c969eaeb912d3f0e98f415123fb726b6dfc"`
Dec 03 03:34:33.906 INFO running `"docker" "rm" "-f" "980c0e8967d4461cd8fe4039aa2c2c969eaeb912d3f0e98f415123fb726b6dfc"`
Dec 03 03:34:34.055 INFO [stdout] 980c0e8967d4461cd8fe4039aa2c2c969eaeb912d3f0e98f415123fb726b6dfc
Dec 03 03:34:34.056 INFO running `"docker" "create" "-v" "/mnt/big/crater/work/local/target-dirs/beta-1.31-5/worker-4/1.30.1:/target:rw,Z" "-v" "/mnt/big/crater/work/local/test-source/worker-4/beta-1.31-5/1.30.1:/source:ro,Z" "-v" "/mnt/big/crater/work/local/cargo-home:/cargo-home:ro,Z" "-v" "/mnt/big/crater/work/local/rustup-home:/rustup-home:ro,Z" "-e" "USER_ID=1000" "-e" "SOURCE_DIR=/source" "-e" "USER_ID=1000" "-e" "CMD=cargo +1.30.1 test --frozen --no-run" "-e" "CARGO_TARGET_DIR=/target" "-e" "CARGO_INCREMENTAL=0" "-e" "RUST_BACKTRACE=full" "-e" "RUSTFLAGS=--cap-lints=warn" "-e" "CARGO_HOME=/cargo-home" "-e" "RUSTUP_HOME=/rustup-home" "-m" "1536M" "--network" "none" "crater"`
Dec 03 03:34:34.274 INFO [stdout] 43f7904087256e25aed61f4b91b211811b0e7aaf0a0e0729aeabf337a35aa239
Dec 03 03:34:34.280 INFO running `"docker" "start" "-a" "43f7904087256e25aed61f4b91b211811b0e7aaf0a0e0729aeabf337a35aa239"`
Dec 03 03:34:35.698 INFO [stderr] usermod: no changes
Dec 03 03:34:35.919 INFO [stderr]    Compiling kubewatch v0.9.2 (/source)
Dec 03 03:34:46.188 INFO [stderr]     Finished dev [unoptimized + debuginfo] target(s) in 10.44s
Dec 03 03:34:46.196 INFO [stderr] su: No module specific data is present
Dec 03 03:34:46.608 INFO running `"docker" "inspect" "43f7904087256e25aed61f4b91b211811b0e7aaf0a0e0729aeabf337a35aa239"`
Dec 03 03:34:46.843 INFO running `"docker" "rm" "-f" "43f7904087256e25aed61f4b91b211811b0e7aaf0a0e0729aeabf337a35aa239"`
Dec 03 03:34:47.055 INFO [stdout] 43f7904087256e25aed61f4b91b211811b0e7aaf0a0e0729aeabf337a35aa239
Dec 03 03:34:47.071 INFO running `"docker" "create" "-v" "/mnt/big/crater/work/local/target-dirs/beta-1.31-5/worker-4/1.30.1:/target:rw,Z" "-v" "/mnt/big/crater/work/local/test-source/worker-4/beta-1.31-5/1.30.1:/source:ro,Z" "-v" "/mnt/big/crater/work/local/cargo-home:/cargo-home:ro,Z" "-v" "/mnt/big/crater/work/local/rustup-home:/rustup-home:ro,Z" "-e" "USER_ID=1000" "-e" "SOURCE_DIR=/source" "-e" "USER_ID=1000" "-e" "CMD=cargo +1.30.1 test --frozen" "-e" "CARGO_TARGET_DIR=/target" "-e" "CARGO_INCREMENTAL=0" "-e" "RUST_BACKTRACE=full" "-e" "RUSTFLAGS=--cap-lints=warn" "-e" "CARGO_HOME=/cargo-home" "-e" "RUSTUP_HOME=/rustup-home" "-m" "1536M" "--network" "none" "crater"`
Dec 03 03:34:47.460 INFO [stdout] 468050af32b2fab9fac8cd5c75f254b40011899438b3876a93938873fe526135
Dec 03 03:34:47.462 INFO running `"docker" "start" "-a" "468050af32b2fab9fac8cd5c75f254b40011899438b3876a93938873fe526135"`
Dec 03 03:34:48.635 INFO [stderr] usermod: no changes
Dec 03 03:34:48.767 INFO [stderr]     Finished dev [unoptimized + debuginfo] target(s) in 0.07s
Dec 03 03:34:48.772 INFO [stderr]      Running /target/debug/deps/kubewatch-7e726d12164ddfa3
Dec 03 03:34:48.772 INFO [stdout] 
Dec 03 03:34:48.772 INFO [stdout] running 5 tests
Dec 03 03:34:48.772 INFO [stdout] test tests::cluster_invalid_url ... ok
Dec 03 03:34:48.779 INFO [stdout] test tests::cluster_get_invalid_url ... ok
Dec 03 03:34:48.787 INFO [stdout] test tests::cluster ... ok
Dec 03 03:34:48.787 INFO [stdout] test tests::events_generator ... ok
Dec 03 03:34:48.815 INFO [stdout] test tests::cluster_get ... FAILED
Dec 03 03:34:48.815 INFO [stdout] 
Dec 03 03:34:48.815 INFO [stdout] failures:
Dec 03 03:34:48.815 INFO [stdout] 
Dec 03 03:34:48.815 INFO [stdout] ---- tests::cluster_get stdout ----
Dec 03 03:34:48.815 INFO [stdout] thread 'tests::cluster_get' panicked at 'assertion failed: response.is_ok()', src/lib.rs:132:9
Dec 03 03:34:48.815 INFO [stdout] stack backtrace:
Dec 03 03:34:48.815 INFO [stdout]    0:     0x557811912ace - std::sys::unix::backtrace::tracing::imp::unwind_backtrace::h15749a98198ba25f
Dec 03 03:34:48.815 INFO [stdout]                                at libstd/sys/unix/backtrace/tracing/gcc_s.rs:49
Dec 03 03:34:48.815 INFO [stdout]    1:     0x557811904b36 - std::sys_common::backtrace::print::h0ba65c811294dbf0
Dec 03 03:34:48.815 INFO [stdout]                                at libstd/sys_common/backtrace.rs:71
Dec 03 03:34:48.815 INFO [stdout]                                at libstd/sys_common/backtrace.rs:59
Dec 03 03:34:48.815 INFO [stdout]    2:     0x557811902f5d - std::panicking::default_hook::{{closure}}::h42bb31757f0fee64
Dec 03 03:34:48.815 INFO [stdout]                                at libstd/panicking.rs:211
Dec 03 03:34:48.815 INFO [stdout]    3:     0x557811902c6b - std::panicking::default_hook::hebc8848d7aa7dbd9
Dec 03 03:34:48.815 INFO [stdout]                                at libstd/panicking.rs:221
Dec 03 03:34:48.815 INFO [stdout]    4:     0x55781190360c - std::panicking::rust_panic_with_hook::h86e619a638415243
Dec 03 03:34:48.815 INFO [stdout]                                at libstd/panicking.rs:477
Dec 03 03:34:48.815 INFO [stdout]    5:     0x5578117b46ef - std::panicking::begin_panic::h373b02ae28db5e84
Dec 03 03:34:48.815 INFO [stdout]                                at libstd/panicking.rs:411
Dec 03 03:34:48.815 INFO [stdout]    6:     0x557811763b63 - kubewatch::tests::cluster_get::hdf2d5ef880928c22
Dec 03 03:34:48.815 INFO [stdout]                                at src/lib.rs:132
Dec 03 03:34:48.815 INFO [stdout]    7:     0x557811763a99 - kubewatch::tests::cluster_get::{{closure}}::h79fa743b7a1f665a
Dec 03 03:34:48.815 INFO [stdout]                                at src/lib.rs:129
Dec 03 03:34:48.815 INFO [stdout]    8:     0x55781174e4bd - core::ops::function::FnOnce::call_once::h6449ace2a2c710a4
Dec 03 03:34:48.815 INFO [stdout]                                at libcore/ops/function.rs:238
Dec 03 03:34:48.815 INFO [stdout]    9:     0x55781176d85e - <F as alloc::boxed::FnBox<A>>::call_box::hbea525814fa423cc
Dec 03 03:34:48.815 INFO [stdout]                                at libtest/lib.rs:1461
Dec 03 03:34:48.815 INFO [stdout]                                at libcore/ops/function.rs:238
Dec 03 03:34:48.815 INFO [stdout]                                at liballoc/boxed.rs:646
Dec 03 03:34:48.815 INFO [stdout]   10:     0x5578119219b9 - __rust_maybe_catch_panic
Dec 03 03:34:48.815 INFO [stdout]                                at libpanic_unwind/lib.rs:103
Dec 03 03:34:48.815 INFO [stdout]   11:     0x5578117791bd - std::sys_common::backtrace::__rust_begin_short_backtrace::h0ff507d7422944d3
Dec 03 03:34:48.815 INFO [stdout]                                at libstd/panicking.rs:289
Dec 03 03:34:48.815 INFO [stdout]                                at libstd/panic.rs:392
Dec 03 03:34:48.815 INFO [stdout]                                at libtest/lib.rs:1416
Dec 03 03:34:48.815 INFO [stdout]                                at libstd/sys_common/backtrace.rs:136
Dec 03 03:34:48.815 INFO [stdout]   12:     0x5578117917f4 - std::panicking::try::do_call::hba0bdcc3670471cc
Dec 03 03:34:48.815 INFO [stdout]                                at libstd/thread/mod.rs:409
Dec 03 03:34:48.815 INFO [stdout]                                at libstd/panic.rs:313
Dec 03 03:34:48.815 INFO [stdout]                                at libstd/panicking.rs:310
Dec 03 03:34:48.815 INFO [stdout]   13:     0x5578119219b9 - __rust_maybe_catch_panic
Dec 03 03:34:48.815 INFO [stdout]                                at libpanic_unwind/lib.rs:103
Dec 03 03:34:48.815 INFO [stdout]   14:     0x5578117820c6 - <F as alloc::boxed::FnBox<A>>::call_box::hdac52587b00591af
Dec 03 03:34:48.815 INFO [stdout]                                at libstd/panicking.rs:289
Dec 03 03:34:48.815 INFO [stdout]                                at libstd/panic.rs:392
Dec 03 03:34:48.815 INFO [stdout]                                at libstd/thread/mod.rs:408
Dec 03 03:34:48.815 INFO [stdout]                                at liballoc/boxed.rs:646
Dec 03 03:34:48.815 INFO [stdout]   15:     0x55781191456a - std::sys_common::thread::start_thread::h75d887c7d2cc4479
Dec 03 03:34:48.815 INFO [stdout]                                at liballoc/boxed.rs:656
Dec 03 03:34:48.815 INFO [stdout]                                at libstd/sys_common/thread.rs:24
Dec 03 03:34:48.815 INFO [stdout]   16:     0x557811903d75 - std::sys::unix::thread::Thread::new::thread_start::h8414caee632bf9ed
Dec 03 03:34:48.815 INFO [stdout]                                at libstd/sys/unix/thread.rs:90
Dec 03 03:34:48.815 INFO [stdout]   17:     0x7f9bb867f6b9 - start_thread
Dec 03 03:34:48.815 INFO [stdout]   18:     0x7f9bb819f41c - clone
Dec 03 03:34:48.815 INFO [stdout]   19:                0x0 - <unknown>
Dec 03 03:34:48.815 INFO [stdout] 
Dec 03 03:34:48.815 INFO [stdout] 
Dec 03 03:34:48.815 INFO [stdout] failures:
Dec 03 03:34:48.815 INFO [stdout]     tests::cluster_get
Dec 03 03:34:48.815 INFO [stdout] 
Dec 03 03:34:48.815 INFO [stdout] test result: FAILED. 4 passed; 1 failed; 0 ignored; 0 measured; 0 filtered out
Dec 03 03:34:48.815 INFO [stdout] 
Dec 03 03:34:48.816 INFO [stderr] error: test failed, to rerun pass '--lib'
Dec 03 03:34:48.816 INFO [stderr] su: No module specific data is present
Dec 03 03:34:49.568 INFO running `"docker" "inspect" "468050af32b2fab9fac8cd5c75f254b40011899438b3876a93938873fe526135"`
Dec 03 03:34:49.842 INFO running `"docker" "rm" "-f" "468050af32b2fab9fac8cd5c75f254b40011899438b3876a93938873fe526135"`
Dec 03 03:34:50.126 INFO [stdout] 468050af32b2fab9fac8cd5c75f254b40011899438b3876a93938873fe526135
