Dec 03 06:28:52.193 INFO testing groupme_bot-0.1.2 against 1.30.1 for beta-1.31-5
Dec 03 06:28:52.194 INFO running `"docker" "create" "-v" "/mnt/big/crater/work/local/target-dirs/beta-1.31-5/worker-2/1.30.1:/target:rw,Z" "-v" "/mnt/big/crater/work/local/test-source/worker-2/beta-1.31-5/1.30.1:/source:ro,Z" "-v" "/mnt/big/crater/work/local/cargo-home:/cargo-home:ro,Z" "-v" "/mnt/big/crater/work/local/rustup-home:/rustup-home:ro,Z" "-e" "USER_ID=1000" "-e" "SOURCE_DIR=/source" "-e" "USER_ID=1000" "-e" "CMD=cargo +1.30.1 build --frozen" "-e" "CARGO_TARGET_DIR=/target" "-e" "CARGO_INCREMENTAL=0" "-e" "RUST_BACKTRACE=full" "-e" "RUSTFLAGS=--cap-lints=warn" "-e" "CARGO_HOME=/cargo-home" "-e" "RUSTUP_HOME=/rustup-home" "-m" "1536M" "--network" "none" "crater"`
Dec 03 06:28:52.784 INFO [stdout] 3b460011d239af20530560ab88821af35000a36d81768e11727aac06a48ec849
Dec 03 06:28:52.788 INFO running `"docker" "start" "-a" "3b460011d239af20530560ab88821af35000a36d81768e11727aac06a48ec849"`
Dec 03 06:28:53.963 INFO [stderr] usermod: no changes
Dec 03 06:28:54.374 INFO [stderr]    Compiling groupme_bot v0.1.2 (/source)
Dec 03 06:29:05.511 INFO [stderr]     Finished dev [unoptimized + debuginfo] target(s) in 11.52s
Dec 03 06:29:05.533 INFO [stderr] su: No module specific data is present
Dec 03 06:29:06.423 INFO running `"docker" "inspect" "3b460011d239af20530560ab88821af35000a36d81768e11727aac06a48ec849"`
Dec 03 06:29:06.663 INFO running `"docker" "rm" "-f" "3b460011d239af20530560ab88821af35000a36d81768e11727aac06a48ec849"`
Dec 03 06:29:06.951 INFO [stdout] 3b460011d239af20530560ab88821af35000a36d81768e11727aac06a48ec849
Dec 03 06:29:06.953 INFO running `"docker" "create" "-v" "/mnt/big/crater/work/local/target-dirs/beta-1.31-5/worker-2/1.30.1:/target:rw,Z" "-v" "/mnt/big/crater/work/local/test-source/worker-2/beta-1.31-5/1.30.1:/source:ro,Z" "-v" "/mnt/big/crater/work/local/cargo-home:/cargo-home:ro,Z" "-v" "/mnt/big/crater/work/local/rustup-home:/rustup-home:ro,Z" "-e" "USER_ID=1000" "-e" "SOURCE_DIR=/source" "-e" "USER_ID=1000" "-e" "CMD=cargo +1.30.1 test --frozen --no-run" "-e" "CARGO_TARGET_DIR=/target" "-e" "CARGO_INCREMENTAL=0" "-e" "RUST_BACKTRACE=full" "-e" "RUSTFLAGS=--cap-lints=warn" "-e" "CARGO_HOME=/cargo-home" "-e" "RUSTUP_HOME=/rustup-home" "-m" "1536M" "--network" "none" "crater"`
Dec 03 06:29:07.395 INFO [stdout] 8d46e46f020f0ee508cb304d5d441f5efba2d226fe965ce0faa0d36b027b7ec8
Dec 03 06:29:07.397 INFO running `"docker" "start" "-a" "8d46e46f020f0ee508cb304d5d441f5efba2d226fe965ce0faa0d36b027b7ec8"`
Dec 03 06:29:08.686 INFO [stderr] usermod: no changes
Dec 03 06:29:08.923 INFO [stderr]    Compiling groupme_bot v0.1.2 (/source)
Dec 03 06:29:39.502 INFO [stderr]     Finished dev [unoptimized + debuginfo] target(s) in 30.78s
Dec 03 06:29:39.515 INFO [stderr] su: No module specific data is present
Dec 03 06:29:39.936 INFO running `"docker" "inspect" "8d46e46f020f0ee508cb304d5d441f5efba2d226fe965ce0faa0d36b027b7ec8"`
Dec 03 06:29:40.069 INFO running `"docker" "rm" "-f" "8d46e46f020f0ee508cb304d5d441f5efba2d226fe965ce0faa0d36b027b7ec8"`
Dec 03 06:29:40.239 INFO [stdout] 8d46e46f020f0ee508cb304d5d441f5efba2d226fe965ce0faa0d36b027b7ec8
Dec 03 06:29:40.245 INFO running `"docker" "create" "-v" "/mnt/big/crater/work/local/target-dirs/beta-1.31-5/worker-2/1.30.1:/target:rw,Z" "-v" "/mnt/big/crater/work/local/test-source/worker-2/beta-1.31-5/1.30.1:/source:ro,Z" "-v" "/mnt/big/crater/work/local/cargo-home:/cargo-home:ro,Z" "-v" "/mnt/big/crater/work/local/rustup-home:/rustup-home:ro,Z" "-e" "USER_ID=1000" "-e" "SOURCE_DIR=/source" "-e" "USER_ID=1000" "-e" "CMD=cargo +1.30.1 test --frozen" "-e" "CARGO_TARGET_DIR=/target" "-e" "CARGO_INCREMENTAL=0" "-e" "RUST_BACKTRACE=full" "-e" "RUSTFLAGS=--cap-lints=warn" "-e" "CARGO_HOME=/cargo-home" "-e" "RUSTUP_HOME=/rustup-home" "-m" "1536M" "--network" "none" "crater"`
Dec 03 06:29:40.527 INFO [stdout] e7c4a8aa59bd5101d160c160b8f18b71daaa8e9e113d1ddca506167a60603b00
Dec 03 06:29:40.529 INFO running `"docker" "start" "-a" "e7c4a8aa59bd5101d160c160b8f18b71daaa8e9e113d1ddca506167a60603b00"`
Dec 03 06:29:41.189 INFO [stderr] usermod: no changes
Dec 03 06:29:41.387 INFO [stderr]     Finished dev [unoptimized + debuginfo] target(s) in 0.16s
Dec 03 06:29:41.407 INFO [stderr]      Running /target/debug/deps/groupme_bot-12c39fc6f5ba6985
Dec 03 06:29:41.428 INFO [stdout] 
Dec 03 06:29:41.429 INFO [stdout] running 0 tests
Dec 03 06:29:41.429 INFO [stdout] 
Dec 03 06:29:41.429 INFO [stdout] test result: ok. 0 passed; 0 failed; 0 ignored; 0 measured; 0 filtered out
Dec 03 06:29:41.429 INFO [stdout] 
Dec 03 06:29:41.431 INFO [stderr]      Running /target/debug/deps/bad_auth_test-996312c2c525745e
Dec 03 06:29:41.437 INFO [stdout] 
Dec 03 06:29:41.437 INFO [stdout] running 4 tests
Dec 03 06:29:41.593 INFO [stdout] test test_unauthorized_post_image ... FAILED
Dec 03 06:29:41.593 INFO [stdout] test test_unauthorized_destroy ... FAILED
Dec 03 06:29:41.594 INFO [stdout] test test_unauthorized_post ... FAILED
Dec 03 06:29:41.595 INFO [stdout] test test_unauthorized_create ... FAILED
Dec 03 06:29:41.595 INFO [stdout] 
Dec 03 06:29:41.595 INFO [stdout] failures:
Dec 03 06:29:41.596 INFO [stdout] 
Dec 03 06:29:41.596 INFO [stdout] ---- test_unauthorized_post_image stdout ----
Dec 03 06:29:41.596 INFO [stdout] thread 'test_unauthorized_post_image' panicked at 'Wrong error type returned', tests/bad_auth_test.rs:36:14
Dec 03 06:29:41.596 INFO [stdout] stack backtrace:
Dec 03 06:29:41.596 INFO [stdout]    0:     0x5624bb12f0ae - std::sys::unix::backtrace::tracing::imp::unwind_backtrace::h15749a98198ba25f
Dec 03 06:29:41.596 INFO [stdout]                                at libstd/sys/unix/backtrace/tracing/gcc_s.rs:49
Dec 03 06:29:41.596 INFO [stdout]    1:     0x5624bb120de6 - std::sys_common::backtrace::print::h0ba65c811294dbf0
Dec 03 06:29:41.596 INFO [stdout]                                at libstd/sys_common/backtrace.rs:71
Dec 03 06:29:41.596 INFO [stdout]                                at libstd/sys_common/backtrace.rs:59
Dec 03 06:29:41.596 INFO [stdout]    2:     0x5624bb11f0ad - std::panicking::default_hook::{{closure}}::h42bb31757f0fee64
Dec 03 06:29:41.596 INFO [stdout]                                at libstd/panicking.rs:211
Dec 03 06:29:41.596 INFO [stdout]    3:     0x5624bb11edbb - std::panicking::default_hook::hebc8848d7aa7dbd9
Dec 03 06:29:41.596 INFO [stdout]                                at libstd/panicking.rs:221
Dec 03 06:29:41.597 INFO [stdout]    4:     0x5624bb11f75c - std::panicking::rust_panic_with_hook::h86e619a638415243
Dec 03 06:29:41.597 INFO [stdout]                                at libstd/panicking.rs:477
Dec 03 06:29:41.597 INFO [stdout]    5:     0x5624bb0a618f - std::panicking::begin_panic::hbd0712c2fbbc5aa7
Dec 03 06:29:41.597 INFO [stdout]                                at libstd/panicking.rs:411
Dec 03 06:29:41.597 INFO [stdout]    6:     0x5624bac4dfe2 - bad_auth_test::test_unauthorized_post_image::h027c8f5e20021ab9
Dec 03 06:29:41.597 INFO [stdout]                                at tests/bad_auth_test.rs:36
Dec 03 06:29:41.597 INFO [stdout]    7:     0x5624bac4dec9 - bad_auth_test::test_unauthorized_post_image::{{closure}}::h24a2ff36ed2bf3d8
Dec 03 06:29:41.597 INFO [stdout]                                at tests/bad_auth_test.rs:26
Dec 03 06:29:41.597 INFO [stdout]    8:     0x5624bac4e47d - core::ops::function::FnOnce::call_once::h05ae12ee241b7c32
Dec 03 06:29:41.597 INFO [stdout]                                at libcore/ops/function.rs:238
Dec 03 06:29:41.597 INFO [stdout]    9:     0x5624bac5146e - <F as alloc::boxed::FnBox<A>>::call_box::hbea525814fa423cc
Dec 03 06:29:41.597 INFO [stdout]                                at libtest/lib.rs:1461
Dec 03 06:29:41.597 INFO [stdout]                                at libcore/ops/function.rs:238
Dec 03 06:29:41.597 INFO [stdout]                                at liballoc/boxed.rs:646
Dec 03 06:29:41.597 INFO [stdout]   10:     0x5624bb13e039 - __rust_maybe_catch_panic
Dec 03 06:29:41.597 INFO [stdout]                                at libpanic_unwind/lib.rs:103
Dec 03 06:29:41.597 INFO [stdout]   11:     0x5624bac5cdcd - std::sys_common::backtrace::__rust_begin_short_backtrace::h0ff507d7422944d3
Dec 03 06:29:41.597 INFO [stdout]                                at libstd/panicking.rs:289
Dec 03 06:29:41.597 INFO [stdout]                                at libstd/panic.rs:392
Dec 03 06:29:41.597 INFO [stdout]                                at libtest/lib.rs:1416
Dec 03 06:29:41.597 INFO [stdout]                                at libstd/sys_common/backtrace.rs:136
Dec 03 06:29:41.597 INFO [stdout]   12:     0x5624bac75404 - std::panicking::try::do_call::hba0bdcc3670471cc
Dec 03 06:29:41.597 INFO [stdout]                                at libstd/thread/mod.rs:409
Dec 03 06:29:41.597 INFO [stdout]                                at libstd/panic.rs:313
Dec 03 06:29:41.597 INFO [stdout]                                at libstd/panicking.rs:310
Dec 03 06:29:41.597 INFO [stdout]   13:     0x5624bb13e039 - __rust_maybe_catch_panic
Dec 03 06:29:41.597 INFO [stdout]                                at libpanic_unwind/lib.rs:103
Dec 03 06:29:41.597 INFO [stdout]   14:     0x5624bac65cd6 - <F as alloc::boxed::FnBox<A>>::call_box::hdac52587b00591af
Dec 03 06:29:41.597 INFO [stdout]                                at libstd/panicking.rs:289
Dec 03 06:29:41.597 INFO [stdout]                                at libstd/panic.rs:392
Dec 03 06:29:41.597 INFO [stdout]                                at libstd/thread/mod.rs:408
Dec 03 06:29:41.597 INFO [stdout]                                at liballoc/boxed.rs:646
Dec 03 06:29:41.597 INFO [stdout]   15:     0x5624bb130bea - std::sys_common::thread::start_thread::h75d887c7d2cc4479
Dec 03 06:29:41.597 INFO [stdout]                                at liballoc/boxed.rs:656
Dec 03 06:29:41.597 INFO [stdout]                                at libstd/sys_common/thread.rs:24
Dec 03 06:29:41.597 INFO [stdout]   16:     0x5624bb11ff85 - std::sys::unix::thread::Thread::new::thread_start::h8414caee632bf9ed
Dec 03 06:29:41.597 INFO [stdout]                                at libstd/sys/unix/thread.rs:90
Dec 03 06:29:41.597 INFO [stdout]   17:     0x7f8a526916b9 - start_thread
Dec 03 06:29:41.597 INFO [stdout]   18:     0x7f8a521b141c - clone
Dec 03 06:29:41.597 INFO [stdout]   19:                0x0 - <unknown>
Dec 03 06:29:41.597 INFO [stdout] 
Dec 03 06:29:41.597 INFO [stdout] ---- test_unauthorized_destroy stdout ----
Dec 03 06:29:41.597 INFO [stdout] thread 'test_unauthorized_destroy' panicked at 'Wrong error type returned', tests/bad_auth_test.rs:66:14
Dec 03 06:29:41.597 INFO [stdout] stack backtrace:
Dec 03 06:29:41.597 INFO [stdout]    0:     0x5624bb12f0ae - std::sys::unix::backtrace::tracing::imp::unwind_backtrace::h15749a98198ba25f
Dec 03 06:29:41.597 INFO [stdout]                                at libstd/sys/unix/backtrace/tracing/gcc_s.rs:49
Dec 03 06:29:41.597 INFO [stdout]    1:     0x5624bb120de6 - std::sys_common::backtrace::print::h0ba65c811294dbf0
Dec 03 06:29:41.597 INFO [stdout]                                at libstd/sys_common/backtrace.rs:71
Dec 03 06:29:41.597 INFO [stdout]                                at libstd/sys_common/backtrace.rs:59
Dec 03 06:29:41.597 INFO [stdout]    2:     0x5624bb11f0ad - std::panicking::default_hook::{{closure}}::h42bb31757f0fee64
Dec 03 06:29:41.597 INFO [stdout]                                at libstd/panicking.rs:211
Dec 03 06:29:41.597 INFO [stdout]    3:     0x5624bb11edbb - std::panicking::default_hook::hebc8848d7aa7dbd9
Dec 03 06:29:41.597 INFO [stdout]                                at libstd/panicking.rs:221
Dec 03 06:29:41.597 INFO [stdout]    4:     0x5624bb11f75c - std::panicking::rust_panic_with_hook::h86e619a638415243
Dec 03 06:29:41.597 INFO [stdout]                                at libstd/panicking.rs:477
Dec 03 06:29:41.597 INFO [stdout]    5:     0x5624bb0a618f - std::panicking::begin_panic::hbd0712c2fbbc5aa7
Dec 03 06:29:41.597 INFO [stdout]                                at libstd/panicking.rs:411
Dec 03 06:29:41.597 INFO [stdout]    6:     0x5624bac4e31a - bad_auth_test::test_unauthorized_destroy::hf3cfcd9408f59215
Dec 03 06:29:41.597 INFO [stdout]                                at tests/bad_auth_test.rs:66
Dec 03 06:29:41.597 INFO [stdout]    7:     0x5624bac4e1f9 - bad_auth_test::test_unauthorized_destroy::{{closure}}::hbf59d9daa0ae4bf0
Dec 03 06:29:41.597 INFO [stdout]                                at tests/bad_auth_test.rs:55
Dec 03 06:29:41.597 INFO [stdout]    8:     0x5624bac4e4bd - core::ops::function::FnOnce::call_once::h09f11bd17f705ae8
Dec 03 06:29:41.597 INFO [stdout]                                at libcore/ops/function.rs:238
Dec 03 06:29:41.597 INFO [stdout]    9:     0x5624bac5146e - <F as alloc::boxed::FnBox<A>>::call_box::hbea525814fa423cc
Dec 03 06:29:41.597 INFO [stdout]                                at libtest/lib.rs:1461
Dec 03 06:29:41.597 INFO [stdout]                                at libcore/ops/function.rs:238
Dec 03 06:29:41.597 INFO [stdout]                                at liballoc/boxed.rs:646
Dec 03 06:29:41.597 INFO [stdout]   10:     0x5624bb13e039 - __rust_maybe_catch_panic
Dec 03 06:29:41.597 INFO [stdout]                                at libpanic_unwind/lib.rs:103
Dec 03 06:29:41.597 INFO [stdout]   11:     0x5624bac5cdcd - std::sys_common::backtrace::__rust_begin_short_backtrace::h0ff507d7422944d3
Dec 03 06:29:41.597 INFO [stdout]                                at libstd/panicking.rs:289
Dec 03 06:29:41.597 INFO [stdout]                                at libstd/panic.rs:392
Dec 03 06:29:41.597 INFO [stdout]                                at libtest/lib.rs:1416
Dec 03 06:29:41.597 INFO [stdout]                                at libstd/sys_common/backtrace.rs:136
Dec 03 06:29:41.597 INFO [stdout]   12:     0x5624bac75404 - std::panicking::try::do_call::hba0bdcc3670471cc
Dec 03 06:29:41.597 INFO [stdout]                                at libstd/thread/mod.rs:409
Dec 03 06:29:41.597 INFO [stdout]                                at libstd/panic.rs:313
Dec 03 06:29:41.597 INFO [stdout]                                at libstd/panicking.rs:310
Dec 03 06:29:41.597 INFO [stdout]   13:     0x5624bb13e039 - __rust_maybe_catch_panic
Dec 03 06:29:41.597 INFO [stdout]                                at libpanic_unwind/lib.rs:103
Dec 03 06:29:41.597 INFO [stdout]   14:     0x5624bac65cd6 - <F as alloc::boxed::FnBox<A>>::call_box::hdac52587b00591af
Dec 03 06:29:41.598 INFO [stdout]                                at libstd/panicking.rs:289
Dec 03 06:29:41.598 INFO [stdout]                                at libstd/panic.rs:392
Dec 03 06:29:41.598 INFO [stdout]                                at libstd/thread/mod.rs:408
Dec 03 06:29:41.598 INFO [stdout]                                at liballoc/boxed.rs:646
Dec 03 06:29:41.598 INFO [stdout]   15:     0x5624bb130bea - std::sys_common::thread::start_thread::h75d887c7d2cc4479
Dec 03 06:29:41.598 INFO [stdout]                                at liballoc/boxed.rs:656
Dec 03 06:29:41.598 INFO [stdout]                                at libstd/sys_common/thread.rs:24
Dec 03 06:29:41.598 INFO [stdout]   16:     0x5624bb11ff85 - std::sys::unix::thread::Thread::new::thread_start::h8414caee632bf9ed
Dec 03 06:29:41.598 INFO [stdout]                                at libstd/sys/unix/thread.rs:90
Dec 03 06:29:41.598 INFO [stdout]   17:     0x7f8a526916b9 - start_thread
Dec 03 06:29:41.598 INFO [stdout]   18:     0x7f8a521b141c - clone
Dec 03 06:29:41.598 INFO [stdout]   19:                0x0 - <unknown>
Dec 03 06:29:41.598 INFO [stdout] 
Dec 03 06:29:41.598 INFO [stdout] ---- test_unauthorized_post stdout ----
Dec 03 06:29:41.598 INFO [stdout] thread 'test_unauthorized_post' panicked at 'Wrong error type returned', tests/bad_auth_test.rs:21:14
Dec 03 06:29:41.598 INFO [stdout] stack backtrace:
Dec 03 06:29:41.598 INFO [stdout]    0:     0x5624bb12f0ae - std::sys::unix::backtrace::tracing::imp::unwind_backtrace::h15749a98198ba25f
Dec 03 06:29:41.598 INFO [stdout]                                at libstd/sys/unix/backtrace/tracing/gcc_s.rs:49
Dec 03 06:29:41.598 INFO [stdout]    1:     0x5624bb120de6 - std::sys_common::backtrace::print::h0ba65c811294dbf0
Dec 03 06:29:41.598 INFO [stdout]                                at libstd/sys_common/backtrace.rs:71
Dec 03 06:29:41.598 INFO [stdout]                                at libstd/sys_common/backtrace.rs:59
Dec 03 06:29:41.598 INFO [stdout]    2:     0x5624bb11f0ad - std::panicking::default_hook::{{closure}}::h42bb31757f0fee64
Dec 03 06:29:41.598 INFO [stdout]                                at libstd/panicking.rs:211
Dec 03 06:29:41.598 INFO [stdout]    3:     0x5624bb11edbb - std::panicking::default_hook::hebc8848d7aa7dbd9
Dec 03 06:29:41.598 INFO [stdout]                                at libstd/panicking.rs:221
Dec 03 06:29:41.598 INFO [stdout]    4:     0x5624bb11f75c - std::panicking::rust_panic_with_hook::h86e619a638415243
Dec 03 06:29:41.598 INFO [stdout]                                at libstd/panicking.rs:477
Dec 03 06:29:41.598 INFO [stdout]    5:     0x5624bb0a618f - std::panicking::begin_panic::hbd0712c2fbbc5aa7
Dec 03 06:29:41.598 INFO [stdout]                                at libstd/panicking.rs:411
Dec 03 06:29:41.598 INFO [stdout]    6:     0x5624bac4de45 - bad_auth_test::test_unauthorized_post::hadbcc83b88fdf480
Dec 03 06:29:41.598 INFO [stdout]                                at tests/bad_auth_test.rs:21
Dec 03 06:29:41.598 INFO [stdout]    7:     0x5624bac4dd39 - bad_auth_test::test_unauthorized_post::{{closure}}::he90bf1221eb22434
Dec 03 06:29:41.598 INFO [stdout]                                at tests/bad_auth_test.rs:11
Dec 03 06:29:41.598 INFO [stdout]    8:     0x5624bac4e57d - core::ops::function::FnOnce::call_once::hfae1dd9c9627aaac
Dec 03 06:29:41.598 INFO [stdout]                                at libcore/ops/function.rs:238
Dec 03 06:29:41.598 INFO [stdout]    9:     0x5624bac5146e - <F as alloc::boxed::FnBox<A>>::call_box::hbea525814fa423cc
Dec 03 06:29:41.598 INFO [stdout]                                at libtest/lib.rs:1461
Dec 03 06:29:41.598 INFO [stdout]                                at libcore/ops/function.rs:238
Dec 03 06:29:41.598 INFO [stdout]                                at liballoc/boxed.rs:646
Dec 03 06:29:41.598 INFO [stdout]   10:     0x5624bb13e039 - __rust_maybe_catch_panic
Dec 03 06:29:41.598 INFO [stdout]                                at libpanic_unwind/lib.rs:103
Dec 03 06:29:41.598 INFO [stdout]   11:     0x5624bac5cdcd - std::sys_common::backtrace::__rust_begin_short_backtrace::h0ff507d7422944d3
Dec 03 06:29:41.598 INFO [stdout]                                at libstd/panicking.rs:289
Dec 03 06:29:41.598 INFO [stdout]                                at libstd/panic.rs:392
Dec 03 06:29:41.598 INFO [stdout]                                at libtest/lib.rs:1416
Dec 03 06:29:41.598 INFO [stdout]                                at libstd/sys_common/backtrace.rs:136
Dec 03 06:29:41.598 INFO [stdout]   12:     0x5624bac75404 - std::panicking::try::do_call::hba0bdcc3670471cc
Dec 03 06:29:41.598 INFO [stdout]                                at libstd/thread/mod.rs:409
Dec 03 06:29:41.598 INFO [stdout]                                at libstd/panic.rs:313
Dec 03 06:29:41.598 INFO [stdout]                                at libstd/panicking.rs:310
Dec 03 06:29:41.598 INFO [stdout]   13:     0x5624bb13e039 - __rust_maybe_catch_panic
Dec 03 06:29:41.598 INFO [stdout]                                at libpanic_unwind/lib.rs:103
Dec 03 06:29:41.598 INFO [stdout]   14:     0x5624bac65cd6 - <F as alloc::boxed::FnBox<A>>::call_box::hdac52587b00591af
Dec 03 06:29:41.598 INFO [stdout]                                at libstd/panicking.rs:289
Dec 03 06:29:41.598 INFO [stdout]                                at libstd/panic.rs:392
Dec 03 06:29:41.598 INFO [stdout]                                at libstd/thread/mod.rs:408
Dec 03 06:29:41.598 INFO [stdout]                                at liballoc/boxed.rs:646
Dec 03 06:29:41.598 INFO [stdout]   15:     0x5624bb130bea - std::sys_common::thread::start_thread::h75d887c7d2cc4479
Dec 03 06:29:41.598 INFO [stdout]                                at liballoc/boxed.rs:656
Dec 03 06:29:41.598 INFO [stdout]                                at libstd/sys_common/thread.rs:24
Dec 03 06:29:41.598 INFO [stdout]   16:     0x5624bb11ff85 - std::sys::unix::thread::Thread::new::thread_start::h8414caee632bf9ed
Dec 03 06:29:41.598 INFO [stdout]                                at libstd/sys/unix/thread.rs:90
Dec 03 06:29:41.598 INFO [stdout]   17:     0x7f8a526916b9 - start_thread
Dec 03 06:29:41.598 INFO [stdout]   18:     0x7f8a521b141c - clone
Dec 03 06:29:41.598 INFO [stdout]   19:                0x0 - <unknown>
Dec 03 06:29:41.598 INFO [stdout] 
Dec 03 06:29:41.598 INFO [stdout] ---- test_unauthorized_create stdout ----
Dec 03 06:29:41.598 INFO [stdout] thread 'test_unauthorized_create' panicked at 'Wrong error type returned', tests/bad_auth_test.rs:50:14
Dec 03 06:29:41.598 INFO [stdout] stack backtrace:
Dec 03 06:29:41.598 INFO [stdout]    0:     0x5624bb12f0ae - std::sys::unix::backtrace::tracing::imp::unwind_backtrace::h15749a98198ba25f
Dec 03 06:29:41.598 INFO [stdout]                                at libstd/sys/unix/backtrace/tracing/gcc_s.rs:49
Dec 03 06:29:41.598 INFO [stdout]    1:     0x5624bb120de6 - std::sys_common::backtrace::print::h0ba65c811294dbf0
Dec 03 06:29:41.598 INFO [stdout]                                at libstd/sys_common/backtrace.rs:71
Dec 03 06:29:41.598 INFO [stdout]                                at libstd/sys_common/backtrace.rs:59
Dec 03 06:29:41.598 INFO [stdout]    2:     0x5624bb11f0ad - std::panicking::default_hook::{{closure}}::h42bb31757f0fee64
Dec 03 06:29:41.598 INFO [stdout]                                at libstd/panicking.rs:211
Dec 03 06:29:41.598 INFO [stdout]    3:     0x5624bb11edbb - std::panicking::default_hook::hebc8848d7aa7dbd9
Dec 03 06:29:41.598 INFO [stdout]                                at libstd/panicking.rs:221
Dec 03 06:29:41.598 INFO [stdout]    4:     0x5624bb11f75c - std::panicking::rust_panic_with_hook::h86e619a638415243
Dec 03 06:29:41.598 INFO [stdout]                                at libstd/panicking.rs:477
Dec 03 06:29:41.599 INFO [stdout]    5:     0x5624bb0a618f - std::panicking::begin_panic::hbd0712c2fbbc5aa7
Dec 03 06:29:41.599 INFO [stdout]                                at libstd/panicking.rs:411
Dec 03 06:29:41.599 INFO [stdout]    6:     0x5624bac4e193 - bad_auth_test::test_unauthorized_create::hf028d49ee1f87fba
Dec 03 06:29:41.599 INFO [stdout]                                at tests/bad_auth_test.rs:50
Dec 03 06:29:41.599 INFO [stdout]    7:     0x5624bac4e069 - bad_auth_test::test_unauthorized_create::{{closure}}::h097b50ca429f14d0
Dec 03 06:29:41.599 INFO [stdout]                                at tests/bad_auth_test.rs:41
Dec 03 06:29:41.599 INFO [stdout]    8:     0x5624bac4e4fd - core::ops::function::FnOnce::call_once::h2f42956f995c1333
Dec 03 06:29:41.599 INFO [stdout]                                at libcore/ops/function.rs:238
Dec 03 06:29:41.599 INFO [stdout]    9:     0x5624bac5146e - <F as alloc::boxed::FnBox<A>>::call_box::hbea525814fa423cc
Dec 03 06:29:41.599 INFO [stdout]                                at libtest/lib.rs:1461
Dec 03 06:29:41.599 INFO [stdout]                                at libcore/ops/function.rs:238
Dec 03 06:29:41.599 INFO [stdout]                                at liballoc/boxed.rs:646
Dec 03 06:29:41.599 INFO [stdout]   10:     0x5624bb13e039 - __rust_maybe_catch_panic
Dec 03 06:29:41.599 INFO [stdout]                                at libpanic_unwind/lib.rs:103
Dec 03 06:29:41.599 INFO [stdout]   11:     0x5624bac5cdcd - std::sys_common::backtrace::__rust_begin_short_backtrace::h0ff507d7422944d3
Dec 03 06:29:41.599 INFO [stdout]                                at libstd/panicking.rs:289
Dec 03 06:29:41.599 INFO [stdout]                                at libstd/panic.rs:392
Dec 03 06:29:41.599 INFO [stdout]                                at libtest/lib.rs:1416
Dec 03 06:29:41.599 INFO [stdout]                                at libstd/sys_common/backtrace.rs:136
Dec 03 06:29:41.599 INFO [stdout]   12:     0x5624bac75404 - std::panicking::try::do_call::hba0bdcc3670471cc
Dec 03 06:29:41.599 INFO [stdout]                                at libstd/thread/mod.rs:409
Dec 03 06:29:41.599 INFO [stdout]                                at libstd/panic.rs:313
Dec 03 06:29:41.599 INFO [stdout]                                at libstd/panicking.rs:310
Dec 03 06:29:41.599 INFO [stdout]   13:     0x5624bb13e039 - __rust_maybe_catch_panic
Dec 03 06:29:41.599 INFO [stdout]                                at libpanic_unwind/lib.rs:103
Dec 03 06:29:41.599 INFO [stdout]   14:     0x5624bac65cd6 - <F as alloc::boxed::FnBox<A>>::call_box::hdac52587b00591af
Dec 03 06:29:41.599 INFO [stdout]                                at libstd/panicking.rs:289
Dec 03 06:29:41.599 INFO [stdout]                                at libstd/panic.rs:392
Dec 03 06:29:41.599 INFO [stdout]                                at libstd/thread/mod.rs:408
Dec 03 06:29:41.599 INFO [stdout]                                at liballoc/boxed.rs:646
Dec 03 06:29:41.599 INFO [stdout]   15:     0x5624bb130bea - std::sys_common::thread::start_thread::h75d887c7d2cc4479
Dec 03 06:29:41.599 INFO [stdout]                                at liballoc/boxed.rs:656
Dec 03 06:29:41.599 INFO [stdout]                                at libstd/sys_common/thread.rs:24
Dec 03 06:29:41.599 INFO [stdout]   16:     0x5624bb11ff85 - std::sys::unix::thread::Thread::new::thread_start::h8414caee632bf9ed
Dec 03 06:29:41.599 INFO [stdout]                                at libstd/sys/unix/thread.rs:90
Dec 03 06:29:41.599 INFO [stdout]   17:     0x7f8a526916b9 - start_thread
Dec 03 06:29:41.599 INFO [stdout]   18:     0x7f8a521b141c - clone
Dec 03 06:29:41.599 INFO [stdout]   19:                0x0 - <unknown>
Dec 03 06:29:41.599 INFO [stdout] 
Dec 03 06:29:41.599 INFO [stdout] 
Dec 03 06:29:41.599 INFO [stdout] failures:
Dec 03 06:29:41.599 INFO [stdout]     test_unauthorized_create
Dec 03 06:29:41.599 INFO [stdout]     test_unauthorized_destroy
Dec 03 06:29:41.599 INFO [stdout]     test_unauthorized_post
Dec 03 06:29:41.599 INFO [stdout]     test_unauthorized_post_image
Dec 03 06:29:41.599 INFO [stdout] 
Dec 03 06:29:41.599 INFO [stdout] test result: FAILED. 0 passed; 4 failed; 0 ignored; 0 measured; 0 filtered out
Dec 03 06:29:41.599 INFO [stdout] 
Dec 03 06:29:41.602 INFO [stderr] error: test failed, to rerun pass '--test bad_auth_test'
Dec 03 06:29:41.607 INFO [stderr] su: No module specific data is present
Dec 03 06:29:42.053 INFO running `"docker" "inspect" "e7c4a8aa59bd5101d160c160b8f18b71daaa8e9e113d1ddca506167a60603b00"`
Dec 03 06:29:42.147 INFO running `"docker" "rm" "-f" "e7c4a8aa59bd5101d160c160b8f18b71daaa8e9e113d1ddca506167a60603b00"`
Dec 03 06:29:42.270 INFO [stdout] e7c4a8aa59bd5101d160c160b8f18b71daaa8e9e113d1ddca506167a60603b00
