Dec 03 07:03:06.228 INFO testing google-tpu1-1.0.8+20181010 against 1.30.1 for beta-1.31-5
Dec 03 07:03:06.228 INFO running `"docker" "create" "-v" "/mnt/big/crater/work/local/target-dirs/beta-1.31-5/worker-4/1.30.1:/target:rw,Z" "-v" "/mnt/big/crater/work/local/test-source/worker-4/beta-1.31-5/1.30.1:/source:ro,Z" "-v" "/mnt/big/crater/work/local/cargo-home:/cargo-home:ro,Z" "-v" "/mnt/big/crater/work/local/rustup-home:/rustup-home:ro,Z" "-e" "USER_ID=1000" "-e" "SOURCE_DIR=/source" "-e" "USER_ID=1000" "-e" "CMD=cargo +1.30.1 build --frozen" "-e" "CARGO_TARGET_DIR=/target" "-e" "CARGO_INCREMENTAL=0" "-e" "RUST_BACKTRACE=full" "-e" "RUSTFLAGS=--cap-lints=warn" "-e" "CARGO_HOME=/cargo-home" "-e" "RUSTUP_HOME=/rustup-home" "-m" "1536M" "--network" "none" "crater"`
Dec 03 07:03:06.736 INFO [stdout] 043c952e1810430c8beda7f7b7e919cc24a012c93824c091f993e46d2dc6d934
Dec 03 07:03:06.738 INFO running `"docker" "start" "-a" "043c952e1810430c8beda7f7b7e919cc24a012c93824c091f993e46d2dc6d934"`
Dec 03 07:03:09.171 INFO [stderr] usermod: no changes
Dec 03 07:03:09.324 INFO [stderr]    Compiling google-tpu1 v1.0.8+20181010 (/source)
Dec 03 07:03:16.942 INFO [stderr]     Finished dev [unoptimized + debuginfo] target(s) in 7.75s
Dec 03 07:03:16.953 INFO [stderr] su: No module specific data is present
Dec 03 07:03:17.942 INFO running `"docker" "inspect" "043c952e1810430c8beda7f7b7e919cc24a012c93824c091f993e46d2dc6d934"`
Dec 03 07:03:18.213 INFO running `"docker" "rm" "-f" "043c952e1810430c8beda7f7b7e919cc24a012c93824c091f993e46d2dc6d934"`
Dec 03 07:03:18.490 INFO [stdout] 043c952e1810430c8beda7f7b7e919cc24a012c93824c091f993e46d2dc6d934
Dec 03 07:03:18.493 INFO running `"docker" "create" "-v" "/mnt/big/crater/work/local/target-dirs/beta-1.31-5/worker-4/1.30.1:/target:rw,Z" "-v" "/mnt/big/crater/work/local/test-source/worker-4/beta-1.31-5/1.30.1:/source:ro,Z" "-v" "/mnt/big/crater/work/local/cargo-home:/cargo-home:ro,Z" "-v" "/mnt/big/crater/work/local/rustup-home:/rustup-home:ro,Z" "-e" "USER_ID=1000" "-e" "SOURCE_DIR=/source" "-e" "USER_ID=1000" "-e" "CMD=cargo +1.30.1 test --frozen --no-run" "-e" "CARGO_TARGET_DIR=/target" "-e" "CARGO_INCREMENTAL=0" "-e" "RUST_BACKTRACE=full" "-e" "RUSTFLAGS=--cap-lints=warn" "-e" "CARGO_HOME=/cargo-home" "-e" "RUSTUP_HOME=/rustup-home" "-m" "1536M" "--network" "none" "crater"`
Dec 03 07:03:18.847 INFO [stdout] 216204de705e8e744f82ce6eac0958f27721a7756d9a0dd89b6fdebb7fb908fd
Dec 03 07:03:18.849 INFO running `"docker" "start" "-a" "216204de705e8e744f82ce6eac0958f27721a7756d9a0dd89b6fdebb7fb908fd"`
Dec 03 07:03:20.798 INFO [stderr] usermod: no changes
Dec 03 07:03:21.031 INFO [stderr]    Compiling google-tpu1 v1.0.8+20181010 (/source)
Dec 03 07:03:28.142 INFO [stderr]     Finished dev [unoptimized + debuginfo] target(s) in 7.31s
Dec 03 07:03:28.167 INFO [stderr] su: No module specific data is present
Dec 03 07:03:29.359 INFO running `"docker" "inspect" "216204de705e8e744f82ce6eac0958f27721a7756d9a0dd89b6fdebb7fb908fd"`
Dec 03 07:03:29.591 INFO running `"docker" "rm" "-f" "216204de705e8e744f82ce6eac0958f27721a7756d9a0dd89b6fdebb7fb908fd"`
Dec 03 07:03:29.951 INFO [stdout] 216204de705e8e744f82ce6eac0958f27721a7756d9a0dd89b6fdebb7fb908fd
Dec 03 07:03:29.953 INFO running `"docker" "create" "-v" "/mnt/big/crater/work/local/target-dirs/beta-1.31-5/worker-4/1.30.1:/target:rw,Z" "-v" "/mnt/big/crater/work/local/test-source/worker-4/beta-1.31-5/1.30.1:/source:ro,Z" "-v" "/mnt/big/crater/work/local/cargo-home:/cargo-home:ro,Z" "-v" "/mnt/big/crater/work/local/rustup-home:/rustup-home:ro,Z" "-e" "USER_ID=1000" "-e" "SOURCE_DIR=/source" "-e" "USER_ID=1000" "-e" "CMD=cargo +1.30.1 test --frozen" "-e" "CARGO_TARGET_DIR=/target" "-e" "CARGO_INCREMENTAL=0" "-e" "RUST_BACKTRACE=full" "-e" "RUSTFLAGS=--cap-lints=warn" "-e" "CARGO_HOME=/cargo-home" "-e" "RUSTUP_HOME=/rustup-home" "-m" "1536M" "--network" "none" "crater"`
Dec 03 07:03:30.360 INFO [stdout] a1208d7c027cdfc89894e32fa92325d722fd98e45676b9c2c27a0df3e74d258f
Dec 03 07:03:30.363 INFO running `"docker" "start" "-a" "a1208d7c027cdfc89894e32fa92325d722fd98e45676b9c2c27a0df3e74d258f"`
Dec 03 07:03:32.275 INFO [stderr] usermod: no changes
Dec 03 07:03:32.489 INFO [stderr]     Finished dev [unoptimized + debuginfo] target(s) in 0.19s
Dec 03 07:03:32.496 INFO [stderr]      Running /target/debug/deps/google_tpu1-767481bbfd3268ae
Dec 03 07:03:32.500 INFO [stdout] 
Dec 03 07:03:32.500 INFO [stdout] running 0 tests
Dec 03 07:03:32.500 INFO [stdout] 
Dec 03 07:03:32.500 INFO [stdout] test result: ok. 0 passed; 0 failed; 0 ignored; 0 measured; 0 filtered out
Dec 03 07:03:32.500 INFO [stdout] 
Dec 03 07:03:32.507 INFO [stderr]    Doc-tests google-tpu1
Dec 03 07:03:40.540 INFO [stdout] 
Dec 03 07:03:40.540 INFO [stdout] running 23 tests
Dec 03 07:03:40.563 INFO [stdout] test src/lib.rs -  (line 49) ... ignored
Dec 03 07:03:46.755 INFO [stdout] test src/lib.rs - Empty (line 593) ... FAILED
Dec 03 07:03:46.783 INFO [stdout] test src/lib.rs - Location::labels (line 503) ... FAILED
Dec 03 07:04:38.140 INFO [stdout] test src/lib.rs - ProjectLocationAcceleratorTypeGetCall (line 1564) ... ok
Dec 03 07:04:38.673 INFO [stdout] test src/lib.rs - ProjectLocationListCall (line 2114) ... ok
Dec 03 07:04:40.547 INFO [stdout] test src/lib.rs -  (line 84) ... test src/lib.rs -  (line 84) has been running for over 60 seconds
Dec 03 07:04:40.567 INFO [stdout] test src/lib.rs - ProjectLocationAcceleratorTypeListCall (line 1815) ... test src/lib.rs - ProjectLocationAcceleratorTypeListCall (line 1815) has been running for over 60 seconds
Dec 03 07:04:40.567 INFO [stdout] test src/lib.rs - ProjectLocationNodeCreateCall (line 5042) ... test src/lib.rs - ProjectLocationNodeCreateCall (line 5042) has been running for over 60 seconds
Dec 03 07:04:40.567 INFO [stdout] test src/lib.rs - ProjectLocationGetCall (line 4234) ... test src/lib.rs - ProjectLocationGetCall (line 4234) has been running for over 60 seconds
Dec 03 07:04:42.559 INFO [stdout] test src/lib.rs - ProjectLocationAcceleratorTypeListCall (line 1815) ... ok
Dec 03 07:04:42.944 INFO [stdout] test src/lib.rs - ProjectLocationNodeGetCall (line 5336) ... ok
Dec 03 07:04:43.179 INFO [stdout] test src/lib.rs - ProjectLocationNodeCreateCall (line 5042) ... ok
Dec 03 07:04:43.479 INFO [stdout] test src/lib.rs - ProjectLocationGetCall (line 4234) ... ok
Dec 03 07:04:43.647 INFO [stdout] test src/lib.rs -  (line 84) ... ok
Dec 03 07:04:46.771 INFO [stdout] test src/lib.rs - ProjectLocationNodeDeleteCall (line 3187) ... test src/lib.rs - ProjectLocationNodeDeleteCall (line 3187) has been running for over 60 seconds
Dec 03 07:04:50.571 INFO [stdout] test src/lib.rs - ProjectLocationNodeDeleteCall (line 3187) ... ok
Dec 03 07:05:38.143 INFO [stdout] test src/lib.rs - ProjectLocationNodeListCall (line 4767) ... test src/lib.rs - ProjectLocationNodeListCall (line 4767) has been running for over 60 seconds
Dec 03 07:05:38.679 INFO [stdout] test src/lib.rs - ProjectLocationNodeReimageCall (line 2401) ... test src/lib.rs - ProjectLocationNodeReimageCall (line 2401) has been running for over 60 seconds
Dec 03 07:05:38.971 INFO [stdout] test src/lib.rs - ProjectLocationNodeStopCall (line 3692) ... ok
Dec 03 07:05:42.551 INFO [stdout] test src/lib.rs - ProjectLocationNodeStartCall (line 4485) ... test src/lib.rs - ProjectLocationNodeStartCall (line 4485) has been running for over 60 seconds
Dec 03 07:05:42.607 INFO [stdout] test src/lib.rs - ProjectLocationOperationDeleteCall (line 3441) ... ok
Dec 03 07:05:43.183 INFO [stdout] test src/lib.rs - ProjectLocationOperationCancelCall (line 3983) ... test src/lib.rs - ProjectLocationOperationCancelCall (line 3983) has been running for over 60 seconds
Dec 03 07:05:43.643 INFO [stdout] test src/lib.rs - ProjectLocationOperationGetCall (line 2936) ... test src/lib.rs - ProjectLocationOperationGetCall (line 2936) has been running for over 60 seconds
Dec 03 07:05:46.019 INFO [stdout] test src/lib.rs - ProjectLocationNodeReimageCall (line 2401) ... ok
Dec 03 07:05:47.107 INFO [stdout] test src/lib.rs - ProjectLocationNodeListCall (line 4767) ... ok
Dec 03 07:05:47.759 INFO [stdout] test src/lib.rs - ProjectLocationOperationCancelCall (line 3983) ... ok
Dec 03 07:05:50.571 INFO [stdout] test src/lib.rs - ProjectLocationOperationListCall (line 1277) ... test src/lib.rs - ProjectLocationOperationListCall (line 1277) has been running for over 60 seconds
Dec 03 07:05:50.699 INFO [stdout] test src/lib.rs - ProjectLocationOperationGetCall (line 2936) ... ok
Dec 03 07:05:51.143 INFO [stdout] test src/lib.rs - ProjectLocationNodeStartCall (line 4485) ... ok
Dec 03 07:05:54.815 INFO [stdout] test src/lib.rs - ProjectLocationOperationListCall (line 1277) ... ok
Dec 03 07:06:11.560 INFO [stdout] test src/lib.rs - ProjectMethods (line 881) ... ok
Dec 03 07:06:11.716 INFO [stdout] test src/lib.rs - ProjectLocationTensorflowVersionListCall (line 5587) ... ok
Dec 03 07:06:11.787 INFO [stdout] test src/lib.rs - ProjectLocationTensorflowVersionGetCall (line 2683) ... ok
Dec 03 07:06:13.735 INFO [stdout] test src/lib.rs - TPU (line 270) ... ok
Dec 03 07:06:13.735 INFO [stdout] 
Dec 03 07:06:13.735 INFO [stdout] failures:
Dec 03 07:06:13.735 INFO [stdout] 
Dec 03 07:06:13.735 INFO [stdout] ---- src/lib.rs - Empty (line 593) stdout ----
Dec 03 07:06:13.735 INFO [stdout] error: expected one of `!`, `.`, `::`, `;`, `?`, `{`, `}`, or an operator, found `Foo`
Dec 03 07:06:13.735 INFO [stdout]  --> src/lib.rs:594:9
Dec 03 07:06:13.735 INFO [stdout]   |
Dec 03 07:06:13.735 INFO [stdout] 3 | service Foo {
Dec 03 07:06:13.735 INFO [stdout]   |         ^^^ expected one of 8 possible tokens here
Dec 03 07:06:13.735 INFO [stdout] 
Dec 03 07:06:13.736 INFO [stdout] error[E0425]: cannot find value `service` in this scope
Dec 03 07:06:13.736 INFO [stdout]  --> src/lib.rs:594:1
Dec 03 07:06:13.736 INFO [stdout]   |
Dec 03 07:06:13.736 INFO [stdout] 3 | service Foo {
Dec 03 07:06:13.736 INFO [stdout]   | ^^^^^^^ not found in this scope
Dec 03 07:06:13.736 INFO [stdout] 
Dec 03 07:06:13.736 INFO [stdout] thread 'src/lib.rs - Empty (line 593)' panicked at 'couldn't compile the test', librustdoc/test.rs:332:13
Dec 03 07:06:13.736 INFO [stdout] stack backtrace:
Dec 03 07:06:13.736 INFO [stdout]    0:     0x7f4107b307ce - std::sys::unix::backtrace::tracing::imp::unwind_backtrace::h15749a98198ba25f
Dec 03 07:06:13.736 INFO [stdout]                                at libstd/sys/unix/backtrace/tracing/gcc_s.rs:49
Dec 03 07:06:13.736 INFO [stdout]    1:     0x7f4107b09966 - std::sys_common::backtrace::print::h0ba65c811294dbf0
Dec 03 07:06:13.736 INFO [stdout]                                at libstd/sys_common/backtrace.rs:71
Dec 03 07:06:13.736 INFO [stdout]                                at libstd/sys_common/backtrace.rs:59
Dec 03 07:06:13.736 INFO [stdout]    2:     0x7f4107b075bd - std::panicking::default_hook::{{closure}}::h42bb31757f0fee64
Dec 03 07:06:13.736 INFO [stdout]                                at libstd/panicking.rs:211
Dec 03 07:06:13.736 INFO [stdout]    3:     0x7f4107b072cb - std::panicking::default_hook::hebc8848d7aa7dbd9
Dec 03 07:06:13.736 INFO [stdout]                                at libstd/panicking.rs:221
Dec 03 07:06:13.736 INFO [stdout]    4:     0x7f4109c7a6a1 - rustc::util::common::panic_hook::h9a39743bb116fb66
Dec 03 07:06:13.736 INFO [stdout]    5:     0x7f4107b07cc3 - std::panicking::rust_panic_with_hook::h86e619a638415243
Dec 03 07:06:13.736 INFO [stdout]                                at libstd/panicking.rs:481
Dec 03 07:06:13.736 INFO [stdout]    6:     0x56298f657306 - std::panicking::begin_panic::h2e334451e6084118
Dec 03 07:06:13.736 INFO [stdout]                                at libstd/panicking.rs:411
Dec 03 07:06:13.736 INFO [stdout]    7:     0x56298f822147 - rustdoc::test::Collector::add_test::{{closure}}::{{closure}}::{{closure}}::h071753b32990ff99
Dec 03 07:06:13.736 INFO [stdout]                                at librustdoc/test.rs:332
Dec 03 07:06:13.736 INFO [stdout]                                at librustdoc/test.rs:564
Dec 03 07:06:13.736 INFO [stdout]    8:     0x56298f7de990 - <scoped_tls::ScopedKey<T>>::set::h9896b6fe380ee541
Dec 03 07:06:13.736 INFO [stdout]                                at /cargo/registry/src/github.com-1ecc6299db9ec823/scoped-tls-0.1.2/src/lib.rs:155
Dec 03 07:06:13.736 INFO [stdout]                                at libsyntax/lib.rs:108
Dec 03 07:06:13.736 INFO [stdout]                                at /cargo/registry/src/github.com-1ecc6299db9ec823/scoped-tls-0.1.2/src/lib.rs:155
Dec 03 07:06:13.736 INFO [stdout]    9:     0x56298f6075cd - syntax::with_globals::h851ff797fe7b24af
Dec 03 07:06:13.736 INFO [stdout]                                at libsyntax/lib.rs:107
Dec 03 07:06:13.736 INFO [stdout]   10:     0x56298f657484 - std::panicking::try::do_call::h43316ef786a5afc6
Dec 03 07:06:13.736 INFO [stdout]                                at librustdoc/test.rs:561
Dec 03 07:06:13.736 INFO [stdout]                                at libstd/panic.rs:313
Dec 03 07:06:13.736 INFO [stdout]                                at libstd/panicking.rs:310
Dec 03 07:06:13.736 INFO [stdout]   11:     0x7f4107b475b9 - __rust_maybe_catch_panic
Dec 03 07:06:13.736 INFO [stdout]                                at libpanic_unwind/lib.rs:103
Dec 03 07:06:13.736 INFO [stdout]   12:     0x56298f6cdf03 - rustc_driver::in_named_rustc_thread::h7a18544b9923f524
Dec 03 07:06:13.736 INFO [stdout]                                at libstd/panicking.rs:289
Dec 03 07:06:13.736 INFO [stdout]                                at libstd/panic.rs:392
Dec 03 07:06:13.736 INFO [stdout]                                at librustc_driver/lib.rs:1574
Dec 03 07:06:13.736 INFO [stdout]   13:     0x56298f7facfc - <F as alloc::boxed::FnBox<A>>::call_box::h2226feb604beb2d6
Dec 03 07:06:13.736 INFO [stdout]                                at librustdoc/test.rs:561
Dec 03 07:06:13.736 INFO [stdout]                                at liballoc/boxed.rs:646
Dec 03 07:06:13.736 INFO [stdout]   14:     0x7f4109194df2 - <F as alloc::boxed::FnBox<A>>::call_box::hf3e9d4c572efaf22
Dec 03 07:06:13.736 INFO [stdout]                                at libtest/lib.rs:1454
Dec 03 07:06:13.736 INFO [stdout]                                at liballoc/boxed.rs:646
Dec 03 07:06:13.736 INFO [stdout]   15:     0x7f4107b475b9 - __rust_maybe_catch_panic
Dec 03 07:06:13.736 INFO [stdout]                                at libpanic_unwind/lib.rs:103
Dec 03 07:06:13.736 INFO [stdout]   16:     0x7f41091a21ed - std::sys_common::backtrace::__rust_begin_short_backtrace::h0ff507d7422944d3
Dec 03 07:06:13.736 INFO [stdout]                                at libstd/panicking.rs:289
Dec 03 07:06:13.736 INFO [stdout]                                at libstd/panic.rs:392
Dec 03 07:06:13.736 INFO [stdout]                                at libtest/lib.rs:1416
Dec 03 07:06:13.736 INFO [stdout]                                at libstd/sys_common/backtrace.rs:136
Dec 03 07:06:13.736 INFO [stdout]   17:     0x7f41091bfff4 - std::panicking::try::do_call::hba0bdcc3670471cc
Dec 03 07:06:13.736 INFO [stdout]                                at libstd/thread/mod.rs:409
Dec 03 07:06:13.736 INFO [stdout]                                at libstd/panic.rs:313
Dec 03 07:06:13.736 INFO [stdout]                                at libstd/panicking.rs:310
Dec 03 07:06:13.736 INFO [stdout]   18:     0x7f4107b475b9 - __rust_maybe_catch_panic
Dec 03 07:06:13.736 INFO [stdout]                                at libpanic_unwind/lib.rs:103
Dec 03 07:06:13.736 INFO [stdout]   19:     0x7f41091acbd6 - <F as alloc::boxed::FnBox<A>>::call_box::hdac52587b00591af
Dec 03 07:06:13.736 INFO [stdout]                                at libstd/panicking.rs:289
Dec 03 07:06:13.736 INFO [stdout]                                at libstd/panic.rs:392
Dec 03 07:06:13.736 INFO [stdout]                                at libstd/thread/mod.rs:408
Dec 03 07:06:13.736 INFO [stdout]                                at liballoc/boxed.rs:646
Dec 03 07:06:13.736 INFO [stdout]   20:     0x7f4107b34cca - std::sys_common::thread::start_thread::h75d887c7d2cc4479
Dec 03 07:06:13.736 INFO [stdout]                                at liballoc/boxed.rs:656
Dec 03 07:06:13.736 INFO [stdout]                                at libstd/sys_common/thread.rs:24
Dec 03 07:06:13.736 INFO [stdout]   21:     0x7f4107b088f5 - std::sys::unix::thread::Thread::new::thread_start::h8414caee632bf9ed
Dec 03 07:06:13.736 INFO [stdout]                                at libstd/sys/unix/thread.rs:90
Dec 03 07:06:13.736 INFO [stdout]   22:     0x7f410789d6b9 - start_thread
Dec 03 07:06:13.736 INFO [stdout]   23:     0x7f41073bd41c - clone
Dec 03 07:06:13.736 INFO [stdout]   24:                0x0 - <unknown>
Dec 03 07:06:13.736 INFO [stdout] query stack during panic:
Dec 03 07:06:13.736 INFO [stdout] end of query stack
Dec 03 07:06:13.736 INFO [stdout] 
Dec 03 07:06:13.736 INFO [stdout] ---- src/lib.rs - Location::labels (line 503) stdout ----
Dec 03 07:06:13.736 INFO [stdout] error: expected type, found `"us-east1"`
Dec 03 07:06:13.736 INFO [stdout]  --> src/lib.rs:504:33
Dec 03 07:06:13.736 INFO [stdout]   |
Dec 03 07:06:13.736 INFO [stdout] 3 | {"cloud.googleapis.com/region": "us-east1"}
Dec 03 07:06:13.736 INFO [stdout]   |                                 ^^^^^^^^^^ expecting a type here because of type ascription
Dec 03 07:06:13.736 INFO [stdout] 
Dec 03 07:06:13.736 INFO [stdout] thread 'src/lib.rs - Location::labels (line 503)' panicked at 'couldn't compile the test', librustdoc/test.rs:332:13
Dec 03 07:06:13.737 INFO [stdout] stack backtrace:
Dec 03 07:06:13.737 INFO [stdout]    0:     0x7f4107b307ce - std::sys::unix::backtrace::tracing::imp::unwind_backtrace::h15749a98198ba25f
Dec 03 07:06:13.737 INFO [stdout]                                at libstd/sys/unix/backtrace/tracing/gcc_s.rs:49
Dec 03 07:06:13.737 INFO [stdout]    1:     0x7f4107b09966 - std::sys_common::backtrace::print::h0ba65c811294dbf0
Dec 03 07:06:13.737 INFO [stdout]                                at libstd/sys_common/backtrace.rs:71
Dec 03 07:06:13.737 INFO [stdout]                                at libstd/sys_common/backtrace.rs:59
Dec 03 07:06:13.737 INFO [stdout]    2:     0x7f4107b075bd - std::panicking::default_hook::{{closure}}::h42bb31757f0fee64
Dec 03 07:06:13.737 INFO [stdout]                                at libstd/panicking.rs:211
Dec 03 07:06:13.737 INFO [stdout]    3:     0x7f4107b072cb - std::panicking::default_hook::hebc8848d7aa7dbd9
Dec 03 07:06:13.737 INFO [stdout]                                at libstd/panicking.rs:221
Dec 03 07:06:13.737 INFO [stdout]    4:     0x7f4109c7a6a1 - rustc::util::common::panic_hook::h9a39743bb116fb66
Dec 03 07:06:13.737 INFO [stdout]    5:     0x7f4107b07cc3 - std::panicking::rust_panic_with_hook::h86e619a638415243
Dec 03 07:06:13.737 INFO [stdout]                                at libstd/panicking.rs:481
Dec 03 07:06:13.737 INFO [stdout]    6:     0x56298f657306 - std::panicking::begin_panic::h2e334451e6084118
Dec 03 07:06:13.737 INFO [stdout]                                at libstd/panicking.rs:411
Dec 03 07:06:13.737 INFO [stdout]    7:     0x56298f822147 - rustdoc::test::Collector::add_test::{{closure}}::{{closure}}::{{closure}}::h071753b32990ff99
Dec 03 07:06:13.737 INFO [stdout]                                at librustdoc/test.rs:332
Dec 03 07:06:13.737 INFO [stdout]                                at librustdoc/test.rs:564
Dec 03 07:06:13.737 INFO [stdout]    8:     0x56298f7de990 - <scoped_tls::ScopedKey<T>>::set::h9896b6fe380ee541
Dec 03 07:06:13.737 INFO [stdout]                                at /cargo/registry/src/github.com-1ecc6299db9ec823/scoped-tls-0.1.2/src/lib.rs:155
Dec 03 07:06:13.737 INFO [stdout]                                at libsyntax/lib.rs:108
Dec 03 07:06:13.737 INFO [stdout]                                at /cargo/registry/src/github.com-1ecc6299db9ec823/scoped-tls-0.1.2/src/lib.rs:155
Dec 03 07:06:13.737 INFO [stdout]    9:     0x56298f6075cd - syntax::with_globals::h851ff797fe7b24af
Dec 03 07:06:13.737 INFO [stdout]                                at libsyntax/lib.rs:107
Dec 03 07:06:13.737 INFO [stdout]   10:     0x56298f657484 - std::panicking::try::do_call::h43316ef786a5afc6
Dec 03 07:06:13.737 INFO [stdout]                                at librustdoc/test.rs:561
Dec 03 07:06:13.737 INFO [stdout]                                at libstd/panic.rs:313
Dec 03 07:06:13.737 INFO [stdout]                                at libstd/panicking.rs:310
Dec 03 07:06:13.737 INFO [stdout]   11:     0x7f4107b475b9 - __rust_maybe_catch_panic
Dec 03 07:06:13.737 INFO [stdout]                                at libpanic_unwind/lib.rs:103
Dec 03 07:06:13.737 INFO [stdout]   12:     0x56298f6cdf03 - rustc_driver::in_named_rustc_thread::h7a18544b9923f524
Dec 03 07:06:13.737 INFO [stdout]                                at libstd/panicking.rs:289
Dec 03 07:06:13.737 INFO [stdout]                                at libstd/panic.rs:392
Dec 03 07:06:13.737 INFO [stdout]                                at librustc_driver/lib.rs:1574
Dec 03 07:06:13.737 INFO [stdout]   13:     0x56298f7facfc - <F as alloc::boxed::FnBox<A>>::call_box::h2226feb604beb2d6
Dec 03 07:06:13.737 INFO [stdout]                                at librustdoc/test.rs:561
Dec 03 07:06:13.737 INFO [stdout]                                at liballoc/boxed.rs:646
Dec 03 07:06:13.737 INFO [stdout]   14:     0x7f4109194df2 - <F as alloc::boxed::FnBox<A>>::call_box::hf3e9d4c572efaf22
Dec 03 07:06:13.737 INFO [stdout]                                at libtest/lib.rs:1454
Dec 03 07:06:13.737 INFO [stdout]                                at liballoc/boxed.rs:646
Dec 03 07:06:13.737 INFO [stdout]   15:     0x7f4107b475b9 - __rust_maybe_catch_panic
Dec 03 07:06:13.737 INFO [stdout]                                at libpanic_unwind/lib.rs:103
Dec 03 07:06:13.737 INFO [stdout]   16:     0x7f41091a21ed - std::sys_common::backtrace::__rust_begin_short_backtrace::h0ff507d7422944d3
Dec 03 07:06:13.737 INFO [stdout]                                at libstd/panicking.rs:289
Dec 03 07:06:13.737 INFO [stdout]                                at libstd/panic.rs:392
Dec 03 07:06:13.737 INFO [stdout]                                at libtest/lib.rs:1416
Dec 03 07:06:13.737 INFO [stdout]                                at libstd/sys_common/backtrace.rs:136
Dec 03 07:06:13.737 INFO [stdout]   17:     0x7f41091bfff4 - std::panicking::try::do_call::hba0bdcc3670471cc
Dec 03 07:06:13.737 INFO [stdout]                                at libstd/thread/mod.rs:409
Dec 03 07:06:13.737 INFO [stdout]                                at libstd/panic.rs:313
Dec 03 07:06:13.737 INFO [stdout]                                at libstd/panicking.rs:310
Dec 03 07:06:13.737 INFO [stdout]   18:     0x7f4107b475b9 - __rust_maybe_catch_panic
Dec 03 07:06:13.737 INFO [stdout]                                at libpanic_unwind/lib.rs:103
Dec 03 07:06:13.737 INFO [stdout]   19:     0x7f41091acbd6 - <F as alloc::boxed::FnBox<A>>::call_box::hdac52587b00591af
Dec 03 07:06:13.737 INFO [stdout]                                at libstd/panicking.rs:289
Dec 03 07:06:13.737 INFO [stdout]                                at libstd/panic.rs:392
Dec 03 07:06:13.737 INFO [stdout]                                at libstd/thread/mod.rs:408
Dec 03 07:06:13.737 INFO [stdout]                                at liballoc/boxed.rs:646
Dec 03 07:06:13.737 INFO [stdout]   20:     0x7f4107b34cca - std::sys_common::thread::start_thread::h75d887c7d2cc4479
Dec 03 07:06:13.737 INFO [stdout]                                at liballoc/boxed.rs:656
Dec 03 07:06:13.737 INFO [stdout]                                at libstd/sys_common/thread.rs:24
Dec 03 07:06:13.737 INFO [stdout]   21:     0x7f4107b088f5 - std::sys::unix::thread::Thread::new::thread_start::h8414caee632bf9ed
Dec 03 07:06:13.737 INFO [stdout]                                at libstd/sys/unix/thread.rs:90
Dec 03 07:06:13.737 INFO [stdout]   22:     0x7f410789d6b9 - start_thread
Dec 03 07:06:13.737 INFO [stdout]   23:     0x7f41073bd41c - clone
Dec 03 07:06:13.737 INFO [stdout]   24:                0x0 - <unknown>
Dec 03 07:06:13.737 INFO [stdout] query stack during panic:
Dec 03 07:06:13.737 INFO [stdout] end of query stack
Dec 03 07:06:13.737 INFO [stdout] 
Dec 03 07:06:13.737 INFO [stdout] 
Dec 03 07:06:13.737 INFO [stdout] failures:
Dec 03 07:06:13.737 INFO [stdout]     src/lib.rs - Empty (line 593)
Dec 03 07:06:13.737 INFO [stdout]     src/lib.rs - Location::labels (line 503)
Dec 03 07:06:13.737 INFO [stdout] 
Dec 03 07:06:13.737 INFO [stdout] test result: FAILED. 20 passed; 2 failed; 1 ignored; 0 measured; 0 filtered out
Dec 03 07:06:13.737 INFO [stdout] 
Dec 03 07:06:13.756 INFO [stderr] error: test failed, to rerun pass '--doc'
Dec 03 07:06:13.756 INFO [stderr] su: No module specific data is present
Dec 03 07:06:14.613 INFO running `"docker" "inspect" "a1208d7c027cdfc89894e32fa92325d722fd98e45676b9c2c27a0df3e74d258f"`
Dec 03 07:06:15.001 INFO running `"docker" "rm" "-f" "a1208d7c027cdfc89894e32fa92325d722fd98e45676b9c2c27a0df3e74d258f"`
Dec 03 07:06:15.371 INFO [stdout] a1208d7c027cdfc89894e32fa92325d722fd98e45676b9c2c27a0df3e74d258f
