Dec 03 09:29:50.883 INFO testing google-cloudasset1_beta1-1.0.8+20181008 against 1.30.1 for beta-1.31-5
Dec 03 09:29:50.884 INFO running `"docker" "create" "-v" "/mnt/big/crater/work/local/target-dirs/beta-1.31-5/worker-7/1.30.1:/target:rw,Z" "-v" "/mnt/big/crater/work/local/test-source/worker-7/beta-1.31-5/1.30.1:/source:ro,Z" "-v" "/mnt/big/crater/work/local/cargo-home:/cargo-home:ro,Z" "-v" "/mnt/big/crater/work/local/rustup-home:/rustup-home:ro,Z" "-e" "USER_ID=1000" "-e" "SOURCE_DIR=/source" "-e" "USER_ID=1000" "-e" "CMD=cargo +1.30.1 build --frozen" "-e" "CARGO_TARGET_DIR=/target" "-e" "CARGO_INCREMENTAL=0" "-e" "RUST_BACKTRACE=full" "-e" "RUSTFLAGS=--cap-lints=warn" "-e" "CARGO_HOME=/cargo-home" "-e" "RUSTUP_HOME=/rustup-home" "-m" "1536M" "--network" "none" "crater"`
Dec 03 09:29:51.218 INFO [stdout] 4002cb0b6d209e376179345385e74c6283f5c43ff1bc169678877d4969287182
Dec 03 09:29:51.220 INFO running `"docker" "start" "-a" "4002cb0b6d209e376179345385e74c6283f5c43ff1bc169678877d4969287182"`
Dec 03 09:29:51.729 INFO [stderr] usermod: no changes
Dec 03 09:29:51.870 INFO [stderr]    Compiling google-cloudasset1_beta1 v1.0.8+20181008 (/source)
Dec 03 09:29:58.383 INFO [stderr]     Finished dev [unoptimized + debuginfo] target(s) in 6.62s
Dec 03 09:29:58.397 INFO [stderr] su: No module specific data is present
Dec 03 09:29:59.005 INFO running `"docker" "inspect" "4002cb0b6d209e376179345385e74c6283f5c43ff1bc169678877d4969287182"`
Dec 03 09:29:59.460 INFO running `"docker" "rm" "-f" "4002cb0b6d209e376179345385e74c6283f5c43ff1bc169678877d4969287182"`
Dec 03 09:29:59.751 INFO [stdout] 4002cb0b6d209e376179345385e74c6283f5c43ff1bc169678877d4969287182
Dec 03 09:29:59.755 INFO running `"docker" "create" "-v" "/mnt/big/crater/work/local/target-dirs/beta-1.31-5/worker-7/1.30.1:/target:rw,Z" "-v" "/mnt/big/crater/work/local/test-source/worker-7/beta-1.31-5/1.30.1:/source:ro,Z" "-v" "/mnt/big/crater/work/local/cargo-home:/cargo-home:ro,Z" "-v" "/mnt/big/crater/work/local/rustup-home:/rustup-home:ro,Z" "-e" "USER_ID=1000" "-e" "SOURCE_DIR=/source" "-e" "USER_ID=1000" "-e" "CMD=cargo +1.30.1 test --frozen --no-run" "-e" "CARGO_TARGET_DIR=/target" "-e" "CARGO_INCREMENTAL=0" "-e" "RUST_BACKTRACE=full" "-e" "RUSTFLAGS=--cap-lints=warn" "-e" "CARGO_HOME=/cargo-home" "-e" "RUSTUP_HOME=/rustup-home" "-m" "1536M" "--network" "none" "crater"`
Dec 03 09:30:00.180 INFO [stdout] 289dcf24969104882b15014b190c1eb4bcf539bb385ef79aa364ffd87b91fbf5
Dec 03 09:30:00.185 INFO running `"docker" "start" "-a" "289dcf24969104882b15014b190c1eb4bcf539bb385ef79aa364ffd87b91fbf5"`
Dec 03 09:30:01.243 INFO [stderr] usermod: no changes
Dec 03 09:30:01.435 INFO [stderr]    Compiling google-cloudasset1_beta1 v1.0.8+20181008 (/source)
Dec 03 09:30:08.319 INFO [stderr]     Finished dev [unoptimized + debuginfo] target(s) in 7.04s
Dec 03 09:30:08.330 INFO [stderr] su: No module specific data is present
Dec 03 09:30:09.512 INFO running `"docker" "inspect" "289dcf24969104882b15014b190c1eb4bcf539bb385ef79aa364ffd87b91fbf5"`
Dec 03 09:30:09.835 INFO running `"docker" "rm" "-f" "289dcf24969104882b15014b190c1eb4bcf539bb385ef79aa364ffd87b91fbf5"`
Dec 03 09:30:10.159 INFO [stdout] 289dcf24969104882b15014b190c1eb4bcf539bb385ef79aa364ffd87b91fbf5
Dec 03 09:30:10.167 INFO running `"docker" "create" "-v" "/mnt/big/crater/work/local/target-dirs/beta-1.31-5/worker-7/1.30.1:/target:rw,Z" "-v" "/mnt/big/crater/work/local/test-source/worker-7/beta-1.31-5/1.30.1:/source:ro,Z" "-v" "/mnt/big/crater/work/local/cargo-home:/cargo-home:ro,Z" "-v" "/mnt/big/crater/work/local/rustup-home:/rustup-home:ro,Z" "-e" "USER_ID=1000" "-e" "SOURCE_DIR=/source" "-e" "USER_ID=1000" "-e" "CMD=cargo +1.30.1 test --frozen" "-e" "CARGO_TARGET_DIR=/target" "-e" "CARGO_INCREMENTAL=0" "-e" "RUST_BACKTRACE=full" "-e" "RUSTFLAGS=--cap-lints=warn" "-e" "CARGO_HOME=/cargo-home" "-e" "RUSTUP_HOME=/rustup-home" "-m" "1536M" "--network" "none" "crater"`
Dec 03 09:30:10.611 INFO [stdout] 4381558975cfe5bb769ba111e5941946268e95b37ba6ada05655ce4c71cf342c
Dec 03 09:30:10.613 INFO running `"docker" "start" "-a" "4381558975cfe5bb769ba111e5941946268e95b37ba6ada05655ce4c71cf342c"`
Dec 03 09:30:12.510 INFO [stderr] usermod: no changes
Dec 03 09:30:12.773 INFO [stderr]     Finished dev [unoptimized + debuginfo] target(s) in 0.23s
Dec 03 09:30:12.780 INFO [stderr]      Running /target/debug/deps/google_cloudasset1_beta1-84f02da9aabdb27d
Dec 03 09:30:12.792 INFO [stdout] 
Dec 03 09:30:12.792 INFO [stdout] running 0 tests
Dec 03 09:30:12.792 INFO [stdout] 
Dec 03 09:30:12.793 INFO [stdout] test result: ok. 0 passed; 0 failed; 0 ignored; 0 measured; 0 filtered out
Dec 03 09:30:12.793 INFO [stdout] 
Dec 03 09:30:12.793 INFO [stderr]    Doc-tests google-cloudasset1_beta1
Dec 03 09:30:21.279 INFO [stdout] 
Dec 03 09:30:21.280 INFO [stdout] running 16 tests
Dec 03 09:30:21.307 INFO [stdout] test src/lib.rs -  (line 51) ... ignored
Dec 03 09:30:25.439 INFO [stdout] test src/lib.rs - Expr (line 571) ... FAILED
Dec 03 09:30:28.087 INFO [stdout] test src/lib.rs - AuditConfig (line 711) ... FAILED
Dec 03 09:30:28.263 INFO [stdout] test src/lib.rs - AuditLogConfig (line 454) ... FAILED
Dec 03 09:30:36.543 INFO [stdout] test src/lib.rs - Policy (line 817) ... FAILED
Dec 03 09:30:37.319 INFO [stdout] test src/lib.rs - Policy (line 837) ... FAILED
Dec 03 09:31:21.288 INFO [stdout] test src/lib.rs -  (line 84) ... test src/lib.rs -  (line 84) has been running for over 60 seconds
Dec 03 09:31:21.295 INFO [stdout] test src/lib.rs - CloudAsset (line 269) ... test src/lib.rs - CloudAsset (line 269) has been running for over 60 seconds
Dec 03 09:31:21.307 INFO [stdout] test src/lib.rs - OrganizationMethods (line 952) ... test src/lib.rs - OrganizationMethods (line 952) has been running for over 60 seconds
Dec 03 09:31:21.307 INFO [stdout] test src/lib.rs - OrganizationExportAssetCall (line 1502) ... test src/lib.rs - OrganizationExportAssetCall (line 1502) has been running for over 60 seconds
Dec 03 09:31:21.307 INFO [stdout] test src/lib.rs - OrganizationBatchGetAssetsHistoryCall (line 1188) ... test src/lib.rs - OrganizationBatchGetAssetsHistoryCall (line 1188) has been running for over 60 seconds
Dec 03 09:31:21.552 INFO [stdout] test src/lib.rs - OrganizationExportAssetCall (line 1502) ... ok
Dec 03 09:31:22.375 INFO [stdout] test src/lib.rs -  (line 84) ... ok
Dec 03 09:31:22.866 INFO [stdout] test src/lib.rs - OrganizationOperationGetCall (line 1788) ... ok
Dec 03 09:31:23.327 INFO [stdout] test src/lib.rs - OrganizationBatchGetAssetsHistoryCall (line 1188) ... ok
Dec 03 09:31:23.423 INFO [stdout] test src/lib.rs - OrganizationMethods (line 952) ... ok
Dec 03 09:31:23.512 INFO [stdout] test src/lib.rs - CloudAsset (line 269) ... ok
Dec 03 09:31:26.948 INFO [stdout] test src/lib.rs - ProjectBatchGetAssetsHistoryCall (line 2043) ... ok
Dec 03 09:31:29.289 INFO [stdout] test src/lib.rs - ProjectExportAssetCall (line 2610) ... ok
Dec 03 09:31:37.828 INFO [stdout] test src/lib.rs - ProjectMethods (line 1064) ... ok
Dec 03 09:31:38.120 INFO [stdout] test src/lib.rs - ProjectOperationGetCall (line 2356) ... ok
Dec 03 09:31:38.120 INFO [stdout] 
Dec 03 09:31:38.120 INFO [stdout] failures:
Dec 03 09:31:38.120 INFO [stdout] 
Dec 03 09:31:38.120 INFO [stdout] ---- src/lib.rs - Expr (line 571) stdout ----
Dec 03 09:31:38.120 INFO [stdout] error: expected type, found `"User account presence"`
Dec 03 09:31:38.120 INFO [stdout]  --> src/lib.rs:572:8
Dec 03 09:31:38.120 INFO [stdout]   |
Dec 03 09:31:38.120 INFO [stdout] 3 | title: "User account presence"
Dec 03 09:31:38.120 INFO [stdout]   |        ^^^^^^^^^^^^^^^^^^^^^^^ expecting a type here because of type ascription
Dec 03 09:31:38.120 INFO [stdout] 
Dec 03 09:31:38.120 INFO [stdout] thread 'src/lib.rs - Expr (line 571)' panicked at 'couldn't compile the test', librustdoc/test.rs:332:13
Dec 03 09:31:38.120 INFO [stdout] stack backtrace:
Dec 03 09:31:38.120 INFO [stdout]    0:     0x7f116c3387ce - std::sys::unix::backtrace::tracing::imp::unwind_backtrace::h15749a98198ba25f
Dec 03 09:31:38.120 INFO [stdout]                                at libstd/sys/unix/backtrace/tracing/gcc_s.rs:49
Dec 03 09:31:38.120 INFO [stdout]    1:     0x7f116c311966 - std::sys_common::backtrace::print::h0ba65c811294dbf0
Dec 03 09:31:38.120 INFO [stdout]                                at libstd/sys_common/backtrace.rs:71
Dec 03 09:31:38.120 INFO [stdout]                                at libstd/sys_common/backtrace.rs:59
Dec 03 09:31:38.120 INFO [stdout]    2:     0x7f116c30f5bd - std::panicking::default_hook::{{closure}}::h42bb31757f0fee64
Dec 03 09:31:38.120 INFO [stdout]                                at libstd/panicking.rs:211
Dec 03 09:31:38.120 INFO [stdout]    3:     0x7f116c30f2cb - std::panicking::default_hook::hebc8848d7aa7dbd9
Dec 03 09:31:38.120 INFO [stdout]                                at libstd/panicking.rs:221
Dec 03 09:31:38.120 INFO [stdout]    4:     0x7f116e4826a1 - rustc::util::common::panic_hook::h9a39743bb116fb66
Dec 03 09:31:38.120 INFO [stdout]    5:     0x7f116c30fcc3 - std::panicking::rust_panic_with_hook::h86e619a638415243
Dec 03 09:31:38.120 INFO [stdout]                                at libstd/panicking.rs:481
Dec 03 09:31:38.120 INFO [stdout]    6:     0x556fe36c5306 - std::panicking::begin_panic::h2e334451e6084118
Dec 03 09:31:38.121 INFO [stdout]                                at libstd/panicking.rs:411
Dec 03 09:31:38.121 INFO [stdout]    7:     0x556fe3890147 - rustdoc::test::Collector::add_test::{{closure}}::{{closure}}::{{closure}}::h071753b32990ff99
Dec 03 09:31:38.121 INFO [stdout]                                at librustdoc/test.rs:332
Dec 03 09:31:38.121 INFO [stdout]                                at librustdoc/test.rs:564
Dec 03 09:31:38.121 INFO [stdout]    8:     0x556fe384c990 - <scoped_tls::ScopedKey<T>>::set::h9896b6fe380ee541
Dec 03 09:31:38.121 INFO [stdout]                                at /cargo/registry/src/github.com-1ecc6299db9ec823/scoped-tls-0.1.2/src/lib.rs:155
Dec 03 09:31:38.121 INFO [stdout]                                at libsyntax/lib.rs:108
Dec 03 09:31:38.121 INFO [stdout]                                at /cargo/registry/src/github.com-1ecc6299db9ec823/scoped-tls-0.1.2/src/lib.rs:155
Dec 03 09:31:38.121 INFO [stdout]    9:     0x556fe36755cd - syntax::with_globals::h851ff797fe7b24af
Dec 03 09:31:38.121 INFO [stdout]                                at libsyntax/lib.rs:107
Dec 03 09:31:38.121 INFO [stdout]   10:     0x556fe36c5484 - std::panicking::try::do_call::h43316ef786a5afc6
Dec 03 09:31:38.121 INFO [stdout]                                at librustdoc/test.rs:561
Dec 03 09:31:38.121 INFO [stdout]                                at libstd/panic.rs:313
Dec 03 09:31:38.121 INFO [stdout]                                at libstd/panicking.rs:310
Dec 03 09:31:38.121 INFO [stdout]   11:     0x7f116c34f5b9 - __rust_maybe_catch_panic
Dec 03 09:31:38.121 INFO [stdout]                                at libpanic_unwind/lib.rs:103
Dec 03 09:31:38.121 INFO [stdout]   12:     0x556fe373bf03 - rustc_driver::in_named_rustc_thread::h7a18544b9923f524
Dec 03 09:31:38.121 INFO [stdout]                                at libstd/panicking.rs:289
Dec 03 09:31:38.121 INFO [stdout]                                at libstd/panic.rs:392
Dec 03 09:31:38.121 INFO [stdout]                                at librustc_driver/lib.rs:1574
Dec 03 09:31:38.121 INFO [stdout]   13:     0x556fe3868cfc - <F as alloc::boxed::FnBox<A>>::call_box::h2226feb604beb2d6
Dec 03 09:31:38.121 INFO [stdout]                                at librustdoc/test.rs:561
Dec 03 09:31:38.121 INFO [stdout]                                at liballoc/boxed.rs:646
Dec 03 09:31:38.121 INFO [stdout]   14:     0x7f116d99cdf2 - <F as alloc::boxed::FnBox<A>>::call_box::hf3e9d4c572efaf22
Dec 03 09:31:38.121 INFO [stdout]                                at libtest/lib.rs:1454
Dec 03 09:31:38.121 INFO [stdout]                                at liballoc/boxed.rs:646
Dec 03 09:31:38.121 INFO [stdout]   15:     0x7f116c34f5b9 - __rust_maybe_catch_panic
Dec 03 09:31:38.121 INFO [stdout]                                at libpanic_unwind/lib.rs:103
Dec 03 09:31:38.121 INFO [stdout]   16:     0x7f116d9aa1ed - std::sys_common::backtrace::__rust_begin_short_backtrace::h0ff507d7422944d3
Dec 03 09:31:38.121 INFO [stdout]                                at libstd/panicking.rs:289
Dec 03 09:31:38.121 INFO [stdout]                                at libstd/panic.rs:392
Dec 03 09:31:38.121 INFO [stdout]                                at libtest/lib.rs:1416
Dec 03 09:31:38.121 INFO [stdout]                                at libstd/sys_common/backtrace.rs:136
Dec 03 09:31:38.121 INFO [stdout]   17:     0x7f116d9c7ff4 - std::panicking::try::do_call::hba0bdcc3670471cc
Dec 03 09:31:38.121 INFO [stdout]                                at libstd/thread/mod.rs:409
Dec 03 09:31:38.121 INFO [stdout]                                at libstd/panic.rs:313
Dec 03 09:31:38.121 INFO [stdout]                                at libstd/panicking.rs:310
Dec 03 09:31:38.121 INFO [stdout]   18:     0x7f116c34f5b9 - __rust_maybe_catch_panic
Dec 03 09:31:38.121 INFO [stdout]                                at libpanic_unwind/lib.rs:103
Dec 03 09:31:38.121 INFO [stdout]   19:     0x7f116d9b4bd6 - <F as alloc::boxed::FnBox<A>>::call_box::hdac52587b00591af
Dec 03 09:31:38.121 INFO [stdout]                                at libstd/panicking.rs:289
Dec 03 09:31:38.121 INFO [stdout]                                at libstd/panic.rs:392
Dec 03 09:31:38.121 INFO [stdout]                                at libstd/thread/mod.rs:408
Dec 03 09:31:38.121 INFO [stdout]                                at liballoc/boxed.rs:646
Dec 03 09:31:38.121 INFO [stdout]   20:     0x7f116c33ccca - std::sys_common::thread::start_thread::h75d887c7d2cc4479
Dec 03 09:31:38.121 INFO [stdout]                                at liballoc/boxed.rs:656
Dec 03 09:31:38.121 INFO [stdout]                                at libstd/sys_common/thread.rs:24
Dec 03 09:31:38.121 INFO [stdout]   21:     0x7f116c3108f5 - std::sys::unix::thread::Thread::new::thread_start::h8414caee632bf9ed
Dec 03 09:31:38.121 INFO [stdout]                                at libstd/sys/unix/thread.rs:90
Dec 03 09:31:38.121 INFO [stdout]   22:     0x7f116c0a56b9 - start_thread
Dec 03 09:31:38.121 INFO [stdout]   23:     0x7f116bbc541c - clone
Dec 03 09:31:38.121 INFO [stdout]   24:                0x0 - <unknown>
Dec 03 09:31:38.121 INFO [stdout] query stack during panic:
Dec 03 09:31:38.121 INFO [stdout] end of query stack
Dec 03 09:31:38.121 INFO [stdout] 
Dec 03 09:31:38.121 INFO [stdout] ---- src/lib.rs - AuditConfig (line 711) stdout ----
Dec 03 09:31:38.121 INFO [stdout] error: expected type, found `{`
Dec 03 09:31:38.121 INFO [stdout]  --> src/lib.rs:714:5
Dec 03 09:31:38.121 INFO [stdout]   |
Dec 03 09:31:38.121 INFO [stdout] 4 |   "audit_configs": [
Dec 03 09:31:38.121 INFO [stdout]   |                  - help: try using a semicolon: `;`
Dec 03 09:31:38.121 INFO [stdout] 5 |     {
Dec 03 09:31:38.121 INFO [stdout]   |     ^ expecting a type here because of type ascription
Dec 03 09:31:38.121 INFO [stdout] 
Dec 03 09:31:38.121 INFO [stdout] thread 'src/lib.rs - AuditConfig (line 711)' panicked at 'couldn't compile the test', librustdoc/test.rs:332:13
Dec 03 09:31:38.121 INFO [stdout] stack backtrace:
Dec 03 09:31:38.121 INFO [stdout]    0:     0x7f116c3387ce - std::sys::unix::backtrace::tracing::imp::unwind_backtrace::h15749a98198ba25f
Dec 03 09:31:38.121 INFO [stdout]                                at libstd/sys/unix/backtrace/tracing/gcc_s.rs:49
Dec 03 09:31:38.121 INFO [stdout]    1:     0x7f116c311966 - std::sys_common::backtrace::print::h0ba65c811294dbf0
Dec 03 09:31:38.121 INFO [stdout]                                at libstd/sys_common/backtrace.rs:71
Dec 03 09:31:38.121 INFO [stdout]                                at libstd/sys_common/backtrace.rs:59
Dec 03 09:31:38.121 INFO [stdout]    2:     0x7f116c30f5bd - std::panicking::default_hook::{{closure}}::h42bb31757f0fee64
Dec 03 09:31:38.121 INFO [stdout]                                at libstd/panicking.rs:211
Dec 03 09:31:38.121 INFO [stdout]    3:     0x7f116c30f2cb - std::panicking::default_hook::hebc8848d7aa7dbd9
Dec 03 09:31:38.121 INFO [stdout]                                at libstd/panicking.rs:221
Dec 03 09:31:38.121 INFO [stdout]    4:     0x7f116e4826a1 - rustc::util::common::panic_hook::h9a39743bb116fb66
Dec 03 09:31:38.121 INFO [stdout]    5:     0x7f116c30fcc3 - std::panicking::rust_panic_with_hook::h86e619a638415243
Dec 03 09:31:38.121 INFO [stdout]                                at libstd/panicking.rs:481
Dec 03 09:31:38.121 INFO [stdout]    6:     0x556fe36c5306 - std::panicking::begin_panic::h2e334451e6084118
Dec 03 09:31:38.121 INFO [stdout]                                at libstd/panicking.rs:411
Dec 03 09:31:38.121 INFO [stdout]    7:     0x556fe3890147 - rustdoc::test::Collector::add_test::{{closure}}::{{closure}}::{{closure}}::h071753b32990ff99
Dec 03 09:31:38.121 INFO [stdout]                                at librustdoc/test.rs:332
Dec 03 09:31:38.121 INFO [stdout]                                at librustdoc/test.rs:564
Dec 03 09:31:38.121 INFO [stdout]    8:     0x556fe384c990 - <scoped_tls::ScopedKey<T>>::set::h9896b6fe380ee541
Dec 03 09:31:38.121 INFO [stdout]                                at /cargo/registry/src/github.com-1ecc6299db9ec823/scoped-tls-0.1.2/src/lib.rs:155
Dec 03 09:31:38.121 INFO [stdout]                                at libsyntax/lib.rs:108
Dec 03 09:31:38.121 INFO [stdout]                                at /cargo/registry/src/github.com-1ecc6299db9ec823/scoped-tls-0.1.2/src/lib.rs:155
Dec 03 09:31:38.121 INFO [stdout]    9:     0x556fe36755cd - syntax::with_globals::h851ff797fe7b24af
Dec 03 09:31:38.122 INFO [stdout]                                at libsyntax/lib.rs:107
Dec 03 09:31:38.122 INFO [stdout]   10:     0x556fe36c5484 - std::panicking::try::do_call::h43316ef786a5afc6
Dec 03 09:31:38.122 INFO [stdout]                                at librustdoc/test.rs:561
Dec 03 09:31:38.122 INFO [stdout]                                at libstd/panic.rs:313
Dec 03 09:31:38.122 INFO [stdout]                                at libstd/panicking.rs:310
Dec 03 09:31:38.122 INFO [stdout]   11:     0x7f116c34f5b9 - __rust_maybe_catch_panic
Dec 03 09:31:38.122 INFO [stdout]                                at libpanic_unwind/lib.rs:103
Dec 03 09:31:38.122 INFO [stdout]   12:     0x556fe373bf03 - rustc_driver::in_named_rustc_thread::h7a18544b9923f524
Dec 03 09:31:38.122 INFO [stdout]                                at libstd/panicking.rs:289
Dec 03 09:31:38.122 INFO [stdout]                                at libstd/panic.rs:392
Dec 03 09:31:38.122 INFO [stdout]                                at librustc_driver/lib.rs:1574
Dec 03 09:31:38.122 INFO [stdout]   13:     0x556fe3868cfc - <F as alloc::boxed::FnBox<A>>::call_box::h2226feb604beb2d6
Dec 03 09:31:38.122 INFO [stdout]                                at librustdoc/test.rs:561
Dec 03 09:31:38.122 INFO [stdout]                                at liballoc/boxed.rs:646
Dec 03 09:31:38.122 INFO [stdout]   14:     0x7f116d99cdf2 - <F as alloc::boxed::FnBox<A>>::call_box::hf3e9d4c572efaf22
Dec 03 09:31:38.122 INFO [stdout]                                at libtest/lib.rs:1454
Dec 03 09:31:38.122 INFO [stdout]                                at liballoc/boxed.rs:646
Dec 03 09:31:38.122 INFO [stdout]   15:     0x7f116c34f5b9 - __rust_maybe_catch_panic
Dec 03 09:31:38.122 INFO [stdout]                                at libpanic_unwind/lib.rs:103
Dec 03 09:31:38.122 INFO [stdout]   16:     0x7f116d9aa1ed - std::sys_common::backtrace::__rust_begin_short_backtrace::h0ff507d7422944d3
Dec 03 09:31:38.122 INFO [stdout]                                at libstd/panicking.rs:289
Dec 03 09:31:38.122 INFO [stdout]                                at libstd/panic.rs:392
Dec 03 09:31:38.122 INFO [stdout]                                at libtest/lib.rs:1416
Dec 03 09:31:38.122 INFO [stdout]                                at libstd/sys_common/backtrace.rs:136
Dec 03 09:31:38.122 INFO [stdout]   17:     0x7f116d9c7ff4 - std::panicking::try::do_call::hba0bdcc3670471cc
Dec 03 09:31:38.122 INFO [stdout]                                at libstd/thread/mod.rs:409
Dec 03 09:31:38.122 INFO [stdout]                                at libstd/panic.rs:313
Dec 03 09:31:38.122 INFO [stdout]                                at libstd/panicking.rs:310
Dec 03 09:31:38.122 INFO [stdout]   18:     0x7f116c34f5b9 - __rust_maybe_catch_panic
Dec 03 09:31:38.122 INFO [stdout]                                at libpanic_unwind/lib.rs:103
Dec 03 09:31:38.122 INFO [stdout]   19:     0x7f116d9b4bd6 - <F as alloc::boxed::FnBox<A>>::call_box::hdac52587b00591af
Dec 03 09:31:38.122 INFO [stdout]                                at libstd/panicking.rs:289
Dec 03 09:31:38.122 INFO [stdout]                                at libstd/panic.rs:392
Dec 03 09:31:38.122 INFO [stdout]                                at libstd/thread/mod.rs:408
Dec 03 09:31:38.122 INFO [stdout]                                at liballoc/boxed.rs:646
Dec 03 09:31:38.122 INFO [stdout]   20:     0x7f116c33ccca - std::sys_common::thread::start_thread::h75d887c7d2cc4479
Dec 03 09:31:38.122 INFO [stdout]                                at liballoc/boxed.rs:656
Dec 03 09:31:38.122 INFO [stdout]                                at libstd/sys_common/thread.rs:24
Dec 03 09:31:38.122 INFO [stdout]   21:     0x7f116c3108f5 - std::sys::unix::thread::Thread::new::thread_start::h8414caee632bf9ed
Dec 03 09:31:38.122 INFO [stdout]                                at libstd/sys/unix/thread.rs:90
Dec 03 09:31:38.122 INFO [stdout]   22:     0x7f116c0a56b9 - start_thread
Dec 03 09:31:38.122 INFO [stdout]   23:     0x7f116bbc541c - clone
Dec 03 09:31:38.122 INFO [stdout]   24:                0x0 - <unknown>
Dec 03 09:31:38.122 INFO [stdout] query stack during panic:
Dec 03 09:31:38.122 INFO [stdout] end of query stack
Dec 03 09:31:38.122 INFO [stdout] 
Dec 03 09:31:38.122 INFO [stdout] ---- src/lib.rs - AuditLogConfig (line 454) stdout ----
Dec 03 09:31:38.122 INFO [stdout] error: expected type, found `{`
Dec 03 09:31:38.122 INFO [stdout]  --> src/lib.rs:457:5
Dec 03 09:31:38.122 INFO [stdout]   |
Dec 03 09:31:38.122 INFO [stdout] 4 |   "audit_log_configs": [
Dec 03 09:31:38.122 INFO [stdout]   |                      - help: try using a semicolon: `;`
Dec 03 09:31:38.122 INFO [stdout] 5 |     {
Dec 03 09:31:38.122 INFO [stdout]   |     ^ expecting a type here because of type ascription
Dec 03 09:31:38.122 INFO [stdout] 
Dec 03 09:31:38.122 INFO [stdout] thread 'src/lib.rs - AuditLogConfig (line 454)' panicked at 'couldn't compile the test', librustdoc/test.rs:332:13
Dec 03 09:31:38.122 INFO [stdout] stack backtrace:
Dec 03 09:31:38.122 INFO [stdout]    0:     0x7f116c3387ce - std::sys::unix::backtrace::tracing::imp::unwind_backtrace::h15749a98198ba25f
Dec 03 09:31:38.122 INFO [stdout]                                at libstd/sys/unix/backtrace/tracing/gcc_s.rs:49
Dec 03 09:31:38.122 INFO [stdout]    1:     0x7f116c311966 - std::sys_common::backtrace::print::h0ba65c811294dbf0
Dec 03 09:31:38.122 INFO [stdout]                                at libstd/sys_common/backtrace.rs:71
Dec 03 09:31:38.122 INFO [stdout]                                at libstd/sys_common/backtrace.rs:59
Dec 03 09:31:38.122 INFO [stdout]    2:     0x7f116c30f5bd - std::panicking::default_hook::{{closure}}::h42bb31757f0fee64
Dec 03 09:31:38.122 INFO [stdout]                                at libstd/panicking.rs:211
Dec 03 09:31:38.122 INFO [stdout]    3:     0x7f116c30f2cb - std::panicking::default_hook::hebc8848d7aa7dbd9
Dec 03 09:31:38.122 INFO [stdout]                                at libstd/panicking.rs:221
Dec 03 09:31:38.122 INFO [stdout]    4:     0x7f116e4826a1 - rustc::util::common::panic_hook::h9a39743bb116fb66
Dec 03 09:31:38.122 INFO [stdout]    5:     0x7f116c30fcc3 - std::panicking::rust_panic_with_hook::h86e619a638415243
Dec 03 09:31:38.122 INFO [stdout]                                at libstd/panicking.rs:481
Dec 03 09:31:38.122 INFO [stdout]    6:     0x556fe36c5306 - std::panicking::begin_panic::h2e334451e6084118
Dec 03 09:31:38.122 INFO [stdout]                                at libstd/panicking.rs:411
Dec 03 09:31:38.122 INFO [stdout]    7:     0x556fe3890147 - rustdoc::test::Collector::add_test::{{closure}}::{{closure}}::{{closure}}::h071753b32990ff99
Dec 03 09:31:38.122 INFO [stdout]                                at librustdoc/test.rs:332
Dec 03 09:31:38.122 INFO [stdout]                                at librustdoc/test.rs:564
Dec 03 09:31:38.122 INFO [stdout]    8:     0x556fe384c990 - <scoped_tls::ScopedKey<T>>::set::h9896b6fe380ee541
Dec 03 09:31:38.122 INFO [stdout]                                at /cargo/registry/src/github.com-1ecc6299db9ec823/scoped-tls-0.1.2/src/lib.rs:155
Dec 03 09:31:38.122 INFO [stdout]                                at libsyntax/lib.rs:108
Dec 03 09:31:38.122 INFO [stdout]                                at /cargo/registry/src/github.com-1ecc6299db9ec823/scoped-tls-0.1.2/src/lib.rs:155
Dec 03 09:31:38.122 INFO [stdout]    9:     0x556fe36755cd - syntax::with_globals::h851ff797fe7b24af
Dec 03 09:31:38.122 INFO [stdout]                                at libsyntax/lib.rs:107
Dec 03 09:31:38.122 INFO [stdout]   10:     0x556fe36c5484 - std::panicking::try::do_call::h43316ef786a5afc6
Dec 03 09:31:38.122 INFO [stdout]                                at librustdoc/test.rs:561
Dec 03 09:31:38.123 INFO [stdout]                                at libstd/panic.rs:313
Dec 03 09:31:38.123 INFO [stdout]                                at libstd/panicking.rs:310
Dec 03 09:31:38.123 INFO [stdout]   11:     0x7f116c34f5b9 - __rust_maybe_catch_panic
Dec 03 09:31:38.123 INFO [stdout]                                at libpanic_unwind/lib.rs:103
Dec 03 09:31:38.123 INFO [stdout]   12:     0x556fe373bf03 - rustc_driver::in_named_rustc_thread::h7a18544b9923f524
Dec 03 09:31:38.123 INFO [stdout]                                at libstd/panicking.rs:289
Dec 03 09:31:38.123 INFO [stdout]                                at libstd/panic.rs:392
Dec 03 09:31:38.123 INFO [stdout]                                at librustc_driver/lib.rs:1574
Dec 03 09:31:38.123 INFO [stdout]   13:     0x556fe3868cfc - <F as alloc::boxed::FnBox<A>>::call_box::h2226feb604beb2d6
Dec 03 09:31:38.123 INFO [stdout]                                at librustdoc/test.rs:561
Dec 03 09:31:38.123 INFO [stdout]                                at liballoc/boxed.rs:646
Dec 03 09:31:38.123 INFO [stdout]   14:     0x7f116d99cdf2 - <F as alloc::boxed::FnBox<A>>::call_box::hf3e9d4c572efaf22
Dec 03 09:31:38.123 INFO [stdout]                                at libtest/lib.rs:1454
Dec 03 09:31:38.123 INFO [stdout]                                at liballoc/boxed.rs:646
Dec 03 09:31:38.123 INFO [stdout]   15:     0x7f116c34f5b9 - __rust_maybe_catch_panic
Dec 03 09:31:38.123 INFO [stdout]                                at libpanic_unwind/lib.rs:103
Dec 03 09:31:38.123 INFO [stdout]   16:     0x7f116d9aa1ed - std::sys_common::backtrace::__rust_begin_short_backtrace::h0ff507d7422944d3
Dec 03 09:31:38.123 INFO [stdout]                                at libstd/panicking.rs:289
Dec 03 09:31:38.123 INFO [stdout]                                at libstd/panic.rs:392
Dec 03 09:31:38.123 INFO [stdout]                                at libtest/lib.rs:1416
Dec 03 09:31:38.123 INFO [stdout]                                at libstd/sys_common/backtrace.rs:136
Dec 03 09:31:38.123 INFO [stdout]   17:     0x7f116d9c7ff4 - std::panicking::try::do_call::hba0bdcc3670471cc
Dec 03 09:31:38.123 INFO [stdout]                                at libstd/thread/mod.rs:409
Dec 03 09:31:38.123 INFO [stdout]                                at libstd/panic.rs:313
Dec 03 09:31:38.123 INFO [stdout]                                at libstd/panicking.rs:310
Dec 03 09:31:38.123 INFO [stdout]   18:     0x7f116c34f5b9 - __rust_maybe_catch_panic
Dec 03 09:31:38.123 INFO [stdout]                                at libpanic_unwind/lib.rs:103
Dec 03 09:31:38.123 INFO [stdout]   19:     0x7f116d9b4bd6 - <F as alloc::boxed::FnBox<A>>::call_box::hdac52587b00591af
Dec 03 09:31:38.123 INFO [stdout]                                at libstd/panicking.rs:289
Dec 03 09:31:38.123 INFO [stdout]                                at libstd/panic.rs:392
Dec 03 09:31:38.123 INFO [stdout]                                at libstd/thread/mod.rs:408
Dec 03 09:31:38.123 INFO [stdout]                                at liballoc/boxed.rs:646
Dec 03 09:31:38.123 INFO [stdout]   20:     0x7f116c33ccca - std::sys_common::thread::start_thread::h75d887c7d2cc4479
Dec 03 09:31:38.123 INFO [stdout]                                at liballoc/boxed.rs:656
Dec 03 09:31:38.123 INFO [stdout]                                at libstd/sys_common/thread.rs:24
Dec 03 09:31:38.123 INFO [stdout]   21:     0x7f116c3108f5 - std::sys::unix::thread::Thread::new::thread_start::h8414caee632bf9ed
Dec 03 09:31:38.123 INFO [stdout]                                at libstd/sys/unix/thread.rs:90
Dec 03 09:31:38.123 INFO [stdout]   22:     0x7f116c0a56b9 - start_thread
Dec 03 09:31:38.123 INFO [stdout]   23:     0x7f116bbc541c - clone
Dec 03 09:31:38.123 INFO [stdout]   24:                0x0 - <unknown>
Dec 03 09:31:38.123 INFO [stdout] query stack during panic:
Dec 03 09:31:38.123 INFO [stdout] end of query stack
Dec 03 09:31:38.123 INFO [stdout] 
Dec 03 09:31:38.123 INFO [stdout] ---- src/lib.rs - Policy (line 817) stdout ----
Dec 03 09:31:38.123 INFO [stdout] error: expected type, found `{`
Dec 03 09:31:38.123 INFO [stdout]  --> src/lib.rs:820:5
Dec 03 09:31:38.123 INFO [stdout]   |
Dec 03 09:31:38.123 INFO [stdout] 4 |   "bindings": [
Dec 03 09:31:38.123 INFO [stdout]   |             - help: try using a semicolon: `;`
Dec 03 09:31:38.123 INFO [stdout] 5 |     {
Dec 03 09:31:38.123 INFO [stdout]   |     ^ expecting a type here because of type ascription
Dec 03 09:31:38.123 INFO [stdout] 
Dec 03 09:31:38.123 INFO [stdout] thread 'src/lib.rs - Policy (line 817)' panicked at 'couldn't compile the test', librustdoc/test.rs:332:13
Dec 03 09:31:38.123 INFO [stdout] stack backtrace:
Dec 03 09:31:38.123 INFO [stdout]    0:     0x7f116c3387ce - std::sys::unix::backtrace::tracing::imp::unwind_backtrace::h15749a98198ba25f
Dec 03 09:31:38.123 INFO [stdout]                                at libstd/sys/unix/backtrace/tracing/gcc_s.rs:49
Dec 03 09:31:38.123 INFO [stdout]    1:     0x7f116c311966 - std::sys_common::backtrace::print::h0ba65c811294dbf0
Dec 03 09:31:38.123 INFO [stdout]                                at libstd/sys_common/backtrace.rs:71
Dec 03 09:31:38.123 INFO [stdout]                                at libstd/sys_common/backtrace.rs:59
Dec 03 09:31:38.123 INFO [stdout]    2:     0x7f116c30f5bd - std::panicking::default_hook::{{closure}}::h42bb31757f0fee64
Dec 03 09:31:38.123 INFO [stdout]                                at libstd/panicking.rs:211
Dec 03 09:31:38.123 INFO [stdout]    3:     0x7f116c30f2cb - std::panicking::default_hook::hebc8848d7aa7dbd9
Dec 03 09:31:38.123 INFO [stdout]                                at libstd/panicking.rs:221
Dec 03 09:31:38.123 INFO [stdout]    4:     0x7f116e4826a1 - rustc::util::common::panic_hook::h9a39743bb116fb66
Dec 03 09:31:38.123 INFO [stdout]    5:     0x7f116c30fcc3 - std::panicking::rust_panic_with_hook::h86e619a638415243
Dec 03 09:31:38.123 INFO [stdout]                                at libstd/panicking.rs:481
Dec 03 09:31:38.123 INFO [stdout]    6:     0x556fe36c5306 - std::panicking::begin_panic::h2e334451e6084118
Dec 03 09:31:38.123 INFO [stdout]                                at libstd/panicking.rs:411
Dec 03 09:31:38.123 INFO [stdout]    7:     0x556fe3890147 - rustdoc::test::Collector::add_test::{{closure}}::{{closure}}::{{closure}}::h071753b32990ff99
Dec 03 09:31:38.123 INFO [stdout]                                at librustdoc/test.rs:332
Dec 03 09:31:38.123 INFO [stdout]                                at librustdoc/test.rs:564
Dec 03 09:31:38.123 INFO [stdout]    8:     0x556fe384c990 - <scoped_tls::ScopedKey<T>>::set::h9896b6fe380ee541
Dec 03 09:31:38.123 INFO [stdout]                                at /cargo/registry/src/github.com-1ecc6299db9ec823/scoped-tls-0.1.2/src/lib.rs:155
Dec 03 09:31:38.123 INFO [stdout]                                at libsyntax/lib.rs:108
Dec 03 09:31:38.123 INFO [stdout]                                at /cargo/registry/src/github.com-1ecc6299db9ec823/scoped-tls-0.1.2/src/lib.rs:155
Dec 03 09:31:38.123 INFO [stdout]    9:     0x556fe36755cd - syntax::with_globals::h851ff797fe7b24af
Dec 03 09:31:38.123 INFO [stdout]                                at libsyntax/lib.rs:107
Dec 03 09:31:38.123 INFO [stdout]   10:     0x556fe36c5484 - std::panicking::try::do_call::h43316ef786a5afc6
Dec 03 09:31:38.123 INFO [stdout]                                at librustdoc/test.rs:561
Dec 03 09:31:38.123 INFO [stdout]                                at libstd/panic.rs:313
Dec 03 09:31:38.123 INFO [stdout]                                at libstd/panicking.rs:310
Dec 03 09:31:38.123 INFO [stdout]   11:     0x7f116c34f5b9 - __rust_maybe_catch_panic
Dec 03 09:31:38.123 INFO [stdout]                                at libpanic_unwind/lib.rs:103
Dec 03 09:31:38.123 INFO [stdout]   12:     0x556fe373bf03 - rustc_driver::in_named_rustc_thread::h7a18544b9923f524
Dec 03 09:31:38.123 INFO [stdout]                                at libstd/panicking.rs:289
Dec 03 09:31:38.123 INFO [stdout]                                at libstd/panic.rs:392
Dec 03 09:31:38.123 INFO [stdout]                                at librustc_driver/lib.rs:1574
Dec 03 09:31:38.124 INFO [stdout]   13:     0x556fe3868cfc - <F as alloc::boxed::FnBox<A>>::call_box::h2226feb604beb2d6
Dec 03 09:31:38.124 INFO [stdout]                                at librustdoc/test.rs:561
Dec 03 09:31:38.124 INFO [stdout]                                at liballoc/boxed.rs:646
Dec 03 09:31:38.124 INFO [stdout]   14:     0x7f116d99cdf2 - <F as alloc::boxed::FnBox<A>>::call_box::hf3e9d4c572efaf22
Dec 03 09:31:38.124 INFO [stdout]                                at libtest/lib.rs:1454
Dec 03 09:31:38.124 INFO [stdout]                                at liballoc/boxed.rs:646
Dec 03 09:31:38.124 INFO [stdout]   15:     0x7f116c34f5b9 - __rust_maybe_catch_panic
Dec 03 09:31:38.124 INFO [stdout]                                at libpanic_unwind/lib.rs:103
Dec 03 09:31:38.124 INFO [stdout]   16:     0x7f116d9aa1ed - std::sys_common::backtrace::__rust_begin_short_backtrace::h0ff507d7422944d3
Dec 03 09:31:38.124 INFO [stdout]                                at libstd/panicking.rs:289
Dec 03 09:31:38.124 INFO [stdout]                                at libstd/panic.rs:392
Dec 03 09:31:38.124 INFO [stdout]                                at libtest/lib.rs:1416
Dec 03 09:31:38.124 INFO [stdout]                                at libstd/sys_common/backtrace.rs:136
Dec 03 09:31:38.124 INFO [stdout]   17:     0x7f116d9c7ff4 - std::panicking::try::do_call::hba0bdcc3670471cc
Dec 03 09:31:38.124 INFO [stdout]                                at libstd/thread/mod.rs:409
Dec 03 09:31:38.124 INFO [stdout]                                at libstd/panic.rs:313
Dec 03 09:31:38.124 INFO [stdout]                                at libstd/panicking.rs:310
Dec 03 09:31:38.124 INFO [stdout]   18:     0x7f116c34f5b9 - __rust_maybe_catch_panic
Dec 03 09:31:38.124 INFO [stdout]                                at libpanic_unwind/lib.rs:103
Dec 03 09:31:38.124 INFO [stdout]   19:     0x7f116d9b4bd6 - <F as alloc::boxed::FnBox<A>>::call_box::hdac52587b00591af
Dec 03 09:31:38.124 INFO [stdout]                                at libstd/panicking.rs:289
Dec 03 09:31:38.124 INFO [stdout]                                at libstd/panic.rs:392
Dec 03 09:31:38.124 INFO [stdout]                                at libstd/thread/mod.rs:408
Dec 03 09:31:38.124 INFO [stdout]                                at liballoc/boxed.rs:646
Dec 03 09:31:38.124 INFO [stdout]   20:     0x7f116c33ccca - std::sys_common::thread::start_thread::h75d887c7d2cc4479
Dec 03 09:31:38.124 INFO [stdout]                                at liballoc/boxed.rs:656
Dec 03 09:31:38.124 INFO [stdout]                                at libstd/sys_common/thread.rs:24
Dec 03 09:31:38.124 INFO [stdout]   21:     0x7f116c3108f5 - std::sys::unix::thread::Thread::new::thread_start::h8414caee632bf9ed
Dec 03 09:31:38.124 INFO [stdout]                                at libstd/sys/unix/thread.rs:90
Dec 03 09:31:38.124 INFO [stdout]   22:     0x7f116c0a56b9 - start_thread
Dec 03 09:31:38.124 INFO [stdout]   23:     0x7f116bbc541c - clone
Dec 03 09:31:38.124 INFO [stdout]   24:                0x0 - <unknown>
Dec 03 09:31:38.124 INFO [stdout] query stack during panic:
Dec 03 09:31:38.124 INFO [stdout] end of query stack
Dec 03 09:31:38.124 INFO [stdout] 
Dec 03 09:31:38.124 INFO [stdout] ---- src/lib.rs - Policy (line 837) stdout ----
Dec 03 09:31:38.124 INFO [stdout] error: expected type, found `-`
Dec 03 09:31:38.124 INFO [stdout]  --> src/lib.rs:839:1
Dec 03 09:31:38.124 INFO [stdout]   |
Dec 03 09:31:38.124 INFO [stdout] 3 | bindings:
Dec 03 09:31:38.124 INFO [stdout]   |         - help: try using a semicolon: `;`
Dec 03 09:31:38.124 INFO [stdout] 4 | - members:
Dec 03 09:31:38.124 INFO [stdout]   | ^ expecting a type here because of type ascription
Dec 03 09:31:38.124 INFO [stdout] 
Dec 03 09:31:38.124 INFO [stdout] thread 'src/lib.rs - Policy (line 837)' panicked at 'couldn't compile the test', librustdoc/test.rs:332:13
Dec 03 09:31:38.124 INFO [stdout] stack backtrace:
Dec 03 09:31:38.124 INFO [stdout]    0:     0x7f116c3387ce - std::sys::unix::backtrace::tracing::imp::unwind_backtrace::h15749a98198ba25f
Dec 03 09:31:38.124 INFO [stdout]                                at libstd/sys/unix/backtrace/tracing/gcc_s.rs:49
Dec 03 09:31:38.124 INFO [stdout]    1:     0x7f116c311966 - std::sys_common::backtrace::print::h0ba65c811294dbf0
Dec 03 09:31:38.124 INFO [stdout]                                at libstd/sys_common/backtrace.rs:71
Dec 03 09:31:38.124 INFO [stdout]                                at libstd/sys_common/backtrace.rs:59
Dec 03 09:31:38.124 INFO [stdout]    2:     0x7f116c30f5bd - std::panicking::default_hook::{{closure}}::h42bb31757f0fee64
Dec 03 09:31:38.124 INFO [stdout]                                at libstd/panicking.rs:211
Dec 03 09:31:38.124 INFO [stdout]    3:     0x7f116c30f2cb - std::panicking::default_hook::hebc8848d7aa7dbd9
Dec 03 09:31:38.124 INFO [stdout]                                at libstd/panicking.rs:221
Dec 03 09:31:38.124 INFO [stdout]    4:     0x7f116e4826a1 - rustc::util::common::panic_hook::h9a39743bb116fb66
Dec 03 09:31:38.124 INFO [stdout]    5:     0x7f116c30fcc3 - std::panicking::rust_panic_with_hook::h86e619a638415243
Dec 03 09:31:38.124 INFO [stdout]                                at libstd/panicking.rs:481
Dec 03 09:31:38.124 INFO [stdout]    6:     0x556fe36c5306 - std::panicking::begin_panic::h2e334451e6084118
Dec 03 09:31:38.124 INFO [stdout]                                at libstd/panicking.rs:411
Dec 03 09:31:38.124 INFO [stdout]    7:     0x556fe3890147 - rustdoc::test::Collector::add_test::{{closure}}::{{closure}}::{{closure}}::h071753b32990ff99
Dec 03 09:31:38.124 INFO [stdout]                                at librustdoc/test.rs:332
Dec 03 09:31:38.124 INFO [stdout]                                at librustdoc/test.rs:564
Dec 03 09:31:38.124 INFO [stdout]    8:     0x556fe384c990 - <scoped_tls::ScopedKey<T>>::set::h9896b6fe380ee541
Dec 03 09:31:38.124 INFO [stdout]                                at /cargo/registry/src/github.com-1ecc6299db9ec823/scoped-tls-0.1.2/src/lib.rs:155
Dec 03 09:31:38.124 INFO [stdout]                                at libsyntax/lib.rs:108
Dec 03 09:31:38.124 INFO [stdout]                                at /cargo/registry/src/github.com-1ecc6299db9ec823/scoped-tls-0.1.2/src/lib.rs:155
Dec 03 09:31:38.124 INFO [stdout]    9:     0x556fe36755cd - syntax::with_globals::h851ff797fe7b24af
Dec 03 09:31:38.124 INFO [stdout]                                at libsyntax/lib.rs:107
Dec 03 09:31:38.124 INFO [stdout]   10:     0x556fe36c5484 - std::panicking::try::do_call::h43316ef786a5afc6
Dec 03 09:31:38.124 INFO [stdout]                                at librustdoc/test.rs:561
Dec 03 09:31:38.124 INFO [stdout]                                at libstd/panic.rs:313
Dec 03 09:31:38.124 INFO [stdout]                                at libstd/panicking.rs:310
Dec 03 09:31:38.124 INFO [stdout]   11:     0x7f116c34f5b9 - __rust_maybe_catch_panic
Dec 03 09:31:38.124 INFO [stdout]                                at libpanic_unwind/lib.rs:103
Dec 03 09:31:38.124 INFO [stdout]   12:     0x556fe373bf03 - rustc_driver::in_named_rustc_thread::h7a18544b9923f524
Dec 03 09:31:38.124 INFO [stdout]                                at libstd/panicking.rs:289
Dec 03 09:31:38.124 INFO [stdout]                                at libstd/panic.rs:392
Dec 03 09:31:38.124 INFO [stdout]                                at librustc_driver/lib.rs:1574
Dec 03 09:31:38.124 INFO [stdout]   13:     0x556fe3868cfc - <F as alloc::boxed::FnBox<A>>::call_box::h2226feb604beb2d6
Dec 03 09:31:38.124 INFO [stdout]                                at librustdoc/test.rs:561
Dec 03 09:31:38.124 INFO [stdout]                                at liballoc/boxed.rs:646
Dec 03 09:31:38.124 INFO [stdout]   14:     0x7f116d99cdf2 - <F as alloc::boxed::FnBox<A>>::call_box::hf3e9d4c572efaf22
Dec 03 09:31:38.124 INFO [stdout]                                at libtest/lib.rs:1454
Dec 03 09:31:38.124 INFO [stdout]                                at liballoc/boxed.rs:646
Dec 03 09:31:38.125 INFO [stdout]   15:     0x7f116c34f5b9 - __rust_maybe_catch_panic
Dec 03 09:31:38.125 INFO [stdout]                                at libpanic_unwind/lib.rs:103
Dec 03 09:31:38.125 INFO [stdout]   16:     0x7f116d9aa1ed - std::sys_common::backtrace::__rust_begin_short_backtrace::h0ff507d7422944d3
Dec 03 09:31:38.125 INFO [stdout]                                at libstd/panicking.rs:289
Dec 03 09:31:38.125 INFO [stdout]                                at libstd/panic.rs:392
Dec 03 09:31:38.125 INFO [stdout]                                at libtest/lib.rs:1416
Dec 03 09:31:38.125 INFO [stdout]                                at libstd/sys_common/backtrace.rs:136
Dec 03 09:31:38.125 INFO [stdout]   17:     0x7f116d9c7ff4 - std::panicking::try::do_call::hba0bdcc3670471cc
Dec 03 09:31:38.125 INFO [stdout]                                at libstd/thread/mod.rs:409
Dec 03 09:31:38.125 INFO [stdout]                                at libstd/panic.rs:313
Dec 03 09:31:38.125 INFO [stdout]                                at libstd/panicking.rs:310
Dec 03 09:31:38.125 INFO [stdout]   18:     0x7f116c34f5b9 - __rust_maybe_catch_panic
Dec 03 09:31:38.125 INFO [stdout]                                at libpanic_unwind/lib.rs:103
Dec 03 09:31:38.125 INFO [stdout]   19:     0x7f116d9b4bd6 - <F as alloc::boxed::FnBox<A>>::call_box::hdac52587b00591af
Dec 03 09:31:38.125 INFO [stdout]                                at libstd/panicking.rs:289
Dec 03 09:31:38.125 INFO [stdout]                                at libstd/panic.rs:392
Dec 03 09:31:38.125 INFO [stdout]                                at libstd/thread/mod.rs:408
Dec 03 09:31:38.125 INFO [stdout]                                at liballoc/boxed.rs:646
Dec 03 09:31:38.125 INFO [stdout]   20:     0x7f116c33ccca - std::sys_common::thread::start_thread::h75d887c7d2cc4479
Dec 03 09:31:38.125 INFO [stdout]                                at liballoc/boxed.rs:656
Dec 03 09:31:38.125 INFO [stdout]                                at libstd/sys_common/thread.rs:24
Dec 03 09:31:38.125 INFO [stdout]   21:     0x7f116c3108f5 - std::sys::unix::thread::Thread::new::thread_start::h8414caee632bf9ed
Dec 03 09:31:38.125 INFO [stdout]                                at libstd/sys/unix/thread.rs:90
Dec 03 09:31:38.125 INFO [stdout]   22:     0x7f116c0a56b9 - start_thread
Dec 03 09:31:38.125 INFO [stdout]   23:     0x7f116bbc541c - clone
Dec 03 09:31:38.125 INFO [stdout]   24:                0x0 - <unknown>
Dec 03 09:31:38.125 INFO [stdout] query stack during panic:
Dec 03 09:31:38.125 INFO [stdout] end of query stack
Dec 03 09:31:38.125 INFO [stdout] 
Dec 03 09:31:38.125 INFO [stdout] 
Dec 03 09:31:38.125 INFO [stdout] failures:
Dec 03 09:31:38.125 INFO [stdout]     src/lib.rs - AuditConfig (line 711)
Dec 03 09:31:38.125 INFO [stdout]     src/lib.rs - AuditLogConfig (line 454)
Dec 03 09:31:38.125 INFO [stdout]     src/lib.rs - Expr (line 571)
Dec 03 09:31:38.125 INFO [stdout]     src/lib.rs - Policy (line 817)
Dec 03 09:31:38.125 INFO [stdout]     src/lib.rs - Policy (line 837)
Dec 03 09:31:38.125 INFO [stdout] 
Dec 03 09:31:38.125 INFO [stdout] test result: FAILED. 10 passed; 5 failed; 1 ignored; 0 measured; 0 filtered out
Dec 03 09:31:38.125 INFO [stdout] 
Dec 03 09:31:38.139 INFO [stderr] error: test failed, to rerun pass '--doc'
Dec 03 09:31:38.139 INFO [stderr] su: No module specific data is present
Dec 03 09:31:38.539 INFO running `"docker" "inspect" "4381558975cfe5bb769ba111e5941946268e95b37ba6ada05655ce4c71cf342c"`
Dec 03 09:31:38.713 INFO running `"docker" "rm" "-f" "4381558975cfe5bb769ba111e5941946268e95b37ba6ada05655ce4c71cf342c"`
Dec 03 09:31:38.970 INFO [stdout] 4381558975cfe5bb769ba111e5941946268e95b37ba6ada05655ce4c71cf342c
