Dec 03 09:31:12.240 INFO testing google-chat1-1.0.8+20181008 against 1.30.1 for beta-1.31-5
Dec 03 09:31:12.240 INFO running `"docker" "create" "-v" "/mnt/big/crater/work/local/target-dirs/beta-1.31-5/worker-4/1.30.1:/target:rw,Z" "-v" "/mnt/big/crater/work/local/test-source/worker-4/beta-1.31-5/1.30.1:/source:ro,Z" "-v" "/mnt/big/crater/work/local/cargo-home:/cargo-home:ro,Z" "-v" "/mnt/big/crater/work/local/rustup-home:/rustup-home:ro,Z" "-e" "USER_ID=1000" "-e" "SOURCE_DIR=/source" "-e" "USER_ID=1000" "-e" "CMD=cargo +1.30.1 build --frozen" "-e" "CARGO_TARGET_DIR=/target" "-e" "CARGO_INCREMENTAL=0" "-e" "RUST_BACKTRACE=full" "-e" "RUSTFLAGS=--cap-lints=warn" "-e" "CARGO_HOME=/cargo-home" "-e" "RUSTUP_HOME=/rustup-home" "-m" "1536M" "--network" "none" "crater"`
Dec 03 09:31:12.727 INFO [stdout] 978921ca432ba0cc848c69bb0feda76f34f4b952732e0aa493f7914c92b68f90
Dec 03 09:31:12.729 INFO running `"docker" "start" "-a" "978921ca432ba0cc848c69bb0feda76f34f4b952732e0aa493f7914c92b68f90"`
Dec 03 09:31:13.962 INFO [stderr] usermod: no changes
Dec 03 09:31:14.233 INFO [stderr]    Compiling google-chat1 v1.0.8+20181008 (/source)
Dec 03 09:31:23.363 INFO [stderr]     Finished dev [unoptimized + debuginfo] target(s) in 9.35s
Dec 03 09:31:23.379 INFO [stderr] su: No module specific data is present
Dec 03 09:31:23.949 INFO running `"docker" "inspect" "978921ca432ba0cc848c69bb0feda76f34f4b952732e0aa493f7914c92b68f90"`
Dec 03 09:31:24.211 INFO running `"docker" "rm" "-f" "978921ca432ba0cc848c69bb0feda76f34f4b952732e0aa493f7914c92b68f90"`
Dec 03 09:31:24.503 INFO [stdout] 978921ca432ba0cc848c69bb0feda76f34f4b952732e0aa493f7914c92b68f90
Dec 03 09:31:24.505 INFO running `"docker" "create" "-v" "/mnt/big/crater/work/local/target-dirs/beta-1.31-5/worker-4/1.30.1:/target:rw,Z" "-v" "/mnt/big/crater/work/local/test-source/worker-4/beta-1.31-5/1.30.1:/source:ro,Z" "-v" "/mnt/big/crater/work/local/cargo-home:/cargo-home:ro,Z" "-v" "/mnt/big/crater/work/local/rustup-home:/rustup-home:ro,Z" "-e" "USER_ID=1000" "-e" "SOURCE_DIR=/source" "-e" "USER_ID=1000" "-e" "CMD=cargo +1.30.1 test --frozen --no-run" "-e" "CARGO_TARGET_DIR=/target" "-e" "CARGO_INCREMENTAL=0" "-e" "RUST_BACKTRACE=full" "-e" "RUSTFLAGS=--cap-lints=warn" "-e" "CARGO_HOME=/cargo-home" "-e" "RUSTUP_HOME=/rustup-home" "-m" "1536M" "--network" "none" "crater"`
Dec 03 09:31:24.892 INFO [stdout] 43709eefb6f5ed039c131ac995587a14a4567cb12604995ad5567284f1b80768
Dec 03 09:31:24.903 INFO running `"docker" "start" "-a" "43709eefb6f5ed039c131ac995587a14a4567cb12604995ad5567284f1b80768"`
Dec 03 09:31:26.498 INFO [stderr] usermod: no changes
Dec 03 09:31:26.735 INFO [stderr]    Compiling google-chat1 v1.0.8+20181008 (/source)
Dec 03 09:31:33.923 INFO [stderr]     Finished dev [unoptimized + debuginfo] target(s) in 7.40s
Dec 03 09:31:33.934 INFO [stderr] su: No module specific data is present
Dec 03 09:31:34.443 INFO running `"docker" "inspect" "43709eefb6f5ed039c131ac995587a14a4567cb12604995ad5567284f1b80768"`
Dec 03 09:31:34.859 INFO running `"docker" "rm" "-f" "43709eefb6f5ed039c131ac995587a14a4567cb12604995ad5567284f1b80768"`
Dec 03 09:31:35.104 INFO [stdout] 43709eefb6f5ed039c131ac995587a14a4567cb12604995ad5567284f1b80768
Dec 03 09:31:35.115 INFO running `"docker" "create" "-v" "/mnt/big/crater/work/local/target-dirs/beta-1.31-5/worker-4/1.30.1:/target:rw,Z" "-v" "/mnt/big/crater/work/local/test-source/worker-4/beta-1.31-5/1.30.1:/source:ro,Z" "-v" "/mnt/big/crater/work/local/cargo-home:/cargo-home:ro,Z" "-v" "/mnt/big/crater/work/local/rustup-home:/rustup-home:ro,Z" "-e" "USER_ID=1000" "-e" "SOURCE_DIR=/source" "-e" "USER_ID=1000" "-e" "CMD=cargo +1.30.1 test --frozen" "-e" "CARGO_TARGET_DIR=/target" "-e" "CARGO_INCREMENTAL=0" "-e" "RUST_BACKTRACE=full" "-e" "RUSTFLAGS=--cap-lints=warn" "-e" "CARGO_HOME=/cargo-home" "-e" "RUSTUP_HOME=/rustup-home" "-m" "1536M" "--network" "none" "crater"`
Dec 03 09:31:35.627 INFO [stdout] 1249168332bf11d16a379f668a9b07918d5f8de378f22f0d8ea3d3c380b838a1
Dec 03 09:31:35.629 INFO running `"docker" "start" "-a" "1249168332bf11d16a379f668a9b07918d5f8de378f22f0d8ea3d3c380b838a1"`
Dec 03 09:31:36.897 INFO [stderr] usermod: no changes
Dec 03 09:31:37.060 INFO [stderr]     Finished dev [unoptimized + debuginfo] target(s) in 0.13s
Dec 03 09:31:37.078 INFO [stderr]      Running /target/debug/deps/google_chat1-e1a9ddef03c26cfa
Dec 03 09:31:37.102 INFO [stdout] 
Dec 03 09:31:37.102 INFO [stdout] running 0 tests
Dec 03 09:31:37.102 INFO [stdout] 
Dec 03 09:31:37.102 INFO [stdout] test result: ok. 0 passed; 0 failed; 0 ignored; 0 measured; 0 filtered out
Dec 03 09:31:37.102 INFO [stdout] 
Dec 03 09:31:37.103 INFO [stderr]    Doc-tests google-chat1
Dec 03 09:31:45.184 INFO [stdout] 
Dec 03 09:31:45.184 INFO [stdout] running 15 tests
Dec 03 09:31:45.259 INFO [stdout] test src/lib.rs -  (line 49) ... ignored
Dec 03 09:31:47.119 INFO [stdout] test src/lib.rs - Annotation (line 889) ... FAILED
Dec 03 09:31:51.836 INFO [stdout] test src/lib.rs - Empty (line 755) ... FAILED
Dec 03 09:31:52.195 INFO [stdout] test src/lib.rs - Annotation (line 894) ... FAILED
Dec 03 09:32:32.523 INFO [stdout] test src/lib.rs - SpaceMemberListCall (line 2087) ... ok
Dec 03 09:32:34.743 INFO [stdout] test src/lib.rs - SpaceGetCall (line 1594) ... ok
Dec 03 09:32:38.639 INFO [stdout] test src/lib.rs - SpaceMessageDeleteCall (line 2563) ... ok
Dec 03 09:32:39.299 INFO [stdout] test src/lib.rs - HangoutsChat (line 250) ... ok
Dec 03 09:32:41.209 INFO [stdout] test src/lib.rs - SpaceListCall (line 1158) ... ok
Dec 03 09:32:41.282 INFO [stdout] test src/lib.rs - SpaceMemberGetCall (line 2338) ... ok
Dec 03 09:32:43.611 INFO [stdout] test src/lib.rs -  (line 86) ... ok
Dec 03 09:32:44.843 INFO [stdout] test src/lib.rs - SpaceMessageCreateCall (line 2788) ... ok
Dec 03 09:32:54.251 INFO [stdout] test src/lib.rs - SpaceMessageGetCall (line 1369) ... ok
Dec 03 09:32:58.346 INFO [stdout] test src/lib.rs - SpaceMessageUpdateCall (line 1818) ... ok
Dec 03 09:32:59.532 INFO [stdout] test src/lib.rs - SpaceMethods (line 964) ... ok
Dec 03 09:32:59.532 INFO [stdout] 
Dec 03 09:32:59.532 INFO [stdout] failures:
Dec 03 09:32:59.532 INFO [stdout] 
Dec 03 09:32:59.532 INFO [stdout] ---- src/lib.rs - Annotation (line 889) stdout ----
Dec 03 09:32:59.532 INFO [stdout] error: unterminated double quote string
Dec 03 09:32:59.532 INFO [stdout]  --> src/lib.rs:890:27
Dec 03 09:32:59.532 INFO [stdout]   |
Dec 03 09:32:59.532 INFO [stdout] 3 |   Hello @FooBot how are you!"
Dec 03 09:32:59.532 INFO [stdout]   |  ___________________________^
Dec 03 09:32:59.532 INFO [stdout] 4 | | }
Dec 03 09:32:59.532 INFO [stdout]   | |_^
Dec 03 09:32:59.532 INFO [stdout] 
Dec 03 09:32:59.532 INFO [stdout] thread 'src/lib.rs - Annotation (line 889)' panicked at 'couldn't compile the test', librustdoc/test.rs:332:13
Dec 03 09:32:59.532 INFO [stdout] stack backtrace:
Dec 03 09:32:59.532 INFO [stdout]    0:     0x7f24d26427ce - std::sys::unix::backtrace::tracing::imp::unwind_backtrace::h15749a98198ba25f
Dec 03 09:32:59.532 INFO [stdout]                                at libstd/sys/unix/backtrace/tracing/gcc_s.rs:49
Dec 03 09:32:59.532 INFO [stdout]    1:     0x7f24d261b966 - std::sys_common::backtrace::print::h0ba65c811294dbf0
Dec 03 09:32:59.532 INFO [stdout]                                at libstd/sys_common/backtrace.rs:71
Dec 03 09:32:59.532 INFO [stdout]                                at libstd/sys_common/backtrace.rs:59
Dec 03 09:32:59.532 INFO [stdout]    2:     0x7f24d26195bd - std::panicking::default_hook::{{closure}}::h42bb31757f0fee64
Dec 03 09:32:59.532 INFO [stdout]                                at libstd/panicking.rs:211
Dec 03 09:32:59.532 INFO [stdout]    3:     0x7f24d26192cb - std::panicking::default_hook::hebc8848d7aa7dbd9
Dec 03 09:32:59.532 INFO [stdout]                                at libstd/panicking.rs:221
Dec 03 09:32:59.532 INFO [stdout]    4:     0x7f24d478c6a1 - rustc::util::common::panic_hook::h9a39743bb116fb66
Dec 03 09:32:59.532 INFO [stdout]    5:     0x7f24d2619cc3 - std::panicking::rust_panic_with_hook::h86e619a638415243
Dec 03 09:32:59.532 INFO [stdout]                                at libstd/panicking.rs:481
Dec 03 09:32:59.532 INFO [stdout]    6:     0x55de92ef7306 - std::panicking::begin_panic::h2e334451e6084118
Dec 03 09:32:59.532 INFO [stdout]                                at libstd/panicking.rs:411
Dec 03 09:32:59.532 INFO [stdout]    7:     0x55de930c2147 - rustdoc::test::Collector::add_test::{{closure}}::{{closure}}::{{closure}}::h071753b32990ff99
Dec 03 09:32:59.532 INFO [stdout]                                at librustdoc/test.rs:332
Dec 03 09:32:59.532 INFO [stdout]                                at librustdoc/test.rs:564
Dec 03 09:32:59.532 INFO [stdout]    8:     0x55de9307e990 - <scoped_tls::ScopedKey<T>>::set::h9896b6fe380ee541
Dec 03 09:32:59.532 INFO [stdout]                                at /cargo/registry/src/github.com-1ecc6299db9ec823/scoped-tls-0.1.2/src/lib.rs:155
Dec 03 09:32:59.532 INFO [stdout]                                at libsyntax/lib.rs:108
Dec 03 09:32:59.532 INFO [stdout]                                at /cargo/registry/src/github.com-1ecc6299db9ec823/scoped-tls-0.1.2/src/lib.rs:155
Dec 03 09:32:59.532 INFO [stdout]    9:     0x55de92ea75cd - syntax::with_globals::h851ff797fe7b24af
Dec 03 09:32:59.532 INFO [stdout]                                at libsyntax/lib.rs:107
Dec 03 09:32:59.532 INFO [stdout]   10:     0x55de92ef7484 - std::panicking::try::do_call::h43316ef786a5afc6
Dec 03 09:32:59.532 INFO [stdout]                                at librustdoc/test.rs:561
Dec 03 09:32:59.532 INFO [stdout]                                at libstd/panic.rs:313
Dec 03 09:32:59.532 INFO [stdout]                                at libstd/panicking.rs:310
Dec 03 09:32:59.532 INFO [stdout]   11:     0x7f24d26595b9 - __rust_maybe_catch_panic
Dec 03 09:32:59.532 INFO [stdout]                                at libpanic_unwind/lib.rs:103
Dec 03 09:32:59.532 INFO [stdout]   12:     0x55de92f6df03 - rustc_driver::in_named_rustc_thread::h7a18544b9923f524
Dec 03 09:32:59.532 INFO [stdout]                                at libstd/panicking.rs:289
Dec 03 09:32:59.532 INFO [stdout]                                at libstd/panic.rs:392
Dec 03 09:32:59.532 INFO [stdout]                                at librustc_driver/lib.rs:1574
Dec 03 09:32:59.532 INFO [stdout]   13:     0x55de9309acfc - <F as alloc::boxed::FnBox<A>>::call_box::h2226feb604beb2d6
Dec 03 09:32:59.532 INFO [stdout]                                at librustdoc/test.rs:561
Dec 03 09:32:59.532 INFO [stdout]                                at liballoc/boxed.rs:646
Dec 03 09:32:59.532 INFO [stdout]   14:     0x7f24d3ca6df2 - <F as alloc::boxed::FnBox<A>>::call_box::hf3e9d4c572efaf22
Dec 03 09:32:59.532 INFO [stdout]                                at libtest/lib.rs:1454
Dec 03 09:32:59.532 INFO [stdout]                                at liballoc/boxed.rs:646
Dec 03 09:32:59.532 INFO [stdout]   15:     0x7f24d26595b9 - __rust_maybe_catch_panic
Dec 03 09:32:59.532 INFO [stdout]                                at libpanic_unwind/lib.rs:103
Dec 03 09:32:59.532 INFO [stdout]   16:     0x7f24d3cb41ed - std::sys_common::backtrace::__rust_begin_short_backtrace::h0ff507d7422944d3
Dec 03 09:32:59.532 INFO [stdout]                                at libstd/panicking.rs:289
Dec 03 09:32:59.532 INFO [stdout]                                at libstd/panic.rs:392
Dec 03 09:32:59.532 INFO [stdout]                                at libtest/lib.rs:1416
Dec 03 09:32:59.532 INFO [stdout]                                at libstd/sys_common/backtrace.rs:136
Dec 03 09:32:59.532 INFO [stdout]   17:     0x7f24d3cd1ff4 - std::panicking::try::do_call::hba0bdcc3670471cc
Dec 03 09:32:59.532 INFO [stdout]                                at libstd/thread/mod.rs:409
Dec 03 09:32:59.533 INFO [stdout]                                at libstd/panic.rs:313
Dec 03 09:32:59.533 INFO [stdout]                                at libstd/panicking.rs:310
Dec 03 09:32:59.533 INFO [stdout]   18:     0x7f24d26595b9 - __rust_maybe_catch_panic
Dec 03 09:32:59.533 INFO [stdout]                                at libpanic_unwind/lib.rs:103
Dec 03 09:32:59.533 INFO [stdout]   19:     0x7f24d3cbebd6 - <F as alloc::boxed::FnBox<A>>::call_box::hdac52587b00591af
Dec 03 09:32:59.533 INFO [stdout]                                at libstd/panicking.rs:289
Dec 03 09:32:59.533 INFO [stdout]                                at libstd/panic.rs:392
Dec 03 09:32:59.533 INFO [stdout]                                at libstd/thread/mod.rs:408
Dec 03 09:32:59.533 INFO [stdout]                                at liballoc/boxed.rs:646
Dec 03 09:32:59.533 INFO [stdout]   20:     0x7f24d2646cca - std::sys_common::thread::start_thread::h75d887c7d2cc4479
Dec 03 09:32:59.533 INFO [stdout]                                at liballoc/boxed.rs:656
Dec 03 09:32:59.533 INFO [stdout]                                at libstd/sys_common/thread.rs:24
Dec 03 09:32:59.533 INFO [stdout]   21:     0x7f24d261a8f5 - std::sys::unix::thread::Thread::new::thread_start::h8414caee632bf9ed
Dec 03 09:32:59.533 INFO [stdout]                                at libstd/sys/unix/thread.rs:90
Dec 03 09:32:59.533 INFO [stdout]   22:     0x7f24d23af6b9 - start_thread
Dec 03 09:32:59.533 INFO [stdout]   23:     0x7f24d1ecf41c - clone
Dec 03 09:32:59.533 INFO [stdout]   24:                0x0 - <unknown>
Dec 03 09:32:59.533 INFO [stdout] query stack during panic:
Dec 03 09:32:59.533 INFO [stdout] end of query stack
Dec 03 09:32:59.533 INFO [stdout] 
Dec 03 09:32:59.533 INFO [stdout] ---- src/lib.rs - Empty (line 755) stdout ----
Dec 03 09:32:59.533 INFO [stdout] error: expected one of `!`, `.`, `::`, `;`, `?`, `{`, `}`, or an operator, found `Foo`
Dec 03 09:32:59.533 INFO [stdout]  --> src/lib.rs:756:9
Dec 03 09:32:59.533 INFO [stdout]   |
Dec 03 09:32:59.533 INFO [stdout] 3 | service Foo {
Dec 03 09:32:59.533 INFO [stdout]   |         ^^^ expected one of 8 possible tokens here
Dec 03 09:32:59.533 INFO [stdout] 
Dec 03 09:32:59.533 INFO [stdout] error[E0425]: cannot find value `service` in this scope
Dec 03 09:32:59.533 INFO [stdout]  --> src/lib.rs:756:1
Dec 03 09:32:59.533 INFO [stdout]   |
Dec 03 09:32:59.533 INFO [stdout] 3 | service Foo {
Dec 03 09:32:59.533 INFO [stdout]   | ^^^^^^^ not found in this scope
Dec 03 09:32:59.533 INFO [stdout] 
Dec 03 09:32:59.533 INFO [stdout] thread 'src/lib.rs - Empty (line 755)' panicked at 'couldn't compile the test', librustdoc/test.rs:332:13
Dec 03 09:32:59.533 INFO [stdout] stack backtrace:
Dec 03 09:32:59.533 INFO [stdout]    0:     0x7f24d26427ce - std::sys::unix::backtrace::tracing::imp::unwind_backtrace::h15749a98198ba25f
Dec 03 09:32:59.533 INFO [stdout]                                at libstd/sys/unix/backtrace/tracing/gcc_s.rs:49
Dec 03 09:32:59.533 INFO [stdout]    1:     0x7f24d261b966 - std::sys_common::backtrace::print::h0ba65c811294dbf0
Dec 03 09:32:59.533 INFO [stdout]                                at libstd/sys_common/backtrace.rs:71
Dec 03 09:32:59.533 INFO [stdout]                                at libstd/sys_common/backtrace.rs:59
Dec 03 09:32:59.533 INFO [stdout]    2:     0x7f24d26195bd - std::panicking::default_hook::{{closure}}::h42bb31757f0fee64
Dec 03 09:32:59.533 INFO [stdout]                                at libstd/panicking.rs:211
Dec 03 09:32:59.533 INFO [stdout]    3:     0x7f24d26192cb - std::panicking::default_hook::hebc8848d7aa7dbd9
Dec 03 09:32:59.533 INFO [stdout]                                at libstd/panicking.rs:221
Dec 03 09:32:59.533 INFO [stdout]    4:     0x7f24d478c6a1 - rustc::util::common::panic_hook::h9a39743bb116fb66
Dec 03 09:32:59.533 INFO [stdout]    5:     0x7f24d2619cc3 - std::panicking::rust_panic_with_hook::h86e619a638415243
Dec 03 09:32:59.533 INFO [stdout]                                at libstd/panicking.rs:481
Dec 03 09:32:59.533 INFO [stdout]    6:     0x55de92ef7306 - std::panicking::begin_panic::h2e334451e6084118
Dec 03 09:32:59.533 INFO [stdout]                                at libstd/panicking.rs:411
Dec 03 09:32:59.533 INFO [stdout]    7:     0x55de930c2147 - rustdoc::test::Collector::add_test::{{closure}}::{{closure}}::{{closure}}::h071753b32990ff99
Dec 03 09:32:59.533 INFO [stdout]                                at librustdoc/test.rs:332
Dec 03 09:32:59.533 INFO [stdout]                                at librustdoc/test.rs:564
Dec 03 09:32:59.533 INFO [stdout]    8:     0x55de9307e990 - <scoped_tls::ScopedKey<T>>::set::h9896b6fe380ee541
Dec 03 09:32:59.533 INFO [stdout]                                at /cargo/registry/src/github.com-1ecc6299db9ec823/scoped-tls-0.1.2/src/lib.rs:155
Dec 03 09:32:59.533 INFO [stdout]                                at libsyntax/lib.rs:108
Dec 03 09:32:59.533 INFO [stdout]                                at /cargo/registry/src/github.com-1ecc6299db9ec823/scoped-tls-0.1.2/src/lib.rs:155
Dec 03 09:32:59.533 INFO [stdout]    9:     0x55de92ea75cd - syntax::with_globals::h851ff797fe7b24af
Dec 03 09:32:59.533 INFO [stdout]                                at libsyntax/lib.rs:107
Dec 03 09:32:59.533 INFO [stdout]   10:     0x55de92ef7484 - std::panicking::try::do_call::h43316ef786a5afc6
Dec 03 09:32:59.533 INFO [stdout]                                at librustdoc/test.rs:561
Dec 03 09:32:59.533 INFO [stdout]                                at libstd/panic.rs:313
Dec 03 09:32:59.533 INFO [stdout]                                at libstd/panicking.rs:310
Dec 03 09:32:59.533 INFO [stdout]   11:     0x7f24d26595b9 - __rust_maybe_catch_panic
Dec 03 09:32:59.533 INFO [stdout]                                at libpanic_unwind/lib.rs:103
Dec 03 09:32:59.533 INFO [stdout]   12:     0x55de92f6df03 - rustc_driver::in_named_rustc_thread::h7a18544b9923f524
Dec 03 09:32:59.533 INFO [stdout]                                at libstd/panicking.rs:289
Dec 03 09:32:59.533 INFO [stdout]                                at libstd/panic.rs:392
Dec 03 09:32:59.533 INFO [stdout]                                at librustc_driver/lib.rs:1574
Dec 03 09:32:59.533 INFO [stdout]   13:     0x55de9309acfc - <F as alloc::boxed::FnBox<A>>::call_box::h2226feb604beb2d6
Dec 03 09:32:59.533 INFO [stdout]                                at librustdoc/test.rs:561
Dec 03 09:32:59.533 INFO [stdout]                                at liballoc/boxed.rs:646
Dec 03 09:32:59.533 INFO [stdout]   14:     0x7f24d3ca6df2 - <F as alloc::boxed::FnBox<A>>::call_box::hf3e9d4c572efaf22
Dec 03 09:32:59.533 INFO [stdout]                                at libtest/lib.rs:1454
Dec 03 09:32:59.533 INFO [stdout]                                at liballoc/boxed.rs:646
Dec 03 09:32:59.533 INFO [stdout]   15:     0x7f24d26595b9 - __rust_maybe_catch_panic
Dec 03 09:32:59.533 INFO [stdout]                                at libpanic_unwind/lib.rs:103
Dec 03 09:32:59.533 INFO [stdout]   16:     0x7f24d3cb41ed - std::sys_common::backtrace::__rust_begin_short_backtrace::h0ff507d7422944d3
Dec 03 09:32:59.533 INFO [stdout]                                at libstd/panicking.rs:289
Dec 03 09:32:59.533 INFO [stdout]                                at libstd/panic.rs:392
Dec 03 09:32:59.533 INFO [stdout]                                at libtest/lib.rs:1416
Dec 03 09:32:59.533 INFO [stdout]                                at libstd/sys_common/backtrace.rs:136
Dec 03 09:32:59.533 INFO [stdout]   17:     0x7f24d3cd1ff4 - std::panicking::try::do_call::hba0bdcc3670471cc
Dec 03 09:32:59.533 INFO [stdout]                                at libstd/thread/mod.rs:409
Dec 03 09:32:59.533 INFO [stdout]                                at libstd/panic.rs:313
Dec 03 09:32:59.533 INFO [stdout]                                at libstd/panicking.rs:310
Dec 03 09:32:59.533 INFO [stdout]   18:     0x7f24d26595b9 - __rust_maybe_catch_panic
Dec 03 09:32:59.533 INFO [stdout]                                at libpanic_unwind/lib.rs:103
Dec 03 09:32:59.533 INFO [stdout]   19:     0x7f24d3cbebd6 - <F as alloc::boxed::FnBox<A>>::call_box::hdac52587b00591af
Dec 03 09:32:59.534 INFO [stdout]                                at libstd/panicking.rs:289
Dec 03 09:32:59.534 INFO [stdout]                                at libstd/panic.rs:392
Dec 03 09:32:59.534 INFO [stdout]                                at libstd/thread/mod.rs:408
Dec 03 09:32:59.534 INFO [stdout]                                at liballoc/boxed.rs:646
Dec 03 09:32:59.534 INFO [stdout]   20:     0x7f24d2646cca - std::sys_common::thread::start_thread::h75d887c7d2cc4479
Dec 03 09:32:59.534 INFO [stdout]                                at liballoc/boxed.rs:656
Dec 03 09:32:59.534 INFO [stdout]                                at libstd/sys_common/thread.rs:24
Dec 03 09:32:59.534 INFO [stdout]   21:     0x7f24d261a8f5 - std::sys::unix::thread::Thread::new::thread_start::h8414caee632bf9ed
Dec 03 09:32:59.534 INFO [stdout]                                at libstd/sys/unix/thread.rs:90
Dec 03 09:32:59.534 INFO [stdout]   22:     0x7f24d23af6b9 - start_thread
Dec 03 09:32:59.534 INFO [stdout]   23:     0x7f24d1ecf41c - clone
Dec 03 09:32:59.534 INFO [stdout]   24:                0x0 - <unknown>
Dec 03 09:32:59.534 INFO [stdout] query stack during panic:
Dec 03 09:32:59.534 INFO [stdout] end of query stack
Dec 03 09:32:59.534 INFO [stdout] 
Dec 03 09:32:59.534 INFO [stdout] ---- src/lib.rs - Annotation (line 894) stdout ----
Dec 03 09:32:59.534 INFO [stdout] error: expected type, found `{`
Dec 03 09:32:59.534 INFO [stdout]  --> src/lib.rs:895:16
Dec 03 09:32:59.534 INFO [stdout]   |
Dec 03 09:32:59.534 INFO [stdout] 3 | "annotations":[{
Dec 03 09:32:59.534 INFO [stdout]   |                ^ expecting a type here because of type ascription
Dec 03 09:32:59.534 INFO [stdout] 
Dec 03 09:32:59.534 INFO [stdout] thread 'src/lib.rs - Annotation (line 894)' panicked at 'couldn't compile the test', librustdoc/test.rs:332:13
Dec 03 09:32:59.534 INFO [stdout] stack backtrace:
Dec 03 09:32:59.534 INFO [stdout]    0:     0x7f24d26427ce - std::sys::unix::backtrace::tracing::imp::unwind_backtrace::h15749a98198ba25f
Dec 03 09:32:59.534 INFO [stdout]                                at libstd/sys/unix/backtrace/tracing/gcc_s.rs:49
Dec 03 09:32:59.534 INFO [stdout]    1:     0x7f24d261b966 - std::sys_common::backtrace::print::h0ba65c811294dbf0
Dec 03 09:32:59.534 INFO [stdout]                                at libstd/sys_common/backtrace.rs:71
Dec 03 09:32:59.534 INFO [stdout]                                at libstd/sys_common/backtrace.rs:59
Dec 03 09:32:59.534 INFO [stdout]    2:     0x7f24d26195bd - std::panicking::default_hook::{{closure}}::h42bb31757f0fee64
Dec 03 09:32:59.534 INFO [stdout]                                at libstd/panicking.rs:211
Dec 03 09:32:59.534 INFO [stdout]    3:     0x7f24d26192cb - std::panicking::default_hook::hebc8848d7aa7dbd9
Dec 03 09:32:59.534 INFO [stdout]                                at libstd/panicking.rs:221
Dec 03 09:32:59.534 INFO [stdout]    4:     0x7f24d478c6a1 - rustc::util::common::panic_hook::h9a39743bb116fb66
Dec 03 09:32:59.534 INFO [stdout]    5:     0x7f24d2619cc3 - std::panicking::rust_panic_with_hook::h86e619a638415243
Dec 03 09:32:59.534 INFO [stdout]                                at libstd/panicking.rs:481
Dec 03 09:32:59.534 INFO [stdout]    6:     0x55de92ef7306 - std::panicking::begin_panic::h2e334451e6084118
Dec 03 09:32:59.534 INFO [stdout]                                at libstd/panicking.rs:411
Dec 03 09:32:59.534 INFO [stdout]    7:     0x55de930c2147 - rustdoc::test::Collector::add_test::{{closure}}::{{closure}}::{{closure}}::h071753b32990ff99
Dec 03 09:32:59.534 INFO [stdout]                                at librustdoc/test.rs:332
Dec 03 09:32:59.534 INFO [stdout]                                at librustdoc/test.rs:564
Dec 03 09:32:59.534 INFO [stdout]    8:     0x55de9307e990 - <scoped_tls::ScopedKey<T>>::set::h9896b6fe380ee541
Dec 03 09:32:59.534 INFO [stdout]                                at /cargo/registry/src/github.com-1ecc6299db9ec823/scoped-tls-0.1.2/src/lib.rs:155
Dec 03 09:32:59.534 INFO [stdout]                                at libsyntax/lib.rs:108
Dec 03 09:32:59.534 INFO [stdout]                                at /cargo/registry/src/github.com-1ecc6299db9ec823/scoped-tls-0.1.2/src/lib.rs:155
Dec 03 09:32:59.534 INFO [stdout]    9:     0x55de92ea75cd - syntax::with_globals::h851ff797fe7b24af
Dec 03 09:32:59.534 INFO [stdout]                                at libsyntax/lib.rs:107
Dec 03 09:32:59.534 INFO [stdout]   10:     0x55de92ef7484 - std::panicking::try::do_call::h43316ef786a5afc6
Dec 03 09:32:59.534 INFO [stdout]                                at librustdoc/test.rs:561
Dec 03 09:32:59.534 INFO [stdout]                                at libstd/panic.rs:313
Dec 03 09:32:59.534 INFO [stdout]                                at libstd/panicking.rs:310
Dec 03 09:32:59.534 INFO [stdout]   11:     0x7f24d26595b9 - __rust_maybe_catch_panic
Dec 03 09:32:59.534 INFO [stdout]                                at libpanic_unwind/lib.rs:103
Dec 03 09:32:59.534 INFO [stdout]   12:     0x55de92f6df03 - rustc_driver::in_named_rustc_thread::h7a18544b9923f524
Dec 03 09:32:59.534 INFO [stdout]                                at libstd/panicking.rs:289
Dec 03 09:32:59.534 INFO [stdout]                                at libstd/panic.rs:392
Dec 03 09:32:59.534 INFO [stdout]                                at librustc_driver/lib.rs:1574
Dec 03 09:32:59.534 INFO [stdout]   13:     0x55de9309acfc - <F as alloc::boxed::FnBox<A>>::call_box::h2226feb604beb2d6
Dec 03 09:32:59.534 INFO [stdout]                                at librustdoc/test.rs:561
Dec 03 09:32:59.534 INFO [stdout]                                at liballoc/boxed.rs:646
Dec 03 09:32:59.534 INFO [stdout]   14:     0x7f24d3ca6df2 - <F as alloc::boxed::FnBox<A>>::call_box::hf3e9d4c572efaf22
Dec 03 09:32:59.534 INFO [stdout]                                at libtest/lib.rs:1454
Dec 03 09:32:59.534 INFO [stdout]                                at liballoc/boxed.rs:646
Dec 03 09:32:59.534 INFO [stdout]   15:     0x7f24d26595b9 - __rust_maybe_catch_panic
Dec 03 09:32:59.534 INFO [stdout]                                at libpanic_unwind/lib.rs:103
Dec 03 09:32:59.534 INFO [stdout]   16:     0x7f24d3cb41ed - std::sys_common::backtrace::__rust_begin_short_backtrace::h0ff507d7422944d3
Dec 03 09:32:59.534 INFO [stdout]                                at libstd/panicking.rs:289
Dec 03 09:32:59.534 INFO [stdout]                                at libstd/panic.rs:392
Dec 03 09:32:59.534 INFO [stdout]                                at libtest/lib.rs:1416
Dec 03 09:32:59.534 INFO [stdout]                                at libstd/sys_common/backtrace.rs:136
Dec 03 09:32:59.534 INFO [stdout]   17:     0x7f24d3cd1ff4 - std::panicking::try::do_call::hba0bdcc3670471cc
Dec 03 09:32:59.534 INFO [stdout]                                at libstd/thread/mod.rs:409
Dec 03 09:32:59.534 INFO [stdout]                                at libstd/panic.rs:313
Dec 03 09:32:59.534 INFO [stdout]                                at libstd/panicking.rs:310
Dec 03 09:32:59.534 INFO [stdout]   18:     0x7f24d26595b9 - __rust_maybe_catch_panic
Dec 03 09:32:59.534 INFO [stdout]                                at libpanic_unwind/lib.rs:103
Dec 03 09:32:59.534 INFO [stdout]   19:     0x7f24d3cbebd6 - <F as alloc::boxed::FnBox<A>>::call_box::hdac52587b00591af
Dec 03 09:32:59.534 INFO [stdout]                                at libstd/panicking.rs:289
Dec 03 09:32:59.534 INFO [stdout]                                at libstd/panic.rs:392
Dec 03 09:32:59.534 INFO [stdout]                                at libstd/thread/mod.rs:408
Dec 03 09:32:59.534 INFO [stdout]                                at liballoc/boxed.rs:646
Dec 03 09:32:59.534 INFO [stdout]   20:     0x7f24d2646cca - std::sys_common::thread::start_thread::h75d887c7d2cc4479
Dec 03 09:32:59.534 INFO [stdout]                                at liballoc/boxed.rs:656
Dec 03 09:32:59.534 INFO [stdout]                                at libstd/sys_common/thread.rs:24
Dec 03 09:32:59.534 INFO [stdout]   21:     0x7f24d261a8f5 - std::sys::unix::thread::Thread::new::thread_start::h8414caee632bf9ed
Dec 03 09:32:59.534 INFO [stdout]                                at libstd/sys/unix/thread.rs:90
Dec 03 09:32:59.534 INFO [stdout]   22:     0x7f24d23af6b9 - start_thread
Dec 03 09:32:59.534 INFO [stdout]   23:     0x7f24d1ecf41c - clone
Dec 03 09:32:59.535 INFO [stdout]   24:                0x0 - <unknown>
Dec 03 09:32:59.535 INFO [stdout] query stack during panic:
Dec 03 09:32:59.535 INFO [stdout] end of query stack
Dec 03 09:32:59.535 INFO [stdout] 
Dec 03 09:32:59.535 INFO [stdout] 
Dec 03 09:32:59.535 INFO [stdout] failures:
Dec 03 09:32:59.535 INFO [stdout]     src/lib.rs - Annotation (line 889)
Dec 03 09:32:59.535 INFO [stdout]     src/lib.rs - Annotation (line 894)
Dec 03 09:32:59.535 INFO [stdout]     src/lib.rs - Empty (line 755)
Dec 03 09:32:59.535 INFO [stdout] 
Dec 03 09:32:59.535 INFO [stdout] test result: FAILED. 11 passed; 3 failed; 1 ignored; 0 measured; 0 filtered out
Dec 03 09:32:59.535 INFO [stdout] 
Dec 03 09:32:59.560 INFO [stderr] error: test failed, to rerun pass '--doc'
Dec 03 09:32:59.564 INFO [stderr] su: No module specific data is present
Dec 03 09:33:00.455 INFO running `"docker" "inspect" "1249168332bf11d16a379f668a9b07918d5f8de378f22f0d8ea3d3c380b838a1"`
Dec 03 09:33:00.709 INFO running `"docker" "rm" "-f" "1249168332bf11d16a379f668a9b07918d5f8de378f22f0d8ea3d3c380b838a1"`
Dec 03 09:33:01.007 INFO [stdout] 1249168332bf11d16a379f668a9b07918d5f8de378f22f0d8ea3d3c380b838a1
