Dec 03 09:54:19.595 INFO testing google-alertcenter1_beta1-1.0.8+20181011 against 1.30.1 for beta-1.31-5
Dec 03 09:54:19.595 INFO running `"docker" "create" "-v" "/mnt/big/crater/work/local/target-dirs/beta-1.31-5/worker-2/1.30.1:/target:rw,Z" "-v" "/mnt/big/crater/work/local/test-source/worker-2/beta-1.31-5/1.30.1:/source:ro,Z" "-v" "/mnt/big/crater/work/local/cargo-home:/cargo-home:ro,Z" "-v" "/mnt/big/crater/work/local/rustup-home:/rustup-home:ro,Z" "-e" "USER_ID=1000" "-e" "SOURCE_DIR=/source" "-e" "USER_ID=1000" "-e" "CMD=cargo +1.30.1 build --frozen" "-e" "CARGO_TARGET_DIR=/target" "-e" "CARGO_INCREMENTAL=0" "-e" "RUST_BACKTRACE=full" "-e" "RUSTFLAGS=--cap-lints=warn" "-e" "CARGO_HOME=/cargo-home" "-e" "RUSTUP_HOME=/rustup-home" "-m" "1536M" "--network" "none" "crater"`
Dec 03 09:54:20.035 INFO [stdout] 5e154f28316af4a6a94baad65c8e767532524507d167e2aacc53658eeaa442b6
Dec 03 09:54:20.037 INFO running `"docker" "start" "-a" "5e154f28316af4a6a94baad65c8e767532524507d167e2aacc53658eeaa442b6"`
Dec 03 09:54:21.384 INFO [stderr] usermod: no changes
Dec 03 09:54:21.589 INFO [stderr]    Compiling google-alertcenter1_beta1 v1.0.8+20181011 (/source)
Dec 03 09:54:28.849 INFO [stderr]     Finished dev [unoptimized + debuginfo] target(s) in 7.44s
Dec 03 09:54:28.875 INFO [stderr] su: No module specific data is present
Dec 03 09:54:29.956 INFO running `"docker" "inspect" "5e154f28316af4a6a94baad65c8e767532524507d167e2aacc53658eeaa442b6"`
Dec 03 09:54:30.252 INFO running `"docker" "rm" "-f" "5e154f28316af4a6a94baad65c8e767532524507d167e2aacc53658eeaa442b6"`
Dec 03 09:54:30.516 INFO [stdout] 5e154f28316af4a6a94baad65c8e767532524507d167e2aacc53658eeaa442b6
Dec 03 09:54:30.520 INFO running `"docker" "create" "-v" "/mnt/big/crater/work/local/target-dirs/beta-1.31-5/worker-2/1.30.1:/target:rw,Z" "-v" "/mnt/big/crater/work/local/test-source/worker-2/beta-1.31-5/1.30.1:/source:ro,Z" "-v" "/mnt/big/crater/work/local/cargo-home:/cargo-home:ro,Z" "-v" "/mnt/big/crater/work/local/rustup-home:/rustup-home:ro,Z" "-e" "USER_ID=1000" "-e" "SOURCE_DIR=/source" "-e" "USER_ID=1000" "-e" "CMD=cargo +1.30.1 test --frozen --no-run" "-e" "CARGO_TARGET_DIR=/target" "-e" "CARGO_INCREMENTAL=0" "-e" "RUST_BACKTRACE=full" "-e" "RUSTFLAGS=--cap-lints=warn" "-e" "CARGO_HOME=/cargo-home" "-e" "RUSTUP_HOME=/rustup-home" "-m" "1536M" "--network" "none" "crater"`
Dec 03 09:54:30.959 INFO [stdout] d4017f5ae2174d5e91c79f61027324b3f54285952dd224c351b726cbe745f85e
Dec 03 09:54:30.961 INFO running `"docker" "start" "-a" "d4017f5ae2174d5e91c79f61027324b3f54285952dd224c351b726cbe745f85e"`
Dec 03 09:54:33.207 INFO [stderr] usermod: no changes
Dec 03 09:54:33.385 INFO [stderr]    Compiling google-alertcenter1_beta1 v1.0.8+20181011 (/source)
Dec 03 09:54:39.421 INFO [stderr]     Finished dev [unoptimized + debuginfo] target(s) in 6.19s
Dec 03 09:54:39.432 INFO [stderr] su: No module specific data is present
Dec 03 09:54:40.600 INFO running `"docker" "inspect" "d4017f5ae2174d5e91c79f61027324b3f54285952dd224c351b726cbe745f85e"`
Dec 03 09:54:41.007 INFO running `"docker" "rm" "-f" "d4017f5ae2174d5e91c79f61027324b3f54285952dd224c351b726cbe745f85e"`
Dec 03 09:54:41.387 INFO [stdout] d4017f5ae2174d5e91c79f61027324b3f54285952dd224c351b726cbe745f85e
Dec 03 09:54:41.392 INFO running `"docker" "create" "-v" "/mnt/big/crater/work/local/target-dirs/beta-1.31-5/worker-2/1.30.1:/target:rw,Z" "-v" "/mnt/big/crater/work/local/test-source/worker-2/beta-1.31-5/1.30.1:/source:ro,Z" "-v" "/mnt/big/crater/work/local/cargo-home:/cargo-home:ro,Z" "-v" "/mnt/big/crater/work/local/rustup-home:/rustup-home:ro,Z" "-e" "USER_ID=1000" "-e" "SOURCE_DIR=/source" "-e" "USER_ID=1000" "-e" "CMD=cargo +1.30.1 test --frozen" "-e" "CARGO_TARGET_DIR=/target" "-e" "CARGO_INCREMENTAL=0" "-e" "RUST_BACKTRACE=full" "-e" "RUSTFLAGS=--cap-lints=warn" "-e" "CARGO_HOME=/cargo-home" "-e" "RUSTUP_HOME=/rustup-home" "-m" "1536M" "--network" "none" "crater"`
Dec 03 09:54:41.811 INFO [stdout] 6577a2ed0ba6881c20a3d94747e79a8d1ee15d3640c68438c3f38b6eaf43d318
Dec 03 09:54:41.813 INFO running `"docker" "start" "-a" "6577a2ed0ba6881c20a3d94747e79a8d1ee15d3640c68438c3f38b6eaf43d318"`
Dec 03 09:54:43.986 INFO [stderr] usermod: no changes
Dec 03 09:54:44.143 INFO [stderr]     Finished dev [unoptimized + debuginfo] target(s) in 0.13s
Dec 03 09:54:44.162 INFO [stderr]      Running /target/debug/deps/google_alertcenter1_beta1-564ed58e46844bfd
Dec 03 09:54:44.164 INFO [stdout] 
Dec 03 09:54:44.164 INFO [stdout] running 0 tests
Dec 03 09:54:44.164 INFO [stdout] 
Dec 03 09:54:44.164 INFO [stdout] test result: ok. 0 passed; 0 failed; 0 ignored; 0 measured; 0 filtered out
Dec 03 09:54:44.164 INFO [stdout] 
Dec 03 09:54:44.165 INFO [stderr]    Doc-tests google-alertcenter1_beta1
Dec 03 09:54:52.319 INFO [stdout] 
Dec 03 09:54:52.319 INFO [stdout] running 10 tests
Dec 03 09:54:52.326 INFO [stdout] test src/lib.rs -  (line 49) ... ignored
Dec 03 09:55:52.323 INFO [stdout] test src/lib.rs - AlertDeleteCall (line 1424) ... test src/lib.rs - AlertDeleteCall (line 1424) has been running for over 60 seconds
Dec 03 09:55:52.323 INFO [stdout] test src/lib.rs - AlertFeedbackCreateCall (line 1154) ... test src/lib.rs - AlertFeedbackCreateCall (line 1154) has been running for over 60 seconds
Dec 03 09:55:52.323 INFO [stdout] test src/lib.rs - AlertCenter (line 245) ... test src/lib.rs - AlertCenter (line 245) has been running for over 60 seconds
Dec 03 09:55:52.323 INFO [stdout] test src/lib.rs -  (line 83) ... test src/lib.rs -  (line 83) has been running for over 60 seconds
Dec 03 09:55:52.327 INFO [stdout] test src/lib.rs - AlertListCall (line 1656) ... test src/lib.rs - AlertListCall (line 1656) has been running for over 60 seconds
Dec 03 09:55:52.327 INFO [stdout] test src/lib.rs - AlertFeedbackListCall (line 689) ... test src/lib.rs - AlertFeedbackListCall (line 689) has been running for over 60 seconds
Dec 03 09:55:52.327 INFO [stdout] test src/lib.rs - AlertGetCall (line 922) ... test src/lib.rs - AlertGetCall (line 922) has been running for over 60 seconds
Dec 03 09:55:52.331 INFO [stdout] test src/lib.rs - AlertMethods (line 546) ... test src/lib.rs - AlertMethods (line 546) has been running for over 60 seconds
Dec 03 09:56:00.977 INFO [stdout] test src/lib.rs - AlertFeedbackListCall (line 689) ... ok
Dec 03 09:56:01.415 INFO [stdout] test src/lib.rs - AlertMethods (line 546) ... ok
Dec 03 09:56:02.335 INFO [stdout] test src/lib.rs -  (line 83) ... ok
Dec 03 09:56:03.147 INFO [stdout] test src/lib.rs - AlertCenter (line 245) ... ok
Dec 03 09:56:03.598 INFO [stdout] test src/lib.rs - AlertDeleteCall (line 1424) ... ok
Dec 03 09:56:03.674 INFO [stdout] test src/lib.rs - AlertListCall (line 1656) ... ok
Dec 03 09:56:03.751 INFO [stdout] test src/lib.rs - AlertGetCall (line 922) ... ok
Dec 03 09:56:03.964 INFO [stdout] test src/lib.rs - AlertFeedbackCreateCall (line 1154) ... ok
Dec 03 09:56:04.920 INFO [stdout] test src/lib.rs - Empty (line 433) ... FAILED
Dec 03 09:56:04.920 INFO [stdout] 
Dec 03 09:56:04.920 INFO [stdout] failures:
Dec 03 09:56:04.920 INFO [stdout] 
Dec 03 09:56:04.920 INFO [stdout] ---- src/lib.rs - Empty (line 433) stdout ----
Dec 03 09:56:04.920 INFO [stdout] error: expected one of `!`, `.`, `::`, `;`, `?`, `{`, `}`, or an operator, found `Foo`
Dec 03 09:56:04.920 INFO [stdout]  --> src/lib.rs:434:9
Dec 03 09:56:04.920 INFO [stdout]   |
Dec 03 09:56:04.920 INFO [stdout] 3 | service Foo {
Dec 03 09:56:04.920 INFO [stdout]   |         ^^^ expected one of 8 possible tokens here
Dec 03 09:56:04.920 INFO [stdout] 
Dec 03 09:56:04.920 INFO [stdout] error[E0425]: cannot find value `service` in this scope
Dec 03 09:56:04.920 INFO [stdout]  --> src/lib.rs:434:1
Dec 03 09:56:04.920 INFO [stdout]   |
Dec 03 09:56:04.920 INFO [stdout] 3 | service Foo {
Dec 03 09:56:04.920 INFO [stdout]   | ^^^^^^^ not found in this scope
Dec 03 09:56:04.920 INFO [stdout] 
Dec 03 09:56:04.920 INFO [stdout] thread 'src/lib.rs - Empty (line 433)' panicked at 'couldn't compile the test', librustdoc/test.rs:332:13
Dec 03 09:56:04.920 INFO [stdout] stack backtrace:
Dec 03 09:56:04.920 INFO [stdout]    0:     0x7f0e115567ce - std::sys::unix::backtrace::tracing::imp::unwind_backtrace::h15749a98198ba25f
Dec 03 09:56:04.920 INFO [stdout]                                at libstd/sys/unix/backtrace/tracing/gcc_s.rs:49
Dec 03 09:56:04.920 INFO [stdout]    1:     0x7f0e1152f966 - std::sys_common::backtrace::print::h0ba65c811294dbf0
Dec 03 09:56:04.920 INFO [stdout]                                at libstd/sys_common/backtrace.rs:71
Dec 03 09:56:04.920 INFO [stdout]                                at libstd/sys_common/backtrace.rs:59
Dec 03 09:56:04.920 INFO [stdout]    2:     0x7f0e1152d5bd - std::panicking::default_hook::{{closure}}::h42bb31757f0fee64
Dec 03 09:56:04.920 INFO [stdout]                                at libstd/panicking.rs:211
Dec 03 09:56:04.920 INFO [stdout]    3:     0x7f0e1152d2cb - std::panicking::default_hook::hebc8848d7aa7dbd9
Dec 03 09:56:04.920 INFO [stdout]                                at libstd/panicking.rs:221
Dec 03 09:56:04.921 INFO [stdout]    4:     0x7f0e136a06a1 - rustc::util::common::panic_hook::h9a39743bb116fb66
Dec 03 09:56:04.921 INFO [stdout]    5:     0x7f0e1152dcc3 - std::panicking::rust_panic_with_hook::h86e619a638415243
Dec 03 09:56:04.921 INFO [stdout]                                at libstd/panicking.rs:481
Dec 03 09:56:04.921 INFO [stdout]    6:     0x556682d04306 - std::panicking::begin_panic::h2e334451e6084118
Dec 03 09:56:04.921 INFO [stdout]                                at libstd/panicking.rs:411
Dec 03 09:56:04.921 INFO [stdout]    7:     0x556682ecf147 - rustdoc::test::Collector::add_test::{{closure}}::{{closure}}::{{closure}}::h071753b32990ff99
Dec 03 09:56:04.921 INFO [stdout]                                at librustdoc/test.rs:332
Dec 03 09:56:04.921 INFO [stdout]                                at librustdoc/test.rs:564
Dec 03 09:56:04.921 INFO [stdout]    8:     0x556682e8b990 - <scoped_tls::ScopedKey<T>>::set::h9896b6fe380ee541
Dec 03 09:56:04.921 INFO [stdout]                                at /cargo/registry/src/github.com-1ecc6299db9ec823/scoped-tls-0.1.2/src/lib.rs:155
Dec 03 09:56:04.921 INFO [stdout]                                at libsyntax/lib.rs:108
Dec 03 09:56:04.921 INFO [stdout]                                at /cargo/registry/src/github.com-1ecc6299db9ec823/scoped-tls-0.1.2/src/lib.rs:155
Dec 03 09:56:04.921 INFO [stdout]    9:     0x556682cb45cd - syntax::with_globals::h851ff797fe7b24af
Dec 03 09:56:04.921 INFO [stdout]                                at libsyntax/lib.rs:107
Dec 03 09:56:04.921 INFO [stdout]   10:     0x556682d04484 - std::panicking::try::do_call::h43316ef786a5afc6
Dec 03 09:56:04.921 INFO [stdout]                                at librustdoc/test.rs:561
Dec 03 09:56:04.921 INFO [stdout]                                at libstd/panic.rs:313
Dec 03 09:56:04.921 INFO [stdout]                                at libstd/panicking.rs:310
Dec 03 09:56:04.921 INFO [stdout]   11:     0x7f0e1156d5b9 - __rust_maybe_catch_panic
Dec 03 09:56:04.921 INFO [stdout]                                at libpanic_unwind/lib.rs:103
Dec 03 09:56:04.921 INFO [stdout]   12:     0x556682d7af03 - rustc_driver::in_named_rustc_thread::h7a18544b9923f524
Dec 03 09:56:04.921 INFO [stdout]                                at libstd/panicking.rs:289
Dec 03 09:56:04.921 INFO [stdout]                                at libstd/panic.rs:392
Dec 03 09:56:04.921 INFO [stdout]                                at librustc_driver/lib.rs:1574
Dec 03 09:56:04.921 INFO [stdout]   13:     0x556682ea7cfc - <F as alloc::boxed::FnBox<A>>::call_box::h2226feb604beb2d6
Dec 03 09:56:04.921 INFO [stdout]                                at librustdoc/test.rs:561
Dec 03 09:56:04.921 INFO [stdout]                                at liballoc/boxed.rs:646
Dec 03 09:56:04.921 INFO [stdout]   14:     0x7f0e12bbadf2 - <F as alloc::boxed::FnBox<A>>::call_box::hf3e9d4c572efaf22
Dec 03 09:56:04.921 INFO [stdout]                                at libtest/lib.rs:1454
Dec 03 09:56:04.921 INFO [stdout]                                at liballoc/boxed.rs:646
Dec 03 09:56:04.921 INFO [stdout]   15:     0x7f0e1156d5b9 - __rust_maybe_catch_panic
Dec 03 09:56:04.921 INFO [stdout]                                at libpanic_unwind/lib.rs:103
Dec 03 09:56:04.921 INFO [stdout]   16:     0x7f0e12bc81ed - std::sys_common::backtrace::__rust_begin_short_backtrace::h0ff507d7422944d3
Dec 03 09:56:04.921 INFO [stdout]                                at libstd/panicking.rs:289
Dec 03 09:56:04.921 INFO [stdout]                                at libstd/panic.rs:392
Dec 03 09:56:04.921 INFO [stdout]                                at libtest/lib.rs:1416
Dec 03 09:56:04.921 INFO [stdout]                                at libstd/sys_common/backtrace.rs:136
Dec 03 09:56:04.921 INFO [stdout]   17:     0x7f0e12be5ff4 - std::panicking::try::do_call::hba0bdcc3670471cc
Dec 03 09:56:04.921 INFO [stdout]                                at libstd/thread/mod.rs:409
Dec 03 09:56:04.921 INFO [stdout]                                at libstd/panic.rs:313
Dec 03 09:56:04.921 INFO [stdout]                                at libstd/panicking.rs:310
Dec 03 09:56:04.921 INFO [stdout]   18:     0x7f0e1156d5b9 - __rust_maybe_catch_panic
Dec 03 09:56:04.921 INFO [stdout]                                at libpanic_unwind/lib.rs:103
Dec 03 09:56:04.921 INFO [stdout]   19:     0x7f0e12bd2bd6 - <F as alloc::boxed::FnBox<A>>::call_box::hdac52587b00591af
Dec 03 09:56:04.921 INFO [stdout]                                at libstd/panicking.rs:289
Dec 03 09:56:04.921 INFO [stdout]                                at libstd/panic.rs:392
Dec 03 09:56:04.921 INFO [stdout]                                at libstd/thread/mod.rs:408
Dec 03 09:56:04.921 INFO [stdout]                                at liballoc/boxed.rs:646
Dec 03 09:56:04.921 INFO [stdout]   20:     0x7f0e1155acca - std::sys_common::thread::start_thread::h75d887c7d2cc4479
Dec 03 09:56:04.921 INFO [stdout]                                at liballoc/boxed.rs:656
Dec 03 09:56:04.921 INFO [stdout]                                at libstd/sys_common/thread.rs:24
Dec 03 09:56:04.921 INFO [stdout]   21:     0x7f0e1152e8f5 - std::sys::unix::thread::Thread::new::thread_start::h8414caee632bf9ed
Dec 03 09:56:04.921 INFO [stdout]                                at libstd/sys/unix/thread.rs:90
Dec 03 09:56:04.921 INFO [stdout]   22:     0x7f0e112c36b9 - start_thread
Dec 03 09:56:04.921 INFO [stdout]   23:     0x7f0e10de341c - clone
Dec 03 09:56:04.921 INFO [stdout]   24:                0x0 - <unknown>
Dec 03 09:56:04.921 INFO [stdout] query stack during panic:
Dec 03 09:56:04.921 INFO [stdout] end of query stack
Dec 03 09:56:04.921 INFO [stdout] 
Dec 03 09:56:04.921 INFO [stdout] 
Dec 03 09:56:04.921 INFO [stdout] failures:
Dec 03 09:56:04.921 INFO [stdout]     src/lib.rs - Empty (line 433)
Dec 03 09:56:04.921 INFO [stdout] 
Dec 03 09:56:04.921 INFO [stdout] test result: FAILED. 8 passed; 1 failed; 1 ignored; 0 measured; 0 filtered out
Dec 03 09:56:04.921 INFO [stdout] 
Dec 03 09:56:04.945 INFO [stderr] error: test failed, to rerun pass '--doc'
Dec 03 09:56:04.947 INFO [stderr] su: No module specific data is present
Dec 03 09:56:05.721 INFO running `"docker" "inspect" "6577a2ed0ba6881c20a3d94747e79a8d1ee15d3640c68438c3f38b6eaf43d318"`
Dec 03 09:56:06.019 INFO running `"docker" "rm" "-f" "6577a2ed0ba6881c20a3d94747e79a8d1ee15d3640c68438c3f38b6eaf43d318"`
Dec 03 09:56:06.342 INFO [stdout] 6577a2ed0ba6881c20a3d94747e79a8d1ee15d3640c68438c3f38b6eaf43d318
