Dec 03 14:57:40.957 INFO testing crest-0.3.4 against 1.30.1 for beta-1.31-5
Dec 03 14:57:40.957 INFO running `"docker" "create" "-v" "/mnt/big/crater/work/local/target-dirs/beta-1.31-5/worker-0/1.30.1:/target:rw,Z" "-v" "/mnt/big/crater/work/local/test-source/worker-0/beta-1.31-5/1.30.1:/source:ro,Z" "-v" "/mnt/big/crater/work/local/cargo-home:/cargo-home:ro,Z" "-v" "/mnt/big/crater/work/local/rustup-home:/rustup-home:ro,Z" "-e" "USER_ID=1000" "-e" "SOURCE_DIR=/source" "-e" "USER_ID=1000" "-e" "CMD=cargo +1.30.1 build --frozen" "-e" "CARGO_TARGET_DIR=/target" "-e" "CARGO_INCREMENTAL=0" "-e" "RUST_BACKTRACE=full" "-e" "RUSTFLAGS=--cap-lints=warn" "-e" "CARGO_HOME=/cargo-home" "-e" "RUSTUP_HOME=/rustup-home" "-m" "1536M" "--network" "none" "crater"`
Dec 03 14:57:41.289 INFO [stdout] aa01745a83c3018a01c89d37e4841138981de88b935729a7143102f5f090c13b
Dec 03 14:57:41.294 INFO running `"docker" "start" "-a" "aa01745a83c3018a01c89d37e4841138981de88b935729a7143102f5f090c13b"`
Dec 03 14:57:42.443 INFO [stderr] usermod: no changes
Dec 03 14:57:42.667 INFO [stderr]    Compiling crest v0.3.4 (/source)
Dec 03 14:57:47.556 INFO [stderr]     Finished dev [unoptimized + debuginfo] target(s) in 5.07s
Dec 03 14:57:47.575 INFO [stderr] su: No module specific data is present
Dec 03 14:57:48.123 INFO running `"docker" "inspect" "aa01745a83c3018a01c89d37e4841138981de88b935729a7143102f5f090c13b"`
Dec 03 14:57:48.491 INFO running `"docker" "rm" "-f" "aa01745a83c3018a01c89d37e4841138981de88b935729a7143102f5f090c13b"`
Dec 03 14:57:48.810 INFO [stdout] aa01745a83c3018a01c89d37e4841138981de88b935729a7143102f5f090c13b
Dec 03 14:57:48.817 INFO running `"docker" "create" "-v" "/mnt/big/crater/work/local/target-dirs/beta-1.31-5/worker-0/1.30.1:/target:rw,Z" "-v" "/mnt/big/crater/work/local/test-source/worker-0/beta-1.31-5/1.30.1:/source:ro,Z" "-v" "/mnt/big/crater/work/local/cargo-home:/cargo-home:ro,Z" "-v" "/mnt/big/crater/work/local/rustup-home:/rustup-home:ro,Z" "-e" "USER_ID=1000" "-e" "SOURCE_DIR=/source" "-e" "USER_ID=1000" "-e" "CMD=cargo +1.30.1 test --frozen --no-run" "-e" "CARGO_TARGET_DIR=/target" "-e" "CARGO_INCREMENTAL=0" "-e" "RUST_BACKTRACE=full" "-e" "RUSTFLAGS=--cap-lints=warn" "-e" "CARGO_HOME=/cargo-home" "-e" "RUSTUP_HOME=/rustup-home" "-m" "1536M" "--network" "none" "crater"`
Dec 03 14:57:49.207 INFO [stdout] a46aca0df03bdab2f15c7e278d6cc569a3e2e4019300c4b4a1415882437f59cd
Dec 03 14:57:49.207 INFO running `"docker" "start" "-a" "a46aca0df03bdab2f15c7e278d6cc569a3e2e4019300c4b4a1415882437f59cd"`
Dec 03 14:57:50.626 INFO [stderr] usermod: no changes
Dec 03 14:57:50.846 INFO [stderr]    Compiling crest v0.3.4 (/source)
Dec 03 14:57:55.805 INFO [stderr]     Finished dev [unoptimized + debuginfo] target(s) in 5.12s
Dec 03 14:57:55.805 INFO [stderr] su: No module specific data is present
Dec 03 14:57:56.506 INFO running `"docker" "inspect" "a46aca0df03bdab2f15c7e278d6cc569a3e2e4019300c4b4a1415882437f59cd"`
Dec 03 14:57:56.840 INFO running `"docker" "rm" "-f" "a46aca0df03bdab2f15c7e278d6cc569a3e2e4019300c4b4a1415882437f59cd"`
Dec 03 14:57:57.070 INFO [stdout] a46aca0df03bdab2f15c7e278d6cc569a3e2e4019300c4b4a1415882437f59cd
Dec 03 14:57:57.077 INFO running `"docker" "create" "-v" "/mnt/big/crater/work/local/target-dirs/beta-1.31-5/worker-0/1.30.1:/target:rw,Z" "-v" "/mnt/big/crater/work/local/test-source/worker-0/beta-1.31-5/1.30.1:/source:ro,Z" "-v" "/mnt/big/crater/work/local/cargo-home:/cargo-home:ro,Z" "-v" "/mnt/big/crater/work/local/rustup-home:/rustup-home:ro,Z" "-e" "USER_ID=1000" "-e" "SOURCE_DIR=/source" "-e" "USER_ID=1000" "-e" "CMD=cargo +1.30.1 test --frozen" "-e" "CARGO_TARGET_DIR=/target" "-e" "CARGO_INCREMENTAL=0" "-e" "RUST_BACKTRACE=full" "-e" "RUSTFLAGS=--cap-lints=warn" "-e" "CARGO_HOME=/cargo-home" "-e" "RUSTUP_HOME=/rustup-home" "-m" "1536M" "--network" "none" "crater"`
Dec 03 14:57:57.594 INFO [stdout] b23db1e8e2233a8314fc968d79ab9576cabb32bba05ee59b1cd9f0004c017ff6
Dec 03 14:57:57.596 INFO running `"docker" "start" "-a" "b23db1e8e2233a8314fc968d79ab9576cabb32bba05ee59b1cd9f0004c017ff6"`
Dec 03 14:57:58.786 INFO [stderr] usermod: no changes
Dec 03 14:57:58.963 INFO [stderr]     Finished dev [unoptimized + debuginfo] target(s) in 0.14s
Dec 03 14:57:58.965 INFO [stderr]      Running /target/debug/deps/crest-600db794d7458b09
Dec 03 14:57:58.971 INFO [stdout] 
Dec 03 14:57:58.971 INFO [stdout] running 0 tests
Dec 03 14:57:58.971 INFO [stdout] 
Dec 03 14:57:58.971 INFO [stdout] test result: ok. 0 passed; 0 failed; 0 ignored; 0 measured; 0 filtered out
Dec 03 14:57:58.971 INFO [stdout] 
Dec 03 14:57:58.975 INFO [stderr]    Doc-tests crest
Dec 03 14:58:06.108 INFO [stdout] 
Dec 03 14:58:06.108 INFO [stdout] running 7 tests
Dec 03 14:58:16.463 INFO [stdout] test src/request.rs - request::Get<'a>::new (line 42) ... ok
Dec 03 14:58:16.573 INFO [stdout] test src/request.rs - request::Delete<'a>::new (line 42) ... ok
Dec 03 14:58:16.603 INFO [stdout] test src/request.rs - request::Post<'a>::new (line 42) ... ok
Dec 03 14:58:35.211 INFO [stdout] test src/lib.rs - prelude (line 74) ... ok
Dec 03 14:58:39.859 INFO [stdout] test src/request.rs - request::Request::headers (line 198) ... ok
Dec 03 14:58:40.869 INFO [stdout] test src/request.rs - request::Request::parameters (line 171) ... ok
Dec 03 14:58:41.435 INFO [stdout] test src/lib.rs -  (line 29) ... FAILED
Dec 03 14:58:41.435 INFO [stdout] 
Dec 03 14:58:41.435 INFO [stdout] failures:
Dec 03 14:58:41.435 INFO [stdout] 
Dec 03 14:58:41.435 INFO [stdout] ---- src/lib.rs -  (line 29) stdout ----
Dec 03 14:58:41.435 INFO [stdout] thread 'src/lib.rs -  (line 29)' panicked at 'test executable failed:
Dec 03 14:58:41.435 INFO [stdout] 
Dec 03 14:58:41.435 INFO [stdout] thread 'main' panicked at 'called `Result::unwrap()` on an `Err` value: Hyper(Io(Custom { kind: Other, error: StringError("failed to lookup address information: Temporary failure in name resolution") }))', libcore/result.rs:1009:5
Dec 03 14:58:41.435 INFO [stdout] stack backtrace:
Dec 03 14:58:41.435 INFO [stdout]    0:     0x563f322a55ee - std::sys::unix::backtrace::tracing::imp::unwind_backtrace::h15749a98198ba25f
Dec 03 14:58:41.435 INFO [stdout]                                at libstd/sys/unix/backtrace/tracing/gcc_s.rs:49
Dec 03 14:58:41.435 INFO [stdout]    1:     0x563f3229c196 - std::sys_common::backtrace::print::h0ba65c811294dbf0
Dec 03 14:58:41.435 INFO [stdout]                                at libstd/sys_common/backtrace.rs:71
Dec 03 14:58:41.435 INFO [stdout]                                at libstd/sys_common/backtrace.rs:59
Dec 03 14:58:41.435 INFO [stdout]    2:     0x563f3229aa8d - std::panicking::default_hook::{{closure}}::h42bb31757f0fee64
Dec 03 14:58:41.435 INFO [stdout]                                at libstd/panicking.rs:211
Dec 03 14:58:41.435 INFO [stdout]    3:     0x563f3229a800 - std::panicking::default_hook::hebc8848d7aa7dbd9
Dec 03 14:58:41.435 INFO [stdout]                                at libstd/panicking.rs:227
Dec 03 14:58:41.435 INFO [stdout]    4:     0x563f3229b0dc - std::panicking::rust_panic_with_hook::h86e619a638415243
Dec 03 14:58:41.436 INFO [stdout]                                at libstd/panicking.rs:477
Dec 03 14:58:41.436 INFO [stdout]    5:     0x563f3229ac99 - std::panicking::continue_panic_fmt::h2d2d2bfb065a70b2
Dec 03 14:58:41.436 INFO [stdout]                                at libstd/panicking.rs:391
Dec 03 14:58:41.436 INFO [stdout]    6:     0x563f3229ab95 - rust_begin_unwind
Dec 03 14:58:41.436 INFO [stdout]                                at libstd/panicking.rs:326
Dec 03 14:58:41.436 INFO [stdout]    7:     0x563f322e6d7b - core::panicking::panic_fmt::h2155aa66b67fe83c
Dec 03 14:58:41.436 INFO [stdout]                                at libcore/panicking.rs:77
Dec 03 14:58:41.436 INFO [stdout]    8:     0x563f32118c20 - core::result::unwrap_failed::h3fe72fa3afa857bd
Dec 03 14:58:41.436 INFO [stdout]    9:     0x563f3211819e - <core::result::Result<T, E>>::unwrap::h596ce57282d05015
Dec 03 14:58:41.436 INFO [stdout]   10:     0x563f321155ba - rust_out::main::h944e552f3f67b4ba
Dec 03 14:58:41.436 INFO [stdout]   11:     0x563f3210da62 - std::rt::lang_start::{{closure}}::h728c831e7cc482ed
Dec 03 14:58:41.436 INFO [stdout]   12:     0x563f3229ab32 - std::panicking::try::do_call::h47665672c57b11e4
Dec 03 14:58:41.436 INFO [stdout]                                at libstd/rt.rs:59
Dec 03 14:58:41.436 INFO [stdout]                                at libstd/panicking.rs:310
Dec 03 14:58:41.436 INFO [stdout]   13:     0x563f322b38d9 - __rust_maybe_catch_panic
Dec 03 14:58:41.436 INFO [stdout]                                at libpanic_unwind/lib.rs:103
Dec 03 14:58:41.436 INFO [stdout]   14:     0x563f322a1a25 - std::rt::lang_start_internal::had9505969b8e20a2
Dec 03 14:58:41.436 INFO [stdout]                                at libstd/panicking.rs:289
Dec 03 14:58:41.436 INFO [stdout]                                at libstd/panic.rs:392
Dec 03 14:58:41.436 INFO [stdout]                                at libstd/rt.rs:58
Dec 03 14:58:41.436 INFO [stdout]   15:     0x563f3210da43 - std::rt::lang_start::hcf64ef8c79b4db31
Dec 03 14:58:41.436 INFO [stdout]   16:     0x563f3211627a - main
Dec 03 14:58:41.436 INFO [stdout]   17:     0x7fbc63c1382f - __libc_start_main
Dec 03 14:58:41.436 INFO [stdout]   18:     0x563f320ffc98 - _start
Dec 03 14:58:41.436 INFO [stdout]   19:                0x0 - <unknown>
Dec 03 14:58:41.436 INFO [stdout] 
Dec 03 14:58:41.436 INFO [stdout] ', librustdoc/test.rs:367:17
Dec 03 14:58:41.436 INFO [stdout] stack backtrace:
Dec 03 14:58:41.436 INFO [stdout]    0:     0x7fa4e0cea7ce - std::sys::unix::backtrace::tracing::imp::unwind_backtrace::h15749a98198ba25f
Dec 03 14:58:41.436 INFO [stdout]                                at libstd/sys/unix/backtrace/tracing/gcc_s.rs:49
Dec 03 14:58:41.436 INFO [stdout]    1:     0x7fa4e0cc3966 - std::sys_common::backtrace::print::h0ba65c811294dbf0
Dec 03 14:58:41.436 INFO [stdout]                                at libstd/sys_common/backtrace.rs:71
Dec 03 14:58:41.436 INFO [stdout]                                at libstd/sys_common/backtrace.rs:59
Dec 03 14:58:41.436 INFO [stdout]    2:     0x7fa4e0cc15bd - std::panicking::default_hook::{{closure}}::h42bb31757f0fee64
Dec 03 14:58:41.436 INFO [stdout]                                at libstd/panicking.rs:211
Dec 03 14:58:41.436 INFO [stdout]    3:     0x7fa4e0cc12cb - std::panicking::default_hook::hebc8848d7aa7dbd9
Dec 03 14:58:41.436 INFO [stdout]                                at libstd/panicking.rs:221
Dec 03 14:58:41.436 INFO [stdout]    4:     0x7fa4e2e346a1 - rustc::util::common::panic_hook::h9a39743bb116fb66
Dec 03 14:58:41.436 INFO [stdout]    5:     0x7fa4e0cc1cc3 - std::panicking::rust_panic_with_hook::h86e619a638415243
Dec 03 14:58:41.436 INFO [stdout]                                at libstd/panicking.rs:481
Dec 03 14:58:41.436 INFO [stdout]    6:     0x7fa4e0cc1829 - std::panicking::continue_panic_fmt::h2d2d2bfb065a70b2
Dec 03 14:58:41.436 INFO [stdout]                                at libstd/panicking.rs:391
Dec 03 14:58:41.436 INFO [stdout]    7:     0x7fa4e0cc178d - std::panicking::begin_panic_fmt::ha5097e2056ef3d5a
Dec 03 14:58:41.436 INFO [stdout]                                at libstd/panicking.rs:346
Dec 03 14:58:41.436 INFO [stdout]    8:     0x559af9ee4473 - rustdoc::test::Collector::add_test::{{closure}}::{{closure}}::{{closure}}::h071753b32990ff99
Dec 03 14:58:41.436 INFO [stdout]                                at librustdoc/test.rs:367
Dec 03 14:58:41.436 INFO [stdout]                                at librustdoc/test.rs:564
Dec 03 14:58:41.436 INFO [stdout]    9:     0x559af9ea0990 - <scoped_tls::ScopedKey<T>>::set::h9896b6fe380ee541
Dec 03 14:58:41.436 INFO [stdout]                                at /cargo/registry/src/github.com-1ecc6299db9ec823/scoped-tls-0.1.2/src/lib.rs:155
Dec 03 14:58:41.436 INFO [stdout]                                at libsyntax/lib.rs:108
Dec 03 14:58:41.436 INFO [stdout]                                at /cargo/registry/src/github.com-1ecc6299db9ec823/scoped-tls-0.1.2/src/lib.rs:155
Dec 03 14:58:41.436 INFO [stdout]   10:     0x559af9cc95cd - syntax::with_globals::h851ff797fe7b24af
Dec 03 14:58:41.436 INFO [stdout]                                at libsyntax/lib.rs:107
Dec 03 14:58:41.436 INFO [stdout]   11:     0x559af9d19484 - std::panicking::try::do_call::h43316ef786a5afc6
Dec 03 14:58:41.436 INFO [stdout]                                at librustdoc/test.rs:561
Dec 03 14:58:41.436 INFO [stdout]                                at libstd/panic.rs:313
Dec 03 14:58:41.436 INFO [stdout]                                at libstd/panicking.rs:310
Dec 03 14:58:41.436 INFO [stdout]   12:     0x7fa4e0d015b9 - __rust_maybe_catch_panic
Dec 03 14:58:41.436 INFO [stdout]                                at libpanic_unwind/lib.rs:103
Dec 03 14:58:41.436 INFO [stdout]   13:     0x559af9d8ff03 - rustc_driver::in_named_rustc_thread::h7a18544b9923f524
Dec 03 14:58:41.436 INFO [stdout]                                at libstd/panicking.rs:289
Dec 03 14:58:41.436 INFO [stdout]                                at libstd/panic.rs:392
Dec 03 14:58:41.436 INFO [stdout]                                at librustc_driver/lib.rs:1574
Dec 03 14:58:41.436 INFO [stdout]   14:     0x559af9ebccfc - <F as alloc::boxed::FnBox<A>>::call_box::h2226feb604beb2d6
Dec 03 14:58:41.436 INFO [stdout]                                at librustdoc/test.rs:561
Dec 03 14:58:41.436 INFO [stdout]                                at liballoc/boxed.rs:646
Dec 03 14:58:41.436 INFO [stdout]   15:     0x7fa4e234edf2 - <F as alloc::boxed::FnBox<A>>::call_box::hf3e9d4c572efaf22
Dec 03 14:58:41.436 INFO [stdout]                                at libtest/lib.rs:1454
Dec 03 14:58:41.436 INFO [stdout]                                at liballoc/boxed.rs:646
Dec 03 14:58:41.436 INFO [stdout]   16:     0x7fa4e0d015b9 - __rust_maybe_catch_panic
Dec 03 14:58:41.436 INFO [stdout]                                at libpanic_unwind/lib.rs:103
Dec 03 14:58:41.436 INFO [stdout]   17:     0x7fa4e235c1ed - std::sys_common::backtrace::__rust_begin_short_backtrace::h0ff507d7422944d3
Dec 03 14:58:41.436 INFO [stdout]                                at libstd/panicking.rs:289
Dec 03 14:58:41.436 INFO [stdout]                                at libstd/panic.rs:392
Dec 03 14:58:41.436 INFO [stdout]                                at libtest/lib.rs:1416
Dec 03 14:58:41.436 INFO [stdout]                                at libstd/sys_common/backtrace.rs:136
Dec 03 14:58:41.436 INFO [stdout]   18:     0x7fa4e2379ff4 - std::panicking::try::do_call::hba0bdcc3670471cc
Dec 03 14:58:41.436 INFO [stdout]                                at libstd/thread/mod.rs:409
Dec 03 14:58:41.436 INFO [stdout]                                at libstd/panic.rs:313
Dec 03 14:58:41.436 INFO [stdout]                                at libstd/panicking.rs:310
Dec 03 14:58:41.436 INFO [stdout]   19:     0x7fa4e0d015b9 - __rust_maybe_catch_panic
Dec 03 14:58:41.436 INFO [stdout]                                at libpanic_unwind/lib.rs:103
Dec 03 14:58:41.436 INFO [stdout]   20:     0x7fa4e2366bd6 - <F as alloc::boxed::FnBox<A>>::call_box::hdac52587b00591af
Dec 03 14:58:41.436 INFO [stdout]                                at libstd/panicking.rs:289
Dec 03 14:58:41.436 INFO [stdout]                                at libstd/panic.rs:392
Dec 03 14:58:41.437 INFO [stdout]                                at libstd/thread/mod.rs:408
Dec 03 14:58:41.437 INFO [stdout]                                at liballoc/boxed.rs:646
Dec 03 14:58:41.437 INFO [stdout]   21:     0x7fa4e0ceecca - std::sys_common::thread::start_thread::h75d887c7d2cc4479
Dec 03 14:58:41.437 INFO [stdout]                                at liballoc/boxed.rs:656
Dec 03 14:58:41.437 INFO [stdout]                                at libstd/sys_common/thread.rs:24
Dec 03 14:58:41.437 INFO [stdout]   22:     0x7fa4e0cc28f5 - std::sys::unix::thread::Thread::new::thread_start::h8414caee632bf9ed
Dec 03 14:58:41.437 INFO [stdout]                                at libstd/sys/unix/thread.rs:90
Dec 03 14:58:41.437 INFO [stdout]   23:     0x7fa4e0a576b9 - start_thread
Dec 03 14:58:41.437 INFO [stdout]   24:     0x7fa4e057741c - clone
Dec 03 14:58:41.437 INFO [stdout]   25:                0x0 - <unknown>
Dec 03 14:58:41.437 INFO [stdout] query stack during panic:
Dec 03 14:58:41.437 INFO [stdout] end of query stack
Dec 03 14:58:41.437 INFO [stdout] 
Dec 03 14:58:41.437 INFO [stdout] 
Dec 03 14:58:41.437 INFO [stdout] failures:
Dec 03 14:58:41.437 INFO [stdout]     src/lib.rs -  (line 29)
Dec 03 14:58:41.437 INFO [stdout] 
Dec 03 14:58:41.437 INFO [stdout] test result: FAILED. 6 passed; 1 failed; 0 ignored; 0 measured; 0 filtered out
Dec 03 14:58:41.437 INFO [stdout] 
Dec 03 14:58:41.459 INFO [stderr] error: test failed, to rerun pass '--doc'
Dec 03 14:58:41.464 INFO [stderr] su: No module specific data is present
Dec 03 14:58:42.659 INFO running `"docker" "inspect" "b23db1e8e2233a8314fc968d79ab9576cabb32bba05ee59b1cd9f0004c017ff6"`
Dec 03 14:58:43.049 INFO running `"docker" "rm" "-f" "b23db1e8e2233a8314fc968d79ab9576cabb32bba05ee59b1cd9f0004c017ff6"`
Dec 03 14:58:43.359 INFO [stdout] b23db1e8e2233a8314fc968d79ab9576cabb32bba05ee59b1cd9f0004c017ff6
