Dec 03 15:49:25.603 INFO testing cmudict-0.3.2 against 1.30.1 for beta-1.31-5
Dec 03 15:49:25.603 INFO running `"docker" "create" "-v" "/mnt/big/crater/work/local/target-dirs/beta-1.31-5/worker-7/1.30.1:/target:rw,Z" "-v" "/mnt/big/crater/work/local/test-source/worker-7/beta-1.31-5/1.30.1:/source:ro,Z" "-v" "/mnt/big/crater/work/local/cargo-home:/cargo-home:ro,Z" "-v" "/mnt/big/crater/work/local/rustup-home:/rustup-home:ro,Z" "-e" "USER_ID=1000" "-e" "SOURCE_DIR=/source" "-e" "USER_ID=1000" "-e" "CMD=cargo +1.30.1 build --frozen" "-e" "CARGO_TARGET_DIR=/target" "-e" "CARGO_INCREMENTAL=0" "-e" "RUST_BACKTRACE=full" "-e" "RUSTFLAGS=--cap-lints=warn" "-e" "CARGO_HOME=/cargo-home" "-e" "RUSTUP_HOME=/rustup-home" "-m" "1536M" "--network" "none" "crater"`
Dec 03 15:49:25.892 INFO [stdout] 68c09a7e3a8f406d0eb30d34c531eb91c461d1e2746ff6ea6a1813c79c09506f
Dec 03 15:49:25.894 INFO running `"docker" "start" "-a" "68c09a7e3a8f406d0eb30d34c531eb91c461d1e2746ff6ea6a1813c79c09506f"`
Dec 03 15:49:26.707 INFO [stderr] usermod: no changes
Dec 03 15:49:27.038 INFO [stderr]    Compiling indexed-line-reader v0.2.0
Dec 03 15:49:27.051 INFO [stderr]    Compiling cmudict_core v0.2.2
Dec 03 15:49:29.344 INFO [stderr]    Compiling cmudict v0.3.2 (/source)
Dec 03 15:49:39.683 INFO [stderr]     Finished dev [unoptimized + debuginfo] target(s) in 12.95s
Dec 03 15:49:39.695 INFO [stderr] su: No module specific data is present
Dec 03 15:49:40.153 INFO running `"docker" "inspect" "68c09a7e3a8f406d0eb30d34c531eb91c461d1e2746ff6ea6a1813c79c09506f"`
Dec 03 15:49:40.248 INFO running `"docker" "rm" "-f" "68c09a7e3a8f406d0eb30d34c531eb91c461d1e2746ff6ea6a1813c79c09506f"`
Dec 03 15:49:40.587 INFO [stdout] 68c09a7e3a8f406d0eb30d34c531eb91c461d1e2746ff6ea6a1813c79c09506f
Dec 03 15:49:40.593 INFO running `"docker" "create" "-v" "/mnt/big/crater/work/local/target-dirs/beta-1.31-5/worker-7/1.30.1:/target:rw,Z" "-v" "/mnt/big/crater/work/local/test-source/worker-7/beta-1.31-5/1.30.1:/source:ro,Z" "-v" "/mnt/big/crater/work/local/cargo-home:/cargo-home:ro,Z" "-v" "/mnt/big/crater/work/local/rustup-home:/rustup-home:ro,Z" "-e" "USER_ID=1000" "-e" "SOURCE_DIR=/source" "-e" "USER_ID=1000" "-e" "CMD=cargo +1.30.1 test --frozen --no-run" "-e" "CARGO_TARGET_DIR=/target" "-e" "CARGO_INCREMENTAL=0" "-e" "RUST_BACKTRACE=full" "-e" "RUSTFLAGS=--cap-lints=warn" "-e" "CARGO_HOME=/cargo-home" "-e" "RUSTUP_HOME=/rustup-home" "-m" "1536M" "--network" "none" "crater"`
Dec 03 15:49:41.172 INFO [stdout] ce86b21af0db37a30d3557024d74bced768ced13d2fab368df834da6cfbab940
Dec 03 15:49:41.174 INFO running `"docker" "start" "-a" "ce86b21af0db37a30d3557024d74bced768ced13d2fab368df834da6cfbab940"`
Dec 03 15:49:42.236 INFO [stderr] usermod: no changes
Dec 03 15:49:42.447 INFO [stderr]    Compiling cmudict v0.3.2 (/source)
Dec 03 15:49:52.070 INFO [stderr] warning: unused variable: `dict`
Dec 03 15:49:52.070 INFO [stderr]  --> examples/apple_lookup.rs:5:9
Dec 03 15:49:52.070 INFO [stderr]   |
Dec 03 15:49:52.070 INFO [stderr] 5 |     let dict = Cmudict::download().expect("Couldn't get dict");
Dec 03 15:49:52.070 INFO [stderr]   |         ^^^^ help: consider using `_dict` instead
Dec 03 15:49:52.070 INFO [stderr]   |
Dec 03 15:49:52.070 INFO [stderr]   = note: #[warn(unused_variables)] on by default
Dec 03 15:49:52.070 INFO [stderr] 
Dec 03 15:49:57.563 INFO [stderr]     Finished dev [unoptimized + debuginfo] target(s) in 15.30s
Dec 03 15:49:57.574 INFO [stderr] su: No module specific data is present
Dec 03 15:49:57.936 INFO running `"docker" "inspect" "ce86b21af0db37a30d3557024d74bced768ced13d2fab368df834da6cfbab940"`
Dec 03 15:49:58.133 INFO running `"docker" "rm" "-f" "ce86b21af0db37a30d3557024d74bced768ced13d2fab368df834da6cfbab940"`
Dec 03 15:49:58.299 INFO [stdout] ce86b21af0db37a30d3557024d74bced768ced13d2fab368df834da6cfbab940
Dec 03 15:49:58.301 INFO running `"docker" "create" "-v" "/mnt/big/crater/work/local/target-dirs/beta-1.31-5/worker-7/1.30.1:/target:rw,Z" "-v" "/mnt/big/crater/work/local/test-source/worker-7/beta-1.31-5/1.30.1:/source:ro,Z" "-v" "/mnt/big/crater/work/local/cargo-home:/cargo-home:ro,Z" "-v" "/mnt/big/crater/work/local/rustup-home:/rustup-home:ro,Z" "-e" "USER_ID=1000" "-e" "SOURCE_DIR=/source" "-e" "USER_ID=1000" "-e" "CMD=cargo +1.30.1 test --frozen" "-e" "CARGO_TARGET_DIR=/target" "-e" "CARGO_INCREMENTAL=0" "-e" "RUST_BACKTRACE=full" "-e" "RUSTFLAGS=--cap-lints=warn" "-e" "CARGO_HOME=/cargo-home" "-e" "RUSTUP_HOME=/rustup-home" "-m" "1536M" "--network" "none" "crater"`
Dec 03 15:49:58.637 INFO [stdout] 6dfe52f74010077bccdd615d9500f1e00940613ab0777f0e5a7444217ff663c9
Dec 03 15:49:58.639 INFO running `"docker" "start" "-a" "6dfe52f74010077bccdd615d9500f1e00940613ab0777f0e5a7444217ff663c9"`
Dec 03 15:49:59.249 INFO [stderr] usermod: no changes
Dec 03 15:49:59.456 INFO [stderr]     Finished dev [unoptimized + debuginfo] target(s) in 0.18s
Dec 03 15:49:59.477 INFO [stderr]      Running /target/debug/deps/cmudict-5ba005369c638474
Dec 03 15:49:59.488 INFO [stdout] 
Dec 03 15:49:59.488 INFO [stdout] running 4 tests
Dec 03 15:49:59.824 INFO [stdout] test tests::using_tempdir ... FAILED
Dec 03 15:50:01.715 INFO [stdout] test tests::test_rhymes ... ok
Dec 03 15:50:01.815 INFO [stdout] test tests::threads ... ok
Dec 03 15:50:02.409 INFO [stdout] test tests::test_basics ... ok
Dec 03 15:50:02.409 INFO [stdout] 
Dec 03 15:50:02.409 INFO [stdout] failures:
Dec 03 15:50:02.409 INFO [stdout] 
Dec 03 15:50:02.409 INFO [stdout] ---- tests::using_tempdir stdout ----
Dec 03 15:50:02.409 INFO [stdout] thread 'tests::using_tempdir' panicked at 'Could not create Cmudict: Error { kind: Io(Custom { kind: Other, error: StringError("failed to lookup address information: Temporary failure in name resolution") }), url: Some("https://raw.githubusercontent.com/cmusphinx/cmudict/master/cmudict.dict") }
Dec 03 15:50:02.409 INFO [stdout] 
Dec 03 15:50:02.409 INFO [stdout] stack backtrace:
Dec 03 15:50:02.409 INFO [stdout]    0:     0x563a3345d9f5 - backtrace::backtrace::libunwind::trace::h7db97b2639f089ca
Dec 03 15:50:02.409 INFO [stdout]                         at /cargo-home/registry/src/github.com-1ecc6299db9ec823/backtrace-0.3.9/src/backtrace/libunwind.rs:53
Dec 03 15:50:02.409 INFO [stdout]                          - backtrace::backtrace::trace::h33bbde9614f1006e
Dec 03 15:50:02.409 INFO [stdout]                         at /cargo-home/registry/src/github.com-1ecc6299db9ec823/backtrace-0.3.9/src/backtrace/mod.rs:42
Dec 03 15:50:02.409 INFO [stdout]    1:     0x563a3345818e - backtrace::capture::Backtrace::new_unresolved::h4cb68cff8665592a
Dec 03 15:50:02.409 INFO [stdout]                         at /cargo-home/registry/src/github.com-1ecc6299db9ec823/backtrace-0.3.9/src/capture.rs:88
Dec 03 15:50:02.409 INFO [stdout]    2:     0x563a33456953 - failure::backtrace::internal::InternalBacktrace::new::h14ede9918072d8e9
Dec 03 15:50:02.409 INFO [stdout]                         at /cargo-home/registry/src/github.com-1ecc6299db9ec823/failure-0.1.3/src/backtrace/internal.rs:44
Dec 03 15:50:02.409 INFO [stdout]    3:     0x563a33455d7c - failure::backtrace::Backtrace::new::h31d6bfc7034ee5ef
Dec 03 15:50:02.409 INFO [stdout]                         at /cargo-home/registry/src/github.com-1ecc6299db9ec823/failure-0.1.3/src/backtrace/mod.rs:111
Dec 03 15:50:02.409 INFO [stdout]    4:     0x563a32fe3e0d - <failure::error::error_impl::ErrorImpl as core::convert::From<F>>::from::h07e715eb72b527a2
Dec 03 15:50:02.409 INFO [stdout]                         at /cargo-home/registry/src/github.com-1ecc6299db9ec823/failure-0.1.3/src/error/error_impl.rs:19
Dec 03 15:50:02.409 INFO [stdout]    5:     0x563a32fd11d6 - <failure::error::Error as core::convert::From<F>>::from::h41eeb4db0ce5502a
Dec 03 15:50:02.409 INFO [stdout]                         at /cargo-home/registry/src/github.com-1ecc6299db9ec823/failure-0.1.3/src/error/mod.rs:36
Dec 03 15:50:02.409 INFO [stdout]    6:     0x563a32fda37d - cmudict::Cmudict::download::h6cef6fb8fdf55af0
Dec 03 15:50:02.409 INFO [stdout]                         at src/lib.rs:103
Dec 03 15:50:02.409 INFO [stdout]    7:     0x563a32fedc0b - cmudict::tests::using_tempdir::h5408618e8f7d1ac2
Dec 03 15:50:02.409 INFO [stdout]                         at src/lib.rs:318
Dec 03 15:50:02.409 INFO [stdout]    8:     0x563a32fedbd9 - cmudict::tests::using_tempdir::{{closure}}::h0ed349ee617879bf
Dec 03 15:50:02.409 INFO [stdout]                         at src/lib.rs:317
Dec 03 15:50:02.409 INFO [stdout]    9:     0x563a32fde39d - core::ops::function::FnOnce::call_once::h9eaa0df9e8d60bb3
Dec 03 15:50:02.410 INFO [stdout]                         at libcore/ops/function.rs:238
Dec 03 15:50:02.410 INFO [stdout]   10:     0x563a32ff05ee - test::run_test::{{closure}}::h3a5dfbe1d2fab93e
Dec 03 15:50:02.410 INFO [stdout]                         at libtest/lib.rs:1461
Dec 03 15:50:02.410 INFO [stdout]                          - core::ops::function::FnOnce::call_once::h1d9a9e4523345f36
Dec 03 15:50:02.410 INFO [stdout]                         at libcore/ops/function.rs:238
Dec 03 15:50:02.410 INFO [stdout]                          - <F as alloc::boxed::FnBox<A>>::call_box::hbea525814fa423cc
Dec 03 15:50:02.410 INFO [stdout]                         at liballoc/boxed.rs:646
Dec 03 15:50:02.410 INFO [stdout]   11:     0x563a334a52e9 - __rust_maybe_catch_panic
Dec 03 15:50:02.410 INFO [stdout]                         at libpanic_unwind/lib.rs:103
Dec 03 15:50:02.410 INFO [stdout]   12:     0x563a32ffbf4d - std::panicking::try::h52ce98afaa08c3ec
Dec 03 15:50:02.410 INFO [stdout]                         at libstd/panicking.rs:289
Dec 03 15:50:02.410 INFO [stdout]                          - std::panic::catch_unwind::h8b1fa14840c8b239
Dec 03 15:50:02.410 INFO [stdout]                         at libstd/panic.rs:392
Dec 03 15:50:02.410 INFO [stdout]                          - test::run_test::run_test_inner::{{closure}}::h0c1fb56af3cc46d2
Dec 03 15:50:02.410 INFO [stdout]                         at libtest/lib.rs:1416
Dec 03 15:50:02.410 INFO [stdout]                          - std::sys_common::backtrace::__rust_begin_short_backtrace::h0ff507d7422944d3
Dec 03 15:50:02.410 INFO [stdout]                         at libstd/sys_common/backtrace.rs:136
Dec 03 15:50:02.410 INFO [stdout]   13:     0x563a33014584 - std::thread::Builder::spawn::{{closure}}::{{closure}}::h9015d15de724c3f6
Dec 03 15:50:02.410 INFO [stdout]                         at libstd/thread/mod.rs:409
Dec 03 15:50:02.410 INFO [stdout]                          - <std::panic::AssertUnwindSafe<F> as core::ops::function::FnOnce<()>>::call_once::hdade3f732363d95a
Dec 03 15:50:02.410 INFO [stdout]                         at libstd/panic.rs:313
Dec 03 15:50:02.410 INFO [stdout]                          - std::panicking::try::do_call::hba0bdcc3670471cc
Dec 03 15:50:02.410 INFO [stdout]                         at libstd/panicking.rs:310
Dec 03 15:50:02.410 INFO [stdout]   14:     0x563a334a52e9 - __rust_maybe_catch_panic
Dec 03 15:50:02.410 INFO [stdout]                         at libpanic_unwind/lib.rs:103
Dec 03 15:50:02.410 INFO [stdout]   15:     0x563a33004e56 - std::panicking::try::ha2cf51a98ef1d8df
Dec 03 15:50:02.410 INFO [stdout]                         at libstd/panicking.rs:289
Dec 03 15:50:02.410 INFO [stdout]                          - std::panic::catch_unwind::h9dbc14b90b636a56
Dec 03 15:50:02.410 INFO [stdout]                         at libstd/panic.rs:392
Dec 03 15:50:02.410 INFO [stdout]                          - std::thread::Builder::spawn::{{closure}}::h1e078d6b2c4e6a8f
Dec 03 15:50:02.410 INFO [stdout]                         at libstd/thread/mod.rs:408
Dec 03 15:50:02.410 INFO [stdout]                          - <F as alloc::boxed::FnBox<A>>::call_box::hdac52587b00591af
Dec 03 15:50:02.410 INFO [stdout]                         at liballoc/boxed.rs:646
Dec 03 15:50:02.410 INFO [stdout]   16:     0x563a33496d2a - <alloc::boxed::Box<(dyn alloc::boxed::FnBox<A, Output=R> + 'a)> as core::ops::function::FnOnce<A>>::call_once::hfedf8d10954bca7a
Dec 03 15:50:02.410 INFO [stdout]                         at liballoc/boxed.rs:656
Dec 03 15:50:02.410 INFO [stdout]                          - std::sys_common::thread::start_thread::h75d887c7d2cc4479
Dec 03 15:50:02.410 INFO [stdout]                         at libstd/sys_common/thread.rs:24
Dec 03 15:50:02.410 INFO [stdout]   17:     0x563a33485915 - std::sys::unix::thread::Thread::new::thread_start::h8414caee632bf9ed
Dec 03 15:50:02.410 INFO [stdout]                         at libstd/sys/unix/thread.rs:90
Dec 03 15:50:02.410 INFO [stdout]   18:     0x7f4f4cf3d6b9 - start_thread
Dec 03 15:50:02.410 INFO [stdout]   19:     0x7f4f4ca5d41c - clone
Dec 03 15:50:02.410 INFO [stdout]   20:                0x0 - <unknown>', libcore/result.rs:1009:5
Dec 03 15:50:02.410 INFO [stdout] stack backtrace:
Dec 03 15:50:02.410 INFO [stdout]    0:     0x563a334951ae - std::sys::unix::backtrace::tracing::imp::unwind_backtrace::h15749a98198ba25f
Dec 03 15:50:02.410 INFO [stdout]                                at libstd/sys/unix/backtrace/tracing/gcc_s.rs:49
Dec 03 15:50:02.410 INFO [stdout]    1:     0x563a33486776 - std::sys_common::backtrace::print::h0ba65c811294dbf0
Dec 03 15:50:02.410 INFO [stdout]                                at libstd/sys_common/backtrace.rs:71
Dec 03 15:50:02.410 INFO [stdout]                                at libstd/sys_common/backtrace.rs:59
Dec 03 15:50:02.410 INFO [stdout]    2:     0x563a33484a3d - std::panicking::default_hook::{{closure}}::h42bb31757f0fee64
Dec 03 15:50:02.410 INFO [stdout]                                at libstd/panicking.rs:211
Dec 03 15:50:02.410 INFO [stdout]    3:     0x563a3348474b - std::panicking::default_hook::hebc8848d7aa7dbd9
Dec 03 15:50:02.410 INFO [stdout]                                at libstd/panicking.rs:221
Dec 03 15:50:02.410 INFO [stdout]    4:     0x563a334850ec - std::panicking::rust_panic_with_hook::h86e619a638415243
Dec 03 15:50:02.410 INFO [stdout]                                at libstd/panicking.rs:477
Dec 03 15:50:02.410 INFO [stdout]    5:     0x563a33484ca9 - std::panicking::continue_panic_fmt::h2d2d2bfb065a70b2
Dec 03 15:50:02.410 INFO [stdout]                                at libstd/panicking.rs:391
Dec 03 15:50:02.410 INFO [stdout]    6:     0x563a33484ba5 - rust_begin_unwind
Dec 03 15:50:02.410 INFO [stdout]                                at libstd/panicking.rs:326
Dec 03 15:50:02.410 INFO [stdout]    7:     0x563a334d5fab - core::panicking::panic_fmt::h2155aa66b67fe83c
Dec 03 15:50:02.410 INFO [stdout]                                at libcore/panicking.rs:77
Dec 03 15:50:02.410 INFO [stdout]    8:     0x563a32fecedd - core::result::unwrap_failed::hc54f867d62af6c27
Dec 03 15:50:02.410 INFO [stdout]                                at libcore/macros.rs:26
Dec 03 15:50:02.410 INFO [stdout]    9:     0x563a32feba7a - <core::result::Result<T, E>>::expect::hd2a92e24cb3bcff2
Dec 03 15:50:02.410 INFO [stdout]                                at libcore/result.rs:835
Dec 03 15:50:02.410 INFO [stdout]   10:     0x563a32fedc3d - cmudict::tests::using_tempdir::h5408618e8f7d1ac2
Dec 03 15:50:02.410 INFO [stdout]                                at src/lib.rs:318
Dec 03 15:50:02.410 INFO [stdout]   11:     0x563a32fedbd9 - cmudict::tests::using_tempdir::{{closure}}::h0ed349ee617879bf
Dec 03 15:50:02.410 INFO [stdout]                                at src/lib.rs:317
Dec 03 15:50:02.410 INFO [stdout]   12:     0x563a32fde39d - core::ops::function::FnOnce::call_once::h9eaa0df9e8d60bb3
Dec 03 15:50:02.410 INFO [stdout]                                at libcore/ops/function.rs:238
Dec 03 15:50:02.410 INFO [stdout]   13:     0x563a32ff05ee - <F as alloc::boxed::FnBox<A>>::call_box::hbea525814fa423cc
Dec 03 15:50:02.410 INFO [stdout]                                at libtest/lib.rs:1461
Dec 03 15:50:02.410 INFO [stdout]                                at libcore/ops/function.rs:238
Dec 03 15:50:02.410 INFO [stdout]                                at liballoc/boxed.rs:646
Dec 03 15:50:02.410 INFO [stdout]   14:     0x563a334a52e9 - __rust_maybe_catch_panic
Dec 03 15:50:02.410 INFO [stdout]                                at libpanic_unwind/lib.rs:103
Dec 03 15:50:02.410 INFO [stdout]   15:     0x563a32ffbf4d - std::sys_common::backtrace::__rust_begin_short_backtrace::h0ff507d7422944d3
Dec 03 15:50:02.410 INFO [stdout]                                at libstd/panicking.rs:289
Dec 03 15:50:02.410 INFO [stdout]                                at libstd/panic.rs:392
Dec 03 15:50:02.410 INFO [stdout]                                at libtest/lib.rs:1416
Dec 03 15:50:02.410 INFO [stdout]                                at libstd/sys_common/backtrace.rs:136
Dec 03 15:50:02.410 INFO [stdout]   16:     0x563a33014584 - std::panicking::try::do_call::hba0bdcc3670471cc
Dec 03 15:50:02.410 INFO [stdout]                                at libstd/thread/mod.rs:409
Dec 03 15:50:02.410 INFO [stdout]                                at libstd/panic.rs:313
Dec 03 15:50:02.410 INFO [stdout]                                at libstd/panicking.rs:310
Dec 03 15:50:02.410 INFO [stdout]   17:     0x563a334a52e9 - __rust_maybe_catch_panic
Dec 03 15:50:02.410 INFO [stdout]                                at libpanic_unwind/lib.rs:103
Dec 03 15:50:02.410 INFO [stdout]   18:     0x563a33004e56 - <F as alloc::boxed::FnBox<A>>::call_box::hdac52587b00591af
Dec 03 15:50:02.410 INFO [stdout]                                at libstd/panicking.rs:289
Dec 03 15:50:02.410 INFO [stdout]                                at libstd/panic.rs:392
Dec 03 15:50:02.410 INFO [stdout]                                at libstd/thread/mod.rs:408
Dec 03 15:50:02.410 INFO [stdout]                                at liballoc/boxed.rs:646
Dec 03 15:50:02.410 INFO [stdout]   19:     0x563a33496d2a - std::sys_common::thread::start_thread::h75d887c7d2cc4479
Dec 03 15:50:02.410 INFO [stdout]                                at liballoc/boxed.rs:656
Dec 03 15:50:02.410 INFO [stdout]                                at libstd/sys_common/thread.rs:24
Dec 03 15:50:02.410 INFO [stdout]   20:     0x563a33485915 - std::sys::unix::thread::Thread::new::thread_start::h8414caee632bf9ed
Dec 03 15:50:02.410 INFO [stdout]                                at libstd/sys/unix/thread.rs:90
Dec 03 15:50:02.410 INFO [stdout]   21:     0x7f4f4cf3d6b9 - start_thread
Dec 03 15:50:02.410 INFO [stdout]   22:     0x7f4f4ca5d41c - clone
Dec 03 15:50:02.411 INFO [stdout]   23:                0x0 - <unknown>
Dec 03 15:50:02.411 INFO [stdout] 
Dec 03 15:50:02.411 INFO [stdout] 
Dec 03 15:50:02.411 INFO [stdout] failures:
Dec 03 15:50:02.411 INFO [stdout]     tests::using_tempdir
Dec 03 15:50:02.411 INFO [stdout] 
Dec 03 15:50:02.411 INFO [stdout] test result: FAILED. 3 passed; 1 failed; 0 ignored; 0 measured; 0 filtered out
Dec 03 15:50:02.411 INFO [stdout] 
Dec 03 15:50:02.411 INFO [stderr] error: test failed, to rerun pass '--lib'
Dec 03 15:50:02.412 INFO [stderr] su: No module specific data is present
Dec 03 15:50:02.828 INFO running `"docker" "inspect" "6dfe52f74010077bccdd615d9500f1e00940613ab0777f0e5a7444217ff663c9"`
Dec 03 15:50:03.009 INFO running `"docker" "rm" "-f" "6dfe52f74010077bccdd615d9500f1e00940613ab0777f0e5a7444217ff663c9"`
Dec 03 15:50:03.197 INFO [stdout] 6dfe52f74010077bccdd615d9500f1e00940613ab0777f0e5a7444217ff663c9
