Dec 03 16:13:10.623 INFO testing chipo-2.1.0 against 1.30.1 for beta-1.31-5
Dec 03 16:13:10.623 INFO running `"docker" "create" "-v" "/mnt/big/crater/work/local/target-dirs/beta-1.31-5/worker-7/1.30.1:/target:rw,Z" "-v" "/mnt/big/crater/work/local/test-source/worker-7/beta-1.31-5/1.30.1:/source:ro,Z" "-v" "/mnt/big/crater/work/local/cargo-home:/cargo-home:ro,Z" "-v" "/mnt/big/crater/work/local/rustup-home:/rustup-home:ro,Z" "-e" "USER_ID=1000" "-e" "SOURCE_DIR=/source" "-e" "USER_ID=1000" "-e" "CMD=cargo +1.30.1 build --frozen" "-e" "CARGO_TARGET_DIR=/target" "-e" "CARGO_INCREMENTAL=0" "-e" "RUST_BACKTRACE=full" "-e" "RUSTFLAGS=--cap-lints=warn" "-e" "CARGO_HOME=/cargo-home" "-e" "RUSTUP_HOME=/rustup-home" "-m" "1536M" "--network" "none" "crater"`
Dec 03 16:13:10.975 INFO [stdout] acf2282e178abb316970d85b126abacdce9affe73381594504ab93729dc9aab3
Dec 03 16:13:10.977 INFO running `"docker" "start" "-a" "acf2282e178abb316970d85b126abacdce9affe73381594504ab93729dc9aab3"`
Dec 03 16:13:12.301 INFO [stderr] usermod: no changes
Dec 03 16:13:12.451 INFO [stderr]    Compiling chipo v2.1.0 (/source)
Dec 03 16:13:15.011 INFO [stderr]     Finished dev [unoptimized + debuginfo] target(s) in 2.67s
Dec 03 16:13:15.016 INFO [stderr] su: No module specific data is present
Dec 03 16:13:16.153 INFO running `"docker" "inspect" "acf2282e178abb316970d85b126abacdce9affe73381594504ab93729dc9aab3"`
Dec 03 16:13:16.433 INFO running `"docker" "rm" "-f" "acf2282e178abb316970d85b126abacdce9affe73381594504ab93729dc9aab3"`
Dec 03 16:13:16.805 INFO [stdout] acf2282e178abb316970d85b126abacdce9affe73381594504ab93729dc9aab3
Dec 03 16:13:16.811 INFO running `"docker" "create" "-v" "/mnt/big/crater/work/local/target-dirs/beta-1.31-5/worker-7/1.30.1:/target:rw,Z" "-v" "/mnt/big/crater/work/local/test-source/worker-7/beta-1.31-5/1.30.1:/source:ro,Z" "-v" "/mnt/big/crater/work/local/cargo-home:/cargo-home:ro,Z" "-v" "/mnt/big/crater/work/local/rustup-home:/rustup-home:ro,Z" "-e" "USER_ID=1000" "-e" "SOURCE_DIR=/source" "-e" "USER_ID=1000" "-e" "CMD=cargo +1.30.1 test --frozen --no-run" "-e" "CARGO_TARGET_DIR=/target" "-e" "CARGO_INCREMENTAL=0" "-e" "RUST_BACKTRACE=full" "-e" "RUSTFLAGS=--cap-lints=warn" "-e" "CARGO_HOME=/cargo-home" "-e" "RUSTUP_HOME=/rustup-home" "-m" "1536M" "--network" "none" "crater"`
Dec 03 16:13:17.275 INFO [stdout] a820ccaadde896cffabbe02e74d4874604956ece3aa153a88dd76a18fef44388
Dec 03 16:13:17.277 INFO running `"docker" "start" "-a" "a820ccaadde896cffabbe02e74d4874604956ece3aa153a88dd76a18fef44388"`
Dec 03 16:13:19.883 INFO [stderr] usermod: no changes
Dec 03 16:13:20.025 INFO [stderr]    Compiling chipo v2.1.0 (/source)
Dec 03 16:13:22.435 INFO [stderr]     Finished dev [unoptimized + debuginfo] target(s) in 2.53s
Dec 03 16:13:22.451 INFO [stderr] su: No module specific data is present
Dec 03 16:13:23.556 INFO running `"docker" "inspect" "a820ccaadde896cffabbe02e74d4874604956ece3aa153a88dd76a18fef44388"`
Dec 03 16:13:23.849 INFO running `"docker" "rm" "-f" "a820ccaadde896cffabbe02e74d4874604956ece3aa153a88dd76a18fef44388"`
Dec 03 16:13:24.105 INFO [stdout] a820ccaadde896cffabbe02e74d4874604956ece3aa153a88dd76a18fef44388
Dec 03 16:13:24.109 INFO running `"docker" "create" "-v" "/mnt/big/crater/work/local/target-dirs/beta-1.31-5/worker-7/1.30.1:/target:rw,Z" "-v" "/mnt/big/crater/work/local/test-source/worker-7/beta-1.31-5/1.30.1:/source:ro,Z" "-v" "/mnt/big/crater/work/local/cargo-home:/cargo-home:ro,Z" "-v" "/mnt/big/crater/work/local/rustup-home:/rustup-home:ro,Z" "-e" "USER_ID=1000" "-e" "SOURCE_DIR=/source" "-e" "USER_ID=1000" "-e" "CMD=cargo +1.30.1 test --frozen" "-e" "CARGO_TARGET_DIR=/target" "-e" "CARGO_INCREMENTAL=0" "-e" "RUST_BACKTRACE=full" "-e" "RUSTFLAGS=--cap-lints=warn" "-e" "CARGO_HOME=/cargo-home" "-e" "RUSTUP_HOME=/rustup-home" "-m" "1536M" "--network" "none" "crater"`
Dec 03 16:13:24.600 INFO [stdout] 0c28fb07a381e7fd944a3e1cff347b0df4b807562b083465d828d29e8d88ea77
Dec 03 16:13:24.602 INFO running `"docker" "start" "-a" "0c28fb07a381e7fd944a3e1cff347b0df4b807562b083465d828d29e8d88ea77"`
Dec 03 16:13:25.755 INFO [stderr] usermod: no changes
Dec 03 16:13:25.884 INFO [stderr]     Finished dev [unoptimized + debuginfo] target(s) in 0.09s
Dec 03 16:13:25.903 INFO [stderr]      Running /target/debug/deps/chipo-d4845c2b690f0cf0
Dec 03 16:13:25.911 INFO [stdout] 
Dec 03 16:13:25.911 INFO [stdout] running 1 test
Dec 03 16:13:25.999 INFO [stdout] test tests::test_rom ... FAILED
Dec 03 16:13:25.999 INFO [stdout] 
Dec 03 16:13:25.999 INFO [stdout] failures:
Dec 03 16:13:25.999 INFO [stdout] 
Dec 03 16:13:25.999 INFO [stdout] ---- tests::test_rom stdout ----
Dec 03 16:13:25.999 INFO [stdout] thread 'tests::test_rom' panicked at 'Expected TEST_ROM to exist.: Os { code: 2, kind: NotFound, message: "No such file or directory" }', libcore/result.rs:1009:5
Dec 03 16:13:25.999 INFO [stdout] stack backtrace:
Dec 03 16:13:25.999 INFO [stdout]    0:     0x55eada8be9ce - std::sys::unix::backtrace::tracing::imp::unwind_backtrace::h15749a98198ba25f
Dec 03 16:13:25.999 INFO [stdout]                                at libstd/sys/unix/backtrace/tracing/gcc_s.rs:49
Dec 03 16:13:25.999 INFO [stdout]    1:     0x55eada8b1996 - std::sys_common::backtrace::print::h0ba65c811294dbf0
Dec 03 16:13:25.999 INFO [stdout]                                at libstd/sys_common/backtrace.rs:71
Dec 03 16:13:25.999 INFO [stdout]                                at libstd/sys_common/backtrace.rs:59
Dec 03 16:13:25.999 INFO [stdout]    2:     0x55eada8afdbd - std::panicking::default_hook::{{closure}}::h42bb31757f0fee64
Dec 03 16:13:25.999 INFO [stdout]                                at libstd/panicking.rs:211
Dec 03 16:13:25.999 INFO [stdout]    3:     0x55eada8afacb - std::panicking::default_hook::hebc8848d7aa7dbd9
Dec 03 16:13:25.999 INFO [stdout]                                at libstd/panicking.rs:221
Dec 03 16:13:25.999 INFO [stdout]    4:     0x55eada8b046c - std::panicking::rust_panic_with_hook::h86e619a638415243
Dec 03 16:13:25.999 INFO [stdout]                                at libstd/panicking.rs:477
Dec 03 16:13:25.999 INFO [stdout]    5:     0x55eada8b0029 - std::panicking::continue_panic_fmt::h2d2d2bfb065a70b2
Dec 03 16:13:25.999 INFO [stdout]                                at libstd/panicking.rs:391
Dec 03 16:13:25.999 INFO [stdout]    6:     0x55eada8aff25 - rust_begin_unwind
Dec 03 16:13:25.999 INFO [stdout]                                at libstd/panicking.rs:326
Dec 03 16:13:25.999 INFO [stdout]    7:     0x55eada8fd96b - core::panicking::panic_fmt::h2155aa66b67fe83c
Dec 03 16:13:25.999 INFO [stdout]                                at libcore/panicking.rs:77
Dec 03 16:13:25.999 INFO [stdout]    8:     0x55eada845403 - core::result::unwrap_failed::h81d49a5aad9afa5d
Dec 03 16:13:25.999 INFO [stdout]                                at libcore/macros.rs:26
Dec 03 16:13:25.999 INFO [stdout]    9:     0x55eada844fdd - <core::result::Result<T, E>>::expect::hd4fe76c11cd65805
Dec 03 16:13:25.999 INFO [stdout]                                at libcore/result.rs:835
Dec 03 16:13:25.999 INFO [stdout]   10:     0x55eada83f30f - chipo::tests::test_rom::hca4169f6619c048a
Dec 03 16:13:25.999 INFO [stdout]                                at src/lib.rs:498
Dec 03 16:13:25.999 INFO [stdout]   11:     0x55eada83f299 - chipo::tests::test_rom::{{closure}}::h5ece62d1902cd6df
Dec 03 16:13:25.999 INFO [stdout]                                at src/lib.rs:497
Dec 03 16:13:25.999 INFO [stdout]   12:     0x55eada8418dd - core::ops::function::FnOnce::call_once::h9022419194c437ca
Dec 03 16:13:25.999 INFO [stdout]                                at libcore/ops/function.rs:238
Dec 03 16:13:25.999 INFO [stdout]   13:     0x55eada848e8e - <F as alloc::boxed::FnBox<A>>::call_box::hbea525814fa423cc
Dec 03 16:13:25.999 INFO [stdout]                                at libtest/lib.rs:1461
Dec 03 16:13:25.999 INFO [stdout]                                at libcore/ops/function.rs:238
Dec 03 16:13:25.999 INFO [stdout]                                at liballoc/boxed.rs:646
Dec 03 16:13:25.999 INFO [stdout]   14:     0x55eada8cd839 - __rust_maybe_catch_panic
Dec 03 16:13:25.999 INFO [stdout]                                at libpanic_unwind/lib.rs:103
Dec 03 16:13:26.000 INFO [stdout]   15:     0x55eada8547ed - std::sys_common::backtrace::__rust_begin_short_backtrace::h0ff507d7422944d3
Dec 03 16:13:26.000 INFO [stdout]                                at libstd/panicking.rs:289
Dec 03 16:13:26.000 INFO [stdout]                                at libstd/panic.rs:392
Dec 03 16:13:26.000 INFO [stdout]                                at libtest/lib.rs:1416
Dec 03 16:13:26.000 INFO [stdout]                                at libstd/sys_common/backtrace.rs:136
Dec 03 16:13:26.000 INFO [stdout]   16:     0x55eada86ce24 - std::panicking::try::do_call::hba0bdcc3670471cc
Dec 03 16:13:26.000 INFO [stdout]                                at libstd/thread/mod.rs:409
Dec 03 16:13:26.000 INFO [stdout]                                at libstd/panic.rs:313
Dec 03 16:13:26.000 INFO [stdout]                                at libstd/panicking.rs:310
Dec 03 16:13:26.000 INFO [stdout]   17:     0x55eada8cd839 - __rust_maybe_catch_panic
Dec 03 16:13:26.000 INFO [stdout]                                at libpanic_unwind/lib.rs:103
Dec 03 16:13:26.000 INFO [stdout]   18:     0x55eada85d6f6 - <F as alloc::boxed::FnBox<A>>::call_box::hdac52587b00591af
Dec 03 16:13:26.000 INFO [stdout]                                at libstd/panicking.rs:289
Dec 03 16:13:26.000 INFO [stdout]                                at libstd/panic.rs:392
Dec 03 16:13:26.000 INFO [stdout]                                at libstd/thread/mod.rs:408
Dec 03 16:13:26.000 INFO [stdout]                                at liballoc/boxed.rs:646
Dec 03 16:13:26.000 INFO [stdout]   19:     0x55eada8c02da - std::sys_common::thread::start_thread::h75d887c7d2cc4479
Dec 03 16:13:26.000 INFO [stdout]                                at liballoc/boxed.rs:656
Dec 03 16:13:26.000 INFO [stdout]                                at libstd/sys_common/thread.rs:24
Dec 03 16:13:26.000 INFO [stdout]   20:     0x55eada8b0bd5 - std::sys::unix::thread::Thread::new::thread_start::h8414caee632bf9ed
Dec 03 16:13:26.000 INFO [stdout]                                at libstd/sys/unix/thread.rs:90
Dec 03 16:13:26.000 INFO [stdout]   21:     0x7f1b040d06b9 - start_thread
Dec 03 16:13:26.000 INFO [stdout]   22:     0x7f1b03bf041c - clone
Dec 03 16:13:26.000 INFO [stdout]   23:                0x0 - <unknown>
Dec 03 16:13:26.000 INFO [stdout] 
Dec 03 16:13:26.000 INFO [stdout] 
Dec 03 16:13:26.000 INFO [stdout] failures:
Dec 03 16:13:26.000 INFO [stdout]     tests::test_rom
Dec 03 16:13:26.000 INFO [stdout] 
Dec 03 16:13:26.000 INFO [stdout] test result: FAILED. 0 passed; 1 failed; 0 ignored; 0 measured; 0 filtered out
Dec 03 16:13:26.000 INFO [stdout] 
Dec 03 16:13:26.000 INFO [stderr] error: test failed, to rerun pass '--lib'
Dec 03 16:13:26.000 INFO [stderr] su: No module specific data is present
Dec 03 16:13:26.964 INFO running `"docker" "inspect" "0c28fb07a381e7fd944a3e1cff347b0df4b807562b083465d828d29e8d88ea77"`
Dec 03 16:13:27.185 INFO running `"docker" "rm" "-f" "0c28fb07a381e7fd944a3e1cff347b0df4b807562b083465d828d29e8d88ea77"`
Dec 03 16:13:27.498 INFO [stdout] 0c28fb07a381e7fd944a3e1cff347b0df4b807562b083465d828d29e8d88ea77
