Dec 03 16:25:58.022 INFO testing checkpwn-0.2.5 against 1.30.1 for beta-1.31-5
Dec 03 16:25:58.022 INFO running `"docker" "create" "-v" "/mnt/big/crater/work/local/target-dirs/beta-1.31-5/worker-6/1.30.1:/target:rw,Z" "-v" "/mnt/big/crater/work/local/test-source/worker-6/beta-1.31-5/1.30.1:/source:ro,Z" "-v" "/mnt/big/crater/work/local/cargo-home:/cargo-home:ro,Z" "-v" "/mnt/big/crater/work/local/rustup-home:/rustup-home:ro,Z" "-e" "USER_ID=1000" "-e" "SOURCE_DIR=/source" "-e" "USER_ID=1000" "-e" "CMD=cargo +1.30.1 build --frozen" "-e" "CARGO_TARGET_DIR=/target" "-e" "CARGO_INCREMENTAL=0" "-e" "RUST_BACKTRACE=full" "-e" "RUSTFLAGS=--cap-lints=warn" "-e" "CARGO_HOME=/cargo-home" "-e" "RUSTUP_HOME=/rustup-home" "-m" "1536M" "--network" "none" "crater"`
Dec 03 16:25:58.366 INFO [stdout] 6f155de8bb95c165d7ca3d5208b7dfab60fad40938b1ca1887d631a000b225e6
Dec 03 16:25:58.373 INFO running `"docker" "start" "-a" "6f155de8bb95c165d7ca3d5208b7dfab60fad40938b1ca1887d631a000b225e6"`
Dec 03 16:25:59.826 INFO [stderr] usermod: no changes
Dec 03 16:26:00.317 INFO [stderr]    Compiling sha-1 v0.8.1
Dec 03 16:26:00.319 INFO [stderr]    Compiling serde_urlencoded v0.5.4
Dec 03 16:26:03.795 INFO [stderr]    Compiling reqwest v0.9.5
Dec 03 16:26:24.160 INFO [stderr]    Compiling checkpwn v0.2.5 (/source)
Dec 03 16:26:39.450 INFO [stderr]     Finished dev [unoptimized + debuginfo] target(s) in 39.59s
Dec 03 16:26:39.468 INFO [stderr] su: No module specific data is present
Dec 03 16:26:39.959 INFO running `"docker" "inspect" "6f155de8bb95c165d7ca3d5208b7dfab60fad40938b1ca1887d631a000b225e6"`
Dec 03 16:26:40.279 INFO running `"docker" "rm" "-f" "6f155de8bb95c165d7ca3d5208b7dfab60fad40938b1ca1887d631a000b225e6"`
Dec 03 16:26:40.559 INFO [stdout] 6f155de8bb95c165d7ca3d5208b7dfab60fad40938b1ca1887d631a000b225e6
Dec 03 16:26:40.563 INFO running `"docker" "create" "-v" "/mnt/big/crater/work/local/target-dirs/beta-1.31-5/worker-6/1.30.1:/target:rw,Z" "-v" "/mnt/big/crater/work/local/test-source/worker-6/beta-1.31-5/1.30.1:/source:ro,Z" "-v" "/mnt/big/crater/work/local/cargo-home:/cargo-home:ro,Z" "-v" "/mnt/big/crater/work/local/rustup-home:/rustup-home:ro,Z" "-e" "USER_ID=1000" "-e" "SOURCE_DIR=/source" "-e" "USER_ID=1000" "-e" "CMD=cargo +1.30.1 test --frozen --no-run" "-e" "CARGO_TARGET_DIR=/target" "-e" "CARGO_INCREMENTAL=0" "-e" "RUST_BACKTRACE=full" "-e" "RUSTFLAGS=--cap-lints=warn" "-e" "CARGO_HOME=/cargo-home" "-e" "RUSTUP_HOME=/rustup-home" "-m" "1536M" "--network" "none" "crater"`
Dec 03 16:26:41.086 INFO [stdout] b3ee1093e366ec9fb695900c5b151b2e9894ab84e386e9fbab285f9d550b4654
Dec 03 16:26:41.089 INFO running `"docker" "start" "-a" "b3ee1093e366ec9fb695900c5b151b2e9894ab84e386e9fbab285f9d550b4654"`
Dec 03 16:26:42.566 INFO [stderr] usermod: no changes
Dec 03 16:26:42.879 INFO [stderr]    Compiling checkpwn v0.2.5 (/source)
Dec 03 16:26:55.835 INFO [stderr]     Finished dev [unoptimized + debuginfo] target(s) in 13.24s
Dec 03 16:26:55.857 INFO [stderr] su: No module specific data is present
Dec 03 16:26:56.651 INFO running `"docker" "inspect" "b3ee1093e366ec9fb695900c5b151b2e9894ab84e386e9fbab285f9d550b4654"`
Dec 03 16:26:57.023 INFO running `"docker" "rm" "-f" "b3ee1093e366ec9fb695900c5b151b2e9894ab84e386e9fbab285f9d550b4654"`
Dec 03 16:26:57.319 INFO [stdout] b3ee1093e366ec9fb695900c5b151b2e9894ab84e386e9fbab285f9d550b4654
Dec 03 16:26:57.321 INFO running `"docker" "create" "-v" "/mnt/big/crater/work/local/target-dirs/beta-1.31-5/worker-6/1.30.1:/target:rw,Z" "-v" "/mnt/big/crater/work/local/test-source/worker-6/beta-1.31-5/1.30.1:/source:ro,Z" "-v" "/mnt/big/crater/work/local/cargo-home:/cargo-home:ro,Z" "-v" "/mnt/big/crater/work/local/rustup-home:/rustup-home:ro,Z" "-e" "USER_ID=1000" "-e" "SOURCE_DIR=/source" "-e" "USER_ID=1000" "-e" "CMD=cargo +1.30.1 test --frozen" "-e" "CARGO_TARGET_DIR=/target" "-e" "CARGO_INCREMENTAL=0" "-e" "RUST_BACKTRACE=full" "-e" "RUSTFLAGS=--cap-lints=warn" "-e" "CARGO_HOME=/cargo-home" "-e" "RUSTUP_HOME=/rustup-home" "-m" "1536M" "--network" "none" "crater"`
Dec 03 16:26:57.768 INFO [stdout] 37f9e117e125314994e35510542fb5c713299c6f19d442e8a140cc9c35f52656
Dec 03 16:26:57.772 INFO running `"docker" "start" "-a" "37f9e117e125314994e35510542fb5c713299c6f19d442e8a140cc9c35f52656"`
Dec 03 16:26:58.816 INFO [stderr] usermod: no changes
Dec 03 16:26:59.119 INFO [stderr]     Finished dev [unoptimized + debuginfo] target(s) in 0.23s
Dec 03 16:26:59.153 INFO [stderr]      Running /target/debug/deps/checkpwn-b04b66f6b7600f38
Dec 03 16:26:59.158 INFO [stdout] 
Dec 03 16:26:59.159 INFO [stdout] running 17 tests
Dec 03 16:26:59.171 INFO [stdout] test api::test_evaluate_breach_panic ... ok
Dec 03 16:26:59.171 INFO [stdout] test api::test_evaluate_breach_good ... ok
Dec 03 16:26:59.171 INFO [stdout] test api::test_evaluate_breach_panic_2 ... ok
Dec 03 16:26:59.171 INFO [stdout] test api::test_breach_invalid_status ... ok
Dec 03 16:26:59.171 INFO [stdout] test api::test_strip_white_new ... ok
Dec 03 16:26:59.176 INFO [stdout] test api::test_sha1 ... ok
Dec 03 16:26:59.176 INFO [stdout] test api::test_make_req_and_arg_to_route ... ok
Dec 03 16:26:59.176 INFO [stdout] test api::test_search_succes_and_failure ... ok
Dec 03 16:26:59.176 INFO [stdout] test api::test_good_argument ... ok
Dec 03 16:26:59.176 INFO [stdout] test api::test_evaluate_breach_panic_3 ... ok
Dec 03 16:26:59.176 INFO [stdout] test api::test_split_in_range ... ok
Dec 03 16:26:59.560 INFO [stdout] test test_cli_arg_fail ... ok
Dec 03 16:26:59.885 INFO [stdout] test test_cli_arg_fail_2 ... ok
Dec 03 16:27:00.055 INFO [stdout] test test_cli_arg_fail_3 ... ok
Dec 03 16:27:00.255 INFO [stdout] test test_cli_acc_breach ... FAILED
Dec 03 16:27:00.431 INFO [stdout] test test_cli_arg_ok ... FAILED
Dec 03 16:27:00.547 INFO [stdout] test test_cli_acc_no_breach ... FAILED
Dec 03 16:27:00.547 INFO [stdout] 
Dec 03 16:27:00.547 INFO [stdout] failures:
Dec 03 16:27:00.547 INFO [stdout] 
Dec 03 16:27:00.547 INFO [stdout] ---- test_cli_acc_breach stdout ----
Dec 03 16:27:00.547 INFO [stdout] 
Dec 03 16:27:00.547 INFO [stdout] The following error was encountered: "Recevied a bad response from HIBP - make sure the account is valid"
Dec 03 16:27:00.547 INFO [stdout] 
Dec 03 16:27:00.547 INFO [stdout] If you think this is a bug, please report it in the project repository.
Dec 03 16:27:00.547 INFO [stdout] 
Dec 03 16:27:00.547 INFO [stdout] ---- test_cli_arg_ok stdout ----
Dec 03 16:27:00.547 INFO [stdout] 
Dec 03 16:27:00.547 INFO [stdout] The following error was encountered: "Recevied a bad response from HIBP - make sure the account is valid"
Dec 03 16:27:00.547 INFO [stdout] 
Dec 03 16:27:00.547 INFO [stdout] If you think this is a bug, please report it in the project repository.
Dec 03 16:27:00.547 INFO [stdout] 
Dec 03 16:27:00.547 INFO [stdout] ---- test_cli_acc_no_breach stdout ----
Dec 03 16:27:00.547 INFO [stdout] 
Dec 03 16:27:00.547 INFO [stdout] The following error was encountered: "Recevied a bad response from HIBP - make sure the account is valid"
Dec 03 16:27:00.547 INFO [stdout] 
Dec 03 16:27:00.547 INFO [stdout] If you think this is a bug, please report it in the project repository.
Dec 03 16:27:00.547 INFO [stdout] 
Dec 03 16:27:00.547 INFO [stdout] 
Dec 03 16:27:00.547 INFO [stdout] failures:
Dec 03 16:27:00.547 INFO [stdout]     test_cli_acc_breach
Dec 03 16:27:00.547 INFO [stdout]     test_cli_acc_no_breach
Dec 03 16:27:00.547 INFO [stdout]     test_cli_arg_ok
Dec 03 16:27:00.547 INFO [stdout] 
Dec 03 16:27:00.547 INFO [stdout] test result: FAILED. 14 passed; 3 failed; 0 ignored; 0 measured; 0 filtered out
Dec 03 16:27:00.547 INFO [stdout] 
Dec 03 16:27:00.548 INFO [stderr] error: test failed, to rerun pass '--bin checkpwn'
Dec 03 16:27:00.555 INFO [stderr] su: No module specific data is present
Dec 03 16:27:01.185 INFO running `"docker" "inspect" "37f9e117e125314994e35510542fb5c713299c6f19d442e8a140cc9c35f52656"`
Dec 03 16:27:01.499 INFO running `"docker" "rm" "-f" "37f9e117e125314994e35510542fb5c713299c6f19d442e8a140cc9c35f52656"`
Dec 03 16:27:01.803 INFO [stdout] 37f9e117e125314994e35510542fb5c713299c6f19d442e8a140cc9c35f52656
