Dec 03 17:29:16.294 INFO testing c3_sdk-0.1.0 against 1.30.1 for beta-1.31-5
Dec 03 17:29:16.294 INFO running `"docker" "create" "-v" "/mnt/big/crater/work/local/target-dirs/beta-1.31-5/worker-5/1.30.1:/target:rw,Z" "-v" "/mnt/big/crater/work/local/test-source/worker-5/beta-1.31-5/1.30.1:/source:ro,Z" "-v" "/mnt/big/crater/work/local/cargo-home:/cargo-home:ro,Z" "-v" "/mnt/big/crater/work/local/rustup-home:/rustup-home:ro,Z" "-e" "USER_ID=1000" "-e" "SOURCE_DIR=/source" "-e" "USER_ID=1000" "-e" "CMD=cargo +1.30.1 build --frozen" "-e" "CARGO_TARGET_DIR=/target" "-e" "CARGO_INCREMENTAL=0" "-e" "RUST_BACKTRACE=full" "-e" "RUSTFLAGS=--cap-lints=warn" "-e" "CARGO_HOME=/cargo-home" "-e" "RUSTUP_HOME=/rustup-home" "-m" "1536M" "--network" "none" "crater"`
Dec 03 17:29:16.474 INFO [stdout] b275a9c01d087855d07ac01a8423b49460fccae3087007449afc6016832259fa
Dec 03 17:29:16.476 INFO running `"docker" "start" "-a" "b275a9c01d087855d07ac01a8423b49460fccae3087007449afc6016832259fa"`
Dec 03 17:29:16.907 INFO [stderr] usermod: no changes
Dec 03 17:29:17.058 INFO [stderr]    Compiling mac v0.0.2
Dec 03 17:29:17.650 INFO [stderr]    Compiling buffer v0.1.8
Dec 03 17:29:18.530 INFO [stderr]    Compiling c3_sdk v0.1.0 (/source)
Dec 03 17:29:22.007 INFO [stderr]     Finished dev [unoptimized + debuginfo] target(s) in 5.08s
Dec 03 17:29:22.014 INFO [stderr] su: No module specific data is present
Dec 03 17:29:22.285 INFO running `"docker" "inspect" "b275a9c01d087855d07ac01a8423b49460fccae3087007449afc6016832259fa"`
Dec 03 17:29:22.385 INFO running `"docker" "rm" "-f" "b275a9c01d087855d07ac01a8423b49460fccae3087007449afc6016832259fa"`
Dec 03 17:29:22.459 INFO [stdout] b275a9c01d087855d07ac01a8423b49460fccae3087007449afc6016832259fa
Dec 03 17:29:22.461 INFO running `"docker" "create" "-v" "/mnt/big/crater/work/local/target-dirs/beta-1.31-5/worker-5/1.30.1:/target:rw,Z" "-v" "/mnt/big/crater/work/local/test-source/worker-5/beta-1.31-5/1.30.1:/source:ro,Z" "-v" "/mnt/big/crater/work/local/cargo-home:/cargo-home:ro,Z" "-v" "/mnt/big/crater/work/local/rustup-home:/rustup-home:ro,Z" "-e" "USER_ID=1000" "-e" "SOURCE_DIR=/source" "-e" "USER_ID=1000" "-e" "CMD=cargo +1.30.1 test --frozen --no-run" "-e" "CARGO_TARGET_DIR=/target" "-e" "CARGO_INCREMENTAL=0" "-e" "RUST_BACKTRACE=full" "-e" "RUSTFLAGS=--cap-lints=warn" "-e" "CARGO_HOME=/cargo-home" "-e" "RUSTUP_HOME=/rustup-home" "-m" "1536M" "--network" "none" "crater"`
Dec 03 17:29:22.710 INFO [stdout] d6cc9ef88494029f33ce4600960015cb02079080f36c0237c2c929e8730f8b24
Dec 03 17:29:22.712 INFO running `"docker" "start" "-a" "d6cc9ef88494029f33ce4600960015cb02079080f36c0237c2c929e8730f8b24"`
Dec 03 17:29:23.188 INFO [stderr] usermod: no changes
Dec 03 17:29:23.295 INFO [stderr]    Compiling c3_sdk v0.1.0 (/source)
Dec 03 17:29:33.857 INFO [stderr]     Finished dev [unoptimized + debuginfo] target(s) in 10.65s
Dec 03 17:29:33.867 INFO [stderr] su: No module specific data is present
Dec 03 17:29:34.180 INFO running `"docker" "inspect" "d6cc9ef88494029f33ce4600960015cb02079080f36c0237c2c929e8730f8b24"`
Dec 03 17:29:34.260 INFO running `"docker" "rm" "-f" "d6cc9ef88494029f33ce4600960015cb02079080f36c0237c2c929e8730f8b24"`
Dec 03 17:29:34.451 INFO [stdout] d6cc9ef88494029f33ce4600960015cb02079080f36c0237c2c929e8730f8b24
Dec 03 17:29:34.456 INFO running `"docker" "create" "-v" "/mnt/big/crater/work/local/target-dirs/beta-1.31-5/worker-5/1.30.1:/target:rw,Z" "-v" "/mnt/big/crater/work/local/test-source/worker-5/beta-1.31-5/1.30.1:/source:ro,Z" "-v" "/mnt/big/crater/work/local/cargo-home:/cargo-home:ro,Z" "-v" "/mnt/big/crater/work/local/rustup-home:/rustup-home:ro,Z" "-e" "USER_ID=1000" "-e" "SOURCE_DIR=/source" "-e" "USER_ID=1000" "-e" "CMD=cargo +1.30.1 test --frozen" "-e" "CARGO_TARGET_DIR=/target" "-e" "CARGO_INCREMENTAL=0" "-e" "RUST_BACKTRACE=full" "-e" "RUSTFLAGS=--cap-lints=warn" "-e" "CARGO_HOME=/cargo-home" "-e" "RUSTUP_HOME=/rustup-home" "-m" "1536M" "--network" "none" "crater"`
Dec 03 17:29:34.601 INFO [stdout] 4b62676924fbc0cb44ef65d99eb21e9dc8f1a464eec1ecb4a706720d536c5430
Dec 03 17:29:34.604 INFO running `"docker" "start" "-a" "4b62676924fbc0cb44ef65d99eb21e9dc8f1a464eec1ecb4a706720d536c5430"`
Dec 03 17:29:35.091 INFO [stderr] usermod: no changes
Dec 03 17:29:35.193 INFO [stderr]     Finished dev [unoptimized + debuginfo] target(s) in 0.08s
Dec 03 17:29:35.220 INFO [stderr]      Running /target/debug/deps/c3_sdk-636736f59bfaac25
Dec 03 17:29:35.224 INFO [stdout] 
Dec 03 17:29:35.224 INFO [stdout] running 0 tests
Dec 03 17:29:35.224 INFO [stdout] 
Dec 03 17:29:35.224 INFO [stdout] test result: ok. 0 passed; 0 failed; 0 ignored; 0 measured; 0 filtered out
Dec 03 17:29:35.224 INFO [stdout] 
Dec 03 17:29:35.231 INFO [stderr]      Running /target/debug/deps/client-49b7b7cf939956f8
Dec 03 17:29:35.233 INFO [stdout] 
Dec 03 17:29:35.233 INFO [stdout] running 1 test
Dec 03 17:29:35.286 INFO [stdout] test tests::it_works ... FAILED
Dec 03 17:29:35.286 INFO [stdout] 
Dec 03 17:29:35.286 INFO [stdout] failures:
Dec 03 17:29:35.286 INFO [stdout] 
Dec 03 17:29:35.286 INFO [stdout] ---- tests::it_works stdout ----
Dec 03 17:29:35.286 INFO [stdout] initial state
Dec 03 17:29:35.286 INFO [stdout] thread 'tests::it_works' panicked at 'Unable to open file: Os { code: 2, kind: NotFound, message: "No such file or directory" }', libcore/result.rs:1009:5
Dec 03 17:29:35.286 INFO [stdout] stack backtrace:
Dec 03 17:29:35.286 INFO [stdout]    0:     0x55b49f8d102e - std::sys::unix::backtrace::tracing::imp::unwind_backtrace::h15749a98198ba25f
Dec 03 17:29:35.286 INFO [stdout]                                at libstd/sys/unix/backtrace/tracing/gcc_s.rs:49
Dec 03 17:29:35.286 INFO [stdout]    1:     0x55b49f8c43b6 - std::sys_common::backtrace::print::h0ba65c811294dbf0
Dec 03 17:29:35.286 INFO [stdout]                                at libstd/sys_common/backtrace.rs:71
Dec 03 17:29:35.286 INFO [stdout]                                at libstd/sys_common/backtrace.rs:59
Dec 03 17:29:35.286 INFO [stdout]    2:     0x55b49f8c27dd - std::panicking::default_hook::{{closure}}::h42bb31757f0fee64
Dec 03 17:29:35.286 INFO [stdout]                                at libstd/panicking.rs:211
Dec 03 17:29:35.286 INFO [stdout]    3:     0x55b49f8c24eb - std::panicking::default_hook::hebc8848d7aa7dbd9
Dec 03 17:29:35.286 INFO [stdout]                                at libstd/panicking.rs:221
Dec 03 17:29:35.286 INFO [stdout]    4:     0x55b49f8c2e8c - std::panicking::rust_panic_with_hook::h86e619a638415243
Dec 03 17:29:35.286 INFO [stdout]                                at libstd/panicking.rs:477
Dec 03 17:29:35.286 INFO [stdout]    5:     0x55b49f8c2a49 - std::panicking::continue_panic_fmt::h2d2d2bfb065a70b2
Dec 03 17:29:35.286 INFO [stdout]                                at libstd/panicking.rs:391
Dec 03 17:29:35.286 INFO [stdout]    6:     0x55b49f8c2945 - rust_begin_unwind
Dec 03 17:29:35.286 INFO [stdout]                                at libstd/panicking.rs:326
Dec 03 17:29:35.286 INFO [stdout]    7:     0x55b49f912bdb - core::panicking::panic_fmt::h2155aa66b67fe83c
Dec 03 17:29:35.286 INFO [stdout]                                at libcore/panicking.rs:77
Dec 03 17:29:35.286 INFO [stdout]    8:     0x55b49f89e703 - core::result::unwrap_failed::ha55e96057ae59d98
Dec 03 17:29:35.286 INFO [stdout]                                at libcore/macros.rs:26
Dec 03 17:29:35.286 INFO [stdout]    9:     0x55b49f89d9c6 - <core::result::Result<T, E>>::expect::h3cced29063f09cc0
Dec 03 17:29:35.286 INFO [stdout]                                at libcore/result.rs:835
Dec 03 17:29:35.286 INFO [stdout]   10:     0x55b49f8a4608 - c3_sdk::client::Client::set_initial_state::h28af4e3ef847a5c7
Dec 03 17:29:35.286 INFO [stdout]                                at src/client.rs:77
Dec 03 17:29:35.287 INFO [stdout]   11:     0x55b49f8a44be - c3_sdk::client::Client::new::hed5c61e55fd747b9
Dec 03 17:29:35.287 INFO [stdout]                                at src/client.rs:71
Dec 03 17:29:35.287 INFO [stdout]   12:     0x55b49f84c9c0 - client::tests::it_works::h40012abc8b15b812
Dec 03 17:29:35.287 INFO [stdout]                                at tests/client.rs:11
Dec 03 17:29:35.287 INFO [stdout]   13:     0x55b49f84c999 - client::tests::it_works::{{closure}}::h67f8a74e4785e4b9
Dec 03 17:29:35.287 INFO [stdout]                                at tests/client.rs:10
Dec 03 17:29:35.287 INFO [stdout]   14:     0x55b49f84c6cd - core::ops::function::FnOnce::call_once::h7643918cf5b64a8a
Dec 03 17:29:35.287 INFO [stdout]                                at libcore/ops/function.rs:238
Dec 03 17:29:35.287 INFO [stdout]   15:     0x55b49f84eb6e - <F as alloc::boxed::FnBox<A>>::call_box::hbea525814fa423cc
Dec 03 17:29:35.287 INFO [stdout]                                at libtest/lib.rs:1461
Dec 03 17:29:35.287 INFO [stdout]                                at libcore/ops/function.rs:238
Dec 03 17:29:35.287 INFO [stdout]                                at liballoc/boxed.rs:646
Dec 03 17:29:35.287 INFO [stdout]   16:     0x55b49f8dfe99 - __rust_maybe_catch_panic
Dec 03 17:29:35.287 INFO [stdout]                                at libpanic_unwind/lib.rs:103
Dec 03 17:29:35.287 INFO [stdout]   17:     0x55b49f85a4cd - std::sys_common::backtrace::__rust_begin_short_backtrace::h0ff507d7422944d3
Dec 03 17:29:35.287 INFO [stdout]                                at libstd/panicking.rs:289
Dec 03 17:29:35.287 INFO [stdout]                                at libstd/panic.rs:392
Dec 03 17:29:35.287 INFO [stdout]                                at libtest/lib.rs:1416
Dec 03 17:29:35.287 INFO [stdout]                                at libstd/sys_common/backtrace.rs:136
Dec 03 17:29:35.287 INFO [stdout]   18:     0x55b49f872b04 - std::panicking::try::do_call::hba0bdcc3670471cc
Dec 03 17:29:35.287 INFO [stdout]                                at libstd/thread/mod.rs:409
Dec 03 17:29:35.287 INFO [stdout]                                at libstd/panic.rs:313
Dec 03 17:29:35.287 INFO [stdout]                                at libstd/panicking.rs:310
Dec 03 17:29:35.287 INFO [stdout]   19:     0x55b49f8dfe99 - __rust_maybe_catch_panic
Dec 03 17:29:35.287 INFO [stdout]                                at libpanic_unwind/lib.rs:103
Dec 03 17:29:35.287 INFO [stdout]   20:     0x55b49f8633d6 - <F as alloc::boxed::FnBox<A>>::call_box::hdac52587b00591af
Dec 03 17:29:35.287 INFO [stdout]                                at libstd/panicking.rs:289
Dec 03 17:29:35.287 INFO [stdout]                                at libstd/panic.rs:392
Dec 03 17:29:35.287 INFO [stdout]                                at libstd/thread/mod.rs:408
Dec 03 17:29:35.287 INFO [stdout]                                at liballoc/boxed.rs:646
Dec 03 17:29:35.287 INFO [stdout]   21:     0x55b49f8d293a - std::sys_common::thread::start_thread::h75d887c7d2cc4479
Dec 03 17:29:35.287 INFO [stdout]                                at liballoc/boxed.rs:656
Dec 03 17:29:35.287 INFO [stdout]                                at libstd/sys_common/thread.rs:24
Dec 03 17:29:35.287 INFO [stdout]   22:     0x55b49f8c35f5 - std::sys::unix::thread::Thread::new::thread_start::h8414caee632bf9ed
Dec 03 17:29:35.287 INFO [stdout]                                at libstd/sys/unix/thread.rs:90
Dec 03 17:29:35.287 INFO [stdout]   23:     0x7f7fcf1406b9 - start_thread
Dec 03 17:29:35.287 INFO [stdout]   24:     0x7f7fcec6041c - clone
Dec 03 17:29:35.287 INFO [stdout]   25:                0x0 - <unknown>
Dec 03 17:29:35.287 INFO [stdout] 
Dec 03 17:29:35.287 INFO [stdout] 
Dec 03 17:29:35.287 INFO [stdout] failures:
Dec 03 17:29:35.287 INFO [stdout]     tests::it_works
Dec 03 17:29:35.287 INFO [stdout] 
Dec 03 17:29:35.287 INFO [stdout] test result: FAILED. 0 passed; 1 failed; 0 ignored; 0 measured; 0 filtered out
Dec 03 17:29:35.287 INFO [stdout] 
Dec 03 17:29:35.288 INFO [stderr] error: test failed, to rerun pass '--test client'
Dec 03 17:29:35.289 INFO [stderr] su: No module specific data is present
Dec 03 17:29:35.724 INFO running `"docker" "inspect" "4b62676924fbc0cb44ef65d99eb21e9dc8f1a464eec1ecb4a706720d536c5430"`
Dec 03 17:29:35.871 INFO running `"docker" "rm" "-f" "4b62676924fbc0cb44ef65d99eb21e9dc8f1a464eec1ecb4a706720d536c5430"`
Dec 03 17:29:36.016 INFO [stdout] 4b62676924fbc0cb44ef65d99eb21e9dc8f1a464eec1ecb4a706720d536c5430
