Dec 03 18:03:49.120 INFO testing bitsets-0.1.1 against 1.30.1 for beta-1.31-5
Dec 03 18:03:49.120 INFO running `"docker" "create" "-v" "/mnt/big/crater/work/local/target-dirs/beta-1.31-5/worker-3/1.30.1:/target:rw,Z" "-v" "/mnt/big/crater/work/local/test-source/worker-3/beta-1.31-5/1.30.1:/source:ro,Z" "-v" "/mnt/big/crater/work/local/cargo-home:/cargo-home:ro,Z" "-v" "/mnt/big/crater/work/local/rustup-home:/rustup-home:ro,Z" "-e" "USER_ID=1000" "-e" "SOURCE_DIR=/source" "-e" "USER_ID=1000" "-e" "CMD=cargo +1.30.1 build --frozen" "-e" "CARGO_TARGET_DIR=/target" "-e" "CARGO_INCREMENTAL=0" "-e" "RUST_BACKTRACE=full" "-e" "RUSTFLAGS=--cap-lints=warn" "-e" "CARGO_HOME=/cargo-home" "-e" "RUSTUP_HOME=/rustup-home" "-m" "1536M" "--network" "none" "crater"`
Dec 03 18:03:49.692 INFO [stdout] 4d227f7a2d917bfa04780804c4c8b15a11c66fadc0ad483229809849ee51ede4
Dec 03 18:03:49.694 INFO running `"docker" "start" "-a" "4d227f7a2d917bfa04780804c4c8b15a11c66fadc0ad483229809849ee51ede4"`
Dec 03 18:03:51.331 INFO [stderr] usermod: no changes
Dec 03 18:03:51.391 INFO [stderr]    Compiling bitsets v0.1.1 (/source)
Dec 03 18:03:52.447 INFO [stderr] warning: unused import: `super::*`
Dec 03 18:03:52.447 INFO [stderr]    --> src/lib.rs:306:9
Dec 03 18:03:52.447 INFO [stderr]     |
Dec 03 18:03:52.447 INFO [stderr] 306 |     use super::*;
Dec 03 18:03:52.447 INFO [stderr]     |         ^^^^^^^^
Dec 03 18:03:52.447 INFO [stderr]     |
Dec 03 18:03:52.447 INFO [stderr]     = note: #[warn(unused_imports)] on by default
Dec 03 18:03:52.447 INFO [stderr] 
Dec 03 18:03:52.935 INFO [stderr]     Finished dev [unoptimized + debuginfo] target(s) in 1.58s
Dec 03 18:03:52.935 INFO [stderr] su: No module specific data is present
Dec 03 18:03:53.988 INFO running `"docker" "inspect" "4d227f7a2d917bfa04780804c4c8b15a11c66fadc0ad483229809849ee51ede4"`
Dec 03 18:03:54.269 INFO running `"docker" "rm" "-f" "4d227f7a2d917bfa04780804c4c8b15a11c66fadc0ad483229809849ee51ede4"`
Dec 03 18:03:54.655 INFO [stdout] 4d227f7a2d917bfa04780804c4c8b15a11c66fadc0ad483229809849ee51ede4
Dec 03 18:03:54.661 INFO running `"docker" "create" "-v" "/mnt/big/crater/work/local/target-dirs/beta-1.31-5/worker-3/1.30.1:/target:rw,Z" "-v" "/mnt/big/crater/work/local/test-source/worker-3/beta-1.31-5/1.30.1:/source:ro,Z" "-v" "/mnt/big/crater/work/local/cargo-home:/cargo-home:ro,Z" "-v" "/mnt/big/crater/work/local/rustup-home:/rustup-home:ro,Z" "-e" "USER_ID=1000" "-e" "SOURCE_DIR=/source" "-e" "USER_ID=1000" "-e" "CMD=cargo +1.30.1 test --frozen --no-run" "-e" "CARGO_TARGET_DIR=/target" "-e" "CARGO_INCREMENTAL=0" "-e" "RUST_BACKTRACE=full" "-e" "RUSTFLAGS=--cap-lints=warn" "-e" "CARGO_HOME=/cargo-home" "-e" "RUSTUP_HOME=/rustup-home" "-m" "1536M" "--network" "none" "crater"`
Dec 03 18:03:55.104 INFO [stdout] 79e32ee40bbc866ff74a9b81294afcbebb364d185961af4453027f3a02d9eaa2
Dec 03 18:03:55.109 INFO running `"docker" "start" "-a" "79e32ee40bbc866ff74a9b81294afcbebb364d185961af4453027f3a02d9eaa2"`
Dec 03 18:03:56.267 INFO [stderr] usermod: no changes
Dec 03 18:03:56.327 INFO [stderr]    Compiling bitsets v0.1.1 (/source)
Dec 03 18:03:57.495 INFO [stderr] warning: variable `A` should have a snake case name such as `a`
Dec 03 18:03:57.495 INFO [stderr]    --> src/lib.rs:362:13
Dec 03 18:03:57.495 INFO [stderr]     |
Dec 03 18:03:57.495 INFO [stderr] 362 |         let A = DenseBitSet::from_bits(0b111000111);
Dec 03 18:03:57.495 INFO [stderr]     |             ^
Dec 03 18:03:57.495 INFO [stderr]     |
Dec 03 18:03:57.495 INFO [stderr]     = note: #[warn(non_snake_case)] on by default
Dec 03 18:03:57.495 INFO [stderr] 
Dec 03 18:03:57.495 INFO [stderr] warning: variable `B` should have a snake case name such as `b`
Dec 03 18:03:57.495 INFO [stderr]    --> src/lib.rs:363:13
Dec 03 18:03:57.495 INFO [stderr]     |
Dec 03 18:03:57.495 INFO [stderr] 363 |         let B = DenseBitSet::from_bits(0b111000111);
Dec 03 18:03:57.495 INFO [stderr]     |             ^
Dec 03 18:03:57.495 INFO [stderr] 
Dec 03 18:03:57.495 INFO [stderr] warning: variable `C` should have a snake case name such as `c`
Dec 03 18:03:57.495 INFO [stderr]    --> src/lib.rs:364:13
Dec 03 18:03:57.495 INFO [stderr]     |
Dec 03 18:03:57.495 INFO [stderr] 364 |         let C = DenseBitSet::from_bits(0b110111111);
Dec 03 18:03:57.495 INFO [stderr]     |             ^
Dec 03 18:03:57.495 INFO [stderr] 
Dec 03 18:03:57.495 INFO [stderr] warning: variable `A` should have a snake case name such as `a`
Dec 03 18:03:57.495 INFO [stderr]    --> src/lib.rs:376:13
Dec 03 18:03:57.495 INFO [stderr]     |
Dec 03 18:03:57.495 INFO [stderr] 376 |         let A = DenseBitSet::from_bits(0b1000110001);
Dec 03 18:03:57.495 INFO [stderr]     |             ^
Dec 03 18:03:57.495 INFO [stderr] 
Dec 03 18:03:57.495 INFO [stderr] warning: variable `B` should have a snake case name such as `b`
Dec 03 18:03:57.495 INFO [stderr]    --> src/lib.rs:377:13
Dec 03 18:03:57.495 INFO [stderr]     |
Dec 03 18:03:57.495 INFO [stderr] 377 |         let B = DenseBitSet::from_bits(0b0010000100);
Dec 03 18:03:57.495 INFO [stderr]     |             ^
Dec 03 18:03:57.495 INFO [stderr] 
Dec 03 18:03:57.495 INFO [stderr] warning: variable `C` should have a snake case name such as `c`
Dec 03 18:03:57.495 INFO [stderr]    --> src/lib.rs:378:13
Dec 03 18:03:57.495 INFO [stderr]     |
Dec 03 18:03:57.495 INFO [stderr] 378 |         let C = A.or(&B);
Dec 03 18:03:57.495 INFO [stderr]     |             ^
Dec 03 18:03:57.495 INFO [stderr] 
Dec 03 18:03:57.495 INFO [stderr] warning: variable `A` should have a snake case name such as `a`
Dec 03 18:03:57.495 INFO [stderr]    --> src/lib.rs:388:13
Dec 03 18:03:57.495 INFO [stderr]     |
Dec 03 18:03:57.495 INFO [stderr] 388 |         let A = DenseBitSet::from_bits(0b1000110001);
Dec 03 18:03:57.495 INFO [stderr]     |             ^
Dec 03 18:03:57.495 INFO [stderr] 
Dec 03 18:03:57.495 INFO [stderr] warning: variable `B` should have a snake case name such as `b`
Dec 03 18:03:57.495 INFO [stderr]    --> src/lib.rs:389:13
Dec 03 18:03:57.496 INFO [stderr]     |
Dec 03 18:03:57.496 INFO [stderr] 389 |         let B = DenseBitSet::from_bits(0b1010100100);
Dec 03 18:03:57.496 INFO [stderr]     |             ^
Dec 03 18:03:57.496 INFO [stderr] 
Dec 03 18:03:57.496 INFO [stderr] warning: variable `C` should have a snake case name such as `c`
Dec 03 18:03:57.496 INFO [stderr]    --> src/lib.rs:390:13
Dec 03 18:03:57.496 INFO [stderr]     |
Dec 03 18:03:57.496 INFO [stderr] 390 |         let C = A.and(&B);
Dec 03 18:03:57.496 INFO [stderr]     |             ^
Dec 03 18:03:57.496 INFO [stderr] 
Dec 03 18:03:57.496 INFO [stderr] warning: variable `A` should have a snake case name such as `a`
Dec 03 18:03:57.496 INFO [stderr]    --> src/lib.rs:400:13
Dec 03 18:03:57.496 INFO [stderr]     |
Dec 03 18:03:57.496 INFO [stderr] 400 |         let A = DenseBitSet::from_bits(0b11100010101);
Dec 03 18:03:57.496 INFO [stderr]     |             ^
Dec 03 18:03:57.496 INFO [stderr] 
Dec 03 18:03:57.496 INFO [stderr] warning: variable `B` should have a snake case name such as `b`
Dec 03 18:03:57.496 INFO [stderr]    --> src/lib.rs:401:13
Dec 03 18:03:57.496 INFO [stderr]     |
Dec 03 18:03:57.496 INFO [stderr] 401 |         let B = DenseBitSet::from_bits(0b11110100100);
Dec 03 18:03:57.496 INFO [stderr]     |             ^
Dec 03 18:03:57.496 INFO [stderr] 
Dec 03 18:03:57.496 INFO [stderr] warning: variable `C` should have a snake case name such as `c`
Dec 03 18:03:57.496 INFO [stderr]    --> src/lib.rs:402:13
Dec 03 18:03:57.496 INFO [stderr]     |
Dec 03 18:03:57.496 INFO [stderr] 402 |         let C = A.xor(&B);
Dec 03 18:03:57.496 INFO [stderr]     |             ^
Dec 03 18:03:57.496 INFO [stderr] 
Dec 03 18:03:58.175 INFO [stderr]     Finished dev [unoptimized + debuginfo] target(s) in 1.87s
Dec 03 18:03:58.175 INFO [stderr] su: No module specific data is present
Dec 03 18:03:58.756 INFO running `"docker" "inspect" "79e32ee40bbc866ff74a9b81294afcbebb364d185961af4453027f3a02d9eaa2"`
Dec 03 18:03:58.954 INFO running `"docker" "rm" "-f" "79e32ee40bbc866ff74a9b81294afcbebb364d185961af4453027f3a02d9eaa2"`
Dec 03 18:03:59.296 INFO [stdout] 79e32ee40bbc866ff74a9b81294afcbebb364d185961af4453027f3a02d9eaa2
Dec 03 18:03:59.307 INFO running `"docker" "create" "-v" "/mnt/big/crater/work/local/target-dirs/beta-1.31-5/worker-3/1.30.1:/target:rw,Z" "-v" "/mnt/big/crater/work/local/test-source/worker-3/beta-1.31-5/1.30.1:/source:ro,Z" "-v" "/mnt/big/crater/work/local/cargo-home:/cargo-home:ro,Z" "-v" "/mnt/big/crater/work/local/rustup-home:/rustup-home:ro,Z" "-e" "USER_ID=1000" "-e" "SOURCE_DIR=/source" "-e" "USER_ID=1000" "-e" "CMD=cargo +1.30.1 test --frozen" "-e" "CARGO_TARGET_DIR=/target" "-e" "CARGO_INCREMENTAL=0" "-e" "RUST_BACKTRACE=full" "-e" "RUSTFLAGS=--cap-lints=warn" "-e" "CARGO_HOME=/cargo-home" "-e" "RUSTUP_HOME=/rustup-home" "-m" "1536M" "--network" "none" "crater"`
Dec 03 18:03:59.813 INFO [stdout] f3a84a9d6ae521878f7a0162653adf5a1751d9bb0759d765ddf1f0dfcd4cf50c
Dec 03 18:03:59.816 INFO running `"docker" "start" "-a" "f3a84a9d6ae521878f7a0162653adf5a1751d9bb0759d765ddf1f0dfcd4cf50c"`
Dec 03 18:04:01.398 INFO [stderr] usermod: no changes
Dec 03 18:04:01.447 INFO [stderr]     Finished dev [unoptimized + debuginfo] target(s) in 0.01s
Dec 03 18:04:01.451 INFO [stderr]      Running /target/debug/deps/bitsets-0f6a8ff3e8867803
Dec 03 18:04:01.459 INFO [stdout] 
Dec 03 18:04:01.459 INFO [stdout] running 10 tests
Dec 03 18:04:01.459 INFO [stdout] test tests::can_compare ... ok
Dec 03 18:04:01.459 INFO [stdout] test tests::can_union_bits ... ok
Dec 03 18:04:01.459 INFO [stdout] test tests::can_intersect_bits ... ok
Dec 03 18:04:01.459 INFO [stdout] test tests::can_xor_bits ... ok
Dec 03 18:04:01.459 INFO [stdout] test tests::can_initialize_from_literal ... ok
Dec 03 18:04:01.459 INFO [stdout] test tests::can_report_num_words ... ok
Dec 03 18:04:01.459 INFO [stdout] test tests::can_not_bits ... ok
Dec 03 18:04:01.467 INFO [stdout] test tests::can_create ... ok
Dec 03 18:04:01.467 INFO [stdout] test tests::can_clear_bits ... ok
Dec 03 18:04:01.467 INFO [stdout] test tests::can_set_and_test_bits ... ok
Dec 03 18:04:01.467 INFO [stdout] 
Dec 03 18:04:01.467 INFO [stdout] test result: ok. 10 passed; 0 failed; 0 ignored; 0 measured; 0 filtered out
Dec 03 18:04:01.467 INFO [stdout] 
Dec 03 18:04:01.467 INFO [stderr]    Doc-tests bitsets
Dec 03 18:04:03.035 INFO [stdout] 
Dec 03 18:04:03.035 INFO [stdout] running 7 tests
Dec 03 18:04:09.779 INFO [stdout] test src/lib.rs - DenseBitSet::test (line 159) ... ok
Dec 03 18:04:12.287 INFO [stdout] test src/lib.rs -  (line 27) ... FAILED
Dec 03 18:04:12.875 INFO [stdout] test src/lib.rs - DenseBitSet::from_bits (line 134) ... ok
Dec 03 18:04:12.931 INFO [stdout] test src/lib.rs - DenseBitSet::set (line 174) ... ok
Dec 03 18:04:13.001 INFO [stdout] test src/lib.rs - DenseBitSet::with_capacity_and_state (line 105) ... ok
Dec 03 18:04:13.181 INFO [stdout] test src/lib.rs - DenseBitSet::flip (line 201) ... ok
Dec 03 18:04:13.299 INFO [stdout] test src/lib.rs - DenseBitSet::with_capacity (line 82) ... ok
Dec 03 18:04:13.299 INFO [stdout] 
Dec 03 18:04:13.299 INFO [stdout] failures:
Dec 03 18:04:13.299 INFO [stdout] 
Dec 03 18:04:13.299 INFO [stdout] ---- src/lib.rs -  (line 27) stdout ----
Dec 03 18:04:13.299 INFO [stdout] error: expected one of `::`, `;`, or `as`, found `let`
Dec 03 18:04:13.299 INFO [stdout]  --> src/lib.rs:30:1
Dec 03 18:04:13.299 INFO [stdout]   |
Dec 03 18:04:13.299 INFO [stdout] 4 | use bitsets::DenseBitSet
Dec 03 18:04:13.299 INFO [stdout]   |                         - expected one of `::`, `;`, or `as` here
Dec 03 18:04:13.299 INFO [stdout] 5 |  
Dec 03 18:04:13.299 INFO [stdout] 6 | let mut bs = DenseBitSet::with_capacity(1024);
Dec 03 18:04:13.299 INFO [stdout]   | ^^^ unexpected token
Dec 03 18:04:13.299 INFO [stdout] 
Dec 03 18:04:13.299 INFO [stdout] thread 'src/lib.rs -  (line 27)' panicked at 'couldn't compile the test', librustdoc/test.rs:332:13
Dec 03 18:04:13.299 INFO [stdout] stack backtrace:
Dec 03 18:04:13.299 INFO [stdout]    0:     0x7f2fa36387ce - std::sys::unix::backtrace::tracing::imp::unwind_backtrace::h15749a98198ba25f
Dec 03 18:04:13.299 INFO [stdout]                                at libstd/sys/unix/backtrace/tracing/gcc_s.rs:49
Dec 03 18:04:13.299 INFO [stdout]    1:     0x7f2fa3611966 - std::sys_common::backtrace::print::h0ba65c811294dbf0
Dec 03 18:04:13.299 INFO [stdout]                                at libstd/sys_common/backtrace.rs:71
Dec 03 18:04:13.299 INFO [stdout]                                at libstd/sys_common/backtrace.rs:59
Dec 03 18:04:13.299 INFO [stdout]    2:     0x7f2fa360f5bd - std::panicking::default_hook::{{closure}}::h42bb31757f0fee64
Dec 03 18:04:13.299 INFO [stdout]                                at libstd/panicking.rs:211
Dec 03 18:04:13.299 INFO [stdout]    3:     0x7f2fa360f2cb - std::panicking::default_hook::hebc8848d7aa7dbd9
Dec 03 18:04:13.299 INFO [stdout]                                at libstd/panicking.rs:221
Dec 03 18:04:13.299 INFO [stdout]    4:     0x7f2fa57826a1 - rustc::util::common::panic_hook::h9a39743bb116fb66
Dec 03 18:04:13.299 INFO [stdout]    5:     0x7f2fa360fcc3 - std::panicking::rust_panic_with_hook::h86e619a638415243
Dec 03 18:04:13.299 INFO [stdout]                                at libstd/panicking.rs:481
Dec 03 18:04:13.299 INFO [stdout]    6:     0x55b3d3696306 - std::panicking::begin_panic::h2e334451e6084118
Dec 03 18:04:13.299 INFO [stdout]                                at libstd/panicking.rs:411
Dec 03 18:04:13.299 INFO [stdout]    7:     0x55b3d3861147 - rustdoc::test::Collector::add_test::{{closure}}::{{closure}}::{{closure}}::h071753b32990ff99
Dec 03 18:04:13.299 INFO [stdout]                                at librustdoc/test.rs:332
Dec 03 18:04:13.299 INFO [stdout]                                at librustdoc/test.rs:564
Dec 03 18:04:13.299 INFO [stdout]    8:     0x55b3d381d990 - <scoped_tls::ScopedKey<T>>::set::h9896b6fe380ee541
Dec 03 18:04:13.299 INFO [stdout]                                at /cargo/registry/src/github.com-1ecc6299db9ec823/scoped-tls-0.1.2/src/lib.rs:155
Dec 03 18:04:13.300 INFO [stdout]                                at libsyntax/lib.rs:108
Dec 03 18:04:13.300 INFO [stdout]                                at /cargo/registry/src/github.com-1ecc6299db9ec823/scoped-tls-0.1.2/src/lib.rs:155
Dec 03 18:04:13.300 INFO [stdout]    9:     0x55b3d36465cd - syntax::with_globals::h851ff797fe7b24af
Dec 03 18:04:13.300 INFO [stdout]                                at libsyntax/lib.rs:107
Dec 03 18:04:13.300 INFO [stdout]   10:     0x55b3d3696484 - std::panicking::try::do_call::h43316ef786a5afc6
Dec 03 18:04:13.300 INFO [stdout]                                at librustdoc/test.rs:561
Dec 03 18:04:13.300 INFO [stdout]                                at libstd/panic.rs:313
Dec 03 18:04:13.300 INFO [stdout]                                at libstd/panicking.rs:310
Dec 03 18:04:13.300 INFO [stdout]   11:     0x7f2fa364f5b9 - __rust_maybe_catch_panic
Dec 03 18:04:13.300 INFO [stdout]                                at libpanic_unwind/lib.rs:103
Dec 03 18:04:13.300 INFO [stdout]   12:     0x55b3d370cf03 - rustc_driver::in_named_rustc_thread::h7a18544b9923f524
Dec 03 18:04:13.300 INFO [stdout]                                at libstd/panicking.rs:289
Dec 03 18:04:13.300 INFO [stdout]                                at libstd/panic.rs:392
Dec 03 18:04:13.300 INFO [stdout]                                at librustc_driver/lib.rs:1574
Dec 03 18:04:13.300 INFO [stdout]   13:     0x55b3d3839cfc - <F as alloc::boxed::FnBox<A>>::call_box::h2226feb604beb2d6
Dec 03 18:04:13.300 INFO [stdout]                                at librustdoc/test.rs:561
Dec 03 18:04:13.300 INFO [stdout]                                at liballoc/boxed.rs:646
Dec 03 18:04:13.300 INFO [stdout]   14:     0x7f2fa4c9cdf2 - <F as alloc::boxed::FnBox<A>>::call_box::hf3e9d4c572efaf22
Dec 03 18:04:13.300 INFO [stdout]                                at libtest/lib.rs:1454
Dec 03 18:04:13.300 INFO [stdout]                                at liballoc/boxed.rs:646
Dec 03 18:04:13.300 INFO [stdout]   15:     0x7f2fa364f5b9 - __rust_maybe_catch_panic
Dec 03 18:04:13.300 INFO [stdout]                                at libpanic_unwind/lib.rs:103
Dec 03 18:04:13.300 INFO [stdout]   16:     0x7f2fa4caa1ed - std::sys_common::backtrace::__rust_begin_short_backtrace::h0ff507d7422944d3
Dec 03 18:04:13.300 INFO [stdout]                                at libstd/panicking.rs:289
Dec 03 18:04:13.300 INFO [stdout]                                at libstd/panic.rs:392
Dec 03 18:04:13.300 INFO [stdout]                                at libtest/lib.rs:1416
Dec 03 18:04:13.300 INFO [stdout]                                at libstd/sys_common/backtrace.rs:136
Dec 03 18:04:13.300 INFO [stdout]   17:     0x7f2fa4cc7ff4 - std::panicking::try::do_call::hba0bdcc3670471cc
Dec 03 18:04:13.300 INFO [stdout]                                at libstd/thread/mod.rs:409
Dec 03 18:04:13.300 INFO [stdout]                                at libstd/panic.rs:313
Dec 03 18:04:13.300 INFO [stdout]                                at libstd/panicking.rs:310
Dec 03 18:04:13.300 INFO [stdout]   18:     0x7f2fa364f5b9 - __rust_maybe_catch_panic
Dec 03 18:04:13.300 INFO [stdout]                                at libpanic_unwind/lib.rs:103
Dec 03 18:04:13.300 INFO [stdout]   19:     0x7f2fa4cb4bd6 - <F as alloc::boxed::FnBox<A>>::call_box::hdac52587b00591af
Dec 03 18:04:13.300 INFO [stdout]                                at libstd/panicking.rs:289
Dec 03 18:04:13.300 INFO [stdout]                                at libstd/panic.rs:392
Dec 03 18:04:13.300 INFO [stdout]                                at libstd/thread/mod.rs:408
Dec 03 18:04:13.300 INFO [stdout]                                at liballoc/boxed.rs:646
Dec 03 18:04:13.300 INFO [stdout]   20:     0x7f2fa363ccca - std::sys_common::thread::start_thread::h75d887c7d2cc4479
Dec 03 18:04:13.300 INFO [stdout]                                at liballoc/boxed.rs:656
Dec 03 18:04:13.300 INFO [stdout]                                at libstd/sys_common/thread.rs:24
Dec 03 18:04:13.300 INFO [stdout]   21:     0x7f2fa36108f5 - std::sys::unix::thread::Thread::new::thread_start::h8414caee632bf9ed
Dec 03 18:04:13.300 INFO [stdout]                                at libstd/sys/unix/thread.rs:90
Dec 03 18:04:13.300 INFO [stdout]   22:     0x7f2fa33a56b9 - start_thread
Dec 03 18:04:13.300 INFO [stdout]   23:     0x7f2fa2ec541c - clone
Dec 03 18:04:13.300 INFO [stdout]   24:                0x0 - <unknown>
Dec 03 18:04:13.300 INFO [stdout] query stack during panic:
Dec 03 18:04:13.300 INFO [stdout] end of query stack
Dec 03 18:04:13.300 INFO [stdout] 
Dec 03 18:04:13.300 INFO [stdout] 
Dec 03 18:04:13.300 INFO [stdout] failures:
Dec 03 18:04:13.300 INFO [stdout]     src/lib.rs -  (line 27)
Dec 03 18:04:13.300 INFO [stdout] 
Dec 03 18:04:13.300 INFO [stdout] test result: FAILED. 6 passed; 1 failed; 0 ignored; 0 measured; 0 filtered out
Dec 03 18:04:13.300 INFO [stdout] 
Dec 03 18:04:13.331 INFO [stderr] error: test failed, to rerun pass '--doc'
Dec 03 18:04:13.331 INFO [stderr] su: No module specific data is present
Dec 03 18:04:14.175 INFO running `"docker" "inspect" "f3a84a9d6ae521878f7a0162653adf5a1751d9bb0759d765ddf1f0dfcd4cf50c"`
Dec 03 18:04:14.465 INFO running `"docker" "rm" "-f" "f3a84a9d6ae521878f7a0162653adf5a1751d9bb0759d765ddf1f0dfcd4cf50c"`
Dec 03 18:04:14.758 INFO [stdout] f3a84a9d6ae521878f7a0162653adf5a1751d9bb0759d765ddf1f0dfcd4cf50c
