Dec 03 18:28:50.002 INFO testing bdb-0.0.1 against 1.30.1 for beta-1.31-5
Dec 03 18:28:50.002 INFO running `"docker" "create" "-v" "/mnt/big/crater/work/local/target-dirs/beta-1.31-5/worker-7/1.30.1:/target:rw,Z" "-v" "/mnt/big/crater/work/local/test-source/worker-7/beta-1.31-5/1.30.1:/source:ro,Z" "-v" "/mnt/big/crater/work/local/cargo-home:/cargo-home:ro,Z" "-v" "/mnt/big/crater/work/local/rustup-home:/rustup-home:ro,Z" "-e" "USER_ID=1000" "-e" "SOURCE_DIR=/source" "-e" "USER_ID=1000" "-e" "CMD=cargo +1.30.1 build --frozen" "-e" "CARGO_TARGET_DIR=/target" "-e" "CARGO_INCREMENTAL=0" "-e" "RUST_BACKTRACE=full" "-e" "RUSTFLAGS=--cap-lints=warn" "-e" "CARGO_HOME=/cargo-home" "-e" "RUSTUP_HOME=/rustup-home" "-m" "1536M" "--network" "none" "crater"`
Dec 03 18:28:50.301 INFO [stdout] 12afff3c94e70f2bc36c0e4a88adb55f8edf85ca60f6c10bfc70d1ad896a0f24
Dec 03 18:28:50.310 INFO running `"docker" "start" "-a" "12afff3c94e70f2bc36c0e4a88adb55f8edf85ca60f6c10bfc70d1ad896a0f24"`
Dec 03 18:28:51.215 INFO [stderr] usermod: no changes
Dec 03 18:28:51.619 INFO [stderr]    Compiling numpress v1.1.0
Dec 03 18:28:51.619 INFO [stderr]    Compiling digit_group v0.1.0
Dec 03 18:28:51.642 INFO [stderr]    Compiling openssl-src v111.1.0+1.1.1a
Dec 03 18:28:51.647 INFO [stderr]    Compiling quick-xml v0.12.4
Dec 03 18:28:54.108 INFO [stderr]    Compiling openssl-sys v0.9.39
Dec 03 18:29:57.540 INFO [stderr]    Compiling openssl v0.10.15
Dec 03 18:29:57.540 INFO [stderr]    Compiling native-tls v0.2.2
Dec 03 18:30:08.269 INFO [stderr]    Compiling hyper-tls v0.3.1
Dec 03 18:30:15.159 INFO [stderr]    Compiling reqwest v0.9.5
Dec 03 18:30:30.735 INFO [stderr]    Compiling bdb v0.0.1 (/source)
Dec 03 18:30:44.752 INFO [stderr]     Finished dev [unoptimized + debuginfo] target(s) in 1m 53s
Dec 03 18:30:44.768 INFO [stderr] su: No module specific data is present
Dec 03 18:30:46.048 INFO running `"docker" "inspect" "12afff3c94e70f2bc36c0e4a88adb55f8edf85ca60f6c10bfc70d1ad896a0f24"`
Dec 03 18:30:46.376 INFO running `"docker" "rm" "-f" "12afff3c94e70f2bc36c0e4a88adb55f8edf85ca60f6c10bfc70d1ad896a0f24"`
Dec 03 18:30:46.707 INFO [stdout] 12afff3c94e70f2bc36c0e4a88adb55f8edf85ca60f6c10bfc70d1ad896a0f24
Dec 03 18:30:46.710 INFO running `"docker" "create" "-v" "/mnt/big/crater/work/local/target-dirs/beta-1.31-5/worker-7/1.30.1:/target:rw,Z" "-v" "/mnt/big/crater/work/local/test-source/worker-7/beta-1.31-5/1.30.1:/source:ro,Z" "-v" "/mnt/big/crater/work/local/cargo-home:/cargo-home:ro,Z" "-v" "/mnt/big/crater/work/local/rustup-home:/rustup-home:ro,Z" "-e" "USER_ID=1000" "-e" "SOURCE_DIR=/source" "-e" "USER_ID=1000" "-e" "CMD=cargo +1.30.1 test --frozen --no-run" "-e" "CARGO_TARGET_DIR=/target" "-e" "CARGO_INCREMENTAL=0" "-e" "RUST_BACKTRACE=full" "-e" "RUSTFLAGS=--cap-lints=warn" "-e" "CARGO_HOME=/cargo-home" "-e" "RUSTUP_HOME=/rustup-home" "-m" "1536M" "--network" "none" "crater"`
Dec 03 18:30:47.131 INFO [stdout] e40ac0820bc40859c7c0936a22d22fe56939dd5bfe37b96d9149bfc3d9e6b4e1
Dec 03 18:30:47.137 INFO running `"docker" "start" "-a" "e40ac0820bc40859c7c0936a22d22fe56939dd5bfe37b96d9149bfc3d9e6b4e1"`
Dec 03 18:30:48.363 INFO [stderr] usermod: no changes
Dec 03 18:30:48.704 INFO [stderr]    Compiling bdb v0.0.1 (/source)
Dec 03 18:31:18.607 INFO [stderr]     Finished dev [unoptimized + debuginfo] target(s) in 30.21s
Dec 03 18:31:18.619 INFO [stderr] su: No module specific data is present
Dec 03 18:31:19.221 INFO running `"docker" "inspect" "e40ac0820bc40859c7c0936a22d22fe56939dd5bfe37b96d9149bfc3d9e6b4e1"`
Dec 03 18:31:19.469 INFO running `"docker" "rm" "-f" "e40ac0820bc40859c7c0936a22d22fe56939dd5bfe37b96d9149bfc3d9e6b4e1"`
Dec 03 18:31:19.740 INFO [stdout] e40ac0820bc40859c7c0936a22d22fe56939dd5bfe37b96d9149bfc3d9e6b4e1
Dec 03 18:31:19.747 INFO running `"docker" "create" "-v" "/mnt/big/crater/work/local/target-dirs/beta-1.31-5/worker-7/1.30.1:/target:rw,Z" "-v" "/mnt/big/crater/work/local/test-source/worker-7/beta-1.31-5/1.30.1:/source:ro,Z" "-v" "/mnt/big/crater/work/local/cargo-home:/cargo-home:ro,Z" "-v" "/mnt/big/crater/work/local/rustup-home:/rustup-home:ro,Z" "-e" "USER_ID=1000" "-e" "SOURCE_DIR=/source" "-e" "USER_ID=1000" "-e" "CMD=cargo +1.30.1 test --frozen" "-e" "CARGO_TARGET_DIR=/target" "-e" "CARGO_INCREMENTAL=0" "-e" "RUST_BACKTRACE=full" "-e" "RUSTFLAGS=--cap-lints=warn" "-e" "CARGO_HOME=/cargo-home" "-e" "RUSTUP_HOME=/rustup-home" "-m" "1536M" "--network" "none" "crater"`
Dec 03 18:31:20.257 INFO [stdout] ff25cc97a2e032ca3d652ced523f736738145b506201bd19da2d710015c90537
Dec 03 18:31:20.259 INFO running `"docker" "start" "-a" "ff25cc97a2e032ca3d652ced523f736738145b506201bd19da2d710015c90537"`
Dec 03 18:31:21.573 INFO [stderr] usermod: no changes
Dec 03 18:31:21.979 INFO [stderr]     Finished dev [unoptimized + debuginfo] target(s) in 0.37s
Dec 03 18:31:21.998 INFO [stderr]      Running /target/debug/deps/bdb-201d7893e0746876
Dec 03 18:31:22.015 INFO [stdout] 
Dec 03 18:31:22.015 INFO [stdout] running 101 tests
Dec 03 18:31:22.047 INFO [stdout] test bio::proteins::tests::one_letter_mass ... ok
Dec 03 18:31:22.047 INFO [stdout] test bio::proteins::tests::sequence_mass_average ... ok
Dec 03 18:31:22.048 INFO [stdout] test bio::proteins::tests::sequence_mass_monoisotopic ... ok
Dec 03 18:31:22.051 INFO [stdout] test db::mass_spectra::mgf::tests::mgf_iter_test ... ok
Dec 03 18:31:22.051 INFO [stdout] test db::mass_spectra::mgf::tests::msconvert_mgf_test ... ignored
Dec 03 18:31:22.055 INFO [stdout] test db::mass_spectra::mgf::tests::iterator_to_pwiz_mgf_test ... ok
Dec 03 18:31:22.070 INFO [stdout] test db::mass_spectra::peak::tests::debug_peak ... ok
Dec 03 18:31:22.085 INFO [stdout] test db::mass_spectra::mgf::tests::iterator_to_msconvert_mgf_test ... ok
Dec 03 18:31:22.100 INFO [stdout] test db::mass_spectra::mgf::tests::iterator_to_pava_mgf_test ... ok
Dec 03 18:31:22.101 INFO [stdout] test db::mass_spectra::mgf::tests::estimate_size_test ... ok
Dec 03 18:31:22.111 INFO [stdout] test db::mass_spectra::peak::tests::equality_peak ... ok
Dec 03 18:31:22.111 INFO [stdout] test db::mass_spectra::peak_list::tests::equality_peak_list ... ok
Dec 03 18:31:22.111 INFO [stdout] test db::mass_spectra::peak_list::tests::debug_peak_list ... ok
Dec 03 18:31:22.118 INFO [stdout] test db::mass_spectra::re::tests::msconvert_mgf_rt_regex_test ... ok
Dec 03 18:31:22.134 INFO [stdout] test db::mass_spectra::re::tests::fullms_mgf_rt_regex_test ... ok
Dec 03 18:31:22.135 INFO [stdout] test db::mass_spectra::mgf::tests::iterator_from_msconvert_mgf_test ... ok
Dec 03 18:31:22.135 INFO [stdout] test db::mass_spectra::re::tests::fullms_mgf_scan_regex_test ... ok
Dec 03 18:31:22.135 INFO [stdout] test db::mass_spectra::re::tests::msconvert_mgf_charge_regex_test ... ok
Dec 03 18:31:22.155 INFO [stdout] test db::mass_spectra::re::tests::msconvert_mgf_pepmass_regex_test ... ok
Dec 03 18:31:22.156 INFO [stdout] test db::mass_spectra::mgf::tests::iterator_from_pava_mgf_test ... ok
Dec 03 18:31:22.159 INFO [stdout] test db::mass_spectra::mgf::tests::iterator_from_pwiz_mgf_test ... ok
Dec 03 18:31:22.159 INFO [stdout] test db::mass_spectra::re::tests::pava_mgf_title_regex_test ... ok
Dec 03 18:31:22.166 INFO [stdout] test db::mass_spectra::re::tests::msconvert_mgf_title_regex_test ... ok
Dec 03 18:31:22.181 INFO [stdout] test db::mass_spectra::re::tests::pava_mgf_charge_regex_test ... ok
Dec 03 18:31:22.182 INFO [stdout] test db::mass_spectra::re::tests::pwiz_mgf_pepmass_regex_test ... ok
Dec 03 18:31:22.195 INFO [stdout] test db::mass_spectra::re::tests::pava_mgf_pepmass_regex_test ... ok
Dec 03 18:31:22.202 INFO [stdout] test db::mass_spectra::re::tests::pwiz_mgf_rt_regex_test ... ok
Dec 03 18:31:22.203 INFO [stdout] test db::mass_spectra::re::tests::pwiz_mgf_charge_regex_test ... ok
Dec 03 18:31:22.203 INFO [stdout] test db::mass_spectra::record_list::tests::equality_record_list ... ok
Dec 03 18:31:22.204 INFO [stdout] test db::mass_spectra::record::tests::debug_record ... ok
Dec 03 18:31:22.211 INFO [stdout] test db::mass_spectra::record::tests::equality_record ... ok
Dec 03 18:31:22.211 INFO [stdout] test db::mass_spectra::record_list::tests::debug_record_list ... ok
Dec 03 18:31:22.219 INFO [stdout] test db::sra::fastq::tests::fastq_iter_test ... ok
Dec 03 18:31:22.219 INFO [stdout] test db::sra::record::tests::debug_record ... ok
Dec 03 18:31:22.219 INFO [stdout] test db::uniprot::client::tests::by_id_list_test ... ignored
Dec 03 18:31:22.219 INFO [stdout] test db::uniprot::client::tests::by_id_test ... ignored
Dec 03 18:31:22.219 INFO [stdout] test db::sra::record::tests::equality_record ... ok
Dec 03 18:31:22.219 INFO [stdout] test db::uniprot::client::tests::by_mnemonic_list_test ... ignored
Dec 03 18:31:22.231 INFO [stdout] test db::uniprot::client::tests::by_mnemonic_test ... ignored
Dec 03 18:31:22.231 INFO [stdout] test db::uniprot::csv::tests::estimate_size_test ... ok
Dec 03 18:31:22.231 INFO [stdout] test db::mass_spectra::re::tests::pwiz_mgf_title_regex_test ... ok
Dec 03 18:31:22.235 INFO [stdout] test db::sra::re::tests::sequence_quality_regex ... ok
Dec 03 18:31:22.235 INFO [stdout] test db::sra::re::tests::nucleotide_regex ... ok
Dec 03 18:31:22.247 INFO [stdout] test db::sra::record::tests::properties_record ... ok
Dec 03 18:31:22.251 INFO [stdout] test db::uniprot::evidence::tests::debug_protein_evidence_test ... ok
Dec 03 18:31:22.251 INFO [stdout] test db::uniprot::evidence::tests::protein_evidence_verbose_test ... ok
Dec 03 18:31:22.251 INFO [stdout] test db::uniprot::fasta::tests::human_fasta_test ... ignored
Dec 03 18:31:22.255 INFO [stdout] test db::uniprot::fasta::tests::estimate_size_test ... ok
Dec 03 18:31:22.255 INFO [stdout] test db::uniprot::evidence::tests::serialize_protein_evidence_test ... ok
Dec 03 18:31:22.287 INFO [stdout] test db::uniprot::re::tests::accession_regex ... ok
Dec 03 18:31:22.287 INFO [stdout] test db::uniprot::evidence::tests::protein_evidence_xml_verbose_test ... ok
Dec 03 18:31:22.287 INFO [stdout] test db::uniprot::fasta::tests::fasta_iter_test ... ok
Dec 03 18:31:22.287 INFO [stdout] test db::uniprot::re::tests::all_proteome_regex ... ignored
Dec 03 18:31:22.287 INFO [stdout] test db::uniprot::re::tests::all_taxonomy_regex ... ignored
Dec 03 18:31:22.287 INFO [stdout] test db::uniprot::re::tests::human_accession_regex ... ignored
Dec 03 18:31:22.287 INFO [stdout] test db::uniprot::re::tests::human_aminoacid_regex ... ignored
Dec 03 18:31:22.287 INFO [stdout] test db::uniprot::re::tests::human_fasta_header_regex ... ignored
Dec 03 18:31:22.290 INFO [stdout] test db::uniprot::re::tests::human_gene_regex ... ignored
Dec 03 18:31:22.291 INFO [stdout] test db::uniprot::re::tests::human_mnemonic_regex ... ignored
Dec 03 18:31:22.299 INFO [stdout] test db::uniprot::fasta::tests::iterator_to_fasta_test ... ok
Dec 03 18:31:22.299 INFO [stdout] test db::uniprot::re::tests::aminoacid_regex ... ok
Dec 03 18:31:22.299 INFO [stdout] test db::uniprot::re::tests::mnemonic_regex ... ok
Dec 03 18:31:22.326 INFO [stdout] test db::sra::re::tests::fastq_header_regex ... ok
Dec 03 18:31:22.327 INFO [stdout] test db::uniprot::re::tests::gene_regex ... ok
Dec 03 18:31:22.334 INFO [stdout] test db::uniprot::re::tests::taxonomy_regex ... ok
Dec 03 18:31:22.335 INFO [stdout] test db::uniprot::record::tests::csv_record ... ok
Dec 03 18:31:22.340 INFO [stdout] test db::uniprot::record::tests::debug_record ... ok
Dec 03 18:31:22.341 INFO [stdout] test db::uniprot::csv::tests::iterator_to_csv_test ... ok
Dec 03 18:31:22.342 INFO [stdout] test db::uniprot::csv::tests::iterator_from_csv_test ... ok
Dec 03 18:31:22.346 INFO [stdout] test db::uniprot::record::tests::equality_record ... ok
Dec 03 18:31:22.362 INFO [stdout] test db::uniprot::record::tests::properties_record ... ok
Dec 03 18:31:22.363 INFO [stdout] test db::uniprot::record::tests::xml_record ... ok
Dec 03 18:31:22.363 INFO [stdout] test db::uniprot::record::tests::fasta_record ... ok
Dec 03 18:31:22.363 INFO [stdout] test db::uniprot::fasta::tests::iterator_from_fasta_test ... ok
Dec 03 18:31:22.363 INFO [stdout] test db::uniprot::re::tests::proteome_regex ... ok
Dec 03 18:31:22.363 INFO [stdout] test db::uniprot::record_list::tests::list_csv_test ... ignored
Dec 03 18:31:22.363 INFO [stdout] test db::uniprot::record_list::tests::list_fasta_test ... ignored
Dec 03 18:31:22.363 INFO [stdout] test db::uniprot::record_list::tests::list_xml_test ... ignored
Dec 03 18:31:22.377 INFO [stdout] test db::uniprot::record_list::tests::csv_list ... ok
Dec 03 18:31:22.378 INFO [stdout] test db::uniprot::record_list::tests::properties_list ... ok
Dec 03 18:31:22.386 INFO [stdout] test db::uniprot::section::tests::serialize_section_test ... ok
Dec 03 18:31:22.387 INFO [stdout] test db::uniprot::xml::tests::atcc_xml_test ... ignored
Dec 03 18:31:22.387 INFO [stdout] test db::uniprot::xml::tests::bsa_test ... ignored
Dec 03 18:31:22.387 INFO [stdout] test db::uniprot::xml::tests::dpb1_test ... ignored
Dec 03 18:31:22.387 INFO [stdout] test db::uniprot::record_list::tests::equality_list ... ok
Dec 03 18:31:22.387 INFO [stdout] test db::uniprot::xml::tests::gapdh_test ... ignored
Dec 03 18:31:22.387 INFO [stdout] test db::uniprot::section::tests::debug_section_test ... ok
Dec 03 18:31:22.387 INFO [stdout] test db::uniprot::xml::tests::estimate_size_test ... ok
Dec 03 18:31:22.387 INFO [stdout] test io::uniprot::tests::csv_test ... ignored
Dec 03 18:31:22.387 INFO [stdout] test io::uniprot::tests::fasta_test ... ignored
Dec 03 18:31:22.387 INFO [stdout] test io::uniprot::tests::xml_test ... ignored
Dec 03 18:31:22.394 INFO [stdout] test util::xml::tests::xml_declaration_test ... ok
Dec 03 18:31:22.398 INFO [stdout] test db::uniprot::record_list::tests::debug_list ... ok
Dec 03 18:31:22.402 INFO [stdout] test util::xml::tests::xml_read_test ... ok
Dec 03 18:31:22.410 INFO [stdout] test db::uniprot::record_list::tests::fasta_list ... ok
Dec 03 18:31:22.410 INFO [stdout] test util::xml::tests::xml_write_test ... ok
Dec 03 18:31:22.418 INFO [stdout] test db::uniprot::record_list::tests::xml_list ... ok
Dec 03 18:31:22.442 INFO [stdout] test db::uniprot::re::tests::swissprot_header_regex ... ok
Dec 03 18:31:22.443 INFO [stdout] test db::uniprot::re::tests::trembl_header_regex ... ok
Dec 03 18:31:22.443 INFO [stdout] test db::uniprot::xml::tests::iterator_to_xml_test ... ok
Dec 03 18:31:22.443 INFO [stdout] test db::uniprot::xml::tests::iterator_from_xml_test ... ok
Dec 03 18:31:22.443 INFO [stdout] 
Dec 03 18:31:22.443 INFO [stdout] test result: ok. 78 passed; 0 failed; 23 ignored; 0 measured; 0 filtered out
Dec 03 18:31:22.443 INFO [stdout] 
Dec 03 18:31:22.458 INFO [stderr]    Doc-tests bdb
Dec 03 18:31:41.279 INFO [stdout] 
Dec 03 18:31:41.279 INFO [stdout] running 11 tests
Dec 03 18:32:41.272 INFO [stdout] test src/util/macros.rs - from_commas (line 194) ... test src/util/macros.rs - from_commas (line 194) has been running for over 60 seconds
Dec 03 18:32:41.272 INFO [stdout] test src/util/macros.rs - binary_choice (line 12) ... test src/util/macros.rs - binary_choice (line 12) has been running for over 60 seconds
Dec 03 18:32:41.272 INFO [stdout] test src/util/macros.rs - nonzero_float_from_string (line 119) ... test src/util/macros.rs - nonzero_float_from_string (line 119) has been running for over 60 seconds
Dec 03 18:32:41.272 INFO [stdout] test src/util/macros.rs - nonzero_float_to_string (line 64) ... test src/util/macros.rs - nonzero_float_to_string (line 64) has been running for over 60 seconds
Dec 03 18:32:41.279 INFO [stdout] test src/util/macros.rs - nonzero_from_commas (line 242) ... test src/util/macros.rs - nonzero_from_commas (line 242) has been running for over 60 seconds
Dec 03 18:32:41.279 INFO [stdout] test src/util/macros.rs - nonzero_from_string (line 89) ... test src/util/macros.rs - nonzero_from_string (line 89) has been running for over 60 seconds
Dec 03 18:32:41.279 INFO [stdout] test src/util/macros.rs - nonzero_to_commas (line 216) ... test src/util/macros.rs - nonzero_to_commas (line 216) has been running for over 60 seconds
Dec 03 18:32:41.279 INFO [stdout] test src/util/macros.rs - nonzero_to_string (line 39) ... test src/util/macros.rs - nonzero_to_string (line 39) has been running for over 60 seconds
Dec 03 18:32:54.671 INFO [stdout] test src/util/macros.rs - binary_choice (line 12) ... ok
Dec 03 18:32:57.556 INFO [stdout] test src/util/macros.rs - from_commas (line 194) ... ok
Dec 03 18:32:58.183 INFO [stdout] test src/util/macros.rs - nonzero_to_commas (line 216) ... ok
Dec 03 18:32:58.751 INFO [stdout] test src/util/macros.rs - nonzero_float_to_string (line 64) ... FAILED
Dec 03 18:32:59.368 INFO [stdout] test src/util/macros.rs - nonzero_to_string (line 39) ... FAILED
Dec 03 18:32:59.455 INFO [stdout] test src/util/macros.rs - nonzero_from_commas (line 242) ... ok
Dec 03 18:33:01.339 INFO [stdout] test src/util/macros.rs - nonzero_float_from_string (line 119) ... ok
Dec 03 18:33:05.235 INFO [stdout] test src/util/macros.rs - nonzero_from_string (line 89) ... ok
Dec 03 18:33:29.003 INFO [stdout] test src/util/macros.rs - to_commas (line 147) ... ok
Dec 03 18:33:29.499 INFO [stdout] test src/util/macros.rs - strip_commas (line 166) ... ok
Dec 03 18:33:33.739 INFO [stdout] test src/util/macros.rs - write_alls (line 268) ... ok
Dec 03 18:33:33.739 INFO [stdout] 
Dec 03 18:33:33.739 INFO [stdout] failures:
Dec 03 18:33:33.739 INFO [stdout] 
Dec 03 18:33:33.739 INFO [stdout] ---- src/util/macros.rs - nonzero_float_to_string (line 64) stdout ----
Dec 03 18:33:33.739 INFO [stdout] error[E0603]: module `util` is private
Dec 03 18:33:33.739 INFO [stdout]  --> src/util/macros.rs:66:5
Dec 03 18:33:33.739 INFO [stdout]   |
Dec 03 18:33:33.739 INFO [stdout] 3 | use bdb::util::Ntoa;
Dec 03 18:33:33.739 INFO [stdout]   |     ^^^^^^^^^^^^^^^
Dec 03 18:33:33.739 INFO [stdout] 
Dec 03 18:33:33.739 INFO [stdout] error[E0599]: no method named `ntoa` found for type `f32` in the current scope
Dec 03 18:33:33.739 INFO [stdout]  --> src/util/macros.rs:68:12
Dec 03 18:33:33.739 INFO [stdout]   |
Dec 03 18:33:33.739 INFO [stdout] 5 | assert_eq!(nonzero_float_to_string!(0.0 as f32), "");
Dec 03 18:33:33.739 INFO [stdout]   |            ^^^^^^^^^^^^^^^^^^^^^^^^^^^^^^^^^^^^
Dec 03 18:33:33.739 INFO [stdout]   |
Dec 03 18:33:33.739 INFO [stdout]   = help: items from traits can only be used if the trait is in scope
Dec 03 18:33:33.739 INFO [stdout]   = note: this error originates in a macro outside of the current crate (in Nightly builds, run with -Z external-macro-backtrace for more info)
Dec 03 18:33:33.739 INFO [stdout] help: the following trait is implemented but not in scope, perhaps add a `use` for it:
Dec 03 18:33:33.739 INFO [stdout]   |
Dec 03 18:33:33.739 INFO [stdout] 3 | use bdb::util::fmt::Ntoa;
Dec 03 18:33:33.739 INFO [stdout]   |
Dec 03 18:33:33.739 INFO [stdout] 
Dec 03 18:33:33.739 INFO [stdout] error[E0599]: no method named `ntoa` found for type `f32` in the current scope
Dec 03 18:33:33.739 INFO [stdout]  --> src/util/macros.rs:69:12
Dec 03 18:33:33.739 INFO [stdout]   |
Dec 03 18:33:33.739 INFO [stdout] 6 | assert_eq!(nonzero_float_to_string!(1.2 as f32), "1.2");
Dec 03 18:33:33.739 INFO [stdout]   |            ^^^^^^^^^^^^^^^^^^^^^^^^^^^^^^^^^^^^
Dec 03 18:33:33.739 INFO [stdout]   |
Dec 03 18:33:33.739 INFO [stdout]   = help: items from traits can only be used if the trait is in scope
Dec 03 18:33:33.739 INFO [stdout]   = note: this error originates in a macro outside of the current crate (in Nightly builds, run with -Z external-macro-backtrace for more info)
Dec 03 18:33:33.739 INFO [stdout] help: the following trait is implemented but not in scope, perhaps add a `use` for it:
Dec 03 18:33:33.739 INFO [stdout]   |
Dec 03 18:33:33.739 INFO [stdout] 3 | use bdb::util::fmt::Ntoa;
Dec 03 18:33:33.739 INFO [stdout]   |
Dec 03 18:33:33.739 INFO [stdout] 
Dec 03 18:33:33.739 INFO [stdout] thread 'src/util/macros.rs - nonzero_float_to_string (line 64)' panicked at 'couldn't compile the test', librustdoc/test.rs:332:13
Dec 03 18:33:33.739 INFO [stdout] stack backtrace:
Dec 03 18:33:33.739 INFO [stdout]    0:     0x7fafc73297ce - std::sys::unix::backtrace::tracing::imp::unwind_backtrace::h15749a98198ba25f
Dec 03 18:33:33.739 INFO [stdout]                                at libstd/sys/unix/backtrace/tracing/gcc_s.rs:49
Dec 03 18:33:33.739 INFO [stdout]    1:     0x7fafc7302966 - std::sys_common::backtrace::print::h0ba65c811294dbf0
Dec 03 18:33:33.739 INFO [stdout]                                at libstd/sys_common/backtrace.rs:71
Dec 03 18:33:33.739 INFO [stdout]                                at libstd/sys_common/backtrace.rs:59
Dec 03 18:33:33.739 INFO [stdout]    2:     0x7fafc73005bd - std::panicking::default_hook::{{closure}}::h42bb31757f0fee64
Dec 03 18:33:33.739 INFO [stdout]                                at libstd/panicking.rs:211
Dec 03 18:33:33.739 INFO [stdout]    3:     0x7fafc73002cb - std::panicking::default_hook::hebc8848d7aa7dbd9
Dec 03 18:33:33.739 INFO [stdout]                                at libstd/panicking.rs:221
Dec 03 18:33:33.739 INFO [stdout]    4:     0x7fafc94736a1 - rustc::util::common::panic_hook::h9a39743bb116fb66
Dec 03 18:33:33.739 INFO [stdout]    5:     0x7fafc7300cc3 - std::panicking::rust_panic_with_hook::h86e619a638415243
Dec 03 18:33:33.739 INFO [stdout]                                at libstd/panicking.rs:481
Dec 03 18:33:33.739 INFO [stdout]    6:     0x55cb34861306 - std::panicking::begin_panic::h2e334451e6084118
Dec 03 18:33:33.739 INFO [stdout]                                at libstd/panicking.rs:411
Dec 03 18:33:33.739 INFO [stdout]    7:     0x55cb34a2c147 - rustdoc::test::Collector::add_test::{{closure}}::{{closure}}::{{closure}}::h071753b32990ff99
Dec 03 18:33:33.739 INFO [stdout]                                at librustdoc/test.rs:332
Dec 03 18:33:33.739 INFO [stdout]                                at librustdoc/test.rs:564
Dec 03 18:33:33.739 INFO [stdout]    8:     0x55cb349e8990 - <scoped_tls::ScopedKey<T>>::set::h9896b6fe380ee541
Dec 03 18:33:33.739 INFO [stdout]                                at /cargo/registry/src/github.com-1ecc6299db9ec823/scoped-tls-0.1.2/src/lib.rs:155
Dec 03 18:33:33.739 INFO [stdout]                                at libsyntax/lib.rs:108
Dec 03 18:33:33.739 INFO [stdout]                                at /cargo/registry/src/github.com-1ecc6299db9ec823/scoped-tls-0.1.2/src/lib.rs:155
Dec 03 18:33:33.739 INFO [stdout]    9:     0x55cb348115cd - syntax::with_globals::h851ff797fe7b24af
Dec 03 18:33:33.739 INFO [stdout]                                at libsyntax/lib.rs:107
Dec 03 18:33:33.739 INFO [stdout]   10:     0x55cb34861484 - std::panicking::try::do_call::h43316ef786a5afc6
Dec 03 18:33:33.739 INFO [stdout]                                at librustdoc/test.rs:561
Dec 03 18:33:33.739 INFO [stdout]                                at libstd/panic.rs:313
Dec 03 18:33:33.739 INFO [stdout]                                at libstd/panicking.rs:310
Dec 03 18:33:33.739 INFO [stdout]   11:     0x7fafc73405b9 - __rust_maybe_catch_panic
Dec 03 18:33:33.739 INFO [stdout]                                at libpanic_unwind/lib.rs:103
Dec 03 18:33:33.739 INFO [stdout]   12:     0x55cb348d7f03 - rustc_driver::in_named_rustc_thread::h7a18544b9923f524
Dec 03 18:33:33.739 INFO [stdout]                                at libstd/panicking.rs:289
Dec 03 18:33:33.739 INFO [stdout]                                at libstd/panic.rs:392
Dec 03 18:33:33.739 INFO [stdout]                                at librustc_driver/lib.rs:1574
Dec 03 18:33:33.739 INFO [stdout]   13:     0x55cb34a04cfc - <F as alloc::boxed::FnBox<A>>::call_box::h2226feb604beb2d6
Dec 03 18:33:33.739 INFO [stdout]                                at librustdoc/test.rs:561
Dec 03 18:33:33.740 INFO [stdout]                                at liballoc/boxed.rs:646
Dec 03 18:33:33.740 INFO [stdout]   14:     0x7fafc898ddf2 - <F as alloc::boxed::FnBox<A>>::call_box::hf3e9d4c572efaf22
Dec 03 18:33:33.740 INFO [stdout]                                at libtest/lib.rs:1454
Dec 03 18:33:33.740 INFO [stdout]                                at liballoc/boxed.rs:646
Dec 03 18:33:33.740 INFO [stdout]   15:     0x7fafc73405b9 - __rust_maybe_catch_panic
Dec 03 18:33:33.740 INFO [stdout]                                at libpanic_unwind/lib.rs:103
Dec 03 18:33:33.740 INFO [stdout]   16:     0x7fafc899b1ed - std::sys_common::backtrace::__rust_begin_short_backtrace::h0ff507d7422944d3
Dec 03 18:33:33.740 INFO [stdout]                                at libstd/panicking.rs:289
Dec 03 18:33:33.740 INFO [stdout]                                at libstd/panic.rs:392
Dec 03 18:33:33.740 INFO [stdout]                                at libtest/lib.rs:1416
Dec 03 18:33:33.740 INFO [stdout]                                at libstd/sys_common/backtrace.rs:136
Dec 03 18:33:33.740 INFO [stdout]   17:     0x7fafc89b8ff4 - std::panicking::try::do_call::hba0bdcc3670471cc
Dec 03 18:33:33.740 INFO [stdout]                                at libstd/thread/mod.rs:409
Dec 03 18:33:33.740 INFO [stdout]                                at libstd/panic.rs:313
Dec 03 18:33:33.740 INFO [stdout]                                at libstd/panicking.rs:310
Dec 03 18:33:33.740 INFO [stdout]   18:     0x7fafc73405b9 - __rust_maybe_catch_panic
Dec 03 18:33:33.740 INFO [stdout]                                at libpanic_unwind/lib.rs:103
Dec 03 18:33:33.740 INFO [stdout]   19:     0x7fafc89a5bd6 - <F as alloc::boxed::FnBox<A>>::call_box::hdac52587b00591af
Dec 03 18:33:33.740 INFO [stdout]                                at libstd/panicking.rs:289
Dec 03 18:33:33.740 INFO [stdout]                                at libstd/panic.rs:392
Dec 03 18:33:33.740 INFO [stdout]                                at libstd/thread/mod.rs:408
Dec 03 18:33:33.740 INFO [stdout]                                at liballoc/boxed.rs:646
Dec 03 18:33:33.740 INFO [stdout]   20:     0x7fafc732dcca - std::sys_common::thread::start_thread::h75d887c7d2cc4479
Dec 03 18:33:33.740 INFO [stdout]                                at liballoc/boxed.rs:656
Dec 03 18:33:33.740 INFO [stdout]                                at libstd/sys_common/thread.rs:24
Dec 03 18:33:33.740 INFO [stdout]   21:     0x7fafc73018f5 - std::sys::unix::thread::Thread::new::thread_start::h8414caee632bf9ed
Dec 03 18:33:33.740 INFO [stdout]                                at libstd/sys/unix/thread.rs:90
Dec 03 18:33:33.740 INFO [stdout]   22:     0x7fafc70966b9 - start_thread
Dec 03 18:33:33.740 INFO [stdout]   23:     0x7fafc6bb641c - clone
Dec 03 18:33:33.740 INFO [stdout]   24:                0x0 - <unknown>
Dec 03 18:33:33.740 INFO [stdout] query stack during panic:
Dec 03 18:33:33.740 INFO [stdout] end of query stack
Dec 03 18:33:33.740 INFO [stdout] 
Dec 03 18:33:33.740 INFO [stdout] ---- src/util/macros.rs - nonzero_to_string (line 39) stdout ----
Dec 03 18:33:33.740 INFO [stdout] error[E0603]: module `util` is private
Dec 03 18:33:33.740 INFO [stdout]  --> src/util/macros.rs:41:5
Dec 03 18:33:33.740 INFO [stdout]   |
Dec 03 18:33:33.740 INFO [stdout] 3 | use bdb::util::Ntoa;
Dec 03 18:33:33.740 INFO [stdout]   |     ^^^^^^^^^^^^^^^
Dec 03 18:33:33.740 INFO [stdout] 
Dec 03 18:33:33.740 INFO [stdout] error[E0599]: no method named `ntoa` found for type `i32` in the current scope
Dec 03 18:33:33.740 INFO [stdout]  --> src/util/macros.rs:43:12
Dec 03 18:33:33.740 INFO [stdout]   |
Dec 03 18:33:33.740 INFO [stdout] 5 | assert_eq!(nonzero_to_string!(0 as i32), "");
Dec 03 18:33:33.740 INFO [stdout]   |            ^^^^^^^^^^^^^^^^^^^^^^^^^^^^
Dec 03 18:33:33.740 INFO [stdout]   |
Dec 03 18:33:33.740 INFO [stdout]   = help: items from traits can only be used if the trait is in scope
Dec 03 18:33:33.740 INFO [stdout]   = note: this error originates in a macro outside of the current crate (in Nightly builds, run with -Z external-macro-backtrace for more info)
Dec 03 18:33:33.740 INFO [stdout] help: the following trait is implemented but not in scope, perhaps add a `use` for it:
Dec 03 18:33:33.740 INFO [stdout]   |
Dec 03 18:33:33.740 INFO [stdout] 3 | use bdb::util::fmt::Ntoa;
Dec 03 18:33:33.740 INFO [stdout]   |
Dec 03 18:33:33.740 INFO [stdout] 
Dec 03 18:33:33.740 INFO [stdout] error[E0599]: no method named `ntoa` found for type `i32` in the current scope
Dec 03 18:33:33.740 INFO [stdout]  --> src/util/macros.rs:44:12
Dec 03 18:33:33.740 INFO [stdout]   |
Dec 03 18:33:33.740 INFO [stdout] 6 | assert_eq!(nonzero_to_string!(1 as i32), "1");
Dec 03 18:33:33.740 INFO [stdout]   |            ^^^^^^^^^^^^^^^^^^^^^^^^^^^^
Dec 03 18:33:33.740 INFO [stdout]   |
Dec 03 18:33:33.740 INFO [stdout]   = help: items from traits can only be used if the trait is in scope
Dec 03 18:33:33.740 INFO [stdout]   = note: this error originates in a macro outside of the current crate (in Nightly builds, run with -Z external-macro-backtrace for more info)
Dec 03 18:33:33.740 INFO [stdout] help: the following trait is implemented but not in scope, perhaps add a `use` for it:
Dec 03 18:33:33.740 INFO [stdout]   |
Dec 03 18:33:33.740 INFO [stdout] 3 | use bdb::util::fmt::Ntoa;
Dec 03 18:33:33.740 INFO [stdout]   |
Dec 03 18:33:33.740 INFO [stdout] 
Dec 03 18:33:33.740 INFO [stdout] thread 'src/util/macros.rs - nonzero_to_string (line 39)' panicked at 'couldn't compile the test', librustdoc/test.rs:332:13
Dec 03 18:33:33.740 INFO [stdout] stack backtrace:
Dec 03 18:33:33.740 INFO [stdout]    0:     0x7fafc73297ce - std::sys::unix::backtrace::tracing::imp::unwind_backtrace::h15749a98198ba25f
Dec 03 18:33:33.740 INFO [stdout]                                at libstd/sys/unix/backtrace/tracing/gcc_s.rs:49
Dec 03 18:33:33.740 INFO [stdout]    1:     0x7fafc7302966 - std::sys_common::backtrace::print::h0ba65c811294dbf0
Dec 03 18:33:33.740 INFO [stdout]                                at libstd/sys_common/backtrace.rs:71
Dec 03 18:33:33.740 INFO [stdout]                                at libstd/sys_common/backtrace.rs:59
Dec 03 18:33:33.740 INFO [stdout]    2:     0x7fafc73005bd - std::panicking::default_hook::{{closure}}::h42bb31757f0fee64
Dec 03 18:33:33.740 INFO [stdout]                                at libstd/panicking.rs:211
Dec 03 18:33:33.740 INFO [stdout]    3:     0x7fafc73002cb - std::panicking::default_hook::hebc8848d7aa7dbd9
Dec 03 18:33:33.740 INFO [stdout]                                at libstd/panicking.rs:221
Dec 03 18:33:33.740 INFO [stdout]    4:     0x7fafc94736a1 - rustc::util::common::panic_hook::h9a39743bb116fb66
Dec 03 18:33:33.740 INFO [stdout]    5:     0x7fafc7300cc3 - std::panicking::rust_panic_with_hook::h86e619a638415243
Dec 03 18:33:33.740 INFO [stdout]                                at libstd/panicking.rs:481
Dec 03 18:33:33.740 INFO [stdout]    6:     0x55cb34861306 - std::panicking::begin_panic::h2e334451e6084118
Dec 03 18:33:33.740 INFO [stdout]                                at libstd/panicking.rs:411
Dec 03 18:33:33.740 INFO [stdout]    7:     0x55cb34a2c147 - rustdoc::test::Collector::add_test::{{closure}}::{{closure}}::{{closure}}::h071753b32990ff99
Dec 03 18:33:33.740 INFO [stdout]                                at librustdoc/test.rs:332
Dec 03 18:33:33.740 INFO [stdout]                                at librustdoc/test.rs:564
Dec 03 18:33:33.740 INFO [stdout]    8:     0x55cb349e8990 - <scoped_tls::ScopedKey<T>>::set::h9896b6fe380ee541
Dec 03 18:33:33.740 INFO [stdout]                                at /cargo/registry/src/github.com-1ecc6299db9ec823/scoped-tls-0.1.2/src/lib.rs:155
Dec 03 18:33:33.740 INFO [stdout]                                at libsyntax/lib.rs:108
Dec 03 18:33:33.741 INFO [stdout]                                at /cargo/registry/src/github.com-1ecc6299db9ec823/scoped-tls-0.1.2/src/lib.rs:155
Dec 03 18:33:33.741 INFO [stdout]    9:     0x55cb348115cd - syntax::with_globals::h851ff797fe7b24af
Dec 03 18:33:33.741 INFO [stdout]                                at libsyntax/lib.rs:107
Dec 03 18:33:33.741 INFO [stdout]   10:     0x55cb34861484 - std::panicking::try::do_call::h43316ef786a5afc6
Dec 03 18:33:33.741 INFO [stdout]                                at librustdoc/test.rs:561
Dec 03 18:33:33.741 INFO [stdout]                                at libstd/panic.rs:313
Dec 03 18:33:33.741 INFO [stdout]                                at libstd/panicking.rs:310
Dec 03 18:33:33.741 INFO [stdout]   11:     0x7fafc73405b9 - __rust_maybe_catch_panic
Dec 03 18:33:33.741 INFO [stdout]                                at libpanic_unwind/lib.rs:103
Dec 03 18:33:33.741 INFO [stdout]   12:     0x55cb348d7f03 - rustc_driver::in_named_rustc_thread::h7a18544b9923f524
Dec 03 18:33:33.741 INFO [stdout]                                at libstd/panicking.rs:289
Dec 03 18:33:33.741 INFO [stdout]                                at libstd/panic.rs:392
Dec 03 18:33:33.741 INFO [stdout]                                at librustc_driver/lib.rs:1574
Dec 03 18:33:33.741 INFO [stdout]   13:     0x55cb34a04cfc - <F as alloc::boxed::FnBox<A>>::call_box::h2226feb604beb2d6
Dec 03 18:33:33.741 INFO [stdout]                                at librustdoc/test.rs:561
Dec 03 18:33:33.741 INFO [stdout]                                at liballoc/boxed.rs:646
Dec 03 18:33:33.741 INFO [stdout]   14:     0x7fafc898ddf2 - <F as alloc::boxed::FnBox<A>>::call_box::hf3e9d4c572efaf22
Dec 03 18:33:33.741 INFO [stdout]                                at libtest/lib.rs:1454
Dec 03 18:33:33.741 INFO [stdout]                                at liballoc/boxed.rs:646
Dec 03 18:33:33.741 INFO [stdout]   15:     0x7fafc73405b9 - __rust_maybe_catch_panic
Dec 03 18:33:33.741 INFO [stdout]                                at libpanic_unwind/lib.rs:103
Dec 03 18:33:33.741 INFO [stdout]   16:     0x7fafc899b1ed - std::sys_common::backtrace::__rust_begin_short_backtrace::h0ff507d7422944d3
Dec 03 18:33:33.741 INFO [stdout]                                at libstd/panicking.rs:289
Dec 03 18:33:33.741 INFO [stdout]                                at libstd/panic.rs:392
Dec 03 18:33:33.741 INFO [stdout]                                at libtest/lib.rs:1416
Dec 03 18:33:33.741 INFO [stdout]                                at libstd/sys_common/backtrace.rs:136
Dec 03 18:33:33.741 INFO [stdout]   17:     0x7fafc89b8ff4 - std::panicking::try::do_call::hba0bdcc3670471cc
Dec 03 18:33:33.741 INFO [stdout]                                at libstd/thread/mod.rs:409
Dec 03 18:33:33.741 INFO [stdout]                                at libstd/panic.rs:313
Dec 03 18:33:33.741 INFO [stdout]                                at libstd/panicking.rs:310
Dec 03 18:33:33.741 INFO [stdout]   18:     0x7fafc73405b9 - __rust_maybe_catch_panic
Dec 03 18:33:33.741 INFO [stdout]                                at libpanic_unwind/lib.rs:103
Dec 03 18:33:33.741 INFO [stdout]   19:     0x7fafc89a5bd6 - <F as alloc::boxed::FnBox<A>>::call_box::hdac52587b00591af
Dec 03 18:33:33.741 INFO [stdout]                                at libstd/panicking.rs:289
Dec 03 18:33:33.741 INFO [stdout]                                at libstd/panic.rs:392
Dec 03 18:33:33.741 INFO [stdout]                                at libstd/thread/mod.rs:408
Dec 03 18:33:33.741 INFO [stdout]                                at liballoc/boxed.rs:646
Dec 03 18:33:33.741 INFO [stdout]   20:     0x7fafc732dcca - std::sys_common::thread::start_thread::h75d887c7d2cc4479
Dec 03 18:33:33.741 INFO [stdout]                                at liballoc/boxed.rs:656
Dec 03 18:33:33.741 INFO [stdout]                                at libstd/sys_common/thread.rs:24
Dec 03 18:33:33.741 INFO [stdout]   21:     0x7fafc73018f5 - std::sys::unix::thread::Thread::new::thread_start::h8414caee632bf9ed
Dec 03 18:33:33.741 INFO [stdout]                                at libstd/sys/unix/thread.rs:90
Dec 03 18:33:33.741 INFO [stdout]   22:     0x7fafc70966b9 - start_thread
Dec 03 18:33:33.741 INFO [stdout]   23:     0x7fafc6bb641c - clone
Dec 03 18:33:33.741 INFO [stdout]   24:                0x0 - <unknown>
Dec 03 18:33:33.741 INFO [stdout] query stack during panic:
Dec 03 18:33:33.741 INFO [stdout] end of query stack
Dec 03 18:33:33.741 INFO [stdout] 
Dec 03 18:33:33.741 INFO [stdout] 
Dec 03 18:33:33.741 INFO [stdout] failures:
Dec 03 18:33:33.741 INFO [stdout]     src/util/macros.rs - nonzero_float_to_string (line 64)
Dec 03 18:33:33.741 INFO [stdout]     src/util/macros.rs - nonzero_to_string (line 39)
Dec 03 18:33:33.741 INFO [stdout] 
Dec 03 18:33:33.741 INFO [stdout] test result: FAILED. 9 passed; 2 failed; 0 ignored; 0 measured; 0 filtered out
Dec 03 18:33:33.741 INFO [stdout] 
Dec 03 18:33:33.759 INFO [stderr] error: test failed, to rerun pass '--doc'
Dec 03 18:33:33.761 INFO [stderr] su: No module specific data is present
Dec 03 18:33:34.817 INFO running `"docker" "inspect" "ff25cc97a2e032ca3d652ced523f736738145b506201bd19da2d710015c90537"`
Dec 03 18:33:35.153 INFO running `"docker" "rm" "-f" "ff25cc97a2e032ca3d652ced523f736738145b506201bd19da2d710015c90537"`
Dec 03 18:33:35.551 INFO [stdout] ff25cc97a2e032ca3d652ced523f736738145b506201bd19da2d710015c90537
