Dec 03 19:30:30.373 INFO testing amq-protocol-codegen-1.0.0 against 1.30.1 for beta-1.31-5
Dec 03 19:30:30.373 INFO running `"docker" "create" "-v" "/mnt/big/crater/work/local/target-dirs/beta-1.31-5/worker-3/1.30.1:/target:rw,Z" "-v" "/mnt/big/crater/work/local/test-source/worker-3/beta-1.31-5/1.30.1:/source:ro,Z" "-v" "/mnt/big/crater/work/local/cargo-home:/cargo-home:ro,Z" "-v" "/mnt/big/crater/work/local/rustup-home:/rustup-home:ro,Z" "-e" "USER_ID=1000" "-e" "SOURCE_DIR=/source" "-e" "USER_ID=1000" "-e" "CMD=cargo +1.30.1 build --frozen" "-e" "CARGO_TARGET_DIR=/target" "-e" "CARGO_INCREMENTAL=0" "-e" "RUST_BACKTRACE=full" "-e" "RUSTFLAGS=--cap-lints=warn" "-e" "CARGO_HOME=/cargo-home" "-e" "RUSTUP_HOME=/rustup-home" "-m" "1536M" "--network" "none" "crater"`
Dec 03 19:30:30.828 INFO [stdout] 70c8715bafc4ba23cc6583894cad2e659e4f94500dcfbbd76c857c70b786326e
Dec 03 19:30:30.830 INFO running `"docker" "start" "-a" "70c8715bafc4ba23cc6583894cad2e659e4f94500dcfbbd76c857c70b786326e"`
Dec 03 19:30:32.814 INFO [stderr] usermod: no changes
Dec 03 19:30:32.979 INFO [stderr]    Compiling nom v4.1.1
Dec 03 19:30:32.982 INFO [stderr]    Compiling handlebars v1.1.0
Dec 03 19:30:36.934 INFO [stderr]    Compiling amq-protocol-types v1.0.0
Dec 03 19:30:48.367 INFO [stderr]    Compiling amq-protocol-codegen v1.0.0 (/source)
Dec 03 19:30:57.647 INFO [stderr]     Finished dev [unoptimized + debuginfo] target(s) in 24.80s
Dec 03 19:30:57.654 INFO [stderr] su: No module specific data is present
Dec 03 19:30:58.533 INFO running `"docker" "inspect" "70c8715bafc4ba23cc6583894cad2e659e4f94500dcfbbd76c857c70b786326e"`
Dec 03 19:30:58.824 INFO running `"docker" "rm" "-f" "70c8715bafc4ba23cc6583894cad2e659e4f94500dcfbbd76c857c70b786326e"`
Dec 03 19:30:59.115 INFO [stdout] 70c8715bafc4ba23cc6583894cad2e659e4f94500dcfbbd76c857c70b786326e
Dec 03 19:30:59.119 INFO running `"docker" "create" "-v" "/mnt/big/crater/work/local/target-dirs/beta-1.31-5/worker-3/1.30.1:/target:rw,Z" "-v" "/mnt/big/crater/work/local/test-source/worker-3/beta-1.31-5/1.30.1:/source:ro,Z" "-v" "/mnt/big/crater/work/local/cargo-home:/cargo-home:ro,Z" "-v" "/mnt/big/crater/work/local/rustup-home:/rustup-home:ro,Z" "-e" "USER_ID=1000" "-e" "SOURCE_DIR=/source" "-e" "USER_ID=1000" "-e" "CMD=cargo +1.30.1 test --frozen --no-run" "-e" "CARGO_TARGET_DIR=/target" "-e" "CARGO_INCREMENTAL=0" "-e" "RUST_BACKTRACE=full" "-e" "RUSTFLAGS=--cap-lints=warn" "-e" "CARGO_HOME=/cargo-home" "-e" "RUSTUP_HOME=/rustup-home" "-m" "1536M" "--network" "none" "crater"`
Dec 03 19:30:59.547 INFO [stdout] aa4ada5daf134d33b26e30d6090fd2839c46c9dee0ad1beec7dba360ac966515
Dec 03 19:30:59.553 INFO running `"docker" "start" "-a" "aa4ada5daf134d33b26e30d6090fd2839c46c9dee0ad1beec7dba360ac966515"`
Dec 03 19:31:00.830 INFO [stderr] usermod: no changes
Dec 03 19:31:00.987 INFO [stderr]    Compiling amq-protocol-codegen v1.0.0 (/source)
Dec 03 19:31:09.870 INFO [stderr]     Finished dev [unoptimized + debuginfo] target(s) in 9.00s
Dec 03 19:31:09.877 INFO [stderr] su: No module specific data is present
Dec 03 19:31:10.168 INFO running `"docker" "inspect" "aa4ada5daf134d33b26e30d6090fd2839c46c9dee0ad1beec7dba360ac966515"`
Dec 03 19:31:10.249 INFO running `"docker" "rm" "-f" "aa4ada5daf134d33b26e30d6090fd2839c46c9dee0ad1beec7dba360ac966515"`
Dec 03 19:31:10.368 INFO [stdout] aa4ada5daf134d33b26e30d6090fd2839c46c9dee0ad1beec7dba360ac966515
Dec 03 19:31:10.373 INFO running `"docker" "create" "-v" "/mnt/big/crater/work/local/target-dirs/beta-1.31-5/worker-3/1.30.1:/target:rw,Z" "-v" "/mnt/big/crater/work/local/test-source/worker-3/beta-1.31-5/1.30.1:/source:ro,Z" "-v" "/mnt/big/crater/work/local/cargo-home:/cargo-home:ro,Z" "-v" "/mnt/big/crater/work/local/rustup-home:/rustup-home:ro,Z" "-e" "USER_ID=1000" "-e" "SOURCE_DIR=/source" "-e" "USER_ID=1000" "-e" "CMD=cargo +1.30.1 test --frozen" "-e" "CARGO_TARGET_DIR=/target" "-e" "CARGO_INCREMENTAL=0" "-e" "RUST_BACKTRACE=full" "-e" "RUSTFLAGS=--cap-lints=warn" "-e" "CARGO_HOME=/cargo-home" "-e" "RUSTUP_HOME=/rustup-home" "-m" "1536M" "--network" "none" "crater"`
Dec 03 19:31:10.592 INFO [stdout] dac9fe85f269e608c02201303b326929892dea6d4d894be72c6a65bbed0a70b8
Dec 03 19:31:10.595 INFO running `"docker" "start" "-a" "dac9fe85f269e608c02201303b326929892dea6d4d894be72c6a65bbed0a70b8"`
Dec 03 19:31:11.095 INFO [stderr] usermod: no changes
Dec 03 19:31:11.184 INFO [stderr]     Finished dev [unoptimized + debuginfo] target(s) in 0.07s
Dec 03 19:31:11.189 INFO [stderr]      Running /target/debug/deps/amq_protocol_codegen-36951802428e194d
Dec 03 19:31:11.191 INFO [stdout] 
Dec 03 19:31:11.191 INFO [stdout] running 8 tests
Dec 03 19:31:11.194 INFO [stdout] test named::test::test_named_constant ... ok
Dec 03 19:31:11.194 INFO [stdout] test named::test::test_named_value_argument ... ok
Dec 03 19:31:11.194 INFO [stdout] test internal::test::test_convert_to_specs ... ok
Dec 03 19:31:11.194 INFO [stdout] test named::test::test_named_flag_argument ... ok
Dec 03 19:31:11.195 INFO [stdout] test util::test::test_snake_case_uint ... ok
Dec 03 19:31:11.203 INFO [stdout] test util::test::test_snake_case ... ok
Dec 03 19:31:11.203 INFO [stdout] test util::test::test_camel_case ... ok
Dec 03 19:31:11.250 INFO [stdout] test templating::test::main_template ... FAILED
Dec 03 19:31:11.250 INFO [stdout] 
Dec 03 19:31:11.250 INFO [stdout] failures:
Dec 03 19:31:11.250 INFO [stdout] 
Dec 03 19:31:11.250 INFO [stdout] ---- templating::test::main_template stdout ----
Dec 03 19:31:11.250 INFO [stdout] thread 'templating::test::main_template' panicked at 'assertion failed: `(left == right)`
Dec 03 19:31:11.250 INFO [stdout]   left: `"\nAMQP - 0.9.1\nCopyright 1\nCopyright 2\nport 5672\ndomain1: LongString\nconstant1 = 128\n42 - class1\nproperty1: LongString\n64 - method1\nsynchronous: true\nargument1(domain1): LongString\n\nflag1: true\nflag2: false\n"`,
Dec 03 19:31:11.250 INFO [stdout]  right: `"\nAMQP - 0.9.1\nCopyright 1\nCopyright 2\nport 5672\ndomain1: LongString\nconstant1 = 128\n42 - class1\nproperty1: LongString\n64 - method1\nsynchronous: true\nargument1(domain1): LongString\n\nflag1: true\nflag2: false\n\n"`', src/templating.rs:303:9
Dec 03 19:31:11.250 INFO [stdout] stack backtrace:
Dec 03 19:31:11.250 INFO [stdout]    0:     0x55556d251a5e - std::sys::unix::backtrace::tracing::imp::unwind_backtrace::h15749a98198ba25f
Dec 03 19:31:11.250 INFO [stdout]                                at libstd/sys/unix/backtrace/tracing/gcc_s.rs:49
Dec 03 19:31:11.250 INFO [stdout]    1:     0x55556d244906 - std::sys_common::backtrace::print::h0ba65c811294dbf0
Dec 03 19:31:11.250 INFO [stdout]                                at libstd/sys_common/backtrace.rs:71
Dec 03 19:31:11.250 INFO [stdout]                                at libstd/sys_common/backtrace.rs:59
Dec 03 19:31:11.250 INFO [stdout]    2:     0x55556d242d2d - std::panicking::default_hook::{{closure}}::h42bb31757f0fee64
Dec 03 19:31:11.250 INFO [stdout]                                at libstd/panicking.rs:211
Dec 03 19:31:11.250 INFO [stdout]    3:     0x55556d242a3b - std::panicking::default_hook::hebc8848d7aa7dbd9
Dec 03 19:31:11.250 INFO [stdout]                                at libstd/panicking.rs:221
Dec 03 19:31:11.250 INFO [stdout]    4:     0x55556d2433dc - std::panicking::rust_panic_with_hook::h86e619a638415243
Dec 03 19:31:11.250 INFO [stdout]                                at libstd/panicking.rs:477
Dec 03 19:31:11.250 INFO [stdout]    5:     0x55556d242f99 - std::panicking::continue_panic_fmt::h2d2d2bfb065a70b2
Dec 03 19:31:11.250 INFO [stdout]                                at libstd/panicking.rs:391
Dec 03 19:31:11.250 INFO [stdout]    6:     0x55556d242efd - std::panicking::begin_panic_fmt::ha5097e2056ef3d5a
Dec 03 19:31:11.250 INFO [stdout]                                at libstd/panicking.rs:346
Dec 03 19:31:11.250 INFO [stdout]    7:     0x55556cec646d - amq_protocol_codegen::templating::test::main_template::hdc5b9d342f6a2e84
Dec 03 19:31:11.250 INFO [stdout]                                at src/templating.rs:303
Dec 03 19:31:11.250 INFO [stdout]    8:     0x55556cec60f9 - amq_protocol_codegen::templating::test::main_template::{{closure}}::ha83db045eadce29f
Dec 03 19:31:11.250 INFO [stdout]                                at src/templating.rs:298
Dec 03 19:31:11.250 INFO [stdout]    9:     0x55556ceb318d - core::ops::function::FnOnce::call_once::hce228c72e4510e29
Dec 03 19:31:11.250 INFO [stdout]                                at libcore/ops/function.rs:238
Dec 03 19:31:11.250 INFO [stdout]   10:     0x55556cec828e - <F as alloc::boxed::FnBox<A>>::call_box::hbea525814fa423cc
Dec 03 19:31:11.250 INFO [stdout]                                at libtest/lib.rs:1461
Dec 03 19:31:11.250 INFO [stdout]                                at libcore/ops/function.rs:238
Dec 03 19:31:11.250 INFO [stdout]                                at liballoc/boxed.rs:646
Dec 03 19:31:11.250 INFO [stdout]   11:     0x55556d2608c9 - __rust_maybe_catch_panic
Dec 03 19:31:11.250 INFO [stdout]                                at libpanic_unwind/lib.rs:103
Dec 03 19:31:11.250 INFO [stdout]   12:     0x55556ced3bed - std::sys_common::backtrace::__rust_begin_short_backtrace::h0ff507d7422944d3
Dec 03 19:31:11.250 INFO [stdout]                                at libstd/panicking.rs:289
Dec 03 19:31:11.250 INFO [stdout]                                at libstd/panic.rs:392
Dec 03 19:31:11.250 INFO [stdout]                                at libtest/lib.rs:1416
Dec 03 19:31:11.250 INFO [stdout]                                at libstd/sys_common/backtrace.rs:136
Dec 03 19:31:11.250 INFO [stdout]   13:     0x55556ceec224 - std::panicking::try::do_call::hba0bdcc3670471cc
Dec 03 19:31:11.250 INFO [stdout]                                at libstd/thread/mod.rs:409
Dec 03 19:31:11.250 INFO [stdout]                                at libstd/panic.rs:313
Dec 03 19:31:11.250 INFO [stdout]                                at libstd/panicking.rs:310
Dec 03 19:31:11.250 INFO [stdout]   14:     0x55556d2608c9 - __rust_maybe_catch_panic
Dec 03 19:31:11.250 INFO [stdout]                                at libpanic_unwind/lib.rs:103
Dec 03 19:31:11.250 INFO [stdout]   15:     0x55556cedcaf6 - <F as alloc::boxed::FnBox<A>>::call_box::hdac52587b00591af
Dec 03 19:31:11.250 INFO [stdout]                                at libstd/panicking.rs:289
Dec 03 19:31:11.250 INFO [stdout]                                at libstd/panic.rs:392
Dec 03 19:31:11.250 INFO [stdout]                                at libstd/thread/mod.rs:408
Dec 03 19:31:11.250 INFO [stdout]                                at liballoc/boxed.rs:646
Dec 03 19:31:11.250 INFO [stdout]   16:     0x55556d25336a - std::sys_common::thread::start_thread::h75d887c7d2cc4479
Dec 03 19:31:11.250 INFO [stdout]                                at liballoc/boxed.rs:656
Dec 03 19:31:11.250 INFO [stdout]                                at libstd/sys_common/thread.rs:24
Dec 03 19:31:11.250 INFO [stdout]   17:     0x55556d243b45 - std::sys::unix::thread::Thread::new::thread_start::h8414caee632bf9ed
Dec 03 19:31:11.250 INFO [stdout]                                at libstd/sys/unix/thread.rs:90
Dec 03 19:31:11.250 INFO [stdout]   18:     0x7f6f5c5c26b9 - start_thread
Dec 03 19:31:11.250 INFO [stdout]   19:     0x7f6f5c0e241c - clone
Dec 03 19:31:11.250 INFO [stdout]   20:                0x0 - <unknown>
Dec 03 19:31:11.250 INFO [stdout] 
Dec 03 19:31:11.250 INFO [stdout] 
Dec 03 19:31:11.250 INFO [stdout] failures:
Dec 03 19:31:11.250 INFO [stdout]     templating::test::main_template
Dec 03 19:31:11.250 INFO [stdout] 
Dec 03 19:31:11.250 INFO [stdout] test result: FAILED. 7 passed; 1 failed; 0 ignored; 0 measured; 0 filtered out
Dec 03 19:31:11.250 INFO [stdout] 
Dec 03 19:31:11.253 INFO [stderr] error: test failed, to rerun pass '--lib'
Dec 03 19:31:11.255 INFO [stderr] su: No module specific data is present
Dec 03 19:31:11.674 INFO running `"docker" "inspect" "dac9fe85f269e608c02201303b326929892dea6d4d894be72c6a65bbed0a70b8"`
Dec 03 19:31:11.816 INFO running `"docker" "rm" "-f" "dac9fe85f269e608c02201303b326929892dea6d4d894be72c6a65bbed0a70b8"`
Dec 03 19:31:11.961 INFO [stdout] dac9fe85f269e608c02201303b326929892dea6d4d894be72c6a65bbed0a70b8
