Nov 30 20:56:53.969 INFO testing werkshy/hello-rust against 1.30.1 for beta-1.31-5
Nov 30 20:56:53.969 INFO running `"docker" "create" "-v" "/mnt/big/crater/work/local/target-dirs/beta-1.31-5/worker-6/1.30.1:/target:rw,Z" "-v" "/mnt/big/crater/work/local/test-source/worker-6/beta-1.31-5/1.30.1:/source:ro,Z" "-v" "/mnt/big/crater/work/local/cargo-home:/cargo-home:ro,Z" "-v" "/mnt/big/crater/work/local/rustup-home:/rustup-home:ro,Z" "-e" "USER_ID=1000" "-e" "SOURCE_DIR=/source" "-e" "USER_ID=1000" "-e" "CMD=cargo +1.30.1 build --frozen" "-e" "CARGO_TARGET_DIR=/target" "-e" "CARGO_INCREMENTAL=0" "-e" "RUST_BACKTRACE=full" "-e" "RUSTFLAGS=--cap-lints=warn" "-e" "CARGO_HOME=/cargo-home" "-e" "RUSTUP_HOME=/rustup-home" "-m" "1536M" "--network" "none" "crater"`
Nov 30 20:56:54.578 INFO [stdout] 9e1c8b02b6d6145cff78d1cec7d2ffc0ec9436859624ed6b30f5d8d798bdd3cf
Nov 30 20:56:54.581 INFO running `"docker" "start" "-a" "9e1c8b02b6d6145cff78d1cec7d2ffc0ec9436859624ed6b30f5d8d798bdd3cf"`
Nov 30 20:56:56.206 INFO [stderr] usermod: no changes
Nov 30 20:56:56.667 INFO [stderr]    Compiling failure_derive v0.1.3
Nov 30 20:56:56.667 INFO [stderr]    Compiling arc-swap v0.3.4
Nov 30 20:56:56.668 INFO [stderr]    Compiling pq-sys v0.4.6
Nov 30 20:56:56.675 INFO [stderr]    Compiling ucd-util v0.1.2
Nov 30 20:56:56.688 INFO [stderr]    Compiling indexmap v1.0.2
Nov 30 20:56:56.691 INFO [stderr]    Compiling actix-web v0.7.13
Nov 30 20:56:56.699 INFO [stderr]    Compiling miniz-sys v0.1.11
Nov 30 20:56:56.699 INFO [stderr]    Compiling brotli-sys v0.3.2
Nov 30 20:57:01.100 INFO [stderr]    Compiling ring v0.13.2
Nov 30 20:57:01.152 INFO [stderr]    Compiling rand v0.4.3
Nov 30 20:57:01.159 INFO [stderr]    Compiling hostname v0.1.5
Nov 30 20:57:01.858 INFO [stderr]    Compiling atty v0.2.11
Nov 30 20:57:02.160 INFO [stderr]    Compiling log v0.4.6
Nov 30 20:57:02.244 INFO [stderr]    Compiling net2 v0.2.33
Nov 30 20:57:02.424 INFO [stderr]    Compiling socket2 v0.3.8
Nov 30 20:57:03.224 INFO [stderr]    Compiling tower-service v0.1.0
Nov 30 20:57:03.290 INFO [stderr]    Compiling scheduled-thread-pool v0.2.0
Nov 30 20:57:03.499 INFO [stderr]    Compiling regex-syntax v0.5.6
Nov 30 20:57:05.137 INFO [stderr]    Compiling regex-syntax v0.6.2
Nov 30 20:57:06.065 INFO [stderr]    Compiling signal-hook v0.1.5
Nov 30 20:57:08.759 INFO [stderr]    Compiling bytes v0.4.10
Nov 30 20:57:08.805 INFO [stderr]    Compiling futures-cpupool v0.1.8
Nov 30 20:57:14.835 INFO [stderr]    Compiling tokio-timer v0.2.7
Nov 30 20:57:14.835 INFO [stderr]    Compiling tokio-current-thread v0.1.3
Nov 30 20:57:14.904 INFO [stderr]    Compiling resolv-conf v0.6.1
Nov 30 20:57:17.083 INFO [stderr]    Compiling syn v0.11.11
Nov 30 20:57:17.439 INFO [stderr]    Compiling memchr v2.1.1
Nov 30 20:57:21.583 INFO [stderr]    Compiling quote v0.6.9
Nov 30 20:57:21.643 INFO [stderr]    Compiling uuid v0.7.1
Nov 30 20:57:24.199 INFO [stderr]    Compiling backtrace-sys v0.1.24
Nov 30 20:57:24.211 INFO [stderr]    Compiling mio v0.6.16
Nov 30 20:57:24.991 INFO [stderr]    Compiling syn v0.13.11
Nov 30 20:57:30.123 INFO [stderr]    Compiling r2d2 v0.8.3
Nov 30 20:57:51.589 INFO [stderr]    Compiling tokio-io v0.1.10
Nov 30 20:57:52.217 INFO [stderr]    Compiling http v0.1.13
Nov 30 20:57:52.231 INFO [stderr]    Compiling url v1.7.1
Nov 30 20:57:52.776 INFO [stderr]    Compiling serde_json v1.0.32
Nov 30 20:57:55.735 INFO [stderr]    Compiling crossbeam-epoch v0.5.2
Nov 30 20:57:56.631 INFO [stderr]    Compiling crossbeam-epoch v0.6.0
Nov 30 20:57:59.007 INFO [stderr]    Compiling thread_local v0.3.6
Nov 30 20:57:59.615 INFO [stderr]    Compiling aho-corasick v0.6.9
Nov 30 20:58:03.679 INFO [stderr]    Compiling backtrace v0.2.3
Nov 30 20:58:03.700 INFO [stderr]    Compiling backtrace v0.3.9
Nov 30 20:58:03.711 INFO [stderr]    Compiling syn v0.15.18
Nov 30 20:58:12.193 INFO [stderr]    Compiling mio-uds v0.6.7
Nov 30 20:58:13.723 INFO [stderr]    Compiling flate2 v1.0.4
Nov 30 20:58:25.237 INFO [stderr]    Compiling parking_lot_core v0.3.1
Nov 30 20:58:25.329 INFO [stderr]    Compiling derive-error-chain v0.10.1
Nov 30 20:58:25.422 INFO [stderr]    Compiling tokio-codec v0.1.1
Nov 30 20:58:25.639 INFO [stderr]    Compiling phf_generator v0.7.23
Nov 30 20:58:34.359 INFO [stderr]    Compiling regex v1.0.5
Nov 30 20:58:34.468 INFO [stderr]    Compiling regex v0.2.11
Nov 30 20:58:34.559 INFO [stderr]    Compiling crossbeam-deque v0.6.1
Nov 30 20:58:34.623 INFO [stderr]    Compiling error-chain v0.1.12
Nov 30 20:58:34.843 INFO [stderr]    Compiling error-chain v0.10.0
Nov 30 20:58:36.283 INFO [stderr]    Compiling serde_urlencoded v0.5.3
Nov 30 20:58:41.891 INFO [stderr]    Compiling brotli2 v0.3.2
Nov 30 20:58:41.907 INFO [stderr]    Compiling cookie v0.11.0
Nov 30 20:58:41.975 INFO [stderr]    Compiling phf_codegen v0.7.23
Nov 30 20:58:42.035 INFO [stderr]    Compiling parking_lot v0.6.4
Nov 30 20:58:44.099 INFO [stderr]    Compiling diesel_derives v1.3.0
Nov 30 20:58:44.583 INFO [stderr]    Compiling tokio-threadpool v0.1.8
Nov 30 20:58:45.355 INFO [stderr]    Compiling h2 v0.1.13
Nov 30 20:59:20.990 INFO [stderr]    Compiling mime_guess v2.0.0-alpha.6
Nov 30 20:59:32.479 INFO [stderr]    Compiling tokio-reactor v0.1.6
Nov 30 20:59:32.491 INFO [stderr]    Compiling crossbeam-channel v0.2.6
Nov 30 20:59:32.511 INFO [stderr]    Compiling tokio-fs v0.1.4
Nov 30 20:59:32.579 INFO [stderr]    Compiling env_logger v0.5.13
Nov 30 20:59:33.159 INFO [stderr]    Compiling diesel v1.3.3
Nov 30 20:59:33.579 INFO [stderr]    Compiling dotenv v0.10.1
Nov 30 20:59:34.664 INFO [stderr]    Compiling synstructure v0.10.1
Nov 30 20:59:36.296 INFO [stderr]    Compiling actix_derive v0.3.2
Nov 30 20:59:43.320 INFO [stderr]    Compiling serde_derive v1.0.80
Nov 30 20:59:43.467 INFO [stderr]    Compiling tokio-tcp v0.1.2
Nov 30 20:59:43.583 INFO [stderr]    Compiling tokio-uds v0.2.3
Nov 30 20:59:52.067 INFO [stderr]    Compiling tokio-udp v0.1.2
Nov 30 20:59:52.767 INFO [stderr]    Compiling tokio-signal v0.2.6
Nov 30 20:59:57.851 INFO [stderr]    Compiling tokio v0.1.11
Nov 30 20:59:57.875 INFO [stderr]    Compiling trust-dns-proto v0.4.3
Nov 30 21:00:07.773 INFO [stderr]    Compiling failure v0.1.3
Nov 30 21:00:09.227 INFO [stderr]    Compiling trust-dns-proto v0.5.0
Nov 30 21:00:17.827 INFO [stderr]    Compiling trust-dns-resolver v0.9.1
Nov 30 21:00:30.039 INFO [stderr]    Compiling trust-dns-resolver v0.10.0
Nov 30 21:00:42.227 INFO [stderr]    Compiling actix v0.7.5
Nov 30 21:01:01.748 INFO [stderr]    Compiling actix-net v0.1.1
Nov 30 21:01:51.212 INFO [stderr]    Compiling hello-rust v0.1.0 (/source)
Nov 30 21:01:52.523 INFO [stderr] warning: cannot find type `SystemTime` in this scope
Nov 30 21:01:52.523 INFO [stderr]  --> src/models/thing.rs:3:21
Nov 30 21:01:52.523 INFO [stderr]   |
Nov 30 21:01:52.523 INFO [stderr] 3 | #[derive(Serialize, Queryable)]
Nov 30 21:01:52.523 INFO [stderr]   |                     ^^^^^^^^^ names from parent modules are not accessible without an explicit import
Nov 30 21:01:52.524 INFO [stderr]   |
Nov 30 21:01:52.525 INFO [stderr]   = note: #[warn(proc_macro_derive_resolution_fallback)] on by default
Nov 30 21:01:52.525 INFO [stderr]   = warning: this was previously accepted by the compiler but is being phased out; it will become a hard error in a future release!
Nov 30 21:01:52.525 INFO [stderr]   = note: for more information, see issue #50504 <https://github.com/rust-lang/rust/issues/50504>
Nov 30 21:01:52.525 INFO [stderr] 
Nov 30 21:01:52.525 INFO [stderr] warning: cannot find type `SystemTime` in this scope
Nov 30 21:01:52.525 INFO [stderr]  --> src/models/thing.rs:3:21
Nov 30 21:01:52.525 INFO [stderr]   |
Nov 30 21:01:52.525 INFO [stderr] 3 | #[derive(Serialize, Queryable)]
Nov 30 21:01:52.525 INFO [stderr]   |                     ^^^^^^^^^ names from parent modules are not accessible without an explicit import
Nov 30 21:01:52.525 INFO [stderr]   |
Nov 30 21:01:52.525 INFO [stderr]   = warning: this was previously accepted by the compiler but is being phased out; it will become a hard error in a future release!
Nov 30 21:01:52.525 INFO [stderr]   = note: for more information, see issue #50504 <https://github.com/rust-lang/rust/issues/50504>
Nov 30 21:01:52.525 INFO [stderr] 
Nov 30 21:01:52.525 INFO [stderr] warning: cannot find type `Thing` in this scope
Nov 30 21:01:52.525 INFO [stderr]  --> src/models/thing.rs:3:21
Nov 30 21:01:52.525 INFO [stderr]   |
Nov 30 21:01:52.525 INFO [stderr] 3 | #[derive(Serialize, Queryable)]
Nov 30 21:01:52.525 INFO [stderr]   |                     ^^^^^^^^^ names from parent modules are not accessible without an explicit import
Nov 30 21:01:52.525 INFO [stderr]   |
Nov 30 21:01:52.525 INFO [stderr]   = warning: this was previously accepted by the compiler but is being phased out; it will become a hard error in a future release!
Nov 30 21:01:52.525 INFO [stderr]   = note: for more information, see issue #50504 <https://github.com/rust-lang/rust/issues/50504>
Nov 30 21:01:52.525 INFO [stderr] 
Nov 30 21:01:52.525 INFO [stderr] warning: cannot find type `table` in this scope
Nov 30 21:01:52.525 INFO [stderr]    --> <::diesel::macros::table_body macros>:165:33
Nov 30 21:01:52.525 INFO [stderr]     |
Nov 30 21:01:52.528 INFO [stderr] 165 | derive ( Debug , Clone , Copy , QueryId ) ] /// The actual table struct
Nov 30 21:01:52.528 INFO [stderr]     |                                 ^^^^^^^ names from parent modules are not accessible without an explicit import
Nov 30 21:01:52.528 INFO [stderr]     |
Nov 30 21:01:52.528 INFO [stderr]     = warning: this was previously accepted by the compiler but is being phased out; it will become a hard error in a future release!
Nov 30 21:01:52.528 INFO [stderr]     = note: for more information, see issue #50504 <https://github.com/rust-lang/rust/issues/50504>
Nov 30 21:01:52.528 INFO [stderr] 
Nov 30 21:01:52.528 INFO [stderr] warning: cannot find type `id` in this scope
Nov 30 21:01:52.528 INFO [stderr]  --> <::diesel::macros::__diesel_column macros>:5:33
Nov 30 21:01:52.528 INFO [stderr]   |
Nov 30 21:01:52.528 INFO [stderr] 5 | derive ( Debug , Clone , Copy , QueryId , Default ) ] pub struct $ column_name
Nov 30 21:01:52.528 INFO [stderr]   |                                 ^^^^^^^ names from parent modules are not accessible without an explicit import
Nov 30 21:01:52.528 INFO [stderr]   |
Nov 30 21:01:52.528 INFO [stderr]   = warning: this was previously accepted by the compiler but is being phased out; it will become a hard error in a future release!
Nov 30 21:01:52.528 INFO [stderr]   = note: for more information, see issue #50504 <https://github.com/rust-lang/rust/issues/50504>
Nov 30 21:01:52.528 INFO [stderr] 
Nov 30 21:01:52.535 INFO [stderr] warning: cannot find type `name` in this scope
Nov 30 21:01:52.535 INFO [stderr]  --> <::diesel::macros::__diesel_column macros>:5:33
Nov 30 21:01:52.535 INFO [stderr]   |
Nov 30 21:01:52.535 INFO [stderr] 5 | derive ( Debug , Clone , Copy , QueryId , Default ) ] pub struct $ column_name
Nov 30 21:01:52.535 INFO [stderr]   |                                 ^^^^^^^ names from parent modules are not accessible without an explicit import
Nov 30 21:01:52.535 INFO [stderr]   |
Nov 30 21:01:52.535 INFO [stderr]   = warning: this was previously accepted by the compiler but is being phased out; it will become a hard error in a future release!
Nov 30 21:01:52.535 INFO [stderr]   = note: for more information, see issue #50504 <https://github.com/rust-lang/rust/issues/50504>
Nov 30 21:01:52.535 INFO [stderr] 
Nov 30 21:01:52.535 INFO [stderr] warning: cannot find type `created_at` in this scope
Nov 30 21:01:52.535 INFO [stderr]  --> <::diesel::macros::__diesel_column macros>:5:33
Nov 30 21:01:52.535 INFO [stderr]   |
Nov 30 21:01:52.536 INFO [stderr] 5 | derive ( Debug , Clone , Copy , QueryId , Default ) ] pub struct $ column_name
Nov 30 21:01:52.536 INFO [stderr]   |                                 ^^^^^^^ names from parent modules are not accessible without an explicit import
Nov 30 21:01:52.536 INFO [stderr]   |
Nov 30 21:01:52.536 INFO [stderr]   = warning: this was previously accepted by the compiler but is being phased out; it will become a hard error in a future release!
Nov 30 21:01:52.536 INFO [stderr]   = note: for more information, see issue #50504 <https://github.com/rust-lang/rust/issues/50504>
Nov 30 21:01:52.536 INFO [stderr] 
Nov 30 21:01:52.536 INFO [stderr] warning: cannot find type `updated_at` in this scope
Nov 30 21:01:52.536 INFO [stderr]  --> <::diesel::macros::__diesel_column macros>:5:33
Nov 30 21:01:52.536 INFO [stderr]   |
Nov 30 21:01:52.536 INFO [stderr] 5 | derive ( Debug , Clone , Copy , QueryId , Default ) ] pub struct $ column_name
Nov 30 21:01:52.536 INFO [stderr]   |                                 ^^^^^^^ names from parent modules are not accessible without an explicit import
Nov 30 21:01:52.536 INFO [stderr]   |
Nov 30 21:01:52.536 INFO [stderr]   = warning: this was previously accepted by the compiler but is being phased out; it will become a hard error in a future release!
Nov 30 21:01:52.536 INFO [stderr]   = note: for more information, see issue #50504 <https://github.com/rust-lang/rust/issues/50504>
Nov 30 21:01:52.536 INFO [stderr] 
Nov 30 21:02:09.599 INFO [stderr]     Finished dev [unoptimized + debuginfo] target(s) in 5m 13s
Nov 30 21:02:09.611 INFO [stderr] su: No module specific data is present
Nov 30 21:02:10.773 INFO running `"docker" "inspect" "9e1c8b02b6d6145cff78d1cec7d2ffc0ec9436859624ed6b30f5d8d798bdd3cf"`
Nov 30 21:02:11.111 INFO running `"docker" "rm" "-f" "9e1c8b02b6d6145cff78d1cec7d2ffc0ec9436859624ed6b30f5d8d798bdd3cf"`
Nov 30 21:02:11.387 INFO [stdout] 9e1c8b02b6d6145cff78d1cec7d2ffc0ec9436859624ed6b30f5d8d798bdd3cf
Nov 30 21:02:11.391 INFO running `"docker" "create" "-v" "/mnt/big/crater/work/local/target-dirs/beta-1.31-5/worker-6/1.30.1:/target:rw,Z" "-v" "/mnt/big/crater/work/local/test-source/worker-6/beta-1.31-5/1.30.1:/source:ro,Z" "-v" "/mnt/big/crater/work/local/cargo-home:/cargo-home:ro,Z" "-v" "/mnt/big/crater/work/local/rustup-home:/rustup-home:ro,Z" "-e" "USER_ID=1000" "-e" "SOURCE_DIR=/source" "-e" "USER_ID=1000" "-e" "CMD=cargo +1.30.1 test --frozen --no-run" "-e" "CARGO_TARGET_DIR=/target" "-e" "CARGO_INCREMENTAL=0" "-e" "RUST_BACKTRACE=full" "-e" "RUSTFLAGS=--cap-lints=warn" "-e" "CARGO_HOME=/cargo-home" "-e" "RUSTUP_HOME=/rustup-home" "-m" "1536M" "--network" "none" "crater"`
Nov 30 21:02:11.831 INFO [stdout] 30f4412c80f1efcbbc445b949680eb848bec45fb27d0b782caccbbbb288897d9
Nov 30 21:02:11.839 INFO running `"docker" "start" "-a" "30f4412c80f1efcbbc445b949680eb848bec45fb27d0b782caccbbbb288897d9"`
Nov 30 21:02:13.870 INFO [stderr] usermod: no changes
Nov 30 21:02:14.443 INFO [stderr]    Compiling hello-rust v0.1.0 (/source)
Nov 30 21:02:15.581 INFO [stderr] warning: cannot find type `SystemTime` in this scope
Nov 30 21:02:15.581 INFO [stderr]  --> src/models/thing.rs:3:21
Nov 30 21:02:15.581 INFO [stderr]   |
Nov 30 21:02:15.581 INFO [stderr] 3 | #[derive(Serialize, Queryable)]
Nov 30 21:02:15.581 INFO [stderr]   |                     ^^^^^^^^^ names from parent modules are not accessible without an explicit import
Nov 30 21:02:15.581 INFO [stderr]   |
Nov 30 21:02:15.581 INFO [stderr]   = note: #[warn(proc_macro_derive_resolution_fallback)] on by default
Nov 30 21:02:15.581 INFO [stderr]   = warning: this was previously accepted by the compiler but is being phased out; it will become a hard error in a future release!
Nov 30 21:02:15.581 INFO [stderr]   = note: for more information, see issue #50504 <https://github.com/rust-lang/rust/issues/50504>
Nov 30 21:02:15.581 INFO [stderr] 
Nov 30 21:02:15.581 INFO [stderr] warning: cannot find type `SystemTime` in this scope
Nov 30 21:02:15.581 INFO [stderr]  --> src/models/thing.rs:3:21
Nov 30 21:02:15.581 INFO [stderr]   |
Nov 30 21:02:15.581 INFO [stderr] 3 | #[derive(Serialize, Queryable)]
Nov 30 21:02:15.581 INFO [stderr]   |                     ^^^^^^^^^ names from parent modules are not accessible without an explicit import
Nov 30 21:02:15.581 INFO [stderr]   |
Nov 30 21:02:15.581 INFO [stderr]   = warning: this was previously accepted by the compiler but is being phased out; it will become a hard error in a future release!
Nov 30 21:02:15.581 INFO [stderr]   = note: for more information, see issue #50504 <https://github.com/rust-lang/rust/issues/50504>
Nov 30 21:02:15.581 INFO [stderr] 
Nov 30 21:02:15.581 INFO [stderr] warning: cannot find type `Thing` in this scope
Nov 30 21:02:15.581 INFO [stderr]  --> src/models/thing.rs:3:21
Nov 30 21:02:15.581 INFO [stderr]   |
Nov 30 21:02:15.581 INFO [stderr] 3 | #[derive(Serialize, Queryable)]
Nov 30 21:02:15.581 INFO [stderr]   |                     ^^^^^^^^^ names from parent modules are not accessible without an explicit import
Nov 30 21:02:15.581 INFO [stderr]   |
Nov 30 21:02:15.581 INFO [stderr]   = warning: this was previously accepted by the compiler but is being phased out; it will become a hard error in a future release!
Nov 30 21:02:15.581 INFO [stderr]   = note: for more information, see issue #50504 <https://github.com/rust-lang/rust/issues/50504>
Nov 30 21:02:15.581 INFO [stderr] 
Nov 30 21:02:15.581 INFO [stderr] warning: cannot find type `table` in this scope
Nov 30 21:02:15.581 INFO [stderr]    --> <::diesel::macros::table_body macros>:165:33
Nov 30 21:02:15.581 INFO [stderr]     |
Nov 30 21:02:15.581 INFO [stderr] 165 | derive ( Debug , Clone , Copy , QueryId ) ] /// The actual table struct
Nov 30 21:02:15.581 INFO [stderr]     |                                 ^^^^^^^ names from parent modules are not accessible without an explicit import
Nov 30 21:02:15.582 INFO [stderr]     |
Nov 30 21:02:15.582 INFO [stderr]     = warning: this was previously accepted by the compiler but is being phased out; it will become a hard error in a future release!
Nov 30 21:02:15.582 INFO [stderr]     = note: for more information, see issue #50504 <https://github.com/rust-lang/rust/issues/50504>
Nov 30 21:02:15.582 INFO [stderr] 
Nov 30 21:02:15.582 INFO [stderr] warning: cannot find type `id` in this scope
Nov 30 21:02:15.582 INFO [stderr]  --> <::diesel::macros::__diesel_column macros>:5:33
Nov 30 21:02:15.582 INFO [stderr]   |
Nov 30 21:02:15.582 INFO [stderr] 5 | derive ( Debug , Clone , Copy , QueryId , Default ) ] pub struct $ column_name
Nov 30 21:02:15.582 INFO [stderr]   |                                 ^^^^^^^ names from parent modules are not accessible without an explicit import
Nov 30 21:02:15.582 INFO [stderr]   |
Nov 30 21:02:15.582 INFO [stderr]   = warning: this was previously accepted by the compiler but is being phased out; it will become a hard error in a future release!
Nov 30 21:02:15.582 INFO [stderr]   = note: for more information, see issue #50504 <https://github.com/rust-lang/rust/issues/50504>
Nov 30 21:02:15.582 INFO [stderr] 
Nov 30 21:02:15.582 INFO [stderr] warning: cannot find type `name` in this scope
Nov 30 21:02:15.582 INFO [stderr]  --> <::diesel::macros::__diesel_column macros>:5:33
Nov 30 21:02:15.582 INFO [stderr]   |
Nov 30 21:02:15.582 INFO [stderr] 5 | derive ( Debug , Clone , Copy , QueryId , Default ) ] pub struct $ column_name
Nov 30 21:02:15.582 INFO [stderr]   |                                 ^^^^^^^ names from parent modules are not accessible without an explicit import
Nov 30 21:02:15.582 INFO [stderr]   |
Nov 30 21:02:15.582 INFO [stderr]   = warning: this was previously accepted by the compiler but is being phased out; it will become a hard error in a future release!
Nov 30 21:02:15.582 INFO [stderr]   = note: for more information, see issue #50504 <https://github.com/rust-lang/rust/issues/50504>
Nov 30 21:02:15.582 INFO [stderr] 
Nov 30 21:02:15.582 INFO [stderr] warning: cannot find type `created_at` in this scope
Nov 30 21:02:15.582 INFO [stderr]  --> <::diesel::macros::__diesel_column macros>:5:33
Nov 30 21:02:15.582 INFO [stderr]   |
Nov 30 21:02:15.582 INFO [stderr] 5 | derive ( Debug , Clone , Copy , QueryId , Default ) ] pub struct $ column_name
Nov 30 21:02:15.582 INFO [stderr]   |                                 ^^^^^^^ names from parent modules are not accessible without an explicit import
Nov 30 21:02:15.582 INFO [stderr]   |
Nov 30 21:02:15.582 INFO [stderr]   = warning: this was previously accepted by the compiler but is being phased out; it will become a hard error in a future release!
Nov 30 21:02:15.582 INFO [stderr]   = note: for more information, see issue #50504 <https://github.com/rust-lang/rust/issues/50504>
Nov 30 21:02:15.582 INFO [stderr] 
Nov 30 21:02:15.582 INFO [stderr] warning: cannot find type `updated_at` in this scope
Nov 30 21:02:15.582 INFO [stderr]  --> <::diesel::macros::__diesel_column macros>:5:33
Nov 30 21:02:15.582 INFO [stderr]   |
Nov 30 21:02:15.582 INFO [stderr] 5 | derive ( Debug , Clone , Copy , QueryId , Default ) ] pub struct $ column_name
Nov 30 21:02:15.582 INFO [stderr]   |                                 ^^^^^^^ names from parent modules are not accessible without an explicit import
Nov 30 21:02:15.582 INFO [stderr]   |
Nov 30 21:02:15.582 INFO [stderr]   = warning: this was previously accepted by the compiler but is being phased out; it will become a hard error in a future release!
Nov 30 21:02:15.582 INFO [stderr]   = note: for more information, see issue #50504 <https://github.com/rust-lang/rust/issues/50504>
Nov 30 21:02:15.582 INFO [stderr] 
Nov 30 21:02:23.127 INFO [stderr]     Finished dev [unoptimized + debuginfo] target(s) in 9.23s
Nov 30 21:02:23.151 INFO [stderr] su: No module specific data is present
Nov 30 21:02:24.433 INFO running `"docker" "inspect" "30f4412c80f1efcbbc445b949680eb848bec45fb27d0b782caccbbbb288897d9"`
Nov 30 21:02:24.757 INFO running `"docker" "rm" "-f" "30f4412c80f1efcbbc445b949680eb848bec45fb27d0b782caccbbbb288897d9"`
Nov 30 21:02:24.983 INFO [stdout] 30f4412c80f1efcbbc445b949680eb848bec45fb27d0b782caccbbbb288897d9
Nov 30 21:02:24.988 INFO running `"docker" "create" "-v" "/mnt/big/crater/work/local/target-dirs/beta-1.31-5/worker-6/1.30.1:/target:rw,Z" "-v" "/mnt/big/crater/work/local/test-source/worker-6/beta-1.31-5/1.30.1:/source:ro,Z" "-v" "/mnt/big/crater/work/local/cargo-home:/cargo-home:ro,Z" "-v" "/mnt/big/crater/work/local/rustup-home:/rustup-home:ro,Z" "-e" "USER_ID=1000" "-e" "SOURCE_DIR=/source" "-e" "USER_ID=1000" "-e" "CMD=cargo +1.30.1 test --frozen" "-e" "CARGO_TARGET_DIR=/target" "-e" "CARGO_INCREMENTAL=0" "-e" "RUST_BACKTRACE=full" "-e" "RUSTFLAGS=--cap-lints=warn" "-e" "CARGO_HOME=/cargo-home" "-e" "RUSTUP_HOME=/rustup-home" "-m" "1536M" "--network" "none" "crater"`
Nov 30 21:02:25.487 INFO [stdout] 1e4820dc33d8563d240299a31f05c8b9c26fe58e418bbd54348d25b56960359b
Nov 30 21:02:25.490 INFO running `"docker" "start" "-a" "1e4820dc33d8563d240299a31f05c8b9c26fe58e418bbd54348d25b56960359b"`
Nov 30 21:02:27.879 INFO [stderr] usermod: no changes
Nov 30 21:02:28.248 INFO [stderr]     Finished dev [unoptimized + debuginfo] target(s) in 0.35s
Nov 30 21:02:28.274 INFO [stderr]      Running /target/debug/deps/hello_rust-dbf4de4c2947b48f
Nov 30 21:02:28.306 INFO [stdout] 
Nov 30 21:02:28.306 INFO [stdout] running 1 test
Nov 30 21:02:28.601 INFO [stdout] test db::thing::tests::get_thing_when_it_exists ... FAILED
Nov 30 21:02:28.601 INFO [stdout] 
Nov 30 21:02:28.601 INFO [stdout] failures:
Nov 30 21:02:28.601 INFO [stdout] 
Nov 30 21:02:28.601 INFO [stdout] ---- db::thing::tests::get_thing_when_it_exists stdout ----
Nov 30 21:02:28.601 INFO [stdout] thread 'db::thing::tests::get_thing_when_it_exists' panicked at 'called `Result::unwrap()` on an `Err` value: NotPresent', libcore/result.rs:1009:5
Nov 30 21:02:28.601 INFO [stdout] stack backtrace:
Nov 30 21:02:28.601 INFO [stdout]    0:     0x55c790158e4e - std::sys::unix::backtrace::tracing::imp::unwind_backtrace::h15749a98198ba25f
Nov 30 21:02:28.601 INFO [stdout]                                at libstd/sys/unix/backtrace/tracing/gcc_s.rs:49
Nov 30 21:02:28.601 INFO [stdout]    1:     0x55c79014bb76 - std::sys_common::backtrace::print::h0ba65c811294dbf0
Nov 30 21:02:28.601 INFO [stdout]                                at libstd/sys_common/backtrace.rs:71
Nov 30 21:02:28.601 INFO [stdout]                                at libstd/sys_common/backtrace.rs:59
Nov 30 21:02:28.601 INFO [stdout]    2:     0x55c790149f9d - std::panicking::default_hook::{{closure}}::h42bb31757f0fee64
Nov 30 21:02:28.601 INFO [stdout]                                at libstd/panicking.rs:211
Nov 30 21:02:28.601 INFO [stdout]    3:     0x55c790149cab - std::panicking::default_hook::hebc8848d7aa7dbd9
Nov 30 21:02:28.601 INFO [stdout]                                at libstd/panicking.rs:221
Nov 30 21:02:28.601 INFO [stdout]    4:     0x55c79014a64c - std::panicking::rust_panic_with_hook::h86e619a638415243
Nov 30 21:02:28.601 INFO [stdout]                                at libstd/panicking.rs:477
Nov 30 21:02:28.601 INFO [stdout]    5:     0x55c79014a209 - std::panicking::continue_panic_fmt::h2d2d2bfb065a70b2
Nov 30 21:02:28.601 INFO [stdout]                                at libstd/panicking.rs:391
Nov 30 21:02:28.601 INFO [stdout]    6:     0x55c79014a105 - rust_begin_unwind
Nov 30 21:02:28.601 INFO [stdout]                                at libstd/panicking.rs:326
Nov 30 21:02:28.601 INFO [stdout]    7:     0x55c790197d7b - core::panicking::panic_fmt::h2155aa66b67fe83c
Nov 30 21:02:28.601 INFO [stdout]                                at libcore/panicking.rs:77
Nov 30 21:02:28.601 INFO [stdout]    8:     0x55c78fef79a3 - core::result::unwrap_failed::h3d21b5cdfc158f53
Nov 30 21:02:28.601 INFO [stdout]                                at libcore/macros.rs:26
Nov 30 21:02:28.601 INFO [stdout]    9:     0x55c78fef6d1b - <core::result::Result<T, E>>::unwrap::hc3a7d4a0e489d234
Nov 30 21:02:28.601 INFO [stdout]                                at libcore/result.rs:808
Nov 30 21:02:28.601 INFO [stdout]   10:     0x55c78fefd7ed - hello_rust::db::tests::get_conn::hd7fddbb513932a41
Nov 30 21:02:28.601 INFO [stdout]                                at src/db/mod.rs:21
Nov 30 21:02:28.601 INFO [stdout]   11:     0x55c78fefaa30 - hello_rust::db::thing::tests::get_thing_when_it_exists::he37a1c0e20afe067
Nov 30 21:02:28.601 INFO [stdout]                                at src/db/thing.rs:45
Nov 30 21:02:28.601 INFO [stdout]   12:     0x55c78fefa9f9 - hello_rust::db::thing::tests::get_thing_when_it_exists::{{closure}}::h83e37eb4c5b48c96
Nov 30 21:02:28.601 INFO [stdout]                                at src/db/thing.rs:44
Nov 30 21:02:28.601 INFO [stdout]   13:     0x55c78fefbe8d - core::ops::function::FnOnce::call_once::hc0292e1901e69817
Nov 30 21:02:28.601 INFO [stdout]                                at libcore/ops/function.rs:238
Nov 30 21:02:28.601 INFO [stdout]   14:     0x55c78ff0962e - <F as alloc::boxed::FnBox<A>>::call_box::hbea525814fa423cc
Nov 30 21:02:28.601 INFO [stdout]                                at libtest/lib.rs:1461
Nov 30 21:02:28.601 INFO [stdout]                                at libcore/ops/function.rs:238
Nov 30 21:02:28.601 INFO [stdout]                                at liballoc/boxed.rs:646
Nov 30 21:02:28.601 INFO [stdout]   15:     0x55c790167dc9 - __rust_maybe_catch_panic
Nov 30 21:02:28.601 INFO [stdout]                                at libpanic_unwind/lib.rs:103
Nov 30 21:02:28.601 INFO [stdout]   16:     0x55c78ff14f8d - std::sys_common::backtrace::__rust_begin_short_backtrace::h0ff507d7422944d3
Nov 30 21:02:28.601 INFO [stdout]                                at libstd/panicking.rs:289
Nov 30 21:02:28.601 INFO [stdout]                                at libstd/panic.rs:392
Nov 30 21:02:28.601 INFO [stdout]                                at libtest/lib.rs:1416
Nov 30 21:02:28.601 INFO [stdout]                                at libstd/sys_common/backtrace.rs:136
Nov 30 21:02:28.601 INFO [stdout]   17:     0x55c78ff2d5c4 - std::panicking::try::do_call::hba0bdcc3670471cc
Nov 30 21:02:28.601 INFO [stdout]                                at libstd/thread/mod.rs:409
Nov 30 21:02:28.601 INFO [stdout]                                at libstd/panic.rs:313
Nov 30 21:02:28.601 INFO [stdout]                                at libstd/panicking.rs:310
Nov 30 21:02:28.601 INFO [stdout]   18:     0x55c790167dc9 - __rust_maybe_catch_panic
Nov 30 21:02:28.601 INFO [stdout]                                at libpanic_unwind/lib.rs:103
Nov 30 21:02:28.602 INFO [stdout]   19:     0x55c78ff1de96 - <F as alloc::boxed::FnBox<A>>::call_box::hdac52587b00591af
Nov 30 21:02:28.602 INFO [stdout]                                at libstd/panicking.rs:289
Nov 30 21:02:28.602 INFO [stdout]                                at libstd/panic.rs:392
Nov 30 21:02:28.602 INFO [stdout]                                at libstd/thread/mod.rs:408
Nov 30 21:02:28.602 INFO [stdout]                                at liballoc/boxed.rs:646
Nov 30 21:02:28.602 INFO [stdout]   20:     0x55c79015a88a - std::sys_common::thread::start_thread::h75d887c7d2cc4479
Nov 30 21:02:28.602 INFO [stdout]                                at liballoc/boxed.rs:656
Nov 30 21:02:28.602 INFO [stdout]                                at libstd/sys_common/thread.rs:24
Nov 30 21:02:28.602 INFO [stdout]   21:     0x55c79014adb5 - std::sys::unix::thread::Thread::new::thread_start::h8414caee632bf9ed
Nov 30 21:02:28.602 INFO [stdout]                                at libstd/sys/unix/thread.rs:90
Nov 30 21:02:28.602 INFO [stdout]   22:     0x7f6f37d266b9 - start_thread
Nov 30 21:02:28.602 INFO [stdout]   23:     0x7f6f3784641c - clone
Nov 30 21:02:28.602 INFO [stdout]   24:                0x0 - <unknown>
Nov 30 21:02:28.602 INFO [stdout] 
Nov 30 21:02:28.602 INFO [stdout] 
Nov 30 21:02:28.602 INFO [stdout] failures:
Nov 30 21:02:28.602 INFO [stdout]     db::thing::tests::get_thing_when_it_exists
Nov 30 21:02:28.602 INFO [stdout] 
Nov 30 21:02:28.602 INFO [stdout] test result: FAILED. 0 passed; 1 failed; 0 ignored; 0 measured; 0 filtered out
Nov 30 21:02:28.602 INFO [stdout] 
Nov 30 21:02:28.618 INFO [stderr] error: test failed, to rerun pass '--bin hello-rust'
Nov 30 21:02:28.619 INFO [stderr] su: No module specific data is present
Nov 30 21:02:29.990 INFO running `"docker" "inspect" "1e4820dc33d8563d240299a31f05c8b9c26fe58e418bbd54348d25b56960359b"`
Nov 30 21:02:30.385 INFO running `"docker" "rm" "-f" "1e4820dc33d8563d240299a31f05c8b9c26fe58e418bbd54348d25b56960359b"`
Nov 30 21:02:30.659 INFO [stdout] 1e4820dc33d8563d240299a31f05c8b9c26fe58e418bbd54348d25b56960359b
