Nov 30 21:16:10.727 INFO testing ward/rusty-butler against 1.30.1 for beta-1.31-5
Nov 30 21:16:10.729 INFO running `"docker" "create" "-v" "/mnt/big/crater/work/local/target-dirs/beta-1.31-5/worker-7/1.30.1:/target:rw,Z" "-v" "/mnt/big/crater/work/local/test-source/worker-7/beta-1.31-5/1.30.1:/source:ro,Z" "-v" "/mnt/big/crater/work/local/cargo-home:/cargo-home:ro,Z" "-v" "/mnt/big/crater/work/local/rustup-home:/rustup-home:ro,Z" "-e" "USER_ID=1000" "-e" "SOURCE_DIR=/source" "-e" "USER_ID=1000" "-e" "CMD=cargo +1.30.1 build --frozen" "-e" "CARGO_TARGET_DIR=/target" "-e" "CARGO_INCREMENTAL=0" "-e" "RUST_BACKTRACE=full" "-e" "RUSTFLAGS=--cap-lints=warn" "-e" "CARGO_HOME=/cargo-home" "-e" "RUSTUP_HOME=/rustup-home" "-m" "1536M" "--network" "none" "crater"`
Nov 30 21:16:11.243 INFO [stdout] b788b15726d890fc38c9badf06f1e69902e1ae24fe9341d45cef67de0e99ddfb
Nov 30 21:16:11.245 INFO running `"docker" "start" "-a" "b788b15726d890fc38c9badf06f1e69902e1ae24fe9341d45cef67de0e99ddfb"`
Nov 30 21:16:13.546 INFO [stderr] usermod: no changes
Nov 30 21:16:14.058 INFO [stderr]    Compiling cfg-if v0.1.5
Nov 30 21:16:14.063 INFO [stderr]    Compiling ucd-util v0.1.1
Nov 30 21:16:14.071 INFO [stderr]    Compiling utf8-ranges v1.0.1
Nov 30 21:16:14.072 INFO [stderr]    Compiling openssl v0.10.12
Nov 30 21:16:14.072 INFO [stderr]    Compiling serde v1.0.79
Nov 30 21:16:14.073 INFO [stderr]    Compiling bufstream v0.1.4
Nov 30 21:16:14.074 INFO [stderr]    Compiling json v0.10.3
Nov 30 21:16:14.074 INFO [stderr]    Compiling strsim v0.5.2
Nov 30 21:16:14.616 INFO [stderr]    Compiling unicode-segmentation v1.2.1
Nov 30 21:16:15.539 INFO [stderr]    Compiling rust-gmp v0.3.2
Nov 30 21:16:19.000 INFO [stderr]    Compiling tokio-service v0.1.0
Nov 30 21:16:19.016 INFO [stderr]    Compiling relay v0.1.1
Nov 30 21:16:19.031 INFO [stderr]    Compiling openssl-sys v0.9.36
Nov 30 21:16:19.175 INFO [stderr]    Compiling base64 v0.6.0
Nov 30 21:16:20.792 INFO [stderr]    Compiling base64 v0.9.3
Nov 30 21:16:21.255 INFO [stderr]    Compiling tokio-timer v0.1.2
Nov 30 21:16:21.291 INFO [stderr]    Compiling log v0.4.5
Nov 30 21:16:21.291 INFO [stderr]    Compiling net2 v0.2.33
Nov 30 21:16:21.364 INFO [stderr]    Compiling bytes v0.4.10
Nov 30 21:16:27.524 INFO [stderr]    Compiling uuid v0.6.5
Nov 30 21:16:28.424 INFO [stderr]    Compiling regex-syntax v0.5.6
Nov 30 21:16:28.440 INFO [stderr]    Compiling regex-syntax v0.6.2
Nov 30 21:16:28.669 INFO [stderr]    Compiling encoding_rs v0.8.10
Nov 30 21:16:28.733 INFO [stderr]    Compiling clap v2.32.0
Nov 30 21:16:32.579 INFO [stderr]    Compiling lazy_static v1.1.0
Nov 30 21:16:32.580 INFO [stderr]    Compiling memchr v2.1.0
Nov 30 21:16:32.639 INFO [stderr]    Compiling log v0.3.9
Nov 30 21:16:41.539 INFO [stderr]    Compiling want v0.0.4
Nov 30 21:16:41.823 INFO [stderr]    Compiling mio v0.6.16
Nov 30 21:16:41.887 INFO [stderr]    Compiling num-integer v0.1.39
Nov 30 21:16:42.275 INFO [stderr]    Compiling quote v0.6.8
Nov 30 21:16:48.787 INFO [stderr]    Compiling tokio-io v0.1.9
Nov 30 21:16:48.865 INFO [stderr]    Compiling mime v0.3.9
Nov 30 21:16:58.403 INFO [stderr]    Compiling crossbeam-epoch v0.5.2
Nov 30 21:16:58.459 INFO [stderr]    Compiling thread_local v0.3.6
Nov 30 21:16:58.559 INFO [stderr]    Compiling mime v0.2.6
Nov 30 21:17:15.043 INFO [stderr]    Compiling aho-corasick v0.6.8
Nov 30 21:17:15.043 INFO [stderr]    Compiling backtrace v0.3.9
Nov 30 21:17:15.603 INFO [stderr]    Compiling nix v0.7.0
Nov 30 21:17:15.823 INFO [stderr]    Compiling libflate v0.1.18
Nov 30 21:17:16.499 INFO [stderr]    Compiling num-iter v0.1.37
Nov 30 21:17:16.551 INFO [stderr]    Compiling chrono v0.4.6
Nov 30 21:17:18.115 INFO [stderr]    Compiling syn v0.14.9
Nov 30 21:17:19.431 INFO [stderr]    Compiling syn v0.15.11
Nov 30 21:17:20.871 INFO [stderr]    Compiling openssl v0.9.24
Nov 30 21:17:20.975 INFO [stderr]    Compiling native-tls v0.2.1
Nov 30 21:17:21.048 INFO [stderr]    Compiling parking_lot_core v0.3.1
Nov 30 21:17:28.216 INFO [stderr]    Compiling tokio-codec v0.1.1
Nov 30 21:17:28.223 INFO [stderr]    Compiling tokio-mockstream v1.1.0
Nov 30 21:17:28.246 INFO [stderr]    Compiling mio-uds v0.6.7
Nov 30 21:17:28.443 INFO [stderr]    Compiling hyper v0.10.13
Nov 30 21:17:31.007 INFO [stderr]    Compiling crossbeam-deque v0.6.1
Nov 30 21:17:31.063 INFO [stderr]    Compiling num v0.1.42
Nov 30 21:17:31.107 INFO [stderr]    Compiling regex v0.2.11
Nov 30 21:17:31.291 INFO [stderr]    Compiling regex v1.0.5
Nov 30 21:17:37.507 INFO [stderr]    Compiling parking_lot v0.6.4
Nov 30 21:18:10.805 INFO [stderr]    Compiling linefeed v0.2.6
Nov 30 21:18:10.979 INFO [stderr]    Compiling chrono v0.2.25
Nov 30 21:18:11.186 INFO [stderr]    Compiling tokio-threadpool v0.1.7
Nov 30 21:18:11.355 INFO [stderr]    Compiling serde_urlencoded v0.5.3
Nov 30 21:18:11.472 INFO [stderr]    Compiling serde_json v1.0.32
Nov 30 21:18:12.079 INFO [stderr]    Compiling toml v0.4.8
Nov 30 21:18:13.719 INFO [stderr]    Compiling tokio-reactor v0.1.6
Nov 30 21:18:14.131 INFO [stderr]    Compiling serde_derive v1.0.79
Nov 30 21:18:15.380 INFO [stderr]    Compiling native-tls v0.1.5
Nov 30 21:18:28.171 INFO [stderr]    Compiling parse-zoneinfo v0.1.1
Nov 30 21:18:28.195 INFO [stderr]    Compiling synstructure v0.9.0
Nov 30 21:18:28.243 INFO [stderr]    Compiling hyper-native-tls v0.2.4
Nov 30 21:18:28.291 INFO [stderr]    Compiling tokio-tls v0.2.0
Nov 30 21:18:28.371 INFO [stderr]    Compiling chrono-humanize v0.0.6
Nov 30 21:18:28.667 INFO [stderr]    Compiling tokio-fs v0.1.3
Nov 30 21:18:28.775 INFO [stderr]    Compiling tokio-tcp v0.1.2
Nov 30 21:18:29.651 INFO [stderr]    Compiling tokio-uds v0.2.2
Nov 30 21:18:33.377 INFO [stderr]    Compiling tokio-udp v0.1.2
Nov 30 21:18:33.377 INFO [stderr]    Compiling mime_guess v2.0.0-alpha.6
Nov 30 21:18:38.247 INFO [stderr]    Compiling chrono-tz v0.2.5
Nov 30 21:18:39.283 INFO [stderr]    Compiling tokio v0.1.11
Nov 30 21:18:41.667 INFO [stderr]    Compiling failure_derive v0.1.2
Nov 30 21:18:45.807 INFO [stderr]    Compiling tokio-core v0.1.17
Nov 30 21:18:50.923 INFO [stderr]    Compiling failure v0.1.2
Nov 30 21:18:54.559 INFO [stderr]    Compiling hyper v0.11.27
Nov 30 21:18:54.560 INFO [stderr]    Compiling tokio-tls v0.1.4
Nov 30 21:18:59.483 INFO [stderr]    Compiling irc v0.13.6
Nov 30 21:19:14.147 INFO [stderr]    Compiling hyper-tls v0.1.4
Nov 30 21:19:16.998 INFO [stderr]    Compiling reqwest v0.8.8
Nov 30 21:19:30.215 INFO [stderr]    Compiling rink v0.4.3
Nov 30 21:19:45.396 INFO [stderr]    Compiling rusty-butler v0.1.0 (/source)
Nov 30 21:19:47.411 INFO [stderr] warning: method is never used: `to_file`
Nov 30 21:19:47.411 INFO [stderr]    --> src/plugins/strava.rs:399:5
Nov 30 21:19:47.411 INFO [stderr]     |
Nov 30 21:19:47.411 INFO [stderr] 399 |     pub fn to_file(&self, filename: &str) {
Nov 30 21:19:47.411 INFO [stderr]     |     ^^^^^^^^^^^^^^^^^^^^^^^^^^^^^^^^^^^^^
Nov 30 21:19:47.411 INFO [stderr]     |
Nov 30 21:19:47.411 INFO [stderr]     = note: #[warn(dead_code)] on by default
Nov 30 21:19:47.411 INFO [stderr] 
Nov 30 21:19:47.411 INFO [stderr] warning: method is never used: `get_nicks`
Nov 30 21:19:47.411 INFO [stderr]    --> src/plugins/strava.rs:411:5
Nov 30 21:19:47.411 INFO [stderr]     |
Nov 30 21:19:47.411 INFO [stderr] 411 |     pub fn get_nicks(&self, strava_id: u64) -> Option<Vec<String>> {
Nov 30 21:19:47.411 INFO [stderr]     |     ^^^^^^^^^^^^^^^^^^^^^^^^^^^^^^^^^^^^^^^^^^^^^^^^^^^^^^^^^^^^^^
Nov 30 21:19:47.411 INFO [stderr] 
Nov 30 21:19:47.411 INFO [stderr] warning: method is never used: `get_strava_id`
Nov 30 21:19:47.411 INFO [stderr]    --> src/plugins/strava.rs:423:5
Nov 30 21:19:47.411 INFO [stderr]     |
Nov 30 21:19:47.411 INFO [stderr] 423 |     pub fn get_strava_id(&self, nick: &str) -> Option<u64> {
Nov 30 21:19:47.411 INFO [stderr]     |     ^^^^^^^^^^^^^^^^^^^^^^^^^^^^^^^^^^^^^^^^^^^^^^^^^^^^^^
Nov 30 21:19:47.412 INFO [stderr] 
Nov 30 21:19:47.412 INFO [stderr] warning: method is never used: `insert_connection`
Nov 30 21:19:47.412 INFO [stderr]    --> src/plugins/strava.rs:433:5
Nov 30 21:19:47.412 INFO [stderr]     |
Nov 30 21:19:47.412 INFO [stderr] 433 |     pub fn insert_connection(&mut self, strava_id: u64, nick: &str) {
Nov 30 21:19:47.412 INFO [stderr]     |     ^^^^^^^^^^^^^^^^^^^^^^^^^^^^^^^^^^^^^^^^^^^^^^^^^^^^^^^^^^^^^^^
Nov 30 21:19:47.412 INFO [stderr] 
Nov 30 21:19:47.412 INFO [stderr] warning: method is never used: `remove_nick`
Nov 30 21:19:47.412 INFO [stderr]    --> src/plugins/strava.rs:445:5
Nov 30 21:19:47.412 INFO [stderr]     |
Nov 30 21:19:47.412 INFO [stderr] 445 |     pub fn remove_nick(&mut self, nick: &str) {
Nov 30 21:19:47.412 INFO [stderr]     |     ^^^^^^^^^^^^^^^^^^^^^^^^^^^^^^^^^^^^^^^^^
Nov 30 21:19:47.412 INFO [stderr] 
Nov 30 21:19:47.412 INFO [stderr] warning: method is never used: `remove_strava_id`
Nov 30 21:19:47.412 INFO [stderr]    --> src/plugins/strava.rs:457:5
Nov 30 21:19:47.412 INFO [stderr]     |
Nov 30 21:19:47.412 INFO [stderr] 457 |     pub fn remove_strava_id(&mut self, strava_id: u64) {
Nov 30 21:19:47.412 INFO [stderr]     |     ^^^^^^^^^^^^^^^^^^^^^^^^^^^^^^^^^^^^^^^^^^^^^^^^^^
Nov 30 21:19:47.412 INFO [stderr] 
Nov 30 21:20:01.879 INFO [stderr]     Finished dev [unoptimized + debuginfo] target(s) in 3m 48s
Nov 30 21:20:01.908 INFO [stderr] su: No module specific data is present
Nov 30 21:20:02.581 INFO running `"docker" "inspect" "b788b15726d890fc38c9badf06f1e69902e1ae24fe9341d45cef67de0e99ddfb"`
Nov 30 21:20:02.805 INFO running `"docker" "rm" "-f" "b788b15726d890fc38c9badf06f1e69902e1ae24fe9341d45cef67de0e99ddfb"`
Nov 30 21:20:03.167 INFO [stdout] b788b15726d890fc38c9badf06f1e69902e1ae24fe9341d45cef67de0e99ddfb
Nov 30 21:20:03.175 INFO running `"docker" "create" "-v" "/mnt/big/crater/work/local/target-dirs/beta-1.31-5/worker-7/1.30.1:/target:rw,Z" "-v" "/mnt/big/crater/work/local/test-source/worker-7/beta-1.31-5/1.30.1:/source:ro,Z" "-v" "/mnt/big/crater/work/local/cargo-home:/cargo-home:ro,Z" "-v" "/mnt/big/crater/work/local/rustup-home:/rustup-home:ro,Z" "-e" "USER_ID=1000" "-e" "SOURCE_DIR=/source" "-e" "USER_ID=1000" "-e" "CMD=cargo +1.30.1 test --frozen --no-run" "-e" "CARGO_TARGET_DIR=/target" "-e" "CARGO_INCREMENTAL=0" "-e" "RUST_BACKTRACE=full" "-e" "RUSTFLAGS=--cap-lints=warn" "-e" "CARGO_HOME=/cargo-home" "-e" "RUSTUP_HOME=/rustup-home" "-m" "1536M" "--network" "none" "crater"`
Nov 30 21:20:03.651 INFO [stdout] a9d7a511cdfbff448bf7d7011b30eab4128979d084e23f1067f7772b5bc038c3
Nov 30 21:20:03.656 INFO running `"docker" "start" "-a" "a9d7a511cdfbff448bf7d7011b30eab4128979d084e23f1067f7772b5bc038c3"`
Nov 30 21:20:05.694 INFO [stderr] usermod: no changes
Nov 30 21:20:06.131 INFO [stderr]    Compiling rusty-butler v0.1.0 (/source)
Nov 30 21:20:15.423 INFO [stderr]     Finished dev [unoptimized + debuginfo] target(s) in 9.70s
Nov 30 21:20:15.443 INFO [stderr] su: No module specific data is present
Nov 30 21:20:15.952 INFO running `"docker" "inspect" "a9d7a511cdfbff448bf7d7011b30eab4128979d084e23f1067f7772b5bc038c3"`
Nov 30 21:20:16.183 INFO running `"docker" "rm" "-f" "a9d7a511cdfbff448bf7d7011b30eab4128979d084e23f1067f7772b5bc038c3"`
Nov 30 21:20:16.451 INFO [stdout] a9d7a511cdfbff448bf7d7011b30eab4128979d084e23f1067f7772b5bc038c3
Nov 30 21:20:16.455 INFO running `"docker" "create" "-v" "/mnt/big/crater/work/local/target-dirs/beta-1.31-5/worker-7/1.30.1:/target:rw,Z" "-v" "/mnt/big/crater/work/local/test-source/worker-7/beta-1.31-5/1.30.1:/source:ro,Z" "-v" "/mnt/big/crater/work/local/cargo-home:/cargo-home:ro,Z" "-v" "/mnt/big/crater/work/local/rustup-home:/rustup-home:ro,Z" "-e" "USER_ID=1000" "-e" "SOURCE_DIR=/source" "-e" "USER_ID=1000" "-e" "CMD=cargo +1.30.1 test --frozen" "-e" "CARGO_TARGET_DIR=/target" "-e" "CARGO_INCREMENTAL=0" "-e" "RUST_BACKTRACE=full" "-e" "RUSTFLAGS=--cap-lints=warn" "-e" "CARGO_HOME=/cargo-home" "-e" "RUSTUP_HOME=/rustup-home" "-m" "1536M" "--network" "none" "crater"`
Nov 30 21:20:16.977 INFO [stdout] f3b7b282a44aec581b6ed57d211be58f08ebc800dc308a000815d87f0797806c
Nov 30 21:20:16.980 INFO running `"docker" "start" "-a" "f3b7b282a44aec581b6ed57d211be58f08ebc800dc308a000815d87f0797806c"`
Nov 30 21:20:18.535 INFO [stderr] usermod: no changes
Nov 30 21:20:18.843 INFO [stderr]     Finished dev [unoptimized + debuginfo] target(s) in 0.28s
Nov 30 21:20:18.868 INFO [stderr]      Running /target/debug/deps/rusty_butler_lib-57f150d4862dfcb9
Nov 30 21:20:18.883 INFO [stdout] 
Nov 30 21:20:18.883 INFO [stdout] running 12 tests
Nov 30 21:20:18.903 INFO [stdout] test plugins::calc::tests::calc_input ... ok
Nov 30 21:20:18.947 INFO [stdout] test plugins::calc::tests::calc_matches ... ok
Nov 30 21:20:18.955 INFO [stdout] test plugins::strava::tests::irc_highlight_prevention ... ok
Nov 30 21:20:18.964 INFO [stdout] test plugins::strava::tests::match_club ... ok
Nov 30 21:20:19.027 INFO [stdout] test plugins::strava::tests::match_club_and_unicode ... ok
Nov 30 21:20:19.559 INFO [stdout] test plugins::strava::tests::strava_irc_link ... FAILED
Nov 30 21:20:24.987 INFO [stdout] test plugins::calc::tests::cm_to_feet ... ok
Nov 30 21:20:25.031 INFO [stdout] test plugins::calc::tests::unicode_line ... ok
Nov 30 21:20:25.218 INFO [stdout] test plugins::calc::tests::shortcut ... ok
Nov 30 21:20:25.399 INFO [stdout] test plugins::calc::tests::rink_calcer ... ok
Nov 30 21:20:25.470 INFO [stdout] test plugins::calc::tests::pace_conversion ... ok
Nov 30 21:20:25.606 INFO [stdout] test plugins::calc::tests::rink_degree_conversion ... ok
Nov 30 21:20:25.606 INFO [stdout] 
Nov 30 21:20:25.606 INFO [stdout] failures:
Nov 30 21:20:25.606 INFO [stdout] 
Nov 30 21:20:25.606 INFO [stdout] ---- plugins::strava::tests::strava_irc_link stdout ----
Nov 30 21:20:25.606 INFO [stdout] thread 'plugins::strava::tests::strava_irc_link' panicked at 'Failed to save, Read-only file system (os error 30)', src/plugins/strava.rs:407:23
Nov 30 21:20:25.606 INFO [stdout] stack backtrace:
Nov 30 21:20:25.606 INFO [stdout]    0:     0x557c1cdf834e - std::sys::unix::backtrace::tracing::imp::unwind_backtrace::h15749a98198ba25f
Nov 30 21:20:25.606 INFO [stdout]                                at libstd/sys/unix/backtrace/tracing/gcc_s.rs:49
Nov 30 21:20:25.606 INFO [stdout]    1:     0x557c1cde9a46 - std::sys_common::backtrace::print::h0ba65c811294dbf0
Nov 30 21:20:25.606 INFO [stdout]                                at libstd/sys_common/backtrace.rs:71
Nov 30 21:20:25.606 INFO [stdout]                                at libstd/sys_common/backtrace.rs:59
Nov 30 21:20:25.606 INFO [stdout]    2:     0x557c1cde7dad - std::panicking::default_hook::{{closure}}::h42bb31757f0fee64
Nov 30 21:20:25.606 INFO [stdout]                                at libstd/panicking.rs:211
Nov 30 21:20:25.606 INFO [stdout]    3:     0x557c1cde7abb - std::panicking::default_hook::hebc8848d7aa7dbd9
Nov 30 21:20:25.606 INFO [stdout]                                at libstd/panicking.rs:221
Nov 30 21:20:25.606 INFO [stdout]    4:     0x557c1cde845c - std::panicking::rust_panic_with_hook::h86e619a638415243
Nov 30 21:20:25.606 INFO [stdout]                                at libstd/panicking.rs:477
Nov 30 21:20:25.606 INFO [stdout]    5:     0x557c1cde8019 - std::panicking::continue_panic_fmt::h2d2d2bfb065a70b2
Nov 30 21:20:25.606 INFO [stdout]                                at libstd/panicking.rs:391
Nov 30 21:20:25.606 INFO [stdout]    6:     0x557c1cde7f7d - std::panicking::begin_panic_fmt::ha5097e2056ef3d5a
Nov 30 21:20:25.606 INFO [stdout]                                at libstd/panicking.rs:346
Nov 30 21:20:25.606 INFO [stdout]    7:     0x557c1c766907 - rusty_butler_lib::plugins::strava::StravaIrcLink::to_file::h90fad3051bc4ce95
Nov 30 21:20:25.606 INFO [stdout]                                at src/plugins/strava.rs:407
Nov 30 21:20:25.606 INFO [stdout]    8:     0x557c1c772bc8 - rusty_butler_lib::plugins::strava::tests::strava_irc_link::hf7bc6166c49ba47a
Nov 30 21:20:25.606 INFO [stdout]                                at src/plugins/strava.rs:496
Nov 30 21:20:25.606 INFO [stdout]    9:     0x557c1c772659 - rusty_butler_lib::plugins::strava::tests::strava_irc_link::{{closure}}::hda70ec8f1279e5a7
Nov 30 21:20:25.606 INFO [stdout]                                at src/plugins/strava.rs:486
Nov 30 21:20:25.606 INFO [stdout]   10:     0x557c1c776f8d - core::ops::function::FnOnce::call_once::h3cbe3b65d9694028
Nov 30 21:20:25.606 INFO [stdout]                                at libcore/ops/function.rs:238
Nov 30 21:20:25.606 INFO [stdout]   11:     0x557c1c77de9e - <F as alloc::boxed::FnBox<A>>::call_box::hbea525814fa423cc
Nov 30 21:20:25.606 INFO [stdout]                                at libtest/lib.rs:1461
Nov 30 21:20:25.606 INFO [stdout]                                at libcore/ops/function.rs:238
Nov 30 21:20:25.606 INFO [stdout]                                at liballoc/boxed.rs:646
Nov 30 21:20:25.606 INFO [stdout]   12:     0x557c1ce07609 - __rust_maybe_catch_panic
Nov 30 21:20:25.606 INFO [stdout]                                at libpanic_unwind/lib.rs:103
Nov 30 21:20:25.606 INFO [stdout]   13:     0x557c1c7897fd - std::sys_common::backtrace::__rust_begin_short_backtrace::h0ff507d7422944d3
Nov 30 21:20:25.606 INFO [stdout]                                at libstd/panicking.rs:289
Nov 30 21:20:25.606 INFO [stdout]                                at libstd/panic.rs:392
Nov 30 21:20:25.606 INFO [stdout]                                at libtest/lib.rs:1416
Nov 30 21:20:25.607 INFO [stdout]                                at libstd/sys_common/backtrace.rs:136
Nov 30 21:20:25.607 INFO [stdout]   14:     0x557c1c7a1e34 - std::panicking::try::do_call::hba0bdcc3670471cc
Nov 30 21:20:25.607 INFO [stdout]                                at libstd/thread/mod.rs:409
Nov 30 21:20:25.607 INFO [stdout]                                at libstd/panic.rs:313
Nov 30 21:20:25.607 INFO [stdout]                                at libstd/panicking.rs:310
Nov 30 21:20:25.607 INFO [stdout]   15:     0x557c1ce07609 - __rust_maybe_catch_panic
Nov 30 21:20:25.607 INFO [stdout]                                at libpanic_unwind/lib.rs:103
Nov 30 21:20:25.607 INFO [stdout]   16:     0x557c1c792706 - <F as alloc::boxed::FnBox<A>>::call_box::hdac52587b00591af
Nov 30 21:20:25.607 INFO [stdout]                                at libstd/panicking.rs:289
Nov 30 21:20:25.607 INFO [stdout]                                at libstd/panic.rs:392
Nov 30 21:20:25.607 INFO [stdout]                                at libstd/thread/mod.rs:408
Nov 30 21:20:25.607 INFO [stdout]                                at liballoc/boxed.rs:646
Nov 30 21:20:25.607 INFO [stdout]   17:     0x557c1cdf9e8a - std::sys_common::thread::start_thread::h75d887c7d2cc4479
Nov 30 21:20:25.607 INFO [stdout]                                at liballoc/boxed.rs:656
Nov 30 21:20:25.607 INFO [stdout]                                at libstd/sys_common/thread.rs:24
Nov 30 21:20:25.607 INFO [stdout]   18:     0x557c1cde8c85 - std::sys::unix::thread::Thread::new::thread_start::h8414caee632bf9ed
Nov 30 21:20:25.607 INFO [stdout]                                at libstd/sys/unix/thread.rs:90
Nov 30 21:20:25.607 INFO [stdout]   19:     0x7f40bf54d6b9 - start_thread
Nov 30 21:20:25.607 INFO [stdout]   20:     0x7f40bf06d41c - clone
Nov 30 21:20:25.607 INFO [stdout]   21:                0x0 - <unknown>
Nov 30 21:20:25.607 INFO [stdout] 
Nov 30 21:20:25.607 INFO [stdout] 
Nov 30 21:20:25.607 INFO [stdout] failures:
Nov 30 21:20:25.607 INFO [stdout]     plugins::strava::tests::strava_irc_link
Nov 30 21:20:25.607 INFO [stdout] 
Nov 30 21:20:25.607 INFO [stdout] test result: FAILED. 11 passed; 1 failed; 0 ignored; 0 measured; 0 filtered out
Nov 30 21:20:25.607 INFO [stdout] 
Nov 30 21:20:25.615 INFO [stderr] error: test failed, to rerun pass '--lib'
Nov 30 21:20:25.615 INFO [stderr] su: No module specific data is present
Nov 30 21:20:26.135 INFO running `"docker" "inspect" "f3b7b282a44aec581b6ed57d211be58f08ebc800dc308a000815d87f0797806c"`
Nov 30 21:20:26.392 INFO running `"docker" "rm" "-f" "f3b7b282a44aec581b6ed57d211be58f08ebc800dc308a000815d87f0797806c"`
Nov 30 21:20:26.658 INFO [stdout] f3b7b282a44aec581b6ed57d211be58f08ebc800dc308a000815d87f0797806c
