Nov 30 21:29:56.817 INFO testing voop/rosrust_tests against 1.30.1 for beta-1.31-5
Nov 30 21:29:56.817 INFO running `"docker" "create" "-v" "/mnt/big/crater/work/local/target-dirs/beta-1.31-5/worker-3/1.30.1:/target:rw,Z" "-v" "/mnt/big/crater/work/local/test-source/worker-3/beta-1.31-5/1.30.1:/source:ro,Z" "-v" "/mnt/big/crater/work/local/cargo-home:/cargo-home:ro,Z" "-v" "/mnt/big/crater/work/local/rustup-home:/rustup-home:ro,Z" "-e" "USER_ID=1000" "-e" "SOURCE_DIR=/source" "-e" "USER_ID=1000" "-e" "CMD=cargo +1.30.1 build --frozen" "-e" "CARGO_TARGET_DIR=/target" "-e" "CARGO_INCREMENTAL=0" "-e" "RUST_BACKTRACE=full" "-e" "RUSTFLAGS=--cap-lints=warn" "-e" "CARGO_HOME=/cargo-home" "-e" "RUSTUP_HOME=/rustup-home" "-m" "1536M" "--network" "none" "crater"`
Nov 30 21:29:57.305 INFO [stdout] 63e29efb577e1e12641c4cf1a886540a756c1074a58cf84b6e00c600b67b0ed3
Nov 30 21:29:57.309 INFO running `"docker" "start" "-a" "63e29efb577e1e12641c4cf1a886540a756c1074a58cf84b6e00c600b67b0ed3"`
Nov 30 21:29:58.790 INFO [stderr] usermod: no changes
Nov 30 21:29:58.883 INFO [stderr]    Compiling rosrust_test v0.1.0 (/source)
Nov 30 21:29:59.663 INFO [stderr]     Finished dev [unoptimized + debuginfo] target(s) in 0.83s
Nov 30 21:29:59.663 INFO [stderr] su: No module specific data is present
Nov 30 21:30:00.987 INFO running `"docker" "inspect" "63e29efb577e1e12641c4cf1a886540a756c1074a58cf84b6e00c600b67b0ed3"`
Nov 30 21:30:01.347 INFO running `"docker" "rm" "-f" "63e29efb577e1e12641c4cf1a886540a756c1074a58cf84b6e00c600b67b0ed3"`
Nov 30 21:30:01.717 INFO [stdout] 63e29efb577e1e12641c4cf1a886540a756c1074a58cf84b6e00c600b67b0ed3
Nov 30 21:30:01.722 INFO running `"docker" "create" "-v" "/mnt/big/crater/work/local/target-dirs/beta-1.31-5/worker-3/1.30.1:/target:rw,Z" "-v" "/mnt/big/crater/work/local/test-source/worker-3/beta-1.31-5/1.30.1:/source:ro,Z" "-v" "/mnt/big/crater/work/local/cargo-home:/cargo-home:ro,Z" "-v" "/mnt/big/crater/work/local/rustup-home:/rustup-home:ro,Z" "-e" "USER_ID=1000" "-e" "SOURCE_DIR=/source" "-e" "USER_ID=1000" "-e" "CMD=cargo +1.30.1 test --frozen --no-run" "-e" "CARGO_TARGET_DIR=/target" "-e" "CARGO_INCREMENTAL=0" "-e" "RUST_BACKTRACE=full" "-e" "RUSTFLAGS=--cap-lints=warn" "-e" "CARGO_HOME=/cargo-home" "-e" "RUSTUP_HOME=/rustup-home" "-m" "1536M" "--network" "none" "crater"`
Nov 30 21:30:02.207 INFO [stdout] 7956fba2dcacf9df7559d79099655a958307d7e2e0076e10fe022f6c2ef831fa
Nov 30 21:30:02.210 INFO running `"docker" "start" "-a" "7956fba2dcacf9df7559d79099655a958307d7e2e0076e10fe022f6c2ef831fa"`
Nov 30 21:30:05.140 INFO [stderr] usermod: no changes
Nov 30 21:30:05.203 INFO [stderr]    Compiling rosrust_test v0.1.0 (/source)
Nov 30 21:30:06.612 INFO [stderr]     Finished dev [unoptimized + debuginfo] target(s) in 1.45s
Nov 30 21:30:06.615 INFO [stderr] su: No module specific data is present
Nov 30 21:30:08.104 INFO running `"docker" "inspect" "7956fba2dcacf9df7559d79099655a958307d7e2e0076e10fe022f6c2ef831fa"`
Nov 30 21:30:08.531 INFO running `"docker" "rm" "-f" "7956fba2dcacf9df7559d79099655a958307d7e2e0076e10fe022f6c2ef831fa"`
Nov 30 21:30:08.911 INFO [stdout] 7956fba2dcacf9df7559d79099655a958307d7e2e0076e10fe022f6c2ef831fa
Nov 30 21:30:08.916 INFO running `"docker" "create" "-v" "/mnt/big/crater/work/local/target-dirs/beta-1.31-5/worker-3/1.30.1:/target:rw,Z" "-v" "/mnt/big/crater/work/local/test-source/worker-3/beta-1.31-5/1.30.1:/source:ro,Z" "-v" "/mnt/big/crater/work/local/cargo-home:/cargo-home:ro,Z" "-v" "/mnt/big/crater/work/local/rustup-home:/rustup-home:ro,Z" "-e" "USER_ID=1000" "-e" "SOURCE_DIR=/source" "-e" "USER_ID=1000" "-e" "CMD=cargo +1.30.1 test --frozen" "-e" "CARGO_TARGET_DIR=/target" "-e" "CARGO_INCREMENTAL=0" "-e" "RUST_BACKTRACE=full" "-e" "RUSTFLAGS=--cap-lints=warn" "-e" "CARGO_HOME=/cargo-home" "-e" "RUSTUP_HOME=/rustup-home" "-m" "1536M" "--network" "none" "crater"`
Nov 30 21:30:09.400 INFO [stdout] c652d1e614569353cec3504b08ccef865cf844a85daa69f141a3a0c7dc8881a6
Nov 30 21:30:09.403 INFO running `"docker" "start" "-a" "c652d1e614569353cec3504b08ccef865cf844a85daa69f141a3a0c7dc8881a6"`
Nov 30 21:30:11.842 INFO [stderr] usermod: no changes
Nov 30 21:30:11.887 INFO [stderr]     Finished dev [unoptimized + debuginfo] target(s) in 0.01s
Nov 30 21:30:11.887 INFO [stderr]      Running /target/debug/deps/rosrust_test-59fc509587d1dcf8
Nov 30 21:30:11.887 INFO [stderr]      Running /target/debug/deps/simple-e8acc6ff74dd0290
Nov 30 21:30:11.887 INFO [stdout] 
Nov 30 21:30:11.887 INFO [stdout] running 0 tests
Nov 30 21:30:11.887 INFO [stdout] 
Nov 30 21:30:11.887 INFO [stdout] test result: ok. 0 passed; 0 failed; 0 ignored; 0 measured; 0 filtered out
Nov 30 21:30:11.887 INFO [stdout] 
Nov 30 21:30:11.887 INFO [stdout] 
Nov 30 21:30:11.887 INFO [stdout] running 1 test
Nov 30 21:30:11.965 INFO [stdout] test simple_test ... FAILED
Nov 30 21:30:11.965 INFO [stdout] 
Nov 30 21:30:11.965 INFO [stdout] failures:
Nov 30 21:30:11.965 INFO [stdout] 
Nov 30 21:30:11.965 INFO [stdout] ---- simple_test stdout ----
Nov 30 21:30:11.965 INFO [stdout] thread 'simple_test' panicked at 'assertion failed: false', tests/simple.rs:3:5
Nov 30 21:30:11.965 INFO [stdout] stack backtrace:
Nov 30 21:30:11.965 INFO [stdout]    0:     0x55bd9533880e - std::sys::unix::backtrace::tracing::imp::unwind_backtrace::h15749a98198ba25f
Nov 30 21:30:11.965 INFO [stdout]                                at libstd/sys/unix/backtrace/tracing/gcc_s.rs:49
Nov 30 21:30:11.965 INFO [stdout]    1:     0x55bd9532bb96 - std::sys_common::backtrace::print::h0ba65c811294dbf0
Nov 30 21:30:11.965 INFO [stdout]                                at libstd/sys_common/backtrace.rs:71
Nov 30 21:30:11.965 INFO [stdout]                                at libstd/sys_common/backtrace.rs:59
Nov 30 21:30:11.965 INFO [stdout]    2:     0x55bd95329fbd - std::panicking::default_hook::{{closure}}::h42bb31757f0fee64
Nov 30 21:30:11.965 INFO [stdout]                                at libstd/panicking.rs:211
Nov 30 21:30:11.965 INFO [stdout]    3:     0x55bd95329ccb - std::panicking::default_hook::hebc8848d7aa7dbd9
Nov 30 21:30:11.965 INFO [stdout]                                at libstd/panicking.rs:221
Nov 30 21:30:11.965 INFO [stdout]    4:     0x55bd9532a66c - std::panicking::rust_panic_with_hook::h86e619a638415243
Nov 30 21:30:11.965 INFO [stdout]                                at libstd/panicking.rs:477
Nov 30 21:30:11.965 INFO [stdout]    5:     0x55bd952e82cf - std::panicking::begin_panic::h1c80b1a2541776c1
Nov 30 21:30:11.965 INFO [stdout]                                at libstd/panicking.rs:411
Nov 30 21:30:11.965 INFO [stdout]    6:     0x55bd952e8d00 - simple::simple_test::hfd9c90f8e3560c3b
Nov 30 21:30:11.965 INFO [stdout]                                at tests/simple.rs:3
Nov 30 21:30:11.965 INFO [stdout]    7:     0x55bd952e8cc9 - simple::simple_test::{{closure}}::h998c381150c32291
Nov 30 21:30:11.965 INFO [stdout]                                at tests/simple.rs:2
Nov 30 21:30:11.965 INFO [stdout]    8:     0x55bd952e814d - core::ops::function::FnOnce::call_once::hbae61d0698707989
Nov 30 21:30:11.965 INFO [stdout]                                at libcore/ops/function.rs:238
Nov 30 21:30:11.965 INFO [stdout]    9:     0x55bd952eab9e - <F as alloc::boxed::FnBox<A>>::call_box::hbea525814fa423cc
Nov 30 21:30:11.965 INFO [stdout]                                at libtest/lib.rs:1461
Nov 30 21:30:11.965 INFO [stdout]                                at libcore/ops/function.rs:238
Nov 30 21:30:11.965 INFO [stdout]                                at liballoc/boxed.rs:646
Nov 30 21:30:11.965 INFO [stdout]   10:     0x55bd95347679 - __rust_maybe_catch_panic
Nov 30 21:30:11.965 INFO [stdout]                                at libpanic_unwind/lib.rs:103
Nov 30 21:30:11.965 INFO [stdout]   11:     0x55bd952f64fd - std::sys_common::backtrace::__rust_begin_short_backtrace::h0ff507d7422944d3
Nov 30 21:30:11.965 INFO [stdout]                                at libstd/panicking.rs:289
Nov 30 21:30:11.965 INFO [stdout]                                at libstd/panic.rs:392
Nov 30 21:30:11.965 INFO [stdout]                                at libtest/lib.rs:1416
Nov 30 21:30:11.965 INFO [stdout]                                at libstd/sys_common/backtrace.rs:136
Nov 30 21:30:11.965 INFO [stdout]   12:     0x55bd9530eb34 - std::panicking::try::do_call::hba0bdcc3670471cc
Nov 30 21:30:11.965 INFO [stdout]                                at libstd/thread/mod.rs:409
Nov 30 21:30:11.965 INFO [stdout]                                at libstd/panic.rs:313
Nov 30 21:30:11.965 INFO [stdout]                                at libstd/panicking.rs:310
Nov 30 21:30:11.965 INFO [stdout]   13:     0x55bd95347679 - __rust_maybe_catch_panic
Nov 30 21:30:11.965 INFO [stdout]                                at libpanic_unwind/lib.rs:103
Nov 30 21:30:11.965 INFO [stdout]   14:     0x55bd952ff406 - <F as alloc::boxed::FnBox<A>>::call_box::hdac52587b00591af
Nov 30 21:30:11.965 INFO [stdout]                                at libstd/panicking.rs:289
Nov 30 21:30:11.965 INFO [stdout]                                at libstd/panic.rs:392
Nov 30 21:30:11.965 INFO [stdout]                                at libstd/thread/mod.rs:408
Nov 30 21:30:11.965 INFO [stdout]                                at liballoc/boxed.rs:646
Nov 30 21:30:11.965 INFO [stdout]   15:     0x55bd9533a11a - std::sys_common::thread::start_thread::h75d887c7d2cc4479
Nov 30 21:30:11.965 INFO [stdout]                                at liballoc/boxed.rs:656
Nov 30 21:30:11.965 INFO [stdout]                                at libstd/sys_common/thread.rs:24
Nov 30 21:30:11.965 INFO [stdout]   16:     0x55bd9532add5 - std::sys::unix::thread::Thread::new::thread_start::h8414caee632bf9ed
Nov 30 21:30:11.965 INFO [stdout]                                at libstd/sys/unix/thread.rs:90
Nov 30 21:30:11.965 INFO [stdout]   17:     0x7f33ebe8a6b9 - start_thread
Nov 30 21:30:11.965 INFO [stdout]   18:     0x7f33eb9aa41c - clone
Nov 30 21:30:11.965 INFO [stdout]   19:                0x0 - <unknown>
Nov 30 21:30:11.965 INFO [stdout] 
Nov 30 21:30:11.965 INFO [stdout] 
Nov 30 21:30:11.965 INFO [stdout] failures:
Nov 30 21:30:11.965 INFO [stdout]     simple_test
Nov 30 21:30:11.965 INFO [stdout] 
Nov 30 21:30:11.965 INFO [stdout] test result: FAILED. 0 passed; 1 failed; 0 ignored; 0 measured; 0 filtered out
Nov 30 21:30:11.965 INFO [stdout] 
Nov 30 21:30:11.966 INFO [stderr] error: test failed, to rerun pass '--test simple'
Nov 30 21:30:11.967 INFO [stderr] su: No module specific data is present
Nov 30 21:30:12.917 INFO running `"docker" "inspect" "c652d1e614569353cec3504b08ccef865cf844a85daa69f141a3a0c7dc8881a6"`
Nov 30 21:30:13.189 INFO running `"docker" "rm" "-f" "c652d1e614569353cec3504b08ccef865cf844a85daa69f141a3a0c7dc8881a6"`
Nov 30 21:30:13.535 INFO [stdout] c652d1e614569353cec3504b08ccef865cf844a85daa69f141a3a0c7dc8881a6
