Nov 30 21:33:39.618 INFO testing vn971/rm_rf against 1.30.1 for beta-1.31-5
Nov 30 21:33:39.619 INFO running `"docker" "create" "-v" "/mnt/big/crater/work/local/target-dirs/beta-1.31-5/worker-5/1.30.1:/target:rw,Z" "-v" "/mnt/big/crater/work/local/test-source/worker-5/beta-1.31-5/1.30.1:/source:ro,Z" "-v" "/mnt/big/crater/work/local/cargo-home:/cargo-home:ro,Z" "-v" "/mnt/big/crater/work/local/rustup-home:/rustup-home:ro,Z" "-e" "USER_ID=1000" "-e" "SOURCE_DIR=/source" "-e" "USER_ID=1000" "-e" "CMD=cargo +1.30.1 build --frozen" "-e" "CARGO_TARGET_DIR=/target" "-e" "CARGO_INCREMENTAL=0" "-e" "RUST_BACKTRACE=full" "-e" "RUSTFLAGS=--cap-lints=warn" "-e" "CARGO_HOME=/cargo-home" "-e" "RUSTUP_HOME=/rustup-home" "-m" "1536M" "--network" "none" "crater"`
Nov 30 21:33:40.069 INFO [stdout] 578c17c64ae2a8f87c3cc90f78a6aea53939a6590639721e96d0e52ddc829c9f
Nov 30 21:33:40.071 INFO running `"docker" "start" "-a" "578c17c64ae2a8f87c3cc90f78a6aea53939a6590639721e96d0e52ddc829c9f"`
Nov 30 21:33:42.031 INFO [stderr] usermod: no changes
Nov 30 21:33:42.143 INFO [stderr]    Compiling libc v0.2.44
Nov 30 21:33:42.147 INFO [stderr]    Compiling gcc v0.3.55
Nov 30 21:33:45.395 INFO [stderr]    Compiling stacker v0.1.3
Nov 30 21:33:46.602 INFO [stderr]    Compiling rm_rf v0.2.2 (/source)
Nov 30 21:33:46.834 INFO [stderr]     Finished dev [unoptimized + debuginfo] target(s) in 4.76s
Nov 30 21:33:46.837 INFO [stderr] su: No module specific data is present
Nov 30 21:33:47.460 INFO running `"docker" "inspect" "578c17c64ae2a8f87c3cc90f78a6aea53939a6590639721e96d0e52ddc829c9f"`
Nov 30 21:33:47.839 INFO running `"docker" "rm" "-f" "578c17c64ae2a8f87c3cc90f78a6aea53939a6590639721e96d0e52ddc829c9f"`
Nov 30 21:33:48.082 INFO [stdout] 578c17c64ae2a8f87c3cc90f78a6aea53939a6590639721e96d0e52ddc829c9f
Nov 30 21:33:48.084 INFO running `"docker" "create" "-v" "/mnt/big/crater/work/local/target-dirs/beta-1.31-5/worker-5/1.30.1:/target:rw,Z" "-v" "/mnt/big/crater/work/local/test-source/worker-5/beta-1.31-5/1.30.1:/source:ro,Z" "-v" "/mnt/big/crater/work/local/cargo-home:/cargo-home:ro,Z" "-v" "/mnt/big/crater/work/local/rustup-home:/rustup-home:ro,Z" "-e" "USER_ID=1000" "-e" "SOURCE_DIR=/source" "-e" "USER_ID=1000" "-e" "CMD=cargo +1.30.1 test --frozen --no-run" "-e" "CARGO_TARGET_DIR=/target" "-e" "CARGO_INCREMENTAL=0" "-e" "RUST_BACKTRACE=full" "-e" "RUSTFLAGS=--cap-lints=warn" "-e" "CARGO_HOME=/cargo-home" "-e" "RUSTUP_HOME=/rustup-home" "-m" "1536M" "--network" "none" "crater"`
Nov 30 21:33:48.425 INFO [stdout] 2f309b82def7a9ece7064ddcbfb0d2a8f8e08c184de57c17a59886d9f91beaf6
Nov 30 21:33:48.428 INFO running `"docker" "start" "-a" "2f309b82def7a9ece7064ddcbfb0d2a8f8e08c184de57c17a59886d9f91beaf6"`
Nov 30 21:33:49.501 INFO [stderr] usermod: no changes
Nov 30 21:33:49.600 INFO [stderr]    Compiling rm_rf v0.2.2 (/source)
Nov 30 21:33:50.690 INFO [stderr]     Finished dev [unoptimized + debuginfo] target(s) in 1.15s
Nov 30 21:33:50.699 INFO [stderr] su: No module specific data is present
Nov 30 21:33:51.233 INFO running `"docker" "inspect" "2f309b82def7a9ece7064ddcbfb0d2a8f8e08c184de57c17a59886d9f91beaf6"`
Nov 30 21:33:51.533 INFO running `"docker" "rm" "-f" "2f309b82def7a9ece7064ddcbfb0d2a8f8e08c184de57c17a59886d9f91beaf6"`
Nov 30 21:33:51.791 INFO [stdout] 2f309b82def7a9ece7064ddcbfb0d2a8f8e08c184de57c17a59886d9f91beaf6
Nov 30 21:33:51.795 INFO running `"docker" "create" "-v" "/mnt/big/crater/work/local/target-dirs/beta-1.31-5/worker-5/1.30.1:/target:rw,Z" "-v" "/mnt/big/crater/work/local/test-source/worker-5/beta-1.31-5/1.30.1:/source:ro,Z" "-v" "/mnt/big/crater/work/local/cargo-home:/cargo-home:ro,Z" "-v" "/mnt/big/crater/work/local/rustup-home:/rustup-home:ro,Z" "-e" "USER_ID=1000" "-e" "SOURCE_DIR=/source" "-e" "USER_ID=1000" "-e" "CMD=cargo +1.30.1 test --frozen" "-e" "CARGO_TARGET_DIR=/target" "-e" "CARGO_INCREMENTAL=0" "-e" "RUST_BACKTRACE=full" "-e" "RUSTFLAGS=--cap-lints=warn" "-e" "CARGO_HOME=/cargo-home" "-e" "RUSTUP_HOME=/rustup-home" "-m" "1536M" "--network" "none" "crater"`
Nov 30 21:33:52.281 INFO [stdout] 2e5bd2c97b16a3d978dc78feb42732eacea15241591bc1ffada1d44228976a8a
Nov 30 21:33:52.282 INFO running `"docker" "start" "-a" "2e5bd2c97b16a3d978dc78feb42732eacea15241591bc1ffada1d44228976a8a"`
Nov 30 21:33:53.502 INFO [stderr] usermod: no changes
Nov 30 21:33:53.595 INFO [stderr]     Finished dev [unoptimized + debuginfo] target(s) in 0.04s
Nov 30 21:33:53.607 INFO [stderr]      Running /target/debug/deps/rm_rf-58a767f8ff70cc6a
Nov 30 21:33:53.617 INFO [stdout] 
Nov 30 21:33:53.617 INFO [stdout] running 1 test
Nov 30 21:33:53.655 INFO [stdout] test tests::behavior_test ... FAILED
Nov 30 21:33:53.655 INFO [stderr] error: test failed, to rerun pass '--lib'
Nov 30 21:33:53.656 INFO [stdout] 
Nov 30 21:33:53.656 INFO [stderr] su: No module specific data is present
Nov 30 21:33:53.656 INFO [stdout] failures:
Nov 30 21:33:53.657 INFO [stdout] 
Nov 30 21:33:53.657 INFO [stdout] ---- tests::behavior_test stdout ----
Nov 30 21:33:53.657 INFO [stdout] thread 'tests::behavior_test' panicked at 'called `Result::unwrap()` on an `Err` value: Os { code: 2, kind: NotFound, message: "No such file or directory" }', libcore/result.rs:1009:5
Nov 30 21:33:53.658 INFO [stdout] stack backtrace:
Nov 30 21:33:53.658 INFO [stdout]    0:     0x55f764c59ade - std::sys::unix::backtrace::tracing::imp::unwind_backtrace::h15749a98198ba25f
Nov 30 21:33:53.658 INFO [stdout]                                at libstd/sys/unix/backtrace/tracing/gcc_s.rs:49
Nov 30 21:33:53.659 INFO [stdout]    1:     0x55f764c486e6 - std::sys_common::backtrace::print::h0ba65c811294dbf0
Nov 30 21:33:53.659 INFO [stdout]                                at libstd/sys_common/backtrace.rs:71
Nov 30 21:33:53.659 INFO [stdout]                                at libstd/sys_common/backtrace.rs:59
Nov 30 21:33:53.659 INFO [stdout]    2:     0x55f764c46b0d - std::panicking::default_hook::{{closure}}::h42bb31757f0fee64
Nov 30 21:33:53.660 INFO [stdout]                                at libstd/panicking.rs:211
Nov 30 21:33:53.660 INFO [stdout]    3:     0x55f764c4681b - std::panicking::default_hook::hebc8848d7aa7dbd9
Nov 30 21:33:53.660 INFO [stdout]                                at libstd/panicking.rs:221
Nov 30 21:33:53.661 INFO [stdout]    4:     0x55f764c471bc - std::panicking::rust_panic_with_hook::h86e619a638415243
Nov 30 21:33:53.661 INFO [stdout]                                at libstd/panicking.rs:477
Nov 30 21:33:53.661 INFO [stdout]    5:     0x55f764c46d79 - std::panicking::continue_panic_fmt::h2d2d2bfb065a70b2
Nov 30 21:33:53.661 INFO [stdout]                                at libstd/panicking.rs:391
Nov 30 21:33:53.662 INFO [stdout]    6:     0x55f764c46c75 - rust_begin_unwind
Nov 30 21:33:53.662 INFO [stdout]                                at libstd/panicking.rs:326
Nov 30 21:33:53.662 INFO [stdout]    7:     0x55f764c9b9cb - core::panicking::panic_fmt::h2155aa66b67fe83c
Nov 30 21:33:53.663 INFO [stdout]                                at libcore/panicking.rs:77
Nov 30 21:33:53.663 INFO [stdout]    8:     0x55f764bfefc3 - core::result::unwrap_failed::hd8274c22dd4d3141
Nov 30 21:33:53.663 INFO [stdout]                                at libcore/macros.rs:26
Nov 30 21:33:53.663 INFO [stdout]    9:     0x55f764bfebff - <core::result::Result<T, E>>::unwrap::h29c6782ce6d2c685
Nov 30 21:33:53.664 INFO [stdout]                                at libcore/result.rs:808
Nov 30 21:33:53.664 INFO [stdout]   10:     0x55f764bfddf2 - rm_rf::tests::test_eq_behavior_fn::hf6774de829f421f0
Nov 30 21:33:53.664 INFO [stdout]                                at src/lib.rs:69
Nov 30 21:33:53.665 INFO [stdout]   11:     0x55f764bfe297 - rm_rf::tests::test_eq_behavior::h10af1210882f425d
Nov 30 21:33:53.665 INFO [stdout]                                at src/lib.rs:87
Nov 30 21:33:53.665 INFO [stdout]   12:     0x55f764bfe3e6 - rm_rf::tests::behavior_test::hd8d4b95eed6e66db
Nov 30 21:33:53.665 INFO [stdout]                                at src/lib.rs:94
Nov 30 21:33:53.666 INFO [stdout]   13:     0x55f764bfe3b9 - rm_rf::tests::behavior_test::{{closure}}::hc52221ed0f5e1d0c
Nov 30 21:33:53.666 INFO [stdout]                                at src/lib.rs:93
Nov 30 21:33:53.666 INFO [stdout]   14:     0x55f764bff95d - core::ops::function::FnOnce::call_once::h71b2c51f0d184c4a
Nov 30 21:33:53.671 INFO [stdout]                                at libcore/ops/function.rs:238
Nov 30 21:33:53.671 INFO [stdout]   15:     0x55f764c0343e - <F as alloc::boxed::FnBox<A>>::call_box::hbea525814fa423cc
Nov 30 21:33:53.672 INFO [stdout]                                at libtest/lib.rs:1461
Nov 30 21:33:53.672 INFO [stdout]                                at libcore/ops/function.rs:238
Nov 30 21:33:53.672 INFO [stdout]                                at liballoc/boxed.rs:646
Nov 30 21:33:53.672 INFO [stdout]   16:     0x55f764c6bd69 - __rust_maybe_catch_panic
Nov 30 21:33:53.673 INFO [stdout]                                at libpanic_unwind/lib.rs:103
Nov 30 21:33:53.673 INFO [stdout]   17:     0x55f764c0ed9d - std::sys_common::backtrace::__rust_begin_short_backtrace::h0ff507d7422944d3
Nov 30 21:33:53.673 INFO [stdout]                                at libstd/panicking.rs:289
Nov 30 21:33:53.674 INFO [stdout]                                at libstd/panic.rs:392
Nov 30 21:33:53.674 INFO [stdout]                                at libtest/lib.rs:1416
Nov 30 21:33:53.674 INFO [stdout]                                at libstd/sys_common/backtrace.rs:136
Nov 30 21:33:53.675 INFO [stdout]   18:     0x55f764c273d4 - std::panicking::try::do_call::hba0bdcc3670471cc
Nov 30 21:33:53.675 INFO [stdout]                                at libstd/thread/mod.rs:409
Nov 30 21:33:53.675 INFO [stdout]                                at libstd/panic.rs:313
Nov 30 21:33:53.675 INFO [stdout]                                at libstd/panicking.rs:310
Nov 30 21:33:53.676 INFO [stdout]   19:     0x55f764c6bd69 - __rust_maybe_catch_panic
Nov 30 21:33:53.676 INFO [stdout]                                at libpanic_unwind/lib.rs:103
Nov 30 21:33:53.676 INFO [stdout]   20:     0x55f764c17ca6 - <F as alloc::boxed::FnBox<A>>::call_box::hdac52587b00591af
Nov 30 21:33:53.677 INFO [stdout]                                at libstd/panicking.rs:289
Nov 30 21:33:53.677 INFO [stdout]                                at libstd/panic.rs:392
Nov 30 21:33:53.677 INFO [stdout]                                at libstd/thread/mod.rs:408
Nov 30 21:33:53.678 INFO [stdout]                                at liballoc/boxed.rs:646
Nov 30 21:33:53.678 INFO [stdout]   21:     0x55f764c5b9fa - std::sys_common::thread::start_thread::h75d887c7d2cc4479
Nov 30 21:33:53.678 INFO [stdout]                                at liballoc/boxed.rs:656
Nov 30 21:33:53.678 INFO [stdout]                                at libstd/sys_common/thread.rs:24
Nov 30 21:33:53.679 INFO [stdout]   22:     0x55f764c47925 - std::sys::unix::thread::Thread::new::thread_start::h8414caee632bf9ed
Nov 30 21:33:53.679 INFO [stdout]                                at libstd/sys/unix/thread.rs:90
Nov 30 21:33:53.679 INFO [stdout]   23:     0x7fec017e66b9 - start_thread
Nov 30 21:33:53.680 INFO [stdout]   24:     0x7fec0130641c - clone
Nov 30 21:33:53.680 INFO [stdout]   25:                0x0 - <unknown>
Nov 30 21:33:53.680 INFO [stdout] 
Nov 30 21:33:53.681 INFO [stdout] 
Nov 30 21:33:53.681 INFO [stdout] failures:
Nov 30 21:33:53.681 INFO [stdout]     tests::behavior_test
Nov 30 21:33:53.682 INFO [stdout] 
Nov 30 21:33:53.682 INFO [stdout] test result: FAILED. 0 passed; 1 failed; 0 ignored; 0 measured; 0 filtered out
Nov 30 21:33:53.682 INFO [stdout] 
Nov 30 21:33:54.379 INFO running `"docker" "inspect" "2e5bd2c97b16a3d978dc78feb42732eacea15241591bc1ffada1d44228976a8a"`
Nov 30 21:33:54.785 INFO running `"docker" "rm" "-f" "2e5bd2c97b16a3d978dc78feb42732eacea15241591bc1ffada1d44228976a8a"`
Nov 30 21:33:55.091 INFO [stdout] 2e5bd2c97b16a3d978dc78feb42732eacea15241591bc1ffada1d44228976a8a
