Nov 30 21:38:33.072 INFO testing vivainio/rraf against 1.30.1 for beta-1.31-5
Nov 30 21:38:33.072 INFO running `"docker" "create" "-v" "/mnt/big/crater/work/local/target-dirs/beta-1.31-5/worker-7/1.30.1:/target:rw,Z" "-v" "/mnt/big/crater/work/local/test-source/worker-7/beta-1.31-5/1.30.1:/source:ro,Z" "-v" "/mnt/big/crater/work/local/cargo-home:/cargo-home:ro,Z" "-v" "/mnt/big/crater/work/local/rustup-home:/rustup-home:ro,Z" "-e" "USER_ID=1000" "-e" "SOURCE_DIR=/source" "-e" "USER_ID=1000" "-e" "CMD=cargo +1.30.1 build --frozen" "-e" "CARGO_TARGET_DIR=/target" "-e" "CARGO_INCREMENTAL=0" "-e" "RUST_BACKTRACE=full" "-e" "RUSTFLAGS=--cap-lints=warn" "-e" "CARGO_HOME=/cargo-home" "-e" "RUSTUP_HOME=/rustup-home" "-m" "1536M" "--network" "none" "crater"`
Nov 30 21:38:33.599 INFO [stdout] 5fbc049d7c3c49d593ba0348881142298b025133467ba6e97e70a66345ee8963
Nov 30 21:38:33.601 INFO running `"docker" "start" "-a" "5fbc049d7c3c49d593ba0348881142298b025133467ba6e97e70a66345ee8963"`
Nov 30 21:38:35.723 INFO [stderr] usermod: no changes
Nov 30 21:38:35.850 INFO [stderr]    Compiling memchr v0.1.11
Nov 30 21:38:35.850 INFO [stderr]    Compiling thread-id v2.0.0
Nov 30 21:38:35.850 INFO [stderr]    Compiling walkdir v0.1.8
Nov 30 21:38:36.383 INFO [stderr]    Compiling thread_local v0.2.7
Nov 30 21:38:36.447 INFO [stderr]    Compiling aho-corasick v0.5.3
Nov 30 21:38:38.231 INFO [stderr]    Compiling regex v0.1.80
Nov 30 21:38:47.853 INFO [stderr]    Compiling rraf v1.0.1 (/source)
Nov 30 21:38:48.187 INFO [stderr] warning: unused import: `std::str::FromStr`
Nov 30 21:38:48.188 INFO [stderr]  --> src/winhandle.rs:4:5
Nov 30 21:38:48.188 INFO [stderr]   |
Nov 30 21:38:48.188 INFO [stderr] 4 | use std::str::FromStr;
Nov 30 21:38:48.188 INFO [stderr]   |     ^^^^^^^^^^^^^^^^^
Nov 30 21:38:48.188 INFO [stderr]   |
Nov 30 21:38:48.188 INFO [stderr]   = note: #[warn(unused_imports)] on by default
Nov 30 21:38:48.188 INFO [stderr] 
Nov 30 21:38:48.407 INFO [stderr] warning: unused variable: `o`
Nov 30 21:38:48.407 INFO [stderr]   --> src/winhandle.rs:16:7
Nov 30 21:38:48.407 INFO [stderr]    |
Nov 30 21:38:48.407 INFO [stderr] 16 |         let o = Command::new("handle")
Nov 30 21:38:48.407 INFO [stderr]    |             ^ help: consider using `_o` instead
Nov 30 21:38:48.407 INFO [stderr]    |
Nov 30 21:38:48.407 INFO [stderr]    = note: #[warn(unused_variables)] on by default
Nov 30 21:38:48.407 INFO [stderr] 
Nov 30 21:38:48.429 INFO [stderr] warning: field is never used: `file_name`
Nov 30 21:38:48.429 INFO [stderr]   --> src/winhandle.rs:10:2
Nov 30 21:38:48.429 INFO [stderr]    |
Nov 30 21:38:48.429 INFO [stderr] 10 |     file_name: String
Nov 30 21:38:48.429 INFO [stderr]    |     ^^^^^^^^^^^^^^^^^
Nov 30 21:38:48.429 INFO [stderr]    |
Nov 30 21:38:48.429 INFO [stderr]    = note: #[warn(dead_code)] on by default
Nov 30 21:38:48.429 INFO [stderr] 
Nov 30 21:38:48.429 INFO [stderr] warning: function is never used: `dump_named_captures`
Nov 30 21:38:48.429 INFO [stderr]   --> src/winhandle.rs:29:1
Nov 30 21:38:48.429 INFO [stderr]    |
Nov 30 21:38:48.429 INFO [stderr] 29 | fn dump_named_captures(cs: &Captures) {
Nov 30 21:38:48.429 INFO [stderr]    | ^^^^^^^^^^^^^^^^^^^^^^^^^^^^^^^^^^^^^
Nov 30 21:38:48.429 INFO [stderr] 
Nov 30 21:38:48.439 INFO [stderr] warning: unused `std::result::Result` which must be used
Nov 30 21:38:48.439 INFO [stderr]    --> src/main.rs:157:13
Nov 30 21:38:48.439 INFO [stderr]     |
Nov 30 21:38:48.439 INFO [stderr] 157 |             fs::remove_dir_all(path);
Nov 30 21:38:48.439 INFO [stderr]     |             ^^^^^^^^^^^^^^^^^^^^^^^^^
Nov 30 21:38:48.439 INFO [stderr]     |
Nov 30 21:38:48.439 INFO [stderr]     = note: #[warn(unused_must_use)] on by default
Nov 30 21:38:48.439 INFO [stderr]     = note: this `Result` may be an `Err` variant, which should be handled
Nov 30 21:38:48.439 INFO [stderr] 
Nov 30 21:38:50.628 INFO [stderr]     Finished dev [unoptimized + debuginfo] target(s) in 14.86s
Nov 30 21:38:50.632 INFO [stderr] su: No module specific data is present
Nov 30 21:38:52.320 INFO running `"docker" "inspect" "5fbc049d7c3c49d593ba0348881142298b025133467ba6e97e70a66345ee8963"`
Nov 30 21:38:52.690 INFO running `"docker" "rm" "-f" "5fbc049d7c3c49d593ba0348881142298b025133467ba6e97e70a66345ee8963"`
Nov 30 21:38:53.077 INFO [stdout] 5fbc049d7c3c49d593ba0348881142298b025133467ba6e97e70a66345ee8963
Nov 30 21:38:53.080 INFO running `"docker" "create" "-v" "/mnt/big/crater/work/local/target-dirs/beta-1.31-5/worker-7/1.30.1:/target:rw,Z" "-v" "/mnt/big/crater/work/local/test-source/worker-7/beta-1.31-5/1.30.1:/source:ro,Z" "-v" "/mnt/big/crater/work/local/cargo-home:/cargo-home:ro,Z" "-v" "/mnt/big/crater/work/local/rustup-home:/rustup-home:ro,Z" "-e" "USER_ID=1000" "-e" "SOURCE_DIR=/source" "-e" "USER_ID=1000" "-e" "CMD=cargo +1.30.1 test --frozen --no-run" "-e" "CARGO_TARGET_DIR=/target" "-e" "CARGO_INCREMENTAL=0" "-e" "RUST_BACKTRACE=full" "-e" "RUSTFLAGS=--cap-lints=warn" "-e" "CARGO_HOME=/cargo-home" "-e" "RUSTUP_HOME=/rustup-home" "-m" "1536M" "--network" "none" "crater"`
Nov 30 21:38:53.548 INFO [stdout] 4c574c4e6ebcb9507c4e00bb5674f87f53c57145dacdb9d953a847cfff13d2b0
Nov 30 21:38:53.550 INFO running `"docker" "start" "-a" "4c574c4e6ebcb9507c4e00bb5674f87f53c57145dacdb9d953a847cfff13d2b0"`
Nov 30 21:38:55.375 INFO [stderr] usermod: no changes
Nov 30 21:38:55.482 INFO [stderr]    Compiling rraf v1.0.1 (/source)
Nov 30 21:38:55.865 INFO [stderr] warning: unused import: `std::str::FromStr`
Nov 30 21:38:55.866 INFO [stderr]  --> src/winhandle.rs:4:5
Nov 30 21:38:55.867 INFO [stderr]   |
Nov 30 21:38:55.868 INFO [stderr] 4 | use std::str::FromStr;
Nov 30 21:38:55.868 INFO [stderr]   |     ^^^^^^^^^^^^^^^^^
Nov 30 21:38:55.868 INFO [stderr]   |
Nov 30 21:38:55.869 INFO [stderr]   = note: #[warn(unused_imports)] on by default
Nov 30 21:38:55.869 INFO [stderr] 
Nov 30 21:38:56.039 INFO [stderr] warning: unused variable: `o`
Nov 30 21:38:56.040 INFO [stderr]   --> src/winhandle.rs:16:7
Nov 30 21:38:56.040 INFO [stderr]    |
Nov 30 21:38:56.041 INFO [stderr] 16 |         let o = Command::new("handle")
Nov 30 21:38:56.041 INFO [stderr]    |             ^ help: consider using `_o` instead
Nov 30 21:38:56.041 INFO [stderr]    |
Nov 30 21:38:56.041 INFO [stderr]    = note: #[warn(unused_variables)] on by default
Nov 30 21:38:56.042 INFO [stderr] 
Nov 30 21:38:56.070 INFO [stderr] warning: field is never used: `file_name`
Nov 30 21:38:56.070 INFO [stderr]   --> src/winhandle.rs:10:2
Nov 30 21:38:56.070 INFO [stderr]    |
Nov 30 21:38:56.070 INFO [stderr] 10 |     file_name: String
Nov 30 21:38:56.070 INFO [stderr]    |     ^^^^^^^^^^^^^^^^^
Nov 30 21:38:56.070 INFO [stderr]    |
Nov 30 21:38:56.070 INFO [stderr]    = note: #[warn(dead_code)] on by default
Nov 30 21:38:56.070 INFO [stderr] 
Nov 30 21:38:56.070 INFO [stderr] warning: function is never used: `dump_named_captures`
Nov 30 21:38:56.070 INFO [stderr]   --> src/winhandle.rs:29:1
Nov 30 21:38:56.070 INFO [stderr]    |
Nov 30 21:38:56.070 INFO [stderr] 29 | fn dump_named_captures(cs: &Captures) {
Nov 30 21:38:56.070 INFO [stderr]    | ^^^^^^^^^^^^^^^^^^^^^^^^^^^^^^^^^^^^^
Nov 30 21:38:56.070 INFO [stderr] 
Nov 30 21:38:56.073 INFO [stderr] warning: unused `std::result::Result` which must be used
Nov 30 21:38:56.073 INFO [stderr]    --> src/main.rs:157:13
Nov 30 21:38:56.073 INFO [stderr]     |
Nov 30 21:38:56.073 INFO [stderr] 157 |             fs::remove_dir_all(path);
Nov 30 21:38:56.073 INFO [stderr]     |             ^^^^^^^^^^^^^^^^^^^^^^^^^
Nov 30 21:38:56.073 INFO [stderr]     |
Nov 30 21:38:56.073 INFO [stderr]     = note: #[warn(unused_must_use)] on by default
Nov 30 21:38:56.074 INFO [stderr]     = note: this `Result` may be an `Err` variant, which should be handled
Nov 30 21:38:56.074 INFO [stderr] 
Nov 30 21:38:57.319 INFO [stderr]     Finished dev [unoptimized + debuginfo] target(s) in 1.89s
Nov 30 21:38:57.323 INFO [stderr] su: No module specific data is present
Nov 30 21:38:58.518 INFO running `"docker" "inspect" "4c574c4e6ebcb9507c4e00bb5674f87f53c57145dacdb9d953a847cfff13d2b0"`
Nov 30 21:38:58.933 INFO running `"docker" "rm" "-f" "4c574c4e6ebcb9507c4e00bb5674f87f53c57145dacdb9d953a847cfff13d2b0"`
Nov 30 21:38:59.359 INFO [stdout] 4c574c4e6ebcb9507c4e00bb5674f87f53c57145dacdb9d953a847cfff13d2b0
Nov 30 21:38:59.366 INFO running `"docker" "create" "-v" "/mnt/big/crater/work/local/target-dirs/beta-1.31-5/worker-7/1.30.1:/target:rw,Z" "-v" "/mnt/big/crater/work/local/test-source/worker-7/beta-1.31-5/1.30.1:/source:ro,Z" "-v" "/mnt/big/crater/work/local/cargo-home:/cargo-home:ro,Z" "-v" "/mnt/big/crater/work/local/rustup-home:/rustup-home:ro,Z" "-e" "USER_ID=1000" "-e" "SOURCE_DIR=/source" "-e" "USER_ID=1000" "-e" "CMD=cargo +1.30.1 test --frozen" "-e" "CARGO_TARGET_DIR=/target" "-e" "CARGO_INCREMENTAL=0" "-e" "RUST_BACKTRACE=full" "-e" "RUSTFLAGS=--cap-lints=warn" "-e" "CARGO_HOME=/cargo-home" "-e" "RUSTUP_HOME=/rustup-home" "-m" "1536M" "--network" "none" "crater"`
Nov 30 21:38:59.789 INFO [stdout] 6dd9f98dc168865189b7e534eff10e7f85130fa024a933d7ebbab5c96e55b0c7
Nov 30 21:38:59.792 INFO running `"docker" "start" "-a" "6dd9f98dc168865189b7e534eff10e7f85130fa024a933d7ebbab5c96e55b0c7"`
Nov 30 21:39:01.392 INFO [stderr] usermod: no changes
Nov 30 21:39:01.547 INFO [stderr]     Finished dev [unoptimized + debuginfo] target(s) in 0.12s
Nov 30 21:39:01.555 INFO [stderr]      Running /target/debug/deps/rraf-d90d21a34d7d0d42
Nov 30 21:39:01.562 INFO [stdout] 
Nov 30 21:39:01.562 INFO [stdout] running 2 tests
Nov 30 21:39:01.567 INFO [stdout] test futil::abspath_root ... ok
Nov 30 21:39:01.611 INFO [stdout] test futil::arg_globs ... FAILED
Nov 30 21:39:01.611 INFO [stdout] 
Nov 30 21:39:01.611 INFO [stdout] failures:
Nov 30 21:39:01.611 INFO [stdout] 
Nov 30 21:39:01.611 INFO [stdout] ---- futil::arg_globs stdout ----
Nov 30 21:39:01.611 INFO [stdout] rraf: warning: no files matching pattern 'hello'
Nov 30 21:39:01.611 INFO [stdout] rraf: warning: no files matching pattern 'world'
Nov 30 21:39:01.611 INFO [stdout] rraf: warning: no files matching pattern 'c:/Users/*'
Nov 30 21:39:01.611 INFO [stdout] thread 'futil::arg_globs' panicked at 'assertion failed: matches.len() > 0', src/futil.rs:84:9
Nov 30 21:39:01.611 INFO [stdout] stack backtrace:
Nov 30 21:39:01.611 INFO [stdout]    0:     0x563f2367e4be - std::sys::unix::backtrace::tracing::imp::unwind_backtrace::h15749a98198ba25f
Nov 30 21:39:01.611 INFO [stdout]                                at libstd/sys/unix/backtrace/tracing/gcc_s.rs:49
Nov 30 21:39:01.611 INFO [stdout]    1:     0x563f236710d6 - std::sys_common::backtrace::print::h0ba65c811294dbf0
Nov 30 21:39:01.611 INFO [stdout]                                at libstd/sys_common/backtrace.rs:71
Nov 30 21:39:01.611 INFO [stdout]                                at libstd/sys_common/backtrace.rs:59
Nov 30 21:39:01.611 INFO [stdout]    2:     0x563f2366f4fd - std::panicking::default_hook::{{closure}}::h42bb31757f0fee64
Nov 30 21:39:01.611 INFO [stdout]                                at libstd/panicking.rs:211
Nov 30 21:39:01.611 INFO [stdout]    3:     0x563f2366f20b - std::panicking::default_hook::hebc8848d7aa7dbd9
Nov 30 21:39:01.611 INFO [stdout]                                at libstd/panicking.rs:221
Nov 30 21:39:01.611 INFO [stdout]    4:     0x563f2366fbac - std::panicking::rust_panic_with_hook::h86e619a638415243
Nov 30 21:39:01.611 INFO [stdout]                                at libstd/panicking.rs:477
Nov 30 21:39:01.611 INFO [stdout]    5:     0x563f23669def - std::panicking::begin_panic::h2f313278e46636d6
Nov 30 21:39:01.611 INFO [stdout]                                at libstd/panicking.rs:411
Nov 30 21:39:01.611 INFO [stdout]    6:     0x563f235fd6bc - rraf::futil::arg_globs::hf093cd0cd7be1e76
Nov 30 21:39:01.611 INFO [stdout]                                at src/futil.rs:84
Nov 30 21:39:01.611 INFO [stdout]    7:     0x563f235fd599 - rraf::futil::arg_globs::{{closure}}::h8f2bc482a3e23378
Nov 30 21:39:01.611 INFO [stdout]                                at src/futil.rs:77
Nov 30 21:39:01.611 INFO [stdout]    8:     0x563f235fc55d - core::ops::function::FnOnce::call_once::h41ff56e0535aa38e
Nov 30 21:39:01.611 INFO [stdout]                                at libcore/ops/function.rs:238
Nov 30 21:39:01.611 INFO [stdout]    9:     0x563f235ff98e - <F as alloc::boxed::FnBox<A>>::call_box::hbea525814fa423cc
Nov 30 21:39:01.611 INFO [stdout]                                at libtest/lib.rs:1461
Nov 30 21:39:01.611 INFO [stdout]                                at libcore/ops/function.rs:238
Nov 30 21:39:01.611 INFO [stdout]                                at liballoc/boxed.rs:646
Nov 30 21:39:01.611 INFO [stdout]   10:     0x563f2368d729 - __rust_maybe_catch_panic
Nov 30 21:39:01.611 INFO [stdout]                                at libpanic_unwind/lib.rs:103
Nov 30 21:39:01.611 INFO [stdout]   11:     0x563f2360b2ed - std::sys_common::backtrace::__rust_begin_short_backtrace::h0ff507d7422944d3
Nov 30 21:39:01.611 INFO [stdout]                                at libstd/panicking.rs:289
Nov 30 21:39:01.611 INFO [stdout]                                at libstd/panic.rs:392
Nov 30 21:39:01.611 INFO [stdout]                                at libtest/lib.rs:1416
Nov 30 21:39:01.611 INFO [stdout]                                at libstd/sys_common/backtrace.rs:136
Nov 30 21:39:01.611 INFO [stdout]   12:     0x563f23623924 - std::panicking::try::do_call::hba0bdcc3670471cc
Nov 30 21:39:01.611 INFO [stdout]                                at libstd/thread/mod.rs:409
Nov 30 21:39:01.611 INFO [stdout]                                at libstd/panic.rs:313
Nov 30 21:39:01.611 INFO [stdout]                                at libstd/panicking.rs:310
Nov 30 21:39:01.611 INFO [stdout]   13:     0x563f2368d729 - __rust_maybe_catch_panic
Nov 30 21:39:01.611 INFO [stdout]                                at libpanic_unwind/lib.rs:103
Nov 30 21:39:01.611 INFO [stdout]   14:     0x563f236141f6 - <F as alloc::boxed::FnBox<A>>::call_box::hdac52587b00591af
Nov 30 21:39:01.611 INFO [stdout]                                at libstd/panicking.rs:289
Nov 30 21:39:01.611 INFO [stdout]                                at libstd/panic.rs:392
Nov 30 21:39:01.611 INFO [stdout]                                at libstd/thread/mod.rs:408
Nov 30 21:39:01.611 INFO [stdout]                                at liballoc/boxed.rs:646
Nov 30 21:39:01.611 INFO [stdout]   15:     0x563f2367fdea - std::sys_common::thread::start_thread::h75d887c7d2cc4479
Nov 30 21:39:01.611 INFO [stdout]                                at liballoc/boxed.rs:656
Nov 30 21:39:01.611 INFO [stdout]                                at libstd/sys_common/thread.rs:24
Nov 30 21:39:01.611 INFO [stdout]   16:     0x563f23670315 - std::sys::unix::thread::Thread::new::thread_start::h8414caee632bf9ed
Nov 30 21:39:01.611 INFO [stdout]                                at libstd/sys/unix/thread.rs:90
Nov 30 21:39:01.612 INFO [stdout]   17:     0x7fc84fb3b6b9 - start_thread
Nov 30 21:39:01.612 INFO [stdout]   18:     0x7fc84f65b41c - clone
Nov 30 21:39:01.612 INFO [stdout]   19:                0x0 - <unknown>
Nov 30 21:39:01.612 INFO [stdout] 
Nov 30 21:39:01.612 INFO [stdout] 
Nov 30 21:39:01.612 INFO [stdout] failures:
Nov 30 21:39:01.612 INFO [stdout]     futil::arg_globs
Nov 30 21:39:01.612 INFO [stdout] 
Nov 30 21:39:01.612 INFO [stdout] test result: FAILED. 1 passed; 1 failed; 0 ignored; 0 measured; 0 filtered out
Nov 30 21:39:01.612 INFO [stdout] 
Nov 30 21:39:01.622 INFO [stderr] error: test failed, to rerun pass '--bin rraf'
Nov 30 21:39:01.623 INFO [stderr] su: No module specific data is present
Nov 30 21:39:02.889 INFO running `"docker" "inspect" "6dd9f98dc168865189b7e534eff10e7f85130fa024a933d7ebbab5c96e55b0c7"`
Nov 30 21:39:03.295 INFO running `"docker" "rm" "-f" "6dd9f98dc168865189b7e534eff10e7f85130fa024a933d7ebbab5c96e55b0c7"`
Nov 30 21:39:03.599 INFO [stdout] 6dd9f98dc168865189b7e534eff10e7f85130fa024a933d7ebbab5c96e55b0c7
