Nov 30 23:50:46.161 INFO testing termux/termux-packaging against 1.30.1 for beta-1.31-5
Nov 30 23:50:46.163 INFO running `"docker" "create" "-v" "/mnt/big/crater/work/local/target-dirs/beta-1.31-5/worker-4/1.30.1:/target:rw,Z" "-v" "/mnt/big/crater/work/local/test-source/worker-4/beta-1.31-5/1.30.1:/source:ro,Z" "-v" "/mnt/big/crater/work/local/cargo-home:/cargo-home:ro,Z" "-v" "/mnt/big/crater/work/local/rustup-home:/rustup-home:ro,Z" "-e" "USER_ID=1000" "-e" "SOURCE_DIR=/source" "-e" "USER_ID=1000" "-e" "CMD=cargo +1.30.1 build --frozen" "-e" "CARGO_TARGET_DIR=/target" "-e" "CARGO_INCREMENTAL=0" "-e" "RUST_BACKTRACE=full" "-e" "RUSTFLAGS=--cap-lints=warn" "-e" "CARGO_HOME=/cargo-home" "-e" "RUSTUP_HOME=/rustup-home" "-m" "1536M" "--network" "none" "crater"`
Nov 30 23:50:46.636 INFO [stdout] eeeb147ede44114954d02ec3ad8895dce00f908d8a8fb8379430d40c519faa85
Nov 30 23:50:46.640 INFO running `"docker" "start" "-a" "eeeb147ede44114954d02ec3ad8895dce00f908d8a8fb8379430d40c519faa85"`
Nov 30 23:50:48.643 INFO [stderr] usermod: no changes
Nov 30 23:50:49.014 INFO [stderr]    Compiling libc v0.2.44
Nov 30 23:50:49.035 INFO [stderr]    Compiling string v0.1.2
Nov 30 23:50:49.059 INFO [stderr]    Compiling same-file v1.0.4
Nov 30 23:50:49.060 INFO [stderr]    Compiling podio v0.1.6
Nov 30 23:50:49.060 INFO [stderr]    Compiling md5 v0.6.0
Nov 30 23:50:49.061 INFO [stderr]    Compiling rand_hc v0.1.0
Nov 30 23:50:49.075 INFO [stderr]    Compiling rand_xorshift v0.1.0
Nov 30 23:50:49.076 INFO [stderr]    Compiling rand_isaac v0.1.1
Nov 30 23:50:51.753 INFO [stderr]    Compiling arrayvec v0.4.8
Nov 30 23:50:51.756 INFO [stderr]    Compiling ar v0.6.1
Nov 30 23:50:51.809 INFO [stderr]    Compiling rust-lzma v0.4.0
Nov 30 23:50:51.846 INFO [stderr]    Compiling walkdir v2.2.7
Nov 30 23:50:53.844 INFO [stderr]    Compiling tokio-timer v0.2.8
Nov 30 23:50:53.846 INFO [stderr]    Compiling tokio-current-thread v0.1.4
Nov 30 23:50:53.872 INFO [stderr]    Compiling flate2-crc v0.1.1
Nov 30 23:50:54.024 INFO [stderr]    Compiling rand_chacha v0.1.0
Nov 30 23:50:55.851 INFO [stderr]    Compiling rand_pcg v0.1.1
Nov 30 23:50:58.516 INFO [stderr]    Compiling rand v0.6.1
Nov 30 23:50:58.651 INFO [stderr]    Compiling crossbeam-epoch v0.6.1
Nov 30 23:50:58.741 INFO [stderr]    Compiling syn v0.15.22
Nov 30 23:51:05.427 INFO [stderr]    Compiling crossbeam-deque v0.6.2
Nov 30 23:51:07.659 INFO [stderr]    Compiling rand v0.5.5
Nov 30 23:51:07.659 INFO [stderr]    Compiling iovec v0.1.2
Nov 30 23:51:07.659 INFO [stderr]    Compiling net2 v0.2.33
Nov 30 23:51:07.659 INFO [stderr]    Compiling num_cpus v1.8.0
Nov 30 23:51:07.667 INFO [stderr]    Compiling openssl-sys v0.9.39
Nov 30 23:51:07.667 INFO [stderr]    Compiling time v0.1.40
Nov 30 23:51:10.153 INFO [stderr]    Compiling atty v0.2.11
Nov 30 23:51:11.315 INFO [stderr]    Compiling libz-sys v1.0.25
Nov 30 23:51:14.851 INFO [stderr]    Compiling xattr v0.2.2
Nov 30 23:51:14.939 INFO [stderr]    Compiling filetime v0.2.4
Nov 30 23:51:14.939 INFO [stderr]    Compiling bytes v0.4.11
Nov 30 23:51:14.987 INFO [stderr]    Compiling clap v2.32.0
Nov 30 23:51:17.768 INFO [stderr]    Compiling flate2 v1.0.5
Nov 30 23:51:17.895 INFO [stderr]    Compiling mio v0.6.16
Nov 30 23:51:19.931 INFO [stderr]    Compiling futures-cpupool v0.1.8
Nov 30 23:51:28.660 INFO [stderr]    Compiling msdos_time v0.1.6
Nov 30 23:51:33.549 INFO [stderr]    Compiling openssl v0.10.15
Nov 30 23:51:33.680 INFO [stderr]    Compiling tar v0.4.20
Nov 30 23:51:34.060 INFO [stderr]    Compiling tokio-io v0.1.10
Nov 30 23:51:36.679 INFO [stderr]    Compiling http v0.1.14
Nov 30 23:51:36.975 INFO [stderr]    Compiling tokio-threadpool v0.1.9
Nov 30 23:51:37.081 INFO [stderr]    Compiling parking_lot_core v0.3.1
Nov 30 23:51:37.519 INFO [stderr]    Compiling phf_generator v0.7.23
Nov 30 23:51:38.385 INFO [stderr]    Compiling uuid v0.7.1
Nov 30 23:51:46.503 INFO [stderr]    Compiling zip v0.4.2
Nov 30 23:51:46.571 INFO [stderr]    Compiling mio-uds v0.6.7
Nov 30 23:51:46.585 INFO [stderr]    Compiling structopt-derive v0.2.13
Nov 30 23:51:46.735 INFO [stderr]    Compiling phf_codegen v0.7.23
Nov 30 23:51:49.495 INFO [stderr]    Compiling tokio-codec v0.1.1
Nov 30 23:51:51.536 INFO [stderr]    Compiling parking_lot v0.6.4
Nov 30 23:51:53.695 INFO [stderr]    Compiling mime_guess v2.0.0-alpha.6
Nov 30 23:51:57.475 INFO [stderr]    Compiling tokio-fs v0.1.4
Nov 30 23:51:58.351 INFO [stderr]    Compiling tokio-reactor v0.1.7
Nov 30 23:52:05.435 INFO [stderr]    Compiling native-tls v0.2.2
Nov 30 23:52:10.987 INFO [stderr]    Compiling tokio-tcp v0.1.2
Nov 30 23:52:11.024 INFO [stderr]    Compiling tokio-udp v0.1.3
Nov 30 23:52:12.191 INFO [stderr]    Compiling tokio-uds v0.2.4
Nov 30 23:52:20.940 INFO [stderr]    Compiling h2 v0.1.13
Nov 30 23:52:21.189 INFO [stderr]    Compiling tokio v0.1.13
Nov 30 23:52:22.763 INFO [stderr]    Compiling structopt v0.2.13
Nov 30 23:52:33.399 INFO [stderr]    Compiling hyper v0.12.16
Nov 30 23:52:41.443 INFO [stderr]    Compiling hyper-tls v0.3.1
Nov 30 23:52:42.825 INFO [stderr]    Compiling reqwest v0.9.5
Nov 30 23:52:54.811 INFO [stderr]    Compiling termux-packaging v0.1.0 (/source)
Nov 30 23:53:04.451 INFO [stderr]     Finished dev [unoptimized + debuginfo] target(s) in 2m 15s
Nov 30 23:53:04.491 INFO [stderr] su: No module specific data is present
Nov 30 23:53:05.985 INFO running `"docker" "inspect" "eeeb147ede44114954d02ec3ad8895dce00f908d8a8fb8379430d40c519faa85"`
Nov 30 23:53:06.401 INFO running `"docker" "rm" "-f" "eeeb147ede44114954d02ec3ad8895dce00f908d8a8fb8379430d40c519faa85"`
Nov 30 23:53:06.743 INFO [stdout] eeeb147ede44114954d02ec3ad8895dce00f908d8a8fb8379430d40c519faa85
Nov 30 23:53:06.755 INFO running `"docker" "create" "-v" "/mnt/big/crater/work/local/target-dirs/beta-1.31-5/worker-4/1.30.1:/target:rw,Z" "-v" "/mnt/big/crater/work/local/test-source/worker-4/beta-1.31-5/1.30.1:/source:ro,Z" "-v" "/mnt/big/crater/work/local/cargo-home:/cargo-home:ro,Z" "-v" "/mnt/big/crater/work/local/rustup-home:/rustup-home:ro,Z" "-e" "USER_ID=1000" "-e" "SOURCE_DIR=/source" "-e" "USER_ID=1000" "-e" "CMD=cargo +1.30.1 test --frozen --no-run" "-e" "CARGO_TARGET_DIR=/target" "-e" "CARGO_INCREMENTAL=0" "-e" "RUST_BACKTRACE=full" "-e" "RUSTFLAGS=--cap-lints=warn" "-e" "CARGO_HOME=/cargo-home" "-e" "RUSTUP_HOME=/rustup-home" "-m" "1536M" "--network" "none" "crater"`
Nov 30 23:53:07.270 INFO [stdout] 7ff4dc67248a922b9d22f8f9bf69d6ad6910ee6e13be99c1e9e570387eee850f
Nov 30 23:53:07.273 INFO running `"docker" "start" "-a" "7ff4dc67248a922b9d22f8f9bf69d6ad6910ee6e13be99c1e9e570387eee850f"`
Nov 30 23:53:09.254 INFO [stderr] usermod: no changes
Nov 30 23:53:09.656 INFO [stderr]    Compiling termux-packaging v0.1.0 (/source)
Nov 30 23:53:17.074 INFO [stderr]     Finished dev [unoptimized + debuginfo] target(s) in 7.78s
Nov 30 23:53:17.106 INFO [stderr] su: No module specific data is present
Nov 30 23:53:18.441 INFO running `"docker" "inspect" "7ff4dc67248a922b9d22f8f9bf69d6ad6910ee6e13be99c1e9e570387eee850f"`
Nov 30 23:53:18.781 INFO running `"docker" "rm" "-f" "7ff4dc67248a922b9d22f8f9bf69d6ad6910ee6e13be99c1e9e570387eee850f"`
Nov 30 23:53:19.073 INFO [stdout] 7ff4dc67248a922b9d22f8f9bf69d6ad6910ee6e13be99c1e9e570387eee850f
Nov 30 23:53:19.078 INFO running `"docker" "create" "-v" "/mnt/big/crater/work/local/target-dirs/beta-1.31-5/worker-4/1.30.1:/target:rw,Z" "-v" "/mnt/big/crater/work/local/test-source/worker-4/beta-1.31-5/1.30.1:/source:ro,Z" "-v" "/mnt/big/crater/work/local/cargo-home:/cargo-home:ro,Z" "-v" "/mnt/big/crater/work/local/rustup-home:/rustup-home:ro,Z" "-e" "USER_ID=1000" "-e" "SOURCE_DIR=/source" "-e" "USER_ID=1000" "-e" "CMD=cargo +1.30.1 test --frozen" "-e" "CARGO_TARGET_DIR=/target" "-e" "CARGO_INCREMENTAL=0" "-e" "RUST_BACKTRACE=full" "-e" "RUSTFLAGS=--cap-lints=warn" "-e" "CARGO_HOME=/cargo-home" "-e" "RUSTUP_HOME=/rustup-home" "-m" "1536M" "--network" "none" "crater"`
Nov 30 23:53:19.499 INFO [stdout] 6037a281ed822da322c5d6ef13e9c9080116d11e090e6473a6ed649b99dbe59b
Nov 30 23:53:19.507 INFO running `"docker" "start" "-a" "6037a281ed822da322c5d6ef13e9c9080116d11e090e6473a6ed649b99dbe59b"`
Nov 30 23:53:21.260 INFO [stderr] usermod: no changes
Nov 30 23:53:21.579 INFO [stderr]     Finished dev [unoptimized + debuginfo] target(s) in 0.30s
Nov 30 23:53:21.595 INFO [stderr]      Running /target/debug/deps/termux_packaging-4c77d4fdeb3bc3b3
Nov 30 23:53:21.608 INFO [stdout] 
Nov 30 23:53:21.608 INFO [stdout] running 2 tests
Nov 30 23:53:21.623 INFO [stdout] test apt_repo::tests::test_parse_packages ... ok
Nov 30 23:53:21.907 INFO [stdout] test apt_repo::tests::test_fetch_repo ... FAILED
Nov 30 23:53:21.907 INFO [stdout] 
Nov 30 23:53:21.907 INFO [stdout] failures:
Nov 30 23:53:21.907 INFO [stdout] 
Nov 30 23:53:21.907 INFO [stdout] ---- apt_repo::tests::test_fetch_repo stdout ----
Nov 30 23:53:21.907 INFO [stdout] thread 'apt_repo::tests::test_fetch_repo' panicked at 'Error fetching https://termux.net/dists/stable/main/binary-aarch64/Packages: Inner { kind: Hyper(Error { kind: Connect, cause: Custom { kind: Other, error: StringError("failed to lookup address information: Temporary failure in name resolution") } }), url: Some("https://termux.net/dists/stable/main/binary-aarch64/Packages") }', src/apt_repo.rs:30:13
Nov 30 23:53:21.907 INFO [stdout] stack backtrace:
Nov 30 23:53:21.907 INFO [stdout]    0:     0x56206445f49e - std::sys::unix::backtrace::tracing::imp::unwind_backtrace::h15749a98198ba25f
Nov 30 23:53:21.907 INFO [stdout]                                at libstd/sys/unix/backtrace/tracing/gcc_s.rs:49
Nov 30 23:53:21.907 INFO [stdout]    1:     0x562064450ed6 - std::sys_common::backtrace::print::h0ba65c811294dbf0
Nov 30 23:53:21.907 INFO [stdout]                                at libstd/sys_common/backtrace.rs:71
Nov 30 23:53:21.907 INFO [stdout]                                at libstd/sys_common/backtrace.rs:59
Nov 30 23:53:21.907 INFO [stdout]    2:     0x56206444f19d - std::panicking::default_hook::{{closure}}::h42bb31757f0fee64
Nov 30 23:53:21.907 INFO [stdout]                                at libstd/panicking.rs:211
Nov 30 23:53:21.907 INFO [stdout]    3:     0x56206444eeab - std::panicking::default_hook::hebc8848d7aa7dbd9
Nov 30 23:53:21.907 INFO [stdout]                                at libstd/panicking.rs:221
Nov 30 23:53:21.907 INFO [stdout]    4:     0x56206444f84c - std::panicking::rust_panic_with_hook::h86e619a638415243
Nov 30 23:53:21.907 INFO [stdout]                                at libstd/panicking.rs:477
Nov 30 23:53:21.907 INFO [stdout]    5:     0x56206444f409 - std::panicking::continue_panic_fmt::h2d2d2bfb065a70b2
Nov 30 23:53:21.907 INFO [stdout]                                at libstd/panicking.rs:391
Nov 30 23:53:21.907 INFO [stdout]    6:     0x56206444f36d - std::panicking::begin_panic_fmt::ha5097e2056ef3d5a
Nov 30 23:53:21.907 INFO [stdout]                                at libstd/panicking.rs:346
Nov 30 23:53:21.907 INFO [stdout]    7:     0x562063f1a61a - termux_packaging::apt_repo::fetch_repo::ha39dca0af174cad3
Nov 30 23:53:21.907 INFO [stdout]                                at src/apt_repo.rs:30
Nov 30 23:53:21.907 INFO [stdout]    8:     0x562063f1cfb1 - termux_packaging::apt_repo::tests::test_fetch_repo::h445cfd515226130b
Nov 30 23:53:21.907 INFO [stdout]                                at src/apt_repo.rs:115
Nov 30 23:53:21.907 INFO [stdout]    9:     0x562063f1cf79 - termux_packaging::apt_repo::tests::test_fetch_repo::{{closure}}::hf5d05475ed67d1e6
Nov 30 23:53:21.907 INFO [stdout]                                at src/apt_repo.rs:114
Nov 30 23:53:21.907 INFO [stdout]   10:     0x562063f15a2d - core::ops::function::FnOnce::call_once::h4c70d904c6502b7c
Nov 30 23:53:21.907 INFO [stdout]                                at libcore/ops/function.rs:238
Nov 30 23:53:21.907 INFO [stdout]   11:     0x562063f217ae - <F as alloc::boxed::FnBox<A>>::call_box::hbea525814fa423cc
Nov 30 23:53:21.907 INFO [stdout]                                at libtest/lib.rs:1461
Nov 30 23:53:21.907 INFO [stdout]                                at libcore/ops/function.rs:238
Nov 30 23:53:21.907 INFO [stdout]                                at liballoc/boxed.rs:646
Nov 30 23:53:21.907 INFO [stdout]   12:     0x56206446e659 - __rust_maybe_catch_panic
Nov 30 23:53:21.907 INFO [stdout]                                at libpanic_unwind/lib.rs:103
Nov 30 23:53:21.907 INFO [stdout]   13:     0x562063f2d10d - std::sys_common::backtrace::__rust_begin_short_backtrace::h0ff507d7422944d3
Nov 30 23:53:21.907 INFO [stdout]                                at libstd/panicking.rs:289
Nov 30 23:53:21.907 INFO [stdout]                                at libstd/panic.rs:392
Nov 30 23:53:21.907 INFO [stdout]                                at libtest/lib.rs:1416
Nov 30 23:53:21.907 INFO [stdout]                                at libstd/sys_common/backtrace.rs:136
Nov 30 23:53:21.907 INFO [stdout]   14:     0x562063f45744 - std::panicking::try::do_call::hba0bdcc3670471cc
Nov 30 23:53:21.907 INFO [stdout]                                at libstd/thread/mod.rs:409
Nov 30 23:53:21.907 INFO [stdout]                                at libstd/panic.rs:313
Nov 30 23:53:21.907 INFO [stdout]                                at libstd/panicking.rs:310
Nov 30 23:53:21.907 INFO [stdout]   15:     0x56206446e659 - __rust_maybe_catch_panic
Nov 30 23:53:21.907 INFO [stdout]                                at libpanic_unwind/lib.rs:103
Nov 30 23:53:21.907 INFO [stdout]   16:     0x562063f36016 - <F as alloc::boxed::FnBox<A>>::call_box::hdac52587b00591af
Nov 30 23:53:21.907 INFO [stdout]                                at libstd/panicking.rs:289
Nov 30 23:53:21.907 INFO [stdout]                                at libstd/panic.rs:392
Nov 30 23:53:21.907 INFO [stdout]                                at libstd/thread/mod.rs:408
Nov 30 23:53:21.907 INFO [stdout]                                at liballoc/boxed.rs:646
Nov 30 23:53:21.907 INFO [stdout]   17:     0x562064460fda - std::sys_common::thread::start_thread::h75d887c7d2cc4479
Nov 30 23:53:21.907 INFO [stdout]                                at liballoc/boxed.rs:656
Nov 30 23:53:21.907 INFO [stdout]                                at libstd/sys_common/thread.rs:24
Nov 30 23:53:21.907 INFO [stdout]   18:     0x562064450075 - std::sys::unix::thread::Thread::new::thread_start::h8414caee632bf9ed
Nov 30 23:53:21.907 INFO [stdout]                                at libstd/sys/unix/thread.rs:90
Nov 30 23:53:21.907 INFO [stdout]   19:     0x7ff68baaa6b9 - start_thread
Nov 30 23:53:21.907 INFO [stdout]   20:     0x7ff68b5ca41c - clone
Nov 30 23:53:21.907 INFO [stdout]   21:                0x0 - <unknown>
Nov 30 23:53:21.907 INFO [stdout] 
Nov 30 23:53:21.907 INFO [stdout] 
Nov 30 23:53:21.907 INFO [stdout] failures:
Nov 30 23:53:21.907 INFO [stdout]     apt_repo::tests::test_fetch_repo
Nov 30 23:53:21.907 INFO [stdout] 
Nov 30 23:53:21.907 INFO [stdout] test result: FAILED. 1 passed; 1 failed; 0 ignored; 0 measured; 0 filtered out
Nov 30 23:53:21.907 INFO [stdout] 
Nov 30 23:53:21.920 INFO [stderr] error: test failed, to rerun pass '--bin termux-packaging'
Nov 30 23:53:21.921 INFO [stderr] su: No module specific data is present
Nov 30 23:53:23.248 INFO running `"docker" "inspect" "6037a281ed822da322c5d6ef13e9c9080116d11e090e6473a6ed649b99dbe59b"`
Nov 30 23:53:23.550 INFO running `"docker" "rm" "-f" "6037a281ed822da322c5d6ef13e9c9080116d11e090e6473a6ed649b99dbe59b"`
Nov 30 23:53:23.955 INFO [stdout] 6037a281ed822da322c5d6ef13e9c9080116d11e090e6473a6ed649b99dbe59b
