Dec 01 01:55:55.841 INFO testing smoqadam/rust-youtube-downloader against 1.30.1 for beta-1.31-5
Dec 01 01:55:55.841 INFO running `"docker" "create" "-v" "/mnt/big/crater/work/local/target-dirs/beta-1.31-5/worker-7/1.30.1:/target:rw,Z" "-v" "/mnt/big/crater/work/local/test-source/worker-7/beta-1.31-5/1.30.1:/source:ro,Z" "-v" "/mnt/big/crater/work/local/cargo-home:/cargo-home:ro,Z" "-v" "/mnt/big/crater/work/local/rustup-home:/rustup-home:ro,Z" "-e" "USER_ID=1000" "-e" "SOURCE_DIR=/source" "-e" "USER_ID=1000" "-e" "CMD=cargo +1.30.1 build --frozen" "-e" "CARGO_TARGET_DIR=/target" "-e" "CARGO_INCREMENTAL=0" "-e" "RUST_BACKTRACE=full" "-e" "RUSTFLAGS=--cap-lints=warn" "-e" "CARGO_HOME=/cargo-home" "-e" "RUSTUP_HOME=/rustup-home" "-m" "1536M" "--network" "none" "crater"`
Dec 01 01:55:56.439 INFO [stdout] c79961bc08d0dab7e8c6c72f53252cc0113834d960f33c90053e8abd89ae5aab
Dec 01 01:55:56.441 INFO running `"docker" "start" "-a" "c79961bc08d0dab7e8c6c72f53252cc0113834d960f33c90053e8abd89ae5aab"`
Dec 01 01:55:57.379 INFO [stderr] usermod: no changes
Dec 01 01:55:57.629 INFO [stderr]    Compiling rustc-serialize v0.3.23
Dec 01 01:55:57.629 INFO [stderr]    Compiling lazy_static v0.2.6
Dec 01 01:55:57.633 INFO [stderr]    Compiling openssl-sys v0.9.28
Dec 01 01:55:57.633 INFO [stderr]    Compiling time v0.1.36
Dec 01 01:55:57.634 INFO [stderr]    Compiling num_cpus v1.3.0
Dec 01 01:55:57.634 INFO [stderr]    Compiling thread-id v3.0.0
Dec 01 01:55:57.634 INFO [stderr]    Compiling memchr v1.0.1
Dec 01 01:55:57.635 INFO [stderr]    Compiling term_size v0.3.0
Dec 01 01:55:58.411 INFO [stderr]    Compiling atty v0.2.2
Dec 01 01:55:59.057 INFO [stderr]    Compiling mime v0.2.3
Dec 01 01:55:59.067 INFO [stderr]    Compiling hyper v0.10.8
Dec 01 01:55:59.085 INFO [stderr]    Compiling idna v0.1.1
Dec 01 01:55:59.085 INFO [stderr]    Compiling aho-corasick v0.6.3
Dec 01 01:55:59.143 INFO [stderr]    Compiling clap v2.23.2
Dec 01 01:56:02.003 INFO [stderr]    Compiling thread_local v0.3.3
Dec 01 01:56:02.014 INFO [stderr]    Compiling stderrlog v0.2.2
Dec 01 01:56:02.180 INFO [stderr]    Compiling pbr v1.0.0-alpha.3
Dec 01 01:56:04.743 INFO [stderr]    Compiling regex v0.2.1
Dec 01 01:56:05.151 INFO [stderr]    Compiling url v1.4.0
Dec 01 01:56:05.151 INFO [stderr]    Compiling openssl v0.9.24
Dec 01 01:56:10.727 INFO [stderr]    Compiling serde_urlencoded v0.5.1
Dec 01 01:56:18.287 INFO [stderr]    Compiling native-tls v0.1.5
Dec 01 01:56:23.901 INFO [stderr]    Compiling hyper-native-tls v0.2.2
Dec 01 01:56:28.447 INFO [stderr]    Compiling youtube-downloader v0.1.0 (/source)
Dec 01 01:56:34.319 INFO [stderr]     Finished dev [unoptimized + debuginfo] target(s) in 36.89s
Dec 01 01:56:34.328 INFO [stderr] su: No module specific data is present
Dec 01 01:56:34.943 INFO running `"docker" "inspect" "c79961bc08d0dab7e8c6c72f53252cc0113834d960f33c90053e8abd89ae5aab"`
Dec 01 01:56:35.230 INFO running `"docker" "rm" "-f" "c79961bc08d0dab7e8c6c72f53252cc0113834d960f33c90053e8abd89ae5aab"`
Dec 01 01:56:35.591 INFO [stdout] c79961bc08d0dab7e8c6c72f53252cc0113834d960f33c90053e8abd89ae5aab
Dec 01 01:56:35.596 INFO running `"docker" "create" "-v" "/mnt/big/crater/work/local/target-dirs/beta-1.31-5/worker-7/1.30.1:/target:rw,Z" "-v" "/mnt/big/crater/work/local/test-source/worker-7/beta-1.31-5/1.30.1:/source:ro,Z" "-v" "/mnt/big/crater/work/local/cargo-home:/cargo-home:ro,Z" "-v" "/mnt/big/crater/work/local/rustup-home:/rustup-home:ro,Z" "-e" "USER_ID=1000" "-e" "SOURCE_DIR=/source" "-e" "USER_ID=1000" "-e" "CMD=cargo +1.30.1 test --frozen --no-run" "-e" "CARGO_TARGET_DIR=/target" "-e" "CARGO_INCREMENTAL=0" "-e" "RUST_BACKTRACE=full" "-e" "RUSTFLAGS=--cap-lints=warn" "-e" "CARGO_HOME=/cargo-home" "-e" "RUSTUP_HOME=/rustup-home" "-m" "1536M" "--network" "none" "crater"`
Dec 01 01:56:36.109 INFO [stdout] f59f9397b58e835d483039f67a9af657944b1f6d584f42f41d23889b50de1bf1
Dec 01 01:56:36.113 INFO running `"docker" "start" "-a" "f59f9397b58e835d483039f67a9af657944b1f6d584f42f41d23889b50de1bf1"`
Dec 01 01:56:37.285 INFO [stderr] usermod: no changes
Dec 01 01:56:37.611 INFO [stderr]    Compiling num_cpus v1.3.0
Dec 01 01:56:37.623 INFO [stderr]    Compiling rand v0.4.2
Dec 01 01:56:37.623 INFO [stderr]    Compiling rand v0.3.15
Dec 01 01:56:37.623 INFO [stderr]    Compiling thread-id v3.0.0
Dec 01 01:56:37.643 INFO [stderr]    Compiling time v0.1.36
Dec 01 01:56:37.643 INFO [stderr]    Compiling memchr v1.0.1
Dec 01 01:56:37.643 INFO [stderr]    Compiling atty v0.2.2
Dec 01 01:56:37.643 INFO [stderr]    Compiling term_size v0.3.0
Dec 01 01:56:38.524 INFO [stderr]    Compiling base64 v0.9.1
Dec 01 01:56:38.864 INFO [stderr]    Compiling serde_json v1.0.16
Dec 01 01:56:39.841 INFO [stderr]    Compiling mio v0.6.14
Dec 01 01:56:39.883 INFO [stderr]    Compiling thread_local v0.3.3
Dec 01 01:56:42.416 INFO [stderr]    Compiling clap v2.23.2
Dec 01 01:56:44.112 INFO [stderr]    Compiling tokio-io v0.1.6
Dec 01 01:56:47.623 INFO [stderr]    Compiling aho-corasick v0.6.3
Dec 01 01:56:49.567 INFO [stderr]    Compiling openssl-sys v0.9.28
Dec 01 01:56:49.568 INFO [stderr]    Compiling futures-cpupool v0.1.8
Dec 01 01:56:49.812 INFO [stderr]    Compiling unicase v1.4.0
Dec 01 01:56:55.138 INFO [stderr]    Compiling stderrlog v0.2.2
Dec 01 01:56:55.276 INFO [stderr]    Compiling uuid v0.5.1
Dec 01 01:56:57.904 INFO [stderr]    Compiling pbr v1.0.0-alpha.3
Dec 01 01:56:57.920 INFO [stderr]    Compiling libflate v0.1.14
Dec 01 01:56:57.947 INFO [stderr]    Compiling tokio-threadpool v0.1.2
Dec 01 01:56:58.039 INFO [stderr]    Compiling phf_shared v0.7.21
Dec 01 01:57:03.619 INFO [stderr]    Compiling hyper v0.10.8
Dec 01 01:57:03.621 INFO [stderr]    Compiling regex v0.2.1
Dec 01 01:57:03.736 INFO [stderr]    Compiling openssl v0.9.24
Dec 01 01:57:04.041 INFO [stderr]    Compiling tokio-reactor v0.1.1
Dec 01 01:57:08.819 INFO [stderr]    Compiling phf_generator v0.7.21
Dec 01 01:57:18.180 INFO [stderr]    Compiling phf v0.7.21
Dec 01 01:57:18.203 INFO [stderr]    Compiling phf_codegen v0.7.21
Dec 01 01:57:18.259 INFO [stderr]    Compiling tokio-udp v0.1.0
Dec 01 01:57:18.592 INFO [stderr]    Compiling tokio-tcp v0.1.0
Dec 01 01:57:21.461 INFO [stderr]    Compiling mime_guess v2.0.0-alpha.4
Dec 01 01:57:24.330 INFO [stderr]    Compiling tokio v0.1.5
Dec 01 01:57:41.229 INFO [stderr]    Compiling tokio-core v0.1.17
Dec 01 01:57:51.996 INFO [stderr]    Compiling native-tls v0.1.5
Dec 01 01:57:56.263 INFO [stderr]    Compiling tokio-proto v0.1.1
Dec 01 01:57:57.133 INFO [stderr]    Compiling tokio-tls v0.1.4
Dec 01 01:58:00.497 INFO [stderr]    Compiling hyper-native-tls v0.2.2
Dec 01 01:58:11.215 INFO [stderr]    Compiling hyper v0.11.25
Dec 01 01:58:14.208 INFO [stderr]    Compiling youtube-downloader v0.1.0 (/source)
Dec 01 01:58:29.531 INFO [stderr]    Compiling hyper-tls v0.1.3
Dec 01 01:58:31.081 INFO [stderr]    Compiling reqwest v0.8.5
Dec 01 01:58:44.043 INFO [stderr] warning: unused import: `video_info_url_from_url`
Dec 01 01:58:44.044 INFO [stderr]  --> tests/lib.rs:6:26
Dec 01 01:58:44.045 INFO [stderr]   |
Dec 01 01:58:44.045 INFO [stderr] 6 | use youtube_downloader::{video_info_url_from_url, VideoInfo};
Dec 01 01:58:44.046 INFO [stderr]   |                          ^^^^^^^^^^^^^^^^^^^^^^^
Dec 01 01:58:44.047 INFO [stderr]   |
Dec 01 01:58:44.047 INFO [stderr]   = note: #[warn(unused_imports)] on by default
Dec 01 01:58:44.048 INFO [stderr] 
Dec 01 01:58:48.209 INFO [stderr]     Finished dev [unoptimized + debuginfo] target(s) in 2m 10s
Dec 01 01:58:48.226 INFO [stderr] su: No module specific data is present
Dec 01 01:58:49.264 INFO running `"docker" "inspect" "f59f9397b58e835d483039f67a9af657944b1f6d584f42f41d23889b50de1bf1"`
Dec 01 01:58:49.587 INFO running `"docker" "rm" "-f" "f59f9397b58e835d483039f67a9af657944b1f6d584f42f41d23889b50de1bf1"`
Dec 01 01:58:49.943 INFO [stdout] f59f9397b58e835d483039f67a9af657944b1f6d584f42f41d23889b50de1bf1
Dec 01 01:58:49.947 INFO running `"docker" "create" "-v" "/mnt/big/crater/work/local/target-dirs/beta-1.31-5/worker-7/1.30.1:/target:rw,Z" "-v" "/mnt/big/crater/work/local/test-source/worker-7/beta-1.31-5/1.30.1:/source:ro,Z" "-v" "/mnt/big/crater/work/local/cargo-home:/cargo-home:ro,Z" "-v" "/mnt/big/crater/work/local/rustup-home:/rustup-home:ro,Z" "-e" "USER_ID=1000" "-e" "SOURCE_DIR=/source" "-e" "USER_ID=1000" "-e" "CMD=cargo +1.30.1 test --frozen" "-e" "CARGO_TARGET_DIR=/target" "-e" "CARGO_INCREMENTAL=0" "-e" "RUST_BACKTRACE=full" "-e" "RUSTFLAGS=--cap-lints=warn" "-e" "CARGO_HOME=/cargo-home" "-e" "RUSTUP_HOME=/rustup-home" "-m" "1536M" "--network" "none" "crater"`
Dec 01 01:58:50.420 INFO [stdout] 74f6199d0c6444473890e146d5fc0cf7f2fde140d2e98571fbe40ec979907434
Dec 01 01:58:50.422 INFO running `"docker" "start" "-a" "74f6199d0c6444473890e146d5fc0cf7f2fde140d2e98571fbe40ec979907434"`
Dec 01 01:58:52.383 INFO [stderr] usermod: no changes
Dec 01 01:58:52.690 INFO [stderr]     Finished dev [unoptimized + debuginfo] target(s) in 0.28s
Dec 01 01:58:52.708 INFO [stderr]      Running /target/debug/deps/youtube_downloader-4d2024e68b0b55a9
Dec 01 01:58:52.710 INFO [stdout] 
Dec 01 01:58:52.711 INFO [stdout] running 0 tests
Dec 01 01:58:52.711 INFO [stdout] 
Dec 01 01:58:52.711 INFO [stdout] test result: ok. 0 passed; 0 failed; 0 ignored; 0 measured; 0 filtered out
Dec 01 01:58:52.711 INFO [stdout] 
Dec 01 01:58:52.712 INFO [stderr]      Running /target/debug/deps/youtube_downloader-fecaa711e106a581
Dec 01 01:58:52.714 INFO [stdout] 
Dec 01 01:58:52.714 INFO [stdout] running 0 tests
Dec 01 01:58:52.714 INFO [stdout] 
Dec 01 01:58:52.714 INFO [stdout] test result: ok. 0 passed; 0 failed; 0 ignored; 0 measured; 0 filtered out
Dec 01 01:58:52.714 INFO [stdout] 
Dec 01 01:58:52.715 INFO [stderr]      Running /target/debug/deps/lib-16f3240492656272
Dec 01 01:58:52.721 INFO [stdout] 
Dec 01 01:58:52.721 INFO [stdout] running 2 tests
Dec 01 01:58:52.895 INFO [stdout] test live_video ... FAILED
Dec 01 01:58:52.896 INFO [stdout] test video ... FAILED
Dec 01 01:58:52.896 INFO [stdout] 
Dec 01 01:58:52.896 INFO [stdout] failures:
Dec 01 01:58:52.896 INFO [stdout] 
Dec 01 01:58:52.897 INFO [stdout] ---- live_video stdout ----
Dec 01 01:58:52.897 INFO [stdout] thread 'live_video' panicked at 'called `Result::unwrap()` on an `Err` value: Error { kind: Io(Custom { kind: Other, error: StringError("failed to lookup address information: Temporary failure in name resolution") }), url: Some("https://youtube.com/get_video_info?video_id=XOacA3RYrXk") }', libcore/result.rs:1009:5
Dec 01 01:58:52.897 INFO [stdout] stack backtrace:
Dec 01 01:58:52.897 INFO [stdout]    0:     0x55e90ff803fe - std::sys::unix::backtrace::tracing::imp::unwind_backtrace::h15749a98198ba25f
Dec 01 01:58:52.897 INFO [stdout]                                at libstd/sys/unix/backtrace/tracing/gcc_s.rs:49
Dec 01 01:58:52.897 INFO [stdout]    1:     0x55e90ff725b6 - std::sys_common::backtrace::print::h0ba65c811294dbf0
Dec 01 01:58:52.897 INFO [stdout]                                at libstd/sys_common/backtrace.rs:71
Dec 01 01:58:52.897 INFO [stdout]                                at libstd/sys_common/backtrace.rs:59
Dec 01 01:58:52.897 INFO [stdout]    2:     0x55e90ff7087d - std::panicking::default_hook::{{closure}}::h42bb31757f0fee64
Dec 01 01:58:52.897 INFO [stdout]                                at libstd/panicking.rs:211
Dec 01 01:58:52.897 INFO [stdout]    3:     0x55e90ff7058b - std::panicking::default_hook::hebc8848d7aa7dbd9
Dec 01 01:58:52.897 INFO [stdout]                                at libstd/panicking.rs:221
Dec 01 01:58:52.897 INFO [stdout]    4:     0x55e90ff70f2c - std::panicking::rust_panic_with_hook::h86e619a638415243
Dec 01 01:58:52.897 INFO [stdout]                                at libstd/panicking.rs:477
Dec 01 01:58:52.897 INFO [stdout]    5:     0x55e90ff70ae9 - std::panicking::continue_panic_fmt::h2d2d2bfb065a70b2
Dec 01 01:58:52.897 INFO [stdout]                                at libstd/panicking.rs:391
Dec 01 01:58:52.897 INFO [stdout]    6:     0x55e90ff709e5 - rust_begin_unwind
Dec 01 01:58:52.897 INFO [stdout]                                at libstd/panicking.rs:326
Dec 01 01:58:52.897 INFO [stdout]    7:     0x55e90ffc2f9b - core::panicking::panic_fmt::h2155aa66b67fe83c
Dec 01 01:58:52.897 INFO [stdout]                                at libcore/panicking.rs:77
Dec 01 01:58:52.897 INFO [stdout]    8:     0x55e90fc19453 - core::result::unwrap_failed::h38eb9a43ec273629
Dec 01 01:58:52.897 INFO [stdout]                                at libcore/macros.rs:26
Dec 01 01:58:52.897 INFO [stdout]    9:     0x55e90fc18fb4 - <core::result::Result<T, E>>::unwrap::hc0d198afc9a8cc06
Dec 01 01:58:52.897 INFO [stdout]                                at libcore/result.rs:808
Dec 01 01:58:52.897 INFO [stdout]   10:     0x55e90fc1a6a0 - lib::get_video_info::h93066b0ae4cdfb37
Dec 01 01:58:52.897 INFO [stdout]                                at tests/lib.rs:10
Dec 01 01:58:52.897 INFO [stdout]   11:     0x55e90fc1a811 - lib::live_video::h525b10a64d265a6b
Dec 01 01:58:52.897 INFO [stdout]                                at tests/lib.rs:18
Dec 01 01:58:52.897 INFO [stdout]   12:     0x55e90fc1a7d9 - lib::live_video::{{closure}}::ha7b6ce3b0b0b44eb
Dec 01 01:58:52.897 INFO [stdout]                                at tests/lib.rs:17
Dec 01 01:58:52.897 INFO [stdout]   13:     0x55e90fc1a97d - core::ops::function::FnOnce::call_once::hfd3729c74a9d57f7
Dec 01 01:58:52.897 INFO [stdout]                                at libcore/ops/function.rs:238
Dec 01 01:58:52.897 INFO [stdout]   14:     0x55e90fc1edae - <F as alloc::boxed::FnBox<A>>::call_box::hbea525814fa423cc
Dec 01 01:58:52.897 INFO [stdout]                                at libtest/lib.rs:1461
Dec 01 01:58:52.897 INFO [stdout]                                at libcore/ops/function.rs:238
Dec 01 01:58:52.897 INFO [stdout]                                at liballoc/boxed.rs:646
Dec 01 01:58:52.897 INFO [stdout]   15:     0x55e90ff8f389 - __rust_maybe_catch_panic
Dec 01 01:58:52.897 INFO [stdout]                                at libpanic_unwind/lib.rs:103
Dec 01 01:58:52.897 INFO [stdout]   16:     0x55e90fc2a70d - std::sys_common::backtrace::__rust_begin_short_backtrace::h0ff507d7422944d3
Dec 01 01:58:52.897 INFO [stdout]                                at libstd/panicking.rs:289
Dec 01 01:58:52.897 INFO [stdout]                                at libstd/panic.rs:392
Dec 01 01:58:52.897 INFO [stdout]                                at libtest/lib.rs:1416
Dec 01 01:58:52.897 INFO [stdout]                                at libstd/sys_common/backtrace.rs:136
Dec 01 01:58:52.897 INFO [stdout]   17:     0x55e90fc42d44 - std::panicking::try::do_call::hba0bdcc3670471cc
Dec 01 01:58:52.897 INFO [stdout]                                at libstd/thread/mod.rs:409
Dec 01 01:58:52.897 INFO [stdout]                                at libstd/panic.rs:313
Dec 01 01:58:52.897 INFO [stdout]                                at libstd/panicking.rs:310
Dec 01 01:58:52.897 INFO [stdout]   18:     0x55e90ff8f389 - __rust_maybe_catch_panic
Dec 01 01:58:52.897 INFO [stdout]                                at libpanic_unwind/lib.rs:103
Dec 01 01:58:52.897 INFO [stdout]   19:     0x55e90fc33616 - <F as alloc::boxed::FnBox<A>>::call_box::hdac52587b00591af
Dec 01 01:58:52.897 INFO [stdout]                                at libstd/panicking.rs:289
Dec 01 01:58:52.897 INFO [stdout]                                at libstd/panic.rs:392
Dec 01 01:58:52.897 INFO [stdout]                                at libstd/thread/mod.rs:408
Dec 01 01:58:52.897 INFO [stdout]                                at liballoc/boxed.rs:646
Dec 01 01:58:52.897 INFO [stdout]   20:     0x55e90ff81f3a - std::sys_common::thread::start_thread::h75d887c7d2cc4479
Dec 01 01:58:52.897 INFO [stdout]                                at liballoc/boxed.rs:656
Dec 01 01:58:52.897 INFO [stdout]                                at libstd/sys_common/thread.rs:24
Dec 01 01:58:52.897 INFO [stdout]   21:     0x55e90ff71755 - std::sys::unix::thread::Thread::new::thread_start::h8414caee632bf9ed
Dec 01 01:58:52.897 INFO [stdout]                                at libstd/sys/unix/thread.rs:90
Dec 01 01:58:52.898 INFO [stdout]   22:     0x7f96e5b216b9 - start_thread
Dec 01 01:58:52.898 INFO [stdout]   23:     0x7f96e564141c - clone
Dec 01 01:58:52.898 INFO [stdout]   24:                0x0 - <unknown>
Dec 01 01:58:52.898 INFO [stdout] 
Dec 01 01:58:52.898 INFO [stdout] ---- video stdout ----
Dec 01 01:58:52.898 INFO [stdout] thread 'video' panicked at 'called `Result::unwrap()` on an `Err` value: Error { kind: Io(Custom { kind: Other, error: StringError("failed to lookup address information: Temporary failure in name resolution") }), url: Some("https://youtube.com/get_video_info?video_id=aqz-KE-bpKQ") }', libcore/result.rs:1009:5
Dec 01 01:58:52.898 INFO [stdout] stack backtrace:
Dec 01 01:58:52.898 INFO [stdout]    0:     0x55e90ff803fe - std::sys::unix::backtrace::tracing::imp::unwind_backtrace::h15749a98198ba25f
Dec 01 01:58:52.898 INFO [stdout]                                at libstd/sys/unix/backtrace/tracing/gcc_s.rs:49
Dec 01 01:58:52.898 INFO [stdout]    1:     0x55e90ff725b6 - std::sys_common::backtrace::print::h0ba65c811294dbf0
Dec 01 01:58:52.898 INFO [stdout]                                at libstd/sys_common/backtrace.rs:71
Dec 01 01:58:52.898 INFO [stdout]                                at libstd/sys_common/backtrace.rs:59
Dec 01 01:58:52.898 INFO [stdout]    2:     0x55e90ff7087d - std::panicking::default_hook::{{closure}}::h42bb31757f0fee64
Dec 01 01:58:52.898 INFO [stdout]                                at libstd/panicking.rs:211
Dec 01 01:58:52.898 INFO [stdout]    3:     0x55e90ff7058b - std::panicking::default_hook::hebc8848d7aa7dbd9
Dec 01 01:58:52.898 INFO [stdout]                                at libstd/panicking.rs:221
Dec 01 01:58:52.898 INFO [stdout]    4:     0x55e90ff70f2c - std::panicking::rust_panic_with_hook::h86e619a638415243
Dec 01 01:58:52.898 INFO [stdout]                                at libstd/panicking.rs:477
Dec 01 01:58:52.898 INFO [stdout]    5:     0x55e90ff70ae9 - std::panicking::continue_panic_fmt::h2d2d2bfb065a70b2
Dec 01 01:58:52.898 INFO [stdout]                                at libstd/panicking.rs:391
Dec 01 01:58:52.898 INFO [stdout]    6:     0x55e90ff709e5 - rust_begin_unwind
Dec 01 01:58:52.898 INFO [stdout]                                at libstd/panicking.rs:326
Dec 01 01:58:52.898 INFO [stdout]    7:     0x55e90ffc2f9b - core::panicking::panic_fmt::h2155aa66b67fe83c
Dec 01 01:58:52.898 INFO [stdout]                                at libcore/panicking.rs:77
Dec 01 01:58:52.898 INFO [stdout]    8:     0x55e90fc19453 - core::result::unwrap_failed::h38eb9a43ec273629
Dec 01 01:58:52.898 INFO [stdout]                                at libcore/macros.rs:26
Dec 01 01:58:52.898 INFO [stdout]    9:     0x55e90fc18fb4 - <core::result::Result<T, E>>::unwrap::hc0d198afc9a8cc06
Dec 01 01:58:52.898 INFO [stdout]                                at libcore/result.rs:808
Dec 01 01:58:52.898 INFO [stdout]   10:     0x55e90fc1a6a0 - lib::get_video_info::h93066b0ae4cdfb37
Dec 01 01:58:52.898 INFO [stdout]                                at tests/lib.rs:10
Dec 01 01:58:52.898 INFO [stdout]   11:     0x55e90fc1a871 - lib::video::h0653a87aa4f70f80
Dec 01 01:58:52.898 INFO [stdout]                                at tests/lib.rs:23
Dec 01 01:58:52.898 INFO [stdout]   12:     0x55e90fc1a839 - lib::video::{{closure}}::h4646b2027d03c3e4
Dec 01 01:58:52.898 INFO [stdout]                                at tests/lib.rs:22
Dec 01 01:58:52.898 INFO [stdout]   13:     0x55e90fc1a8fd - core::ops::function::FnOnce::call_once::h1648de351c9a2d9b
Dec 01 01:58:52.898 INFO [stdout]                                at libcore/ops/function.rs:238
Dec 01 01:58:52.898 INFO [stdout]   14:     0x55e90fc1edae - <F as alloc::boxed::FnBox<A>>::call_box::hbea525814fa423cc
Dec 01 01:58:52.898 INFO [stdout]                                at libtest/lib.rs:1461
Dec 01 01:58:52.898 INFO [stdout]                                at libcore/ops/function.rs:238
Dec 01 01:58:52.898 INFO [stdout]                                at liballoc/boxed.rs:646
Dec 01 01:58:52.898 INFO [stdout]   15:     0x55e90ff8f389 - __rust_maybe_catch_panic
Dec 01 01:58:52.898 INFO [stdout]                                at libpanic_unwind/lib.rs:103
Dec 01 01:58:52.898 INFO [stdout]   16:     0x55e90fc2a70d - std::sys_common::backtrace::__rust_begin_short_backtrace::h0ff507d7422944d3
Dec 01 01:58:52.898 INFO [stdout]                                at libstd/panicking.rs:289
Dec 01 01:58:52.898 INFO [stdout]                                at libstd/panic.rs:392
Dec 01 01:58:52.898 INFO [stdout]                                at libtest/lib.rs:1416
Dec 01 01:58:52.898 INFO [stdout]                                at libstd/sys_common/backtrace.rs:136
Dec 01 01:58:52.898 INFO [stdout]   17:     0x55e90fc42d44 - std::panicking::try::do_call::hba0bdcc3670471cc
Dec 01 01:58:52.898 INFO [stdout]                                at libstd/thread/mod.rs:409
Dec 01 01:58:52.898 INFO [stdout]                                at libstd/panic.rs:313
Dec 01 01:58:52.898 INFO [stdout]                                at libstd/panicking.rs:310
Dec 01 01:58:52.898 INFO [stdout]   18:     0x55e90ff8f389 - __rust_maybe_catch_panic
Dec 01 01:58:52.898 INFO [stdout]                                at libpanic_unwind/lib.rs:103
Dec 01 01:58:52.898 INFO [stdout]   19:     0x55e90fc33616 - <F as alloc::boxed::FnBox<A>>::call_box::hdac52587b00591af
Dec 01 01:58:52.898 INFO [stdout]                                at libstd/panicking.rs:289
Dec 01 01:58:52.898 INFO [stdout]                                at libstd/panic.rs:392
Dec 01 01:58:52.898 INFO [stdout]                                at libstd/thread/mod.rs:408
Dec 01 01:58:52.898 INFO [stdout]                                at liballoc/boxed.rs:646
Dec 01 01:58:52.898 INFO [stdout]   20:     0x55e90ff81f3a - std::sys_common::thread::start_thread::h75d887c7d2cc4479
Dec 01 01:58:52.898 INFO [stdout]                                at liballoc/boxed.rs:656
Dec 01 01:58:52.898 INFO [stdout]                                at libstd/sys_common/thread.rs:24
Dec 01 01:58:52.898 INFO [stdout]   21:     0x55e90ff71755 - std::sys::unix::thread::Thread::new::thread_start::h8414caee632bf9ed
Dec 01 01:58:52.898 INFO [stdout]                                at libstd/sys/unix/thread.rs:90
Dec 01 01:58:52.898 INFO [stdout]   22:     0x7f96e5b216b9 - start_thread
Dec 01 01:58:52.898 INFO [stdout]   23:     0x7f96e564141c - clone
Dec 01 01:58:52.898 INFO [stdout]   24:                0x0 - <unknown>
Dec 01 01:58:52.898 INFO [stdout] 
Dec 01 01:58:52.898 INFO [stdout] 
Dec 01 01:58:52.898 INFO [stdout] failures:
Dec 01 01:58:52.899 INFO [stdout]     live_video
Dec 01 01:58:52.899 INFO [stdout]     video
Dec 01 01:58:52.899 INFO [stdout] 
Dec 01 01:58:52.899 INFO [stdout] test result: FAILED. 0 passed; 2 failed; 0 ignored; 0 measured; 0 filtered out
Dec 01 01:58:52.899 INFO [stdout] 
Dec 01 01:58:52.904 INFO [stderr] error: test failed, to rerun pass '--test lib'
Dec 01 01:58:52.906 INFO [stderr] su: No module specific data is present
Dec 01 01:58:54.079 INFO running `"docker" "inspect" "74f6199d0c6444473890e146d5fc0cf7f2fde140d2e98571fbe40ec979907434"`
Dec 01 01:58:54.409 INFO running `"docker" "rm" "-f" "74f6199d0c6444473890e146d5fc0cf7f2fde140d2e98571fbe40ec979907434"`
Dec 01 01:58:54.719 INFO [stdout] 74f6199d0c6444473890e146d5fc0cf7f2fde140d2e98571fbe40ec979907434
