Dec 01 02:07:47.393 INFO testing sivakov512/goto-project-rs against 1.30.1 for beta-1.31-5
Dec 01 02:07:47.395 INFO running `"docker" "create" "-v" "/mnt/big/crater/work/local/target-dirs/beta-1.31-5/worker-1/1.30.1:/target:rw,Z" "-v" "/mnt/big/crater/work/local/test-source/worker-1/beta-1.31-5/1.30.1:/source:ro,Z" "-v" "/mnt/big/crater/work/local/cargo-home:/cargo-home:ro,Z" "-v" "/mnt/big/crater/work/local/rustup-home:/rustup-home:ro,Z" "-e" "USER_ID=1000" "-e" "SOURCE_DIR=/source" "-e" "USER_ID=1000" "-e" "CMD=cargo +1.30.1 build --frozen" "-e" "CARGO_TARGET_DIR=/target" "-e" "CARGO_INCREMENTAL=0" "-e" "RUST_BACKTRACE=full" "-e" "RUSTFLAGS=--cap-lints=warn" "-e" "CARGO_HOME=/cargo-home" "-e" "RUSTUP_HOME=/rustup-home" "-m" "1536M" "--network" "none" "crater"`
Dec 01 02:07:47.799 INFO [stdout] 42e01a12ce6ccf125b2876cc6ea768b8c0cd5692141b21896ec2ff4be048954d
Dec 01 02:07:47.805 INFO running `"docker" "start" "-a" "42e01a12ce6ccf125b2876cc6ea768b8c0cd5692141b21896ec2ff4be048954d"`
Dec 01 02:07:48.791 INFO [stderr] usermod: no changes
Dec 01 02:07:48.946 INFO [stderr]    Compiling yaml-rust v0.4.2
Dec 01 02:07:48.946 INFO [stderr]    Compiling subprocess v0.1.16
Dec 01 02:07:53.333 INFO [stderr]    Compiling serde_yaml v0.7.5
Dec 01 02:07:56.503 INFO [stderr]    Compiling goto_project v0.1.2 (/source)
Dec 01 02:08:01.349 INFO [stderr]     Finished dev [unoptimized + debuginfo] target(s) in 12.52s
Dec 01 02:08:01.356 INFO [stderr] su: No module specific data is present
Dec 01 02:08:02.341 INFO running `"docker" "inspect" "42e01a12ce6ccf125b2876cc6ea768b8c0cd5692141b21896ec2ff4be048954d"`
Dec 01 02:08:02.642 INFO running `"docker" "rm" "-f" "42e01a12ce6ccf125b2876cc6ea768b8c0cd5692141b21896ec2ff4be048954d"`
Dec 01 02:08:02.987 INFO [stdout] 42e01a12ce6ccf125b2876cc6ea768b8c0cd5692141b21896ec2ff4be048954d
Dec 01 02:08:02.994 INFO running `"docker" "create" "-v" "/mnt/big/crater/work/local/target-dirs/beta-1.31-5/worker-1/1.30.1:/target:rw,Z" "-v" "/mnt/big/crater/work/local/test-source/worker-1/beta-1.31-5/1.30.1:/source:ro,Z" "-v" "/mnt/big/crater/work/local/cargo-home:/cargo-home:ro,Z" "-v" "/mnt/big/crater/work/local/rustup-home:/rustup-home:ro,Z" "-e" "USER_ID=1000" "-e" "SOURCE_DIR=/source" "-e" "USER_ID=1000" "-e" "CMD=cargo +1.30.1 test --frozen --no-run" "-e" "CARGO_TARGET_DIR=/target" "-e" "CARGO_INCREMENTAL=0" "-e" "RUST_BACKTRACE=full" "-e" "RUSTFLAGS=--cap-lints=warn" "-e" "CARGO_HOME=/cargo-home" "-e" "RUSTUP_HOME=/rustup-home" "-m" "1536M" "--network" "none" "crater"`
Dec 01 02:08:03.372 INFO [stdout] 301020b9eaeb1b26a017271962f75686f551cafe7b7819d95180af90a2c7af22
Dec 01 02:08:03.375 INFO running `"docker" "start" "-a" "301020b9eaeb1b26a017271962f75686f551cafe7b7819d95180af90a2c7af22"`
Dec 01 02:08:04.747 INFO [stderr] usermod: no changes
Dec 01 02:08:04.955 INFO [stderr]    Compiling goto_project v0.1.2 (/source)
Dec 01 02:08:08.679 INFO [stderr]     Finished dev [unoptimized + debuginfo] target(s) in 3.89s
Dec 01 02:08:08.691 INFO [stderr] su: No module specific data is present
Dec 01 02:08:09.413 INFO running `"docker" "inspect" "301020b9eaeb1b26a017271962f75686f551cafe7b7819d95180af90a2c7af22"`
Dec 01 02:08:09.751 INFO running `"docker" "rm" "-f" "301020b9eaeb1b26a017271962f75686f551cafe7b7819d95180af90a2c7af22"`
Dec 01 02:08:10.203 INFO [stdout] 301020b9eaeb1b26a017271962f75686f551cafe7b7819d95180af90a2c7af22
Dec 01 02:08:10.213 INFO running `"docker" "create" "-v" "/mnt/big/crater/work/local/target-dirs/beta-1.31-5/worker-1/1.30.1:/target:rw,Z" "-v" "/mnt/big/crater/work/local/test-source/worker-1/beta-1.31-5/1.30.1:/source:ro,Z" "-v" "/mnt/big/crater/work/local/cargo-home:/cargo-home:ro,Z" "-v" "/mnt/big/crater/work/local/rustup-home:/rustup-home:ro,Z" "-e" "USER_ID=1000" "-e" "SOURCE_DIR=/source" "-e" "USER_ID=1000" "-e" "CMD=cargo +1.30.1 test --frozen" "-e" "CARGO_TARGET_DIR=/target" "-e" "CARGO_INCREMENTAL=0" "-e" "RUST_BACKTRACE=full" "-e" "RUSTFLAGS=--cap-lints=warn" "-e" "CARGO_HOME=/cargo-home" "-e" "RUSTUP_HOME=/rustup-home" "-m" "1536M" "--network" "none" "crater"`
Dec 01 02:08:10.644 INFO [stdout] ba463adb9407ba1f27144ef3efd24861008b928cde0d79f302d185f7d4a826b1
Dec 01 02:08:10.647 INFO running `"docker" "start" "-a" "ba463adb9407ba1f27144ef3efd24861008b928cde0d79f302d185f7d4a826b1"`
Dec 01 02:08:11.891 INFO [stderr] usermod: no changes
Dec 01 02:08:12.123 INFO [stderr]     Finished dev [unoptimized + debuginfo] target(s) in 0.16s
Dec 01 02:08:12.136 INFO [stderr]      Running /target/debug/deps/goto_project-e2ec425670e9de83
Dec 01 02:08:12.136 INFO [stdout] 
Dec 01 02:08:12.137 INFO [stdout] running 10 tests
Dec 01 02:08:12.195 INFO [stdout] test projects::tests::command_string_for_project_with_instructions ... ok
Dec 01 02:08:12.196 INFO [stdout] test projects::tests::command_string_for_project_without_instructions ... ok
Dec 01 02:08:12.203 INFO [stdout] test projects::tests::project_with_all_data_parsed_correctly ... ok
Dec 01 02:08:12.203 INFO [stdout] test projects::tests::project_without_instructions_parsed_correctly ... ok
Dec 01 02:08:12.203 INFO [stdout] test projects::tests::parse_returns_all_founded_projects ... ok
Dec 01 02:08:12.203 INFO [stdout] test projects::tests::list_returns_all_project_names ... ok
Dec 01 02:08:12.263 INFO [stdout] test config::tests::new_returns_correct_config ... FAILED
Dec 01 02:08:12.263 INFO [stdout] test config::tests::new_should_panic_if_config_file_not_found ... ok
Dec 01 02:08:12.271 INFO [stdout] test projects::tests::parse_should_panic_on_invalid_content ... ok
Dec 01 02:08:12.271 INFO [stdout] test config::tests::load_returns_config_content ... FAILED
Dec 01 02:08:12.271 INFO [stdout] 
Dec 01 02:08:12.271 INFO [stdout] failures:
Dec 01 02:08:12.271 INFO [stdout] 
Dec 01 02:08:12.271 INFO [stdout] ---- config::tests::new_returns_correct_config stdout ----
Dec 01 02:08:12.271 INFO [stdout] thread 'config::tests::new_returns_correct_config' panicked at 'called `Result::unwrap()` on an `Err` value: Os { code: 2, kind: NotFound, message: "No such file or directory" }', libcore/result.rs:1009:5
Dec 01 02:08:12.271 INFO [stdout] stack backtrace:
Dec 01 02:08:12.271 INFO [stdout]    0:     0x558fb894cd8e - std::sys::unix::backtrace::tracing::imp::unwind_backtrace::h15749a98198ba25f
Dec 01 02:08:12.271 INFO [stdout]                                at libstd/sys/unix/backtrace/tracing/gcc_s.rs:49
Dec 01 02:08:12.271 INFO [stdout]    1:     0x558fb893fff6 - std::sys_common::backtrace::print::h0ba65c811294dbf0
Dec 01 02:08:12.271 INFO [stdout]                                at libstd/sys_common/backtrace.rs:71
Dec 01 02:08:12.271 INFO [stdout]                                at libstd/sys_common/backtrace.rs:59
Dec 01 02:08:12.271 INFO [stdout]    2:     0x558fb893e41d - std::panicking::default_hook::{{closure}}::h42bb31757f0fee64
Dec 01 02:08:12.271 INFO [stdout]                                at libstd/panicking.rs:211
Dec 01 02:08:12.271 INFO [stdout]    3:     0x558fb893e12b - std::panicking::default_hook::hebc8848d7aa7dbd9
Dec 01 02:08:12.271 INFO [stdout]                                at libstd/panicking.rs:221
Dec 01 02:08:12.271 INFO [stdout]    4:     0x558fb893eacc - std::panicking::rust_panic_with_hook::h86e619a638415243
Dec 01 02:08:12.271 INFO [stdout]                                at libstd/panicking.rs:477
Dec 01 02:08:12.271 INFO [stdout]    5:     0x558fb893e689 - std::panicking::continue_panic_fmt::h2d2d2bfb065a70b2
Dec 01 02:08:12.271 INFO [stdout]                                at libstd/panicking.rs:391
Dec 01 02:08:12.271 INFO [stdout]    6:     0x558fb893e585 - rust_begin_unwind
Dec 01 02:08:12.272 INFO [stdout]                                at libstd/panicking.rs:326
Dec 01 02:08:12.272 INFO [stdout]    7:     0x558fb8990cdb - core::panicking::panic_fmt::h2155aa66b67fe83c
Dec 01 02:08:12.272 INFO [stdout]                                at libcore/panicking.rs:77
Dec 01 02:08:12.272 INFO [stdout]    8:     0x558fb88cffe3 - core::result::unwrap_failed::h67b17ccc89e811fa
Dec 01 02:08:12.272 INFO [stdout]                                at libcore/macros.rs:26
Dec 01 02:08:12.272 INFO [stdout]    9:     0x558fb88cfe3e - <core::result::Result<T, E>>::unwrap::hefab7a44cafd120b
Dec 01 02:08:12.272 INFO [stdout]                                at libcore/result.rs:808
Dec 01 02:08:12.272 INFO [stdout]   10:     0x558fb887de8a - goto_project::config::tests::FakeConfig::new::h6fdaf1c7e57f6acd
Dec 01 02:08:12.272 INFO [stdout]                                at src/config.rs:81
Dec 01 02:08:12.272 INFO [stdout]   11:     0x558fb887e18d - goto_project::config::tests::new_returns_correct_config::h71a30c9be78021df
Dec 01 02:08:12.272 INFO [stdout]                                at src/config.rs:50
Dec 01 02:08:12.272 INFO [stdout]   12:     0x558fb887e149 - goto_project::config::tests::new_returns_correct_config::{{closure}}::hd3822ac0461acaa2
Dec 01 02:08:12.272 INFO [stdout]                                at src/config.rs:49
Dec 01 02:08:12.272 INFO [stdout]   13:     0x558fb887871d - core::ops::function::FnOnce::call_once::h4fa4aba4dbd0e603
Dec 01 02:08:12.272 INFO [stdout]                                at libcore/ops/function.rs:238
Dec 01 02:08:12.272 INFO [stdout]   14:     0x558fb889217e - <F as alloc::boxed::FnBox<A>>::call_box::hbea525814fa423cc
Dec 01 02:08:12.272 INFO [stdout]                                at libtest/lib.rs:1461
Dec 01 02:08:12.272 INFO [stdout]                                at libcore/ops/function.rs:238
Dec 01 02:08:12.272 INFO [stdout]                                at liballoc/boxed.rs:646
Dec 01 02:08:12.272 INFO [stdout]   15:     0x558fb895bdb9 - __rust_maybe_catch_panic
Dec 01 02:08:12.272 INFO [stdout]                                at libpanic_unwind/lib.rs:103
Dec 01 02:08:12.272 INFO [stdout]   16:     0x558fb889dadd - std::sys_common::backtrace::__rust_begin_short_backtrace::h0ff507d7422944d3
Dec 01 02:08:12.272 INFO [stdout]                                at libstd/panicking.rs:289
Dec 01 02:08:12.272 INFO [stdout]                                at libstd/panic.rs:392
Dec 01 02:08:12.272 INFO [stdout]                                at libtest/lib.rs:1416
Dec 01 02:08:12.272 INFO [stdout]                                at libstd/sys_common/backtrace.rs:136
Dec 01 02:08:12.272 INFO [stdout]   17:     0x558fb88b6114 - std::panicking::try::do_call::hba0bdcc3670471cc
Dec 01 02:08:12.272 INFO [stdout]                                at libstd/thread/mod.rs:409
Dec 01 02:08:12.272 INFO [stdout]                                at libstd/panic.rs:313
Dec 01 02:08:12.272 INFO [stdout]                                at libstd/panicking.rs:310
Dec 01 02:08:12.272 INFO [stdout]   18:     0x558fb895bdb9 - __rust_maybe_catch_panic
Dec 01 02:08:12.272 INFO [stdout]                                at libpanic_unwind/lib.rs:103
Dec 01 02:08:12.272 INFO [stdout]   19:     0x558fb88a69e6 - <F as alloc::boxed::FnBox<A>>::call_box::hdac52587b00591af
Dec 01 02:08:12.272 INFO [stdout]                                at libstd/panicking.rs:289
Dec 01 02:08:12.272 INFO [stdout]                                at libstd/panic.rs:392
Dec 01 02:08:12.272 INFO [stdout]                                at libstd/thread/mod.rs:408
Dec 01 02:08:12.272 INFO [stdout]                                at liballoc/boxed.rs:646
Dec 01 02:08:12.272 INFO [stdout]   20:     0x558fb894e6ea - std::sys_common::thread::start_thread::h75d887c7d2cc4479
Dec 01 02:08:12.272 INFO [stdout]                                at liballoc/boxed.rs:656
Dec 01 02:08:12.272 INFO [stdout]                                at libstd/sys_common/thread.rs:24
Dec 01 02:08:12.272 INFO [stdout]   21:     0x558fb893f235 - std::sys::unix::thread::Thread::new::thread_start::h8414caee632bf9ed
Dec 01 02:08:12.272 INFO [stdout]                                at libstd/sys/unix/thread.rs:90
Dec 01 02:08:12.272 INFO [stdout]   22:     0x7f7950dd66b9 - start_thread
Dec 01 02:08:12.272 INFO [stdout]   23:     0x7f79508f641c - clone
Dec 01 02:08:12.272 INFO [stdout]   24:                0x0 - <unknown>
Dec 01 02:08:12.272 INFO [stdout] 
Dec 01 02:08:12.272 INFO [stdout] ---- config::tests::load_returns_config_content stdout ----
Dec 01 02:08:12.272 INFO [stdout] thread 'config::tests::load_returns_config_content' panicked at 'called `Result::unwrap()` on an `Err` value: Os { code: 2, kind: NotFound, message: "No such file or directory" }', libcore/result.rs:1009:5
Dec 01 02:08:12.272 INFO [stdout] stack backtrace:
Dec 01 02:08:12.272 INFO [stdout]    0:     0x558fb894cd8e - std::sys::unix::backtrace::tracing::imp::unwind_backtrace::h15749a98198ba25f
Dec 01 02:08:12.272 INFO [stdout]                                at libstd/sys/unix/backtrace/tracing/gcc_s.rs:49
Dec 01 02:08:12.272 INFO [stdout]    1:     0x558fb893fff6 - std::sys_common::backtrace::print::h0ba65c811294dbf0
Dec 01 02:08:12.272 INFO [stdout]                                at libstd/sys_common/backtrace.rs:71
Dec 01 02:08:12.272 INFO [stdout]                                at libstd/sys_common/backtrace.rs:59
Dec 01 02:08:12.272 INFO [stdout]    2:     0x558fb893e41d - std::panicking::default_hook::{{closure}}::h42bb31757f0fee64
Dec 01 02:08:12.272 INFO [stdout]                                at libstd/panicking.rs:211
Dec 01 02:08:12.272 INFO [stdout]    3:     0x558fb893e12b - std::panicking::default_hook::hebc8848d7aa7dbd9
Dec 01 02:08:12.272 INFO [stdout]                                at libstd/panicking.rs:221
Dec 01 02:08:12.272 INFO [stdout]    4:     0x558fb893eacc - std::panicking::rust_panic_with_hook::h86e619a638415243
Dec 01 02:08:12.272 INFO [stdout]                                at libstd/panicking.rs:477
Dec 01 02:08:12.272 INFO [stdout]    5:     0x558fb893e689 - std::panicking::continue_panic_fmt::h2d2d2bfb065a70b2
Dec 01 02:08:12.272 INFO [stdout]                                at libstd/panicking.rs:391
Dec 01 02:08:12.272 INFO [stdout]    6:     0x558fb893e585 - rust_begin_unwind
Dec 01 02:08:12.272 INFO [stdout]                                at libstd/panicking.rs:326
Dec 01 02:08:12.272 INFO [stdout]    7:     0x558fb8990cdb - core::panicking::panic_fmt::h2155aa66b67fe83c
Dec 01 02:08:12.272 INFO [stdout]                                at libcore/panicking.rs:77
Dec 01 02:08:12.272 INFO [stdout]    8:     0x558fb88cffe3 - core::result::unwrap_failed::h67b17ccc89e811fa
Dec 01 02:08:12.272 INFO [stdout]                                at libcore/macros.rs:26
Dec 01 02:08:12.272 INFO [stdout]    9:     0x558fb88cfe3e - <core::result::Result<T, E>>::unwrap::hefab7a44cafd120b
Dec 01 02:08:12.272 INFO [stdout]                                at libcore/result.rs:808
Dec 01 02:08:12.272 INFO [stdout]   10:     0x558fb887de8a - goto_project::config::tests::FakeConfig::new::h6fdaf1c7e57f6acd
Dec 01 02:08:12.272 INFO [stdout]                                at src/config.rs:81
Dec 01 02:08:12.272 INFO [stdout]   11:     0x558fb887e46a - goto_project::config::tests::load_returns_config_content::h0bbc6ddd1b7d0998
Dec 01 02:08:12.272 INFO [stdout]                                at src/config.rs:65
Dec 01 02:08:12.272 INFO [stdout]   12:     0x558fb887e419 - goto_project::config::tests::load_returns_config_content::{{closure}}::hb9e208c935355d2e
Dec 01 02:08:12.272 INFO [stdout]                                at src/config.rs:64
Dec 01 02:08:12.272 INFO [stdout]   13:     0x558fb887879d - core::ops::function::FnOnce::call_once::h61b1fb1c09dfddbd
Dec 01 02:08:12.272 INFO [stdout]                                at libcore/ops/function.rs:238
Dec 01 02:08:12.272 INFO [stdout]   14:     0x558fb889217e - <F as alloc::boxed::FnBox<A>>::call_box::hbea525814fa423cc
Dec 01 02:08:12.272 INFO [stdout]                                at libtest/lib.rs:1461
Dec 01 02:08:12.272 INFO [stdout]                                at libcore/ops/function.rs:238
Dec 01 02:08:12.272 INFO [stdout]                                at liballoc/boxed.rs:646
Dec 01 02:08:12.272 INFO [stdout]   15:     0x558fb895bdb9 - __rust_maybe_catch_panic
Dec 01 02:08:12.273 INFO [stdout]                                at libpanic_unwind/lib.rs:103
Dec 01 02:08:12.273 INFO [stdout]   16:     0x558fb889dadd - std::sys_common::backtrace::__rust_begin_short_backtrace::h0ff507d7422944d3
Dec 01 02:08:12.273 INFO [stdout]                                at libstd/panicking.rs:289
Dec 01 02:08:12.273 INFO [stdout]                                at libstd/panic.rs:392
Dec 01 02:08:12.273 INFO [stdout]                                at libtest/lib.rs:1416
Dec 01 02:08:12.273 INFO [stdout]                                at libstd/sys_common/backtrace.rs:136
Dec 01 02:08:12.273 INFO [stdout]   17:     0x558fb88b6114 - std::panicking::try::do_call::hba0bdcc3670471cc
Dec 01 02:08:12.273 INFO [stdout]                                at libstd/thread/mod.rs:409
Dec 01 02:08:12.273 INFO [stdout]                                at libstd/panic.rs:313
Dec 01 02:08:12.273 INFO [stdout]                                at libstd/panicking.rs:310
Dec 01 02:08:12.273 INFO [stdout]   18:     0x558fb895bdb9 - __rust_maybe_catch_panic
Dec 01 02:08:12.273 INFO [stdout]                                at libpanic_unwind/lib.rs:103
Dec 01 02:08:12.273 INFO [stdout]   19:     0x558fb88a69e6 - <F as alloc::boxed::FnBox<A>>::call_box::hdac52587b00591af
Dec 01 02:08:12.273 INFO [stdout]                                at libstd/panicking.rs:289
Dec 01 02:08:12.273 INFO [stdout]                                at libstd/panic.rs:392
Dec 01 02:08:12.273 INFO [stdout]                                at libstd/thread/mod.rs:408
Dec 01 02:08:12.273 INFO [stdout]                                at liballoc/boxed.rs:646
Dec 01 02:08:12.273 INFO [stdout]   20:     0x558fb894e6ea - std::sys_common::thread::start_thread::h75d887c7d2cc4479
Dec 01 02:08:12.273 INFO [stdout]                                at liballoc/boxed.rs:656
Dec 01 02:08:12.273 INFO [stdout]                                at libstd/sys_common/thread.rs:24
Dec 01 02:08:12.273 INFO [stdout]   21:     0x558fb893f235 - std::sys::unix::thread::Thread::new::thread_start::h8414caee632bf9ed
Dec 01 02:08:12.273 INFO [stdout]                                at libstd/sys/unix/thread.rs:90
Dec 01 02:08:12.273 INFO [stdout]   22:     0x7f7950dd66b9 - start_thread
Dec 01 02:08:12.273 INFO [stdout]   23:     0x7f79508f641c - clone
Dec 01 02:08:12.273 INFO [stdout]   24:                0x0 - <unknown>
Dec 01 02:08:12.273 INFO [stdout] 
Dec 01 02:08:12.273 INFO [stdout] 
Dec 01 02:08:12.273 INFO [stdout] failures:
Dec 01 02:08:12.273 INFO [stdout]     config::tests::load_returns_config_content
Dec 01 02:08:12.273 INFO [stdout]     config::tests::new_returns_correct_config
Dec 01 02:08:12.273 INFO [stdout] 
Dec 01 02:08:12.273 INFO [stdout] test result: FAILED. 8 passed; 2 failed; 0 ignored; 0 measured; 0 filtered out
Dec 01 02:08:12.273 INFO [stdout] 
Dec 01 02:08:12.292 INFO [stderr] error: test failed, to rerun pass '--lib'
Dec 01 02:08:12.292 INFO [stderr] su: No module specific data is present
Dec 01 02:08:13.371 INFO running `"docker" "inspect" "ba463adb9407ba1f27144ef3efd24861008b928cde0d79f302d185f7d4a826b1"`
Dec 01 02:08:13.753 INFO running `"docker" "rm" "-f" "ba463adb9407ba1f27144ef3efd24861008b928cde0d79f302d185f7d4a826b1"`
Dec 01 02:08:14.119 INFO [stdout] ba463adb9407ba1f27144ef3efd24861008b928cde0d79f302d185f7d4a826b1
