Dec 01 02:08:14.217 INFO testing sirupsen/instapaper-rs against 1.30.1 for beta-1.31-5
Dec 01 02:08:14.219 INFO running `"docker" "create" "-v" "/mnt/big/crater/work/local/target-dirs/beta-1.31-5/worker-1/1.30.1:/target:rw,Z" "-v" "/mnt/big/crater/work/local/test-source/worker-1/beta-1.31-5/1.30.1:/source:ro,Z" "-v" "/mnt/big/crater/work/local/cargo-home:/cargo-home:ro,Z" "-v" "/mnt/big/crater/work/local/rustup-home:/rustup-home:ro,Z" "-e" "USER_ID=1000" "-e" "SOURCE_DIR=/source" "-e" "USER_ID=1000" "-e" "CMD=cargo +1.30.1 build --frozen" "-e" "CARGO_TARGET_DIR=/target" "-e" "CARGO_INCREMENTAL=0" "-e" "RUST_BACKTRACE=full" "-e" "RUSTFLAGS=--cap-lints=warn" "-e" "CARGO_HOME=/cargo-home" "-e" "RUSTUP_HOME=/rustup-home" "-m" "1536M" "--network" "none" "crater"`
Dec 01 02:08:14.823 INFO [stdout] ba738adb708e088531544ee7e30f6d4f3519ee0bb12bf1e4fce90321aff11d29
Dec 01 02:08:14.825 INFO running `"docker" "start" "-a" "ba738adb708e088531544ee7e30f6d4f3519ee0bb12bf1e4fce90321aff11d29"`
Dec 01 02:08:17.307 INFO [stderr] usermod: no changes
Dec 01 02:08:17.743 INFO [stderr]    Compiling gcc v0.3.55
Dec 01 02:08:17.751 INFO [stderr]    Compiling crossbeam-utils v0.2.2
Dec 01 02:08:17.759 INFO [stderr]    Compiling net2 v0.2.33
Dec 01 02:08:17.759 INFO [stderr]    Compiling log v0.4.6
Dec 01 02:08:17.759 INFO [stderr]    Compiling base64 v0.7.0
Dec 01 02:08:17.787 INFO [stderr]    Compiling futures-cpupool v0.1.8
Dec 01 02:08:17.787 INFO [stderr]    Compiling lock_api v0.1.4
Dec 01 02:08:17.787 INFO [stderr]    Compiling encoding_rs v0.8.10
Dec 01 02:08:22.299 INFO [stderr]    Compiling tokio-io v0.1.10
Dec 01 02:08:22.359 INFO [stderr]    Compiling want v0.0.6
Dec 01 02:08:23.695 INFO [stderr]    Compiling crossbeam-epoch v0.3.1
Dec 01 02:08:24.052 INFO [stderr]    Compiling crossbeam-epoch v0.5.2
Dec 01 02:08:25.621 INFO [stderr]    Compiling backtrace v0.3.9
Dec 01 02:08:25.633 INFO [stderr]    Compiling syn v0.15.18
Dec 01 02:08:25.701 INFO [stderr]    Compiling openssl v0.10.15
Dec 01 02:08:25.999 INFO [stderr]    Compiling mio v0.6.16
Dec 01 02:08:29.891 INFO [stderr]    Compiling crossbeam-deque v0.6.1
Dec 01 02:08:29.979 INFO [stderr]    Compiling tokio-codec v0.1.1
Dec 01 02:08:29.979 INFO [stderr]    Compiling h2 v0.1.13
Dec 01 02:08:30.063 INFO [stderr]    Compiling crossbeam-deque v0.2.0
Dec 01 02:08:31.715 INFO [stderr]    Compiling parking_lot v0.6.4
Dec 01 02:08:33.361 INFO [stderr]    Compiling rayon-core v1.4.1
Dec 01 02:08:33.975 INFO [stderr]    Compiling tokio-threadpool v0.1.8
Dec 01 02:08:38.655 INFO [stderr]    Compiling mio-uds v0.6.7
Dec 01 02:08:38.655 INFO [stderr]    Compiling tokio-reactor v0.1.6
Dec 01 02:08:45.891 INFO [stderr]    Compiling rayon v0.8.2
Dec 01 02:08:51.307 INFO [stderr]    Compiling tokio-fs v0.1.4
Dec 01 02:08:59.653 INFO [stderr]    Compiling tokio-tcp v0.1.2
Dec 01 02:08:59.656 INFO [stderr]    Compiling tokio-uds v0.2.3
Dec 01 02:08:59.659 INFO [stderr]    Compiling tokio-udp v0.1.2
Dec 01 02:08:59.769 INFO [stderr]    Compiling native-tls v0.2.2
Dec 01 02:09:05.592 INFO [stderr]    Compiling ring v0.12.1
Dec 01 02:09:07.603 INFO [stderr]    Compiling tokio v0.1.11
Dec 01 02:09:18.768 INFO [stderr]    Compiling synstructure v0.10.1
Dec 01 02:09:18.768 INFO [stderr]    Compiling serde_derive v1.0.80
Dec 01 02:09:19.185 INFO [stderr]    Compiling hyper v0.12.13
Dec 01 02:09:28.283 INFO [stderr]    Compiling failure_derive v0.1.3
Dec 01 02:09:28.611 INFO [stderr]    Compiling oauth1 v0.3.0
Dec 01 02:09:34.202 INFO [stderr]    Compiling failure v0.1.3
Dec 01 02:09:34.823 INFO [stderr]    Compiling hyper-tls v0.3.1
Dec 01 02:09:37.207 INFO [stderr]    Compiling reqwest v0.9.4
Dec 01 02:09:55.883 INFO [stderr]    Compiling instapaper v0.1.0 (/source)
Dec 01 02:10:00.855 INFO [stderr]     Finished dev [unoptimized + debuginfo] target(s) in 1m 43s
Dec 01 02:10:00.903 INFO [stderr] su: No module specific data is present
Dec 01 02:10:01.767 INFO running `"docker" "inspect" "ba738adb708e088531544ee7e30f6d4f3519ee0bb12bf1e4fce90321aff11d29"`
Dec 01 02:10:02.085 INFO running `"docker" "rm" "-f" "ba738adb708e088531544ee7e30f6d4f3519ee0bb12bf1e4fce90321aff11d29"`
Dec 01 02:10:02.411 INFO [stdout] ba738adb708e088531544ee7e30f6d4f3519ee0bb12bf1e4fce90321aff11d29
Dec 01 02:10:02.415 INFO running `"docker" "create" "-v" "/mnt/big/crater/work/local/target-dirs/beta-1.31-5/worker-1/1.30.1:/target:rw,Z" "-v" "/mnt/big/crater/work/local/test-source/worker-1/beta-1.31-5/1.30.1:/source:ro,Z" "-v" "/mnt/big/crater/work/local/cargo-home:/cargo-home:ro,Z" "-v" "/mnt/big/crater/work/local/rustup-home:/rustup-home:ro,Z" "-e" "USER_ID=1000" "-e" "SOURCE_DIR=/source" "-e" "USER_ID=1000" "-e" "CMD=cargo +1.30.1 test --frozen --no-run" "-e" "CARGO_TARGET_DIR=/target" "-e" "CARGO_INCREMENTAL=0" "-e" "RUST_BACKTRACE=full" "-e" "RUSTFLAGS=--cap-lints=warn" "-e" "CARGO_HOME=/cargo-home" "-e" "RUSTUP_HOME=/rustup-home" "-m" "1536M" "--network" "none" "crater"`
Dec 01 02:10:02.976 INFO [stdout] 7e4bcb54c6494f3447030f7320cc197d7af953d3d55f027ae0478d3e87ba5952
Dec 01 02:10:02.978 INFO running `"docker" "start" "-a" "7e4bcb54c6494f3447030f7320cc197d7af953d3d55f027ae0478d3e87ba5952"`
Dec 01 02:10:05.325 INFO [stderr] usermod: no changes
Dec 01 02:10:05.720 INFO [stderr]    Compiling difference v2.0.0
Dec 01 02:10:05.727 INFO [stderr]    Compiling http-muncher v0.3.2
Dec 01 02:10:05.727 INFO [stderr]    Compiling regex-syntax v0.5.6
Dec 01 02:10:05.739 INFO [stderr]    Compiling memchr v2.1.1
Dec 01 02:10:05.740 INFO [stderr]    Compiling thread_local v0.3.6
Dec 01 02:10:05.740 INFO [stderr]    Compiling colored v1.6.1
Dec 01 02:10:10.243 INFO [stderr]    Compiling aho-corasick v0.6.9
Dec 01 02:10:12.551 INFO [stderr]    Compiling regex v1.0.5
Dec 01 02:10:27.003 INFO [stderr]    Compiling regex v0.2.11
Dec 01 02:10:27.291 INFO [stderr]    Compiling dotenv v0.13.0
Dec 01 02:10:36.839 INFO [stderr]    Compiling mockito v0.13.0
Dec 01 02:10:39.363 INFO [stderr]    Compiling instapaper v0.1.0 (/source)
Dec 01 02:10:50.640 INFO [stderr]     Finished dev [unoptimized + debuginfo] target(s) in 45.28s
Dec 01 02:10:50.661 INFO [stderr] su: No module specific data is present
Dec 01 02:10:52.314 INFO running `"docker" "inspect" "7e4bcb54c6494f3447030f7320cc197d7af953d3d55f027ae0478d3e87ba5952"`
Dec 01 02:10:52.665 INFO running `"docker" "rm" "-f" "7e4bcb54c6494f3447030f7320cc197d7af953d3d55f027ae0478d3e87ba5952"`
Dec 01 02:10:53.007 INFO [stdout] 7e4bcb54c6494f3447030f7320cc197d7af953d3d55f027ae0478d3e87ba5952
Dec 01 02:10:53.016 INFO running `"docker" "create" "-v" "/mnt/big/crater/work/local/target-dirs/beta-1.31-5/worker-1/1.30.1:/target:rw,Z" "-v" "/mnt/big/crater/work/local/test-source/worker-1/beta-1.31-5/1.30.1:/source:ro,Z" "-v" "/mnt/big/crater/work/local/cargo-home:/cargo-home:ro,Z" "-v" "/mnt/big/crater/work/local/rustup-home:/rustup-home:ro,Z" "-e" "USER_ID=1000" "-e" "SOURCE_DIR=/source" "-e" "USER_ID=1000" "-e" "CMD=cargo +1.30.1 test --frozen" "-e" "CARGO_TARGET_DIR=/target" "-e" "CARGO_INCREMENTAL=0" "-e" "RUST_BACKTRACE=full" "-e" "RUSTFLAGS=--cap-lints=warn" "-e" "CARGO_HOME=/cargo-home" "-e" "RUSTUP_HOME=/rustup-home" "-m" "1536M" "--network" "none" "crater"`
Dec 01 02:10:53.401 INFO [stdout] 4fe3c2922ceed732f5f1606798ba2c79f17e93bd1fe6e43a42003346c2e55201
Dec 01 02:10:53.404 INFO running `"docker" "start" "-a" "4fe3c2922ceed732f5f1606798ba2c79f17e93bd1fe6e43a42003346c2e55201"`
Dec 01 02:10:55.771 INFO [stderr] usermod: no changes
Dec 01 02:10:56.162 INFO [stderr]     Finished dev [unoptimized + debuginfo] target(s) in 0.36s
Dec 01 02:10:56.191 INFO [stderr]      Running /target/debug/deps/instapaper-98f2adc54866dab4
Dec 01 02:10:56.194 INFO [stdout] 
Dec 01 02:10:56.194 INFO [stdout] running 11 tests
Dec 01 02:10:56.347 INFO [stdout] test tests::test_add_bookmark_garbage_json ... ok
Dec 01 02:10:56.413 INFO [stdout] test tests::test_add_bookmark ... ok
Dec 01 02:10:56.457 INFO [stdout] test tests::test_authenticate ... ok
Dec 01 02:10:56.483 INFO [stdout] test tests::test_authenticate_qline_one_good_result ... ok
Dec 01 02:10:56.527 INFO [stdout] test tests::test_authenticate_corrupted_qline ... ok
Dec 01 02:10:56.571 INFO [stdout] test tests::test_authenticate_reversed ... ok
Dec 01 02:10:56.631 INFO [stdout] test tests::test_add_bookmark_error_code ... ok
Dec 01 02:10:56.687 INFO [stdout] test tests::test_bookmarks ... ok
Dec 01 02:10:56.747 INFO [stdout] test tests::test_bookmarks_error_status ... ok
Dec 01 02:10:56.779 INFO [stdout] test tests::test_verify ... ok
Dec 01 02:10:56.835 INFO [stdout] test tests::test_verify_server_error ... ok
Dec 01 02:10:56.835 INFO [stdout] 
Dec 01 02:10:56.835 INFO [stdout] test result: ok. 11 passed; 0 failed; 0 ignored; 0 measured; 0 filtered out
Dec 01 02:10:56.835 INFO [stdout] 
Dec 01 02:10:56.843 INFO [stderr]    Doc-tests instapaper
Dec 01 02:10:59.938 INFO [stdout] 
Dec 01 02:10:59.938 INFO [stdout] running 1 test
Dec 01 02:11:08.969 INFO [stdout] test src/lib.rs -  (line 14) ... FAILED
Dec 01 02:11:08.969 INFO [stdout] 
Dec 01 02:11:08.969 INFO [stdout] failures:
Dec 01 02:11:08.969 INFO [stdout] 
Dec 01 02:11:08.969 INFO [stdout] ---- src/lib.rs -  (line 14) stdout ----
Dec 01 02:11:08.969 INFO [stdout] thread 'src/lib.rs -  (line 14)' panicked at 'test executable failed:
Dec 01 02:11:08.969 INFO [stdout] CARGO: /rustup-home/toolchains/1.30.1-x86_64-unknown-linux-gnu/bin/cargo
Dec 01 02:11:08.969 INFO [stdout] CARGO_HOME: /cargo-home
Dec 01 02:11:08.969 INFO [stdout] CARGO_INCREMENTAL: 0
Dec 01 02:11:08.969 INFO [stdout] CARGO_MANIFEST_DIR: /source
Dec 01 02:11:08.969 INFO [stdout] CARGO_PKG_AUTHORS: Simon Eskildsen <sirup@sirupsen.com>
Dec 01 02:11:08.969 INFO [stdout] CARGO_PKG_DESCRIPTION: Instapaper API wrapper.
Dec 01 02:11:08.969 INFO [stdout] CARGO_PKG_HOMEPAGE: https://github.com/sirupsen/instapaper-rs
Dec 01 02:11:08.969 INFO [stdout] CARGO_PKG_NAME: instapaper
Dec 01 02:11:08.969 INFO [stdout] CARGO_PKG_VERSION: 0.1.0
Dec 01 02:11:08.969 INFO [stdout] CARGO_PKG_VERSION_MAJOR: 0
Dec 01 02:11:08.969 INFO [stdout] CARGO_PKG_VERSION_MINOR: 1
Dec 01 02:11:08.969 INFO [stdout] CARGO_PKG_VERSION_PATCH: 0
Dec 01 02:11:08.969 INFO [stdout] CARGO_PKG_VERSION_PRE: 
Dec 01 02:11:08.969 INFO [stdout] CARGO_TARGET_DIR: /target
Dec 01 02:11:08.969 INFO [stdout] CMD: cargo +1.30.1 test --frozen
Dec 01 02:11:08.969 INFO [stdout] DEBIAN_FRONTEND: noninteractive
Dec 01 02:11:08.969 INFO [stdout] HOME: /home/crater
Dec 01 02:11:08.969 INFO [stdout] HOSTNAME: 4fe3c2922cee
Dec 01 02:11:08.969 INFO [stdout] LAST_UPDATE: 2017-05-25
Dec 01 02:11:08.969 INFO [stdout] LD_LIBRARY_PATH: /rustup-home/toolchains/1.30.1-x86_64-unknown-linux-gnu/lib/rustlib/x86_64-unknown-linux-gnu/lib:/rustup-home/toolchains/1.30.1-x86_64-unknown-linux-gnu/lib:/target/debug/build/backtrace-sys-b4e6883f3e489315/out:/target/debug/build/http-muncher-c95eb21ec8e6722f/out:/target/debug/build/ring-4f1fa93d7ad11e92/out:/target/debug:/target/debug/deps:/rustup-home/toolchains/1.30.1-x86_64-unknown-linux-gnu/lib/rustlib/x86_64-unknown-linux-gnu/lib:/rustup-home/toolchains/1.30.1-x86_64-unknown-linux-gnu/lib
Dec 01 02:11:08.969 INFO [stdout] LOGNAME: crater
Dec 01 02:11:08.969 INFO [stdout] MAIL: /var/mail/crater
Dec 01 02:11:08.969 INFO [stdout] PATH: /cargo-home/bin:/cargo-home/bin:/cargo-home/bin:/usr/local/sbin:/usr/local/bin:/usr/sbin:/usr/bin:/sbin:/bin:/usr/games:/usr/local/games
Dec 01 02:11:08.969 INFO [stdout] PWD: /source
Dec 01 02:11:08.969 INFO [stdout] RUSTFLAGS: --cap-lints=warn
Dec 01 02:11:08.969 INFO [stdout] RUSTUP_HOME: /rustup-home
Dec 01 02:11:08.969 INFO [stdout] RUSTUP_TOOLCHAIN: 1.30.1-x86_64-unknown-linux-gnu
Dec 01 02:11:08.969 INFO [stdout] RUST_BACKTRACE: full
Dec 01 02:11:08.969 INFO [stdout] RUST_RECURSION_COUNT: 2
Dec 01 02:11:08.969 INFO [stdout] SHELL: /bin/bash
Dec 01 02:11:08.969 INFO [stdout] SHLVL: 1
Dec 01 02:11:08.969 INFO [stdout] SOURCE_DIR: /source
Dec 01 02:11:08.969 INFO [stdout] SSL_CERT_DIR: /usr/lib/ssl/certs
Dec 01 02:11:08.969 INFO [stdout] SSL_CERT_FILE: /usr/lib/ssl/certs/ca-certificates.crt
Dec 01 02:11:08.969 INFO [stdout] USER: crater
Dec 01 02:11:08.969 INFO [stdout] USER_ID: 1000
Dec 01 02:11:08.969 INFO [stdout] 
Dec 01 02:11:08.969 INFO [stdout] thread 'main' panicked at 'called `Result::unwrap()` on an `Err` value: NotPresent', libcore/result.rs:1009:5
Dec 01 02:11:08.969 INFO [stdout] stack backtrace:
Dec 01 02:11:08.969 INFO [stdout]    0:     0x560eed82625e - std::sys::unix::backtrace::tracing::imp::unwind_backtrace::h15749a98198ba25f
Dec 01 02:11:08.969 INFO [stdout]                                at libstd/sys/unix/backtrace/tracing/gcc_s.rs:49
Dec 01 02:11:08.969 INFO [stdout]    1:     0x560eed818df6 - std::sys_common::backtrace::print::h0ba65c811294dbf0
Dec 01 02:11:08.969 INFO [stdout]                                at libstd/sys_common/backtrace.rs:71
Dec 01 02:11:08.969 INFO [stdout]                                at libstd/sys_common/backtrace.rs:59
Dec 01 02:11:08.969 INFO [stdout]    2:     0x560eed8170bd - std::panicking::default_hook::{{closure}}::h42bb31757f0fee64
Dec 01 02:11:08.969 INFO [stdout]                                at libstd/panicking.rs:211
Dec 01 02:11:08.969 INFO [stdout]    3:     0x560eed816e30 - std::panicking::default_hook::hebc8848d7aa7dbd9
Dec 01 02:11:08.969 INFO [stdout]                                at libstd/panicking.rs:227
Dec 01 02:11:08.969 INFO [stdout]    4:     0x560eed81776c - std::panicking::rust_panic_with_hook::h86e619a638415243
Dec 01 02:11:08.969 INFO [stdout]                                at libstd/panicking.rs:477
Dec 01 02:11:08.970 INFO [stdout]    5:     0x560eed817329 - std::panicking::continue_panic_fmt::h2d2d2bfb065a70b2
Dec 01 02:11:08.970 INFO [stdout]                                at libstd/panicking.rs:391
Dec 01 02:11:08.970 INFO [stdout]    6:     0x560eed817225 - rust_begin_unwind
Dec 01 02:11:08.970 INFO [stdout]                                at libstd/panicking.rs:326
Dec 01 02:11:08.970 INFO [stdout]    7:     0x560eed8692fb - core::panicking::panic_fmt::h2155aa66b67fe83c
Dec 01 02:11:08.970 INFO [stdout]                                at libcore/panicking.rs:77
Dec 01 02:11:08.970 INFO [stdout]    8:     0x560eed0620f0 - core::result::unwrap_failed::hf066b75512184519
Dec 01 02:11:08.970 INFO [stdout]    9:     0x560eed061ccb - <core::result::Result<T, E>>::unwrap::h56e9229a7bd25976
Dec 01 02:11:08.970 INFO [stdout]   10:     0x560eed060ba9 - rust_out::main::h944e552f3f67b4ba
Dec 01 02:11:08.970 INFO [stdout]   11:     0x560eed062b52 - std::rt::lang_start::{{closure}}::h728c831e7cc482ed
Dec 01 02:11:08.970 INFO [stdout]   12:     0x560eed8171c2 - std::panicking::try::do_call::h47665672c57b11e4
Dec 01 02:11:08.970 INFO [stdout]                                at libstd/rt.rs:59
Dec 01 02:11:08.970 INFO [stdout]                                at libstd/panicking.rs:310
Dec 01 02:11:08.970 INFO [stdout]   13:     0x560eed8358a9 - __rust_maybe_catch_panic
Dec 01 02:11:08.970 INFO [stdout]                                at libpanic_unwind/lib.rs:103
Dec 01 02:11:08.970 INFO [stdout]   14:     0x560eed8202a5 - std::rt::lang_start_internal::had9505969b8e20a2
Dec 01 02:11:08.970 INFO [stdout]                                at libstd/panicking.rs:289
Dec 01 02:11:08.970 INFO [stdout]                                at libstd/panic.rs:392
Dec 01 02:11:08.970 INFO [stdout]                                at libstd/rt.rs:58
Dec 01 02:11:08.970 INFO [stdout]   15:     0x560eed062b33 - std::rt::lang_start::hcf64ef8c79b4db31
Dec 01 02:11:08.970 INFO [stdout]   16:     0x560eed06198a - main
Dec 01 02:11:08.970 INFO [stdout]   17:     0x7f3af5aee82f - __libc_start_main
Dec 01 02:11:08.970 INFO [stdout]   18:     0x560eed0606d8 - _start
Dec 01 02:11:08.970 INFO [stdout]   19:                0x0 - <unknown>
Dec 01 02:11:08.970 INFO [stdout] 
Dec 01 02:11:08.970 INFO [stdout] ', librustdoc/test.rs:367:17
Dec 01 02:11:08.970 INFO [stdout] stack backtrace:
Dec 01 02:11:08.970 INFO [stdout]    0:     0x7ff9140157ce - std::sys::unix::backtrace::tracing::imp::unwind_backtrace::h15749a98198ba25f
Dec 01 02:11:08.970 INFO [stdout]                                at libstd/sys/unix/backtrace/tracing/gcc_s.rs:49
Dec 01 02:11:08.970 INFO [stdout]    1:     0x7ff913fee966 - std::sys_common::backtrace::print::h0ba65c811294dbf0
Dec 01 02:11:08.970 INFO [stdout]                                at libstd/sys_common/backtrace.rs:71
Dec 01 02:11:08.970 INFO [stdout]                                at libstd/sys_common/backtrace.rs:59
Dec 01 02:11:08.970 INFO [stdout]    2:     0x7ff913fec5bd - std::panicking::default_hook::{{closure}}::h42bb31757f0fee64
Dec 01 02:11:08.970 INFO [stdout]                                at libstd/panicking.rs:211
Dec 01 02:11:08.970 INFO [stdout]    3:     0x7ff913fec2cb - std::panicking::default_hook::hebc8848d7aa7dbd9
Dec 01 02:11:08.970 INFO [stdout]                                at libstd/panicking.rs:221
Dec 01 02:11:08.970 INFO [stdout]    4:     0x7ff91615f6a1 - rustc::util::common::panic_hook::h9a39743bb116fb66
Dec 01 02:11:08.970 INFO [stdout]    5:     0x7ff913feccc3 - std::panicking::rust_panic_with_hook::h86e619a638415243
Dec 01 02:11:08.970 INFO [stdout]                                at libstd/panicking.rs:481
Dec 01 02:11:08.970 INFO [stdout]    6:     0x7ff913fec829 - std::panicking::continue_panic_fmt::h2d2d2bfb065a70b2
Dec 01 02:11:08.970 INFO [stdout]                                at libstd/panicking.rs:391
Dec 01 02:11:08.970 INFO [stdout]    7:     0x7ff913fec78d - std::panicking::begin_panic_fmt::ha5097e2056ef3d5a
Dec 01 02:11:08.970 INFO [stdout]                                at libstd/panicking.rs:346
Dec 01 02:11:08.970 INFO [stdout]    8:     0x560ee5a55473 - rustdoc::test::Collector::add_test::{{closure}}::{{closure}}::{{closure}}::h071753b32990ff99
Dec 01 02:11:08.970 INFO [stdout]                                at librustdoc/test.rs:367
Dec 01 02:11:08.970 INFO [stdout]                                at librustdoc/test.rs:564
Dec 01 02:11:08.970 INFO [stdout]    9:     0x560ee5a11990 - <scoped_tls::ScopedKey<T>>::set::h9896b6fe380ee541
Dec 01 02:11:08.970 INFO [stdout]                                at /cargo/registry/src/github.com-1ecc6299db9ec823/scoped-tls-0.1.2/src/lib.rs:155
Dec 01 02:11:08.970 INFO [stdout]                                at libsyntax/lib.rs:108
Dec 01 02:11:08.970 INFO [stdout]                                at /cargo/registry/src/github.com-1ecc6299db9ec823/scoped-tls-0.1.2/src/lib.rs:155
Dec 01 02:11:08.970 INFO [stdout]   10:     0x560ee583a5cd - syntax::with_globals::h851ff797fe7b24af
Dec 01 02:11:08.970 INFO [stdout]                                at libsyntax/lib.rs:107
Dec 01 02:11:08.970 INFO [stdout]   11:     0x560ee588a484 - std::panicking::try::do_call::h43316ef786a5afc6
Dec 01 02:11:08.970 INFO [stdout]                                at librustdoc/test.rs:561
Dec 01 02:11:08.970 INFO [stdout]                                at libstd/panic.rs:313
Dec 01 02:11:08.970 INFO [stdout]                                at libstd/panicking.rs:310
Dec 01 02:11:08.970 INFO [stdout]   12:     0x7ff91402c5b9 - __rust_maybe_catch_panic
Dec 01 02:11:08.970 INFO [stdout]                                at libpanic_unwind/lib.rs:103
Dec 01 02:11:08.970 INFO [stdout]   13:     0x560ee5900f03 - rustc_driver::in_named_rustc_thread::h7a18544b9923f524
Dec 01 02:11:08.970 INFO [stdout]                                at libstd/panicking.rs:289
Dec 01 02:11:08.970 INFO [stdout]                                at libstd/panic.rs:392
Dec 01 02:11:08.970 INFO [stdout]                                at librustc_driver/lib.rs:1574
Dec 01 02:11:08.970 INFO [stdout]   14:     0x560ee5a2dcfc - <F as alloc::boxed::FnBox<A>>::call_box::h2226feb604beb2d6
Dec 01 02:11:08.970 INFO [stdout]                                at librustdoc/test.rs:561
Dec 01 02:11:08.970 INFO [stdout]                                at liballoc/boxed.rs:646
Dec 01 02:11:08.970 INFO [stdout]   15:     0x7ff915679df2 - <F as alloc::boxed::FnBox<A>>::call_box::hf3e9d4c572efaf22
Dec 01 02:11:08.970 INFO [stdout]                                at libtest/lib.rs:1454
Dec 01 02:11:08.970 INFO [stdout]                                at liballoc/boxed.rs:646
Dec 01 02:11:08.970 INFO [stdout]   16:     0x7ff91402c5b9 - __rust_maybe_catch_panic
Dec 01 02:11:08.970 INFO [stdout]                                at libpanic_unwind/lib.rs:103
Dec 01 02:11:08.970 INFO [stdout]   17:     0x7ff9156871ed - std::sys_common::backtrace::__rust_begin_short_backtrace::h0ff507d7422944d3
Dec 01 02:11:08.970 INFO [stdout]                                at libstd/panicking.rs:289
Dec 01 02:11:08.970 INFO [stdout]                                at libstd/panic.rs:392
Dec 01 02:11:08.970 INFO [stdout]                                at libtest/lib.rs:1416
Dec 01 02:11:08.970 INFO [stdout]                                at libstd/sys_common/backtrace.rs:136
Dec 01 02:11:08.970 INFO [stdout]   18:     0x7ff9156a4ff4 - std::panicking::try::do_call::hba0bdcc3670471cc
Dec 01 02:11:08.971 INFO [stdout]                                at libstd/thread/mod.rs:409
Dec 01 02:11:08.971 INFO [stdout]                                at libstd/panic.rs:313
Dec 01 02:11:08.971 INFO [stdout]                                at libstd/panicking.rs:310
Dec 01 02:11:08.971 INFO [stdout]   19:     0x7ff91402c5b9 - __rust_maybe_catch_panic
Dec 01 02:11:08.971 INFO [stdout]                                at libpanic_unwind/lib.rs:103
Dec 01 02:11:08.971 INFO [stdout]   20:     0x7ff915691bd6 - <F as alloc::boxed::FnBox<A>>::call_box::hdac52587b00591af
Dec 01 02:11:08.971 INFO [stdout]                                at libstd/panicking.rs:289
Dec 01 02:11:08.971 INFO [stdout]                                at libstd/panic.rs:392
Dec 01 02:11:08.971 INFO [stdout]                                at libstd/thread/mod.rs:408
Dec 01 02:11:08.971 INFO [stdout]                                at liballoc/boxed.rs:646
Dec 01 02:11:08.971 INFO [stdout]   21:     0x7ff914019cca - std::sys_common::thread::start_thread::h75d887c7d2cc4479
Dec 01 02:11:08.971 INFO [stdout]                                at liballoc/boxed.rs:656
Dec 01 02:11:08.971 INFO [stdout]                                at libstd/sys_common/thread.rs:24
Dec 01 02:11:08.971 INFO [stdout]   22:     0x7ff913fed8f5 - std::sys::unix::thread::Thread::new::thread_start::h8414caee632bf9ed
Dec 01 02:11:08.971 INFO [stdout]                                at libstd/sys/unix/thread.rs:90
Dec 01 02:11:08.971 INFO [stdout]   23:     0x7ff913d826b9 - start_thread
Dec 01 02:11:08.971 INFO [stdout]   24:     0x7ff9138a241c - clone
Dec 01 02:11:08.971 INFO [stdout]   25:                0x0 - <unknown>
Dec 01 02:11:08.971 INFO [stdout] query stack during panic:
Dec 01 02:11:08.971 INFO [stdout] end of query stack
Dec 01 02:11:08.971 INFO [stdout] 
Dec 01 02:11:08.971 INFO [stdout] 
Dec 01 02:11:08.971 INFO [stdout] failures:
Dec 01 02:11:08.971 INFO [stdout]     src/lib.rs -  (line 14)
Dec 01 02:11:08.971 INFO [stdout] 
Dec 01 02:11:08.971 INFO [stdout] test result: FAILED. 0 passed; 1 failed; 0 ignored; 0 measured; 0 filtered out
Dec 01 02:11:08.971 INFO [stdout] 
Dec 01 02:11:08.999 INFO [stderr] error: test failed, to rerun pass '--doc'
Dec 01 02:11:09.000 INFO [stderr] su: No module specific data is present
Dec 01 02:11:10.933 INFO running `"docker" "inspect" "4fe3c2922ceed732f5f1606798ba2c79f17e93bd1fe6e43a42003346c2e55201"`
Dec 01 02:11:11.204 INFO running `"docker" "rm" "-f" "4fe3c2922ceed732f5f1606798ba2c79f17e93bd1fe6e43a42003346c2e55201"`
Dec 01 02:11:11.583 INFO [stdout] 4fe3c2922ceed732f5f1606798ba2c79f17e93bd1fe6e43a42003346c2e55201
