Dec 01 02:28:32.684 INFO testing shurikdima/memes-tracker-fetching against 1.30.1 for beta-1.31-5
Dec 01 02:28:32.684 INFO running `"docker" "create" "-v" "/mnt/big/crater/work/local/target-dirs/beta-1.31-5/worker-0/1.30.1:/target:rw,Z" "-v" "/mnt/big/crater/work/local/test-source/worker-0/beta-1.31-5/1.30.1:/source:ro,Z" "-v" "/mnt/big/crater/work/local/cargo-home:/cargo-home:ro,Z" "-v" "/mnt/big/crater/work/local/rustup-home:/rustup-home:ro,Z" "-e" "USER_ID=1000" "-e" "SOURCE_DIR=/source" "-e" "USER_ID=1000" "-e" "CMD=cargo +1.30.1 build --frozen" "-e" "CARGO_TARGET_DIR=/target" "-e" "CARGO_INCREMENTAL=0" "-e" "RUST_BACKTRACE=full" "-e" "RUSTFLAGS=--cap-lints=warn" "-e" "CARGO_HOME=/cargo-home" "-e" "RUSTUP_HOME=/rustup-home" "-m" "1536M" "--network" "none" "crater"`
Dec 01 02:28:32.902 INFO [stdout] 9cd267f8990249255188bd24e04858b9b720a0d68dd0e24e1563e719c9a6e675
Dec 01 02:28:32.905 INFO running `"docker" "start" "-a" "9cd267f8990249255188bd24e04858b9b720a0d68dd0e24e1563e719c9a6e675"`
Dec 01 02:28:33.488 INFO [stderr] usermod: no changes
Dec 01 02:28:33.907 INFO [stderr]    Compiling rustc-demangle v0.1.7
Dec 01 02:28:33.909 INFO [stderr]    Compiling num-traits v0.2.2
Dec 01 02:28:33.909 INFO [stderr]    Compiling string_cache_shared v0.3.0
Dec 01 02:28:33.911 INFO [stderr]    Compiling serde v1.0.36
Dec 01 02:28:33.913 INFO [stderr]    Compiling remove_dir_all v0.5.0
Dec 01 02:28:33.914 INFO [stderr]    Compiling mac v0.1.1
Dec 01 02:28:33.918 INFO [stderr]    Compiling memoffset v0.1.0
Dec 01 02:28:33.918 INFO [stderr]    Compiling precomputed-hash v0.1.1
Dec 01 02:28:34.301 INFO [stderr]    Compiling utf-8 v0.7.2
Dec 01 02:28:34.803 INFO [stderr]    Compiling bit-vec v0.4.4
Dec 01 02:28:34.815 INFO [stderr]    Compiling brotli-sys v0.3.2
Dec 01 02:28:34.827 INFO [stderr]    Compiling num_cpus v1.8.0
Dec 01 02:28:34.883 INFO [stderr]    Compiling hostname v0.1.4
Dec 01 02:28:34.999 INFO [stderr]    Compiling net2 v0.2.32
Dec 01 02:28:35.783 INFO [stderr]    Compiling crossbeam-utils v0.2.2
Dec 01 02:28:35.815 INFO [stderr]    Compiling crossbeam-utils v0.3.2
Dec 01 02:28:37.181 INFO [stderr]    Compiling log v0.4.1
Dec 01 02:28:37.579 INFO [stderr]    Compiling encoding_rs v0.7.2
Dec 01 02:28:37.597 INFO [stderr]    Compiling regex-syntax v0.5.3
Dec 01 02:28:37.598 INFO [stderr]    Compiling parking_lot_core v0.2.13
Dec 01 02:28:37.627 INFO [stderr]    Compiling uuid v0.6.2
Dec 01 02:28:37.667 INFO [stderr]    Compiling tempdir v0.3.7
Dec 01 02:28:40.154 INFO [stderr]    Compiling aho-corasick v0.6.4
Dec 01 02:28:40.159 INFO [stderr]    Compiling resolv-conf v0.6.0
Dec 01 02:28:40.183 INFO [stderr]    Compiling futures-cpupool v0.1.8
Dec 01 02:28:40.247 INFO [stderr]    Compiling bit-set v0.4.0
Dec 01 02:28:44.162 INFO [stderr]    Compiling crossbeam-epoch v0.3.1
Dec 01 02:28:44.168 INFO [stderr]    Compiling crossbeam-epoch v0.4.1
Dec 01 02:28:44.203 INFO [stderr]    Compiling crossbeam-epoch v0.2.0
Dec 01 02:28:44.351 INFO [stderr]    Compiling debug_unreachable v0.1.1
Dec 01 02:28:44.871 INFO [stderr]    Compiling thread_local v0.3.5
Dec 01 02:28:49.494 INFO [stderr]    Compiling backtrace-sys v0.1.16
Dec 01 02:28:49.519 INFO [stderr]    Compiling miniz-sys v0.1.10
Dec 01 02:28:49.535 INFO [stderr]    Compiling http v0.1.5
Dec 01 02:28:49.635 INFO [stderr]    Compiling tokio-io v0.1.6
Dec 01 02:28:50.715 INFO [stderr]    Compiling mio v0.6.14
Dec 01 02:28:51.415 INFO [stderr]    Compiling log v0.3.9
Dec 01 02:28:55.769 INFO [stderr]    Compiling parking_lot v0.4.8
Dec 01 02:29:06.779 INFO [stderr]    Compiling futf v0.1.3
Dec 01 02:29:06.915 INFO [stderr]    Compiling crossbeam-deque v0.2.0
Dec 01 02:29:07.103 INFO [stderr]    Compiling html5ever v0.18.0
Dec 01 02:29:08.017 INFO [stderr]    Compiling actix_derive v0.2.0
Dec 01 02:29:09.511 INFO [stderr]    Compiling url v1.7.0
Dec 01 02:29:14.959 INFO [stderr]    Compiling crossbeam-deque v0.3.0
Dec 01 02:29:14.982 INFO [stderr]    Compiling backtrace v0.3.5
Dec 01 02:29:18.223 INFO [stderr]    Compiling flate2 v1.0.1
Dec 01 02:29:18.251 INFO [stderr]    Compiling crossbeam-channel v0.1.2
Dec 01 02:29:20.143 INFO [stderr]    Compiling backtrace v0.2.3
Dec 01 02:29:20.256 INFO [stderr]    Compiling openssl v0.9.24
Dec 01 02:29:28.235 INFO [stderr]    Compiling tokio-reactor v0.1.1
Dec 01 02:29:28.241 INFO [stderr]    Compiling mio-uds v0.6.4
Dec 01 02:29:28.241 INFO [stderr]    Compiling rayon-core v1.4.0
Dec 01 02:29:28.244 INFO [stderr]    Compiling tendril v0.3.1
Dec 01 02:29:28.293 INFO [stderr]    Compiling regex v0.2.10
Dec 01 02:29:32.412 INFO [stderr]    Compiling tokio-threadpool v0.1.1
Dec 01 02:29:33.047 INFO [stderr]    Compiling error-chain v0.11.0
Dec 01 02:29:33.279 INFO [stderr]    Compiling semver v0.8.0
Dec 01 02:29:35.568 INFO [stderr]    Compiling serde_json v1.0.13
Dec 01 02:29:39.531 INFO [stderr]    Compiling error-chain v0.1.12
Dec 01 02:29:39.631 INFO [stderr]    Compiling serde_urlencoded v0.5.1
Dec 01 02:29:41.843 INFO [stderr]    Compiling failure v0.1.1
Dec 01 02:29:41.915 INFO [stderr]    Compiling string_cache_codegen v0.4.0
Dec 01 02:29:41.916 INFO [stderr]    Compiling brotli2 v0.3.2
Dec 01 02:29:41.942 INFO [stderr]    Compiling h2 v0.1.3
Dec 01 02:29:43.887 INFO [stderr]    Compiling tokio-tcp v0.1.0
Dec 01 02:29:45.751 INFO [stderr]    Compiling tokio-udp v0.1.0
Dec 01 02:29:55.279 INFO [stderr]    Compiling rayon v0.8.2
Dec 01 02:29:55.279 INFO [stderr]    Compiling string_cache v0.6.2
Dec 01 02:29:55.279 INFO [stderr]    Compiling markup5ever v0.3.2
Dec 01 02:29:55.459 INFO [stderr]    Compiling tokio v0.1.4
Dec 01 02:29:55.595 INFO [stderr]    Compiling cargo_metadata v0.3.3
Dec 01 02:29:55.824 INFO [stderr]    Compiling native-tls v0.1.5
Dec 01 02:30:02.323 INFO [stderr]    Compiling tokio-core v0.1.16
Dec 01 02:30:03.171 INFO [stderr]    Compiling skeptic v0.13.2
Dec 01 02:30:05.030 INFO [stderr]    Compiling ring v0.12.1
Dec 01 02:30:07.117 INFO [stderr]    Compiling tokio-proto v0.1.1
Dec 01 02:30:07.119 INFO [stderr]    Compiling trust-dns-proto v0.3.2
Dec 01 02:30:07.119 INFO [stderr]    Compiling tokio-signal v0.1.5
Dec 01 02:30:07.119 INFO [stderr]    Compiling tokio-tls v0.1.4
Dec 01 02:30:12.419 INFO [stderr]    Compiling actix v0.5.5
Dec 01 02:30:12.951 INFO [stderr]    Compiling actix-web v0.4.10
Dec 01 02:30:22.243 INFO [stderr]    Compiling hyper v0.11.24
Dec 01 02:30:28.433 INFO [stderr]    Compiling cookie v0.10.1
Dec 01 02:30:29.307 INFO [stderr]    Compiling select v0.4.2
Dec 01 02:30:29.951 INFO [stderr]    Compiling trust-dns-resolver v0.8.1
Dec 01 02:30:46.199 INFO [stderr]    Compiling hyper-tls v0.1.3
Dec 01 02:30:48.587 INFO [stderr]    Compiling reqwest v0.8.5
Dec 01 02:31:16.431 INFO [stderr]    Compiling memes-tracker-fetching v0.1.0 (/source)
Dec 01 02:31:17.827 INFO [stderr] warning: unused import: `Response`
Dec 01 02:31:17.828 INFO [stderr]  --> src/fetching/fetch.rs:1:15
Dec 01 02:31:17.828 INFO [stderr]   |
Dec 01 02:31:17.828 INFO [stderr] 1 | use reqwest::{Response, get};
Dec 01 02:31:17.828 INFO [stderr]   |               ^^^^^^^^
Dec 01 02:31:17.829 INFO [stderr]   |
Dec 01 02:31:17.829 INFO [stderr]   = note: #[warn(unused_imports)] on by default
Dec 01 02:31:17.829 INFO [stderr] 
Dec 01 02:31:17.830 INFO [stderr] warning: unused imports: `Attr`, `Class`, `Predicate`
Dec 01 02:31:17.830 INFO [stderr]  --> src/fetching/parse_9gag.rs:3:25
Dec 01 02:31:17.830 INFO [stderr]   |
Dec 01 02:31:17.831 INFO [stderr] 3 | use select::predicate::{Attr, Class, Name, Predicate};
Dec 01 02:31:17.831 INFO [stderr]   |                         ^^^^  ^^^^^        ^^^^^^^^^
Dec 01 02:31:17.831 INFO [stderr] 
Dec 01 02:31:17.831 INFO [stderr] warning: unused import: `fetching::parse::PostImage`
Dec 01 02:31:17.832 INFO [stderr]  --> src/fetching/parse_9gag.rs:6:5
Dec 01 02:31:17.832 INFO [stderr]   |
Dec 01 02:31:17.832 INFO [stderr] 6 | use fetching::parse::PostImage;
Dec 01 02:31:17.833 INFO [stderr]   |     ^^^^^^^^^^^^^^^^^^^^^^^^^^
Dec 01 02:31:17.833 INFO [stderr] 
Dec 01 02:31:17.967 INFO [stderr] warning: struct is never constructed: `PostImage`
Dec 01 02:31:17.967 INFO [stderr]   --> src/fetching/parse.rs:17:1
Dec 01 02:31:17.967 INFO [stderr]    |
Dec 01 02:31:17.967 INFO [stderr] 17 | pub struct PostImage {
Dec 01 02:31:17.967 INFO [stderr]    | ^^^^^^^^^^^^^^^^^^^^
Dec 01 02:31:17.967 INFO [stderr]    |
Dec 01 02:31:17.967 INFO [stderr]    = note: #[warn(dead_code)] on by default
Dec 01 02:31:17.967 INFO [stderr] 
Dec 01 02:31:22.903 INFO [stderr]     Finished dev [unoptimized + debuginfo] target(s) in 2m 49s
Dec 01 02:31:22.922 INFO [stderr] su: No module specific data is present
Dec 01 02:31:23.553 INFO running `"docker" "inspect" "9cd267f8990249255188bd24e04858b9b720a0d68dd0e24e1563e719c9a6e675"`
Dec 01 02:31:23.782 INFO running `"docker" "rm" "-f" "9cd267f8990249255188bd24e04858b9b720a0d68dd0e24e1563e719c9a6e675"`
Dec 01 02:31:24.027 INFO [stdout] 9cd267f8990249255188bd24e04858b9b720a0d68dd0e24e1563e719c9a6e675
Dec 01 02:31:24.036 INFO running `"docker" "create" "-v" "/mnt/big/crater/work/local/target-dirs/beta-1.31-5/worker-0/1.30.1:/target:rw,Z" "-v" "/mnt/big/crater/work/local/test-source/worker-0/beta-1.31-5/1.30.1:/source:ro,Z" "-v" "/mnt/big/crater/work/local/cargo-home:/cargo-home:ro,Z" "-v" "/mnt/big/crater/work/local/rustup-home:/rustup-home:ro,Z" "-e" "USER_ID=1000" "-e" "SOURCE_DIR=/source" "-e" "USER_ID=1000" "-e" "CMD=cargo +1.30.1 test --frozen --no-run" "-e" "CARGO_TARGET_DIR=/target" "-e" "CARGO_INCREMENTAL=0" "-e" "RUST_BACKTRACE=full" "-e" "RUSTFLAGS=--cap-lints=warn" "-e" "CARGO_HOME=/cargo-home" "-e" "RUSTUP_HOME=/rustup-home" "-m" "1536M" "--network" "none" "crater"`
Dec 01 02:31:24.467 INFO [stdout] bbac53c4c9869a0536b67f64d847ed04bd02f35ee63634f721f27369c693c42a
Dec 01 02:31:24.475 INFO running `"docker" "start" "-a" "bbac53c4c9869a0536b67f64d847ed04bd02f35ee63634f721f27369c693c42a"`
Dec 01 02:31:25.551 INFO [stderr] usermod: no changes
Dec 01 02:31:25.954 INFO [stderr]    Compiling memes-tracker-fetching v0.1.0 (/source)
Dec 01 02:31:27.719 INFO [stderr] warning: unused import: `Response`
Dec 01 02:31:27.720 INFO [stderr]  --> src/fetching/fetch.rs:1:15
Dec 01 02:31:27.720 INFO [stderr]   |
Dec 01 02:31:27.720 INFO [stderr] 1 | use reqwest::{Response, get};
Dec 01 02:31:27.721 INFO [stderr]   |               ^^^^^^^^
Dec 01 02:31:27.721 INFO [stderr]   |
Dec 01 02:31:27.721 INFO [stderr]   = note: #[warn(unused_imports)] on by default
Dec 01 02:31:27.722 INFO [stderr] 
Dec 01 02:31:27.722 INFO [stderr] warning: unused import: `::*`
Dec 01 02:31:27.722 INFO [stderr]   --> src/fetching/parse.rs:56:9
Dec 01 02:31:27.722 INFO [stderr]    |
Dec 01 02:31:27.723 INFO [stderr] 56 |     use ::*;
Dec 01 02:31:27.723 INFO [stderr]    |         ^^^
Dec 01 02:31:27.723 INFO [stderr] 
Dec 01 02:31:27.724 INFO [stderr] warning: unused imports: `Attr`, `Class`, `Predicate`
Dec 01 02:31:27.724 INFO [stderr]  --> src/fetching/parse_9gag.rs:3:25
Dec 01 02:31:27.724 INFO [stderr]   |
Dec 01 02:31:27.724 INFO [stderr] 3 | use select::predicate::{Attr, Class, Name, Predicate};
Dec 01 02:31:27.725 INFO [stderr]   |                         ^^^^  ^^^^^        ^^^^^^^^^
Dec 01 02:31:27.725 INFO [stderr] 
Dec 01 02:31:27.725 INFO [stderr] warning: unused import: `PostImage`
Dec 01 02:31:27.725 INFO [stderr]   --> src/fetching/parse_9gag.rs:61:38
Dec 01 02:31:27.726 INFO [stderr]    |
Dec 01 02:31:27.726 INFO [stderr] 61 |   use super::{parse_9gag_post, Post, PostImage};
Dec 01 02:31:27.726 INFO [stderr]    |                                      ^^^^^^^^^
Dec 01 02:31:27.727 INFO [stderr] 
Dec 01 02:31:27.935 INFO [stderr] warning: struct is never constructed: `PostImage`
Dec 01 02:31:27.936 INFO [stderr]   --> src/fetching/parse.rs:17:1
Dec 01 02:31:27.936 INFO [stderr]    |
Dec 01 02:31:27.936 INFO [stderr] 17 | pub struct PostImage {
Dec 01 02:31:27.937 INFO [stderr]    | ^^^^^^^^^^^^^^^^^^^^
Dec 01 02:31:27.937 INFO [stderr]    |
Dec 01 02:31:27.937 INFO [stderr]    = note: #[warn(dead_code)] on by default
Dec 01 02:31:27.937 INFO [stderr] 
Dec 01 02:31:32.265 INFO [stderr]     Finished dev [unoptimized + debuginfo] target(s) in 6.67s
Dec 01 02:31:32.298 INFO [stderr] su: No module specific data is present
Dec 01 02:31:33.241 INFO running `"docker" "inspect" "bbac53c4c9869a0536b67f64d847ed04bd02f35ee63634f721f27369c693c42a"`
Dec 01 02:31:33.503 INFO running `"docker" "rm" "-f" "bbac53c4c9869a0536b67f64d847ed04bd02f35ee63634f721f27369c693c42a"`
Dec 01 02:31:33.778 INFO [stdout] bbac53c4c9869a0536b67f64d847ed04bd02f35ee63634f721f27369c693c42a
Dec 01 02:31:33.784 INFO running `"docker" "create" "-v" "/mnt/big/crater/work/local/target-dirs/beta-1.31-5/worker-0/1.30.1:/target:rw,Z" "-v" "/mnt/big/crater/work/local/test-source/worker-0/beta-1.31-5/1.30.1:/source:ro,Z" "-v" "/mnt/big/crater/work/local/cargo-home:/cargo-home:ro,Z" "-v" "/mnt/big/crater/work/local/rustup-home:/rustup-home:ro,Z" "-e" "USER_ID=1000" "-e" "SOURCE_DIR=/source" "-e" "USER_ID=1000" "-e" "CMD=cargo +1.30.1 test --frozen" "-e" "CARGO_TARGET_DIR=/target" "-e" "CARGO_INCREMENTAL=0" "-e" "RUST_BACKTRACE=full" "-e" "RUSTFLAGS=--cap-lints=warn" "-e" "CARGO_HOME=/cargo-home" "-e" "RUSTUP_HOME=/rustup-home" "-m" "1536M" "--network" "none" "crater"`
Dec 01 02:31:34.283 INFO [stdout] 17fdc439b9981cb5da792df7991f8a2446d931523fad505a180b63cace228293
Dec 01 02:31:34.285 INFO running `"docker" "start" "-a" "17fdc439b9981cb5da792df7991f8a2446d931523fad505a180b63cace228293"`
Dec 01 02:31:35.987 INFO [stderr] usermod: no changes
Dec 01 02:31:36.508 INFO [stderr]     Finished dev [unoptimized + debuginfo] target(s) in 0.49s
Dec 01 02:31:36.531 INFO [stderr]      Running /target/debug/deps/memes_tracker_fetching-1581dca097ce9581
Dec 01 02:31:36.536 INFO [stdout] 
Dec 01 02:31:36.537 INFO [stdout] running 3 tests
Dec 01 02:31:36.555 INFO [stdout] test fetching::parse::tests::it_workes ... ok
Dec 01 02:31:36.612 INFO [stdout] test fetching::parse_9gag::tests::parse_9gag_post_test ... ok
Dec 01 02:31:36.731 INFO [stdout] test fetching::fetch::tests::fetch_pages ... FAILED
Dec 01 02:31:36.732 INFO [stdout] 
Dec 01 02:31:36.732 INFO [stdout] failures:
Dec 01 02:31:36.736 INFO [stdout] 
Dec 01 02:31:36.736 INFO [stdout] ---- fetching::fetch::tests::fetch_pages stdout ----
Dec 01 02:31:36.737 INFO [stdout] thread 'fetching::fetch::tests::fetch_pages' panicked at 'called `Result::unwrap()` on an `Err` value: Error { kind: Io(Custom { kind: Other, error: StringError("failed to lookup address information: Temporary failure in name resolution") }), url: Some("https://9gag.com/hot") }', libcore/result.rs:1009:5
Dec 01 02:31:36.737 INFO [stdout] stack backtrace:
Dec 01 02:31:36.737 INFO [stdout]    0:     0x55614dc70c5e - std::sys::unix::backtrace::tracing::imp::unwind_backtrace::h15749a98198ba25f
Dec 01 02:31:36.738 INFO [stdout]                                at libstd/sys/unix/backtrace/tracing/gcc_s.rs:49
Dec 01 02:31:36.738 INFO [stdout]    1:     0x55614dc62e66 - std::sys_common::backtrace::print::h0ba65c811294dbf0
Dec 01 02:31:36.738 INFO [stdout]                                at libstd/sys_common/backtrace.rs:71
Dec 01 02:31:36.739 INFO [stdout]                                at libstd/sys_common/backtrace.rs:59
Dec 01 02:31:36.739 INFO [stdout]    2:     0x55614dc6112d - std::panicking::default_hook::{{closure}}::h42bb31757f0fee64
Dec 01 02:31:36.739 INFO [stdout]                                at libstd/panicking.rs:211
Dec 01 02:31:36.739 INFO [stdout]    3:     0x55614dc60e3b - std::panicking::default_hook::hebc8848d7aa7dbd9
Dec 01 02:31:36.740 INFO [stdout]                                at libstd/panicking.rs:221
Dec 01 02:31:36.740 INFO [stdout]    4:     0x55614dc617dc - std::panicking::rust_panic_with_hook::h86e619a638415243
Dec 01 02:31:36.740 INFO [stdout]                                at libstd/panicking.rs:477
Dec 01 02:31:36.741 INFO [stdout]    5:     0x55614dc61399 - std::panicking::continue_panic_fmt::h2d2d2bfb065a70b2
Dec 01 02:31:36.741 INFO [stdout]                                at libstd/panicking.rs:391
Dec 01 02:31:36.741 INFO [stdout]    6:     0x55614dc61295 - rust_begin_unwind
Dec 01 02:31:36.741 INFO [stdout]                                at libstd/panicking.rs:326
Dec 01 02:31:36.742 INFO [stdout]    7:     0x55614dcb07eb - core::panicking::panic_fmt::h2155aa66b67fe83c
Dec 01 02:31:36.742 INFO [stdout]                                at libcore/panicking.rs:77
Dec 01 02:31:36.742 INFO [stdout]    8:     0x55614d7e9083 - core::result::unwrap_failed::h13a14e40b1d179e3
Dec 01 02:31:36.742 INFO [stdout]                                at libcore/macros.rs:26
Dec 01 02:31:36.743 INFO [stdout]    9:     0x55614d7e8d44 - <core::result::Result<T, E>>::unwrap::hbe40cf38c4897be5
Dec 01 02:31:36.743 INFO [stdout]                                at libcore/result.rs:808
Dec 01 02:31:36.743 INFO [stdout]   10:     0x55614d7ee20b - memes_tracker_fetching::fetching::fetch::tests::fetch_pages::hba847e47c3f6a5ea
Dec 01 02:31:36.744 INFO [stdout]                                at src/fetching/fetch.rs:27
Dec 01 02:31:36.744 INFO [stdout]   11:     0x55614d7edfc9 - memes_tracker_fetching::fetching::fetch::tests::fetch_pages::{{closure}}::h278172da710c2894
Dec 01 02:31:36.744 INFO [stdout]                                at src/fetching/fetch.rs:19
Dec 01 02:31:36.744 INFO [stdout]   12:     0x55614d7eafed - core::ops::function::FnOnce::call_once::h1be2fd5c022d61b1
Dec 01 02:31:36.745 INFO [stdout]                                at libcore/ops/function.rs:238
Dec 01 02:31:36.745 INFO [stdout]   13:     0x55614d7f019e - <F as alloc::boxed::FnBox<A>>::call_box::hbea525814fa423cc
Dec 01 02:31:36.745 INFO [stdout]                                at libtest/lib.rs:1461
Dec 01 02:31:36.745 INFO [stdout]                                at libcore/ops/function.rs:238
Dec 01 02:31:36.746 INFO [stdout]                                at liballoc/boxed.rs:646
Dec 01 02:31:36.746 INFO [stdout]   14:     0x55614dc7fbe9 - __rust_maybe_catch_panic
Dec 01 02:31:36.746 INFO [stdout]                                at libpanic_unwind/lib.rs:103
Dec 01 02:31:36.747 INFO [stdout]   15:     0x55614d7fbafd - std::sys_common::backtrace::__rust_begin_short_backtrace::h0ff507d7422944d3
Dec 01 02:31:36.747 INFO [stdout]                                at libstd/panicking.rs:289
Dec 01 02:31:36.747 INFO [stdout]                                at libstd/panic.rs:392
Dec 01 02:31:36.747 INFO [stdout]                                at libtest/lib.rs:1416
Dec 01 02:31:36.748 INFO [stdout]                                at libstd/sys_common/backtrace.rs:136
Dec 01 02:31:36.748 INFO [stdout]   16:     0x55614d814134 - std::panicking::try::do_call::hba0bdcc3670471cc
Dec 01 02:31:36.748 INFO [stdout]                                at libstd/thread/mod.rs:409
Dec 01 02:31:36.749 INFO [stdout]                                at libstd/panic.rs:313
Dec 01 02:31:36.749 INFO [stdout]                                at libstd/panicking.rs:310
Dec 01 02:31:36.749 INFO [stdout]   17:     0x55614dc7fbe9 - __rust_maybe_catch_panic
Dec 01 02:31:36.749 INFO [stdout]                                at libpanic_unwind/lib.rs:103
Dec 01 02:31:36.750 INFO [stdout]   18:     0x55614d804a06 - <F as alloc::boxed::FnBox<A>>::call_box::hdac52587b00591af
Dec 01 02:31:36.750 INFO [stdout]                                at libstd/panicking.rs:289
Dec 01 02:31:36.750 INFO [stdout]                                at libstd/panic.rs:392
Dec 01 02:31:36.750 INFO [stdout]                                at libstd/thread/mod.rs:408
Dec 01 02:31:36.751 INFO [stdout]                                at liballoc/boxed.rs:646
Dec 01 02:31:36.751 INFO [stdout]   19:     0x55614dc7279a - std::sys_common::thread::start_thread::h75d887c7d2cc4479
Dec 01 02:31:36.751 INFO [stdout]                                at liballoc/boxed.rs:656
Dec 01 02:31:36.752 INFO [stdout]                                at libstd/sys_common/thread.rs:24
Dec 01 02:31:36.752 INFO [stdout]   20:     0x55614dc62005 - std::sys::unix::thread::Thread::new::thread_start::h8414caee632bf9ed
Dec 01 02:31:36.752 INFO [stdout]                                at libstd/sys/unix/thread.rs:90
Dec 01 02:31:36.752 INFO [stdout]   21:     0x7f8c9fbd26b9 - start_thread
Dec 01 02:31:36.753 INFO [stdout]   22:     0x7f8c9f6f241c - clone
Dec 01 02:31:36.753 INFO [stdout]   23:                0x0 - <unknown>
Dec 01 02:31:36.753 INFO [stdout] 
Dec 01 02:31:36.753 INFO [stdout] 
Dec 01 02:31:36.754 INFO [stdout] failures:
Dec 01 02:31:36.754 INFO [stdout]     fetching::fetch::tests::fetch_pages
Dec 01 02:31:36.754 INFO [stdout] 
Dec 01 02:31:36.754 INFO [stdout] test result: FAILED. 2 passed; 1 failed; 0 ignored; 0 measured; 0 filtered out
Dec 01 02:31:36.755 INFO [stdout] 
Dec 01 02:31:36.755 INFO [stderr] error: test failed, to rerun pass '--bin memes-tracker-fetching'
Dec 01 02:31:36.755 INFO [stderr] su: No module specific data is present
Dec 01 02:31:38.065 INFO running `"docker" "inspect" "17fdc439b9981cb5da792df7991f8a2446d931523fad505a180b63cace228293"`
Dec 01 02:31:38.337 INFO running `"docker" "rm" "-f" "17fdc439b9981cb5da792df7991f8a2446d931523fad505a180b63cace228293"`
Dec 01 02:31:38.723 INFO [stdout] 17fdc439b9981cb5da792df7991f8a2446d931523fad505a180b63cace228293
