Dec 01 03:04:50.024 INFO testing seb-odessa/evebattle against 1.30.1 for beta-1.31-5
Dec 01 03:04:50.024 INFO running `"docker" "create" "-v" "/mnt/big/crater/work/local/target-dirs/beta-1.31-5/worker-7/1.30.1:/target:rw,Z" "-v" "/mnt/big/crater/work/local/test-source/worker-7/beta-1.31-5/1.30.1:/source:ro,Z" "-v" "/mnt/big/crater/work/local/cargo-home:/cargo-home:ro,Z" "-v" "/mnt/big/crater/work/local/rustup-home:/rustup-home:ro,Z" "-e" "USER_ID=1000" "-e" "SOURCE_DIR=/source" "-e" "USER_ID=1000" "-e" "CMD=cargo +1.30.1 build --frozen" "-e" "CARGO_TARGET_DIR=/target" "-e" "CARGO_INCREMENTAL=0" "-e" "RUST_BACKTRACE=full" "-e" "RUSTFLAGS=--cap-lints=warn" "-e" "CARGO_HOME=/cargo-home" "-e" "RUSTUP_HOME=/rustup-home" "-m" "1536M" "--network" "none" "crater"`
Dec 01 03:04:50.388 INFO [stdout] c6f8d486bb217bcdea28a5f3b8a2dfc9e254010cc5ab89d60fcde4e259b8967a
Dec 01 03:04:50.397 INFO running `"docker" "start" "-a" "c6f8d486bb217bcdea28a5f3b8a2dfc9e254010cc5ab89d60fcde4e259b8967a"`
Dec 01 03:04:51.659 INFO [stderr] usermod: no changes
Dec 01 03:04:51.743 INFO [stderr]    Compiling syn v0.15.9
Dec 01 03:04:58.031 INFO [stderr]    Compiling serde_derive v1.0.79
Dec 01 03:05:08.840 INFO [stderr]    Compiling evebattle v0.1.0 (/source)
Dec 01 03:05:12.343 INFO [stderr]     Finished dev [unoptimized + debuginfo] target(s) in 20.66s
Dec 01 03:05:12.351 INFO [stderr] su: No module specific data is present
Dec 01 03:05:12.809 INFO running `"docker" "inspect" "c6f8d486bb217bcdea28a5f3b8a2dfc9e254010cc5ab89d60fcde4e259b8967a"`
Dec 01 03:05:13.077 INFO running `"docker" "rm" "-f" "c6f8d486bb217bcdea28a5f3b8a2dfc9e254010cc5ab89d60fcde4e259b8967a"`
Dec 01 03:05:13.312 INFO [stdout] c6f8d486bb217bcdea28a5f3b8a2dfc9e254010cc5ab89d60fcde4e259b8967a
Dec 01 03:05:13.322 INFO running `"docker" "create" "-v" "/mnt/big/crater/work/local/target-dirs/beta-1.31-5/worker-7/1.30.1:/target:rw,Z" "-v" "/mnt/big/crater/work/local/test-source/worker-7/beta-1.31-5/1.30.1:/source:ro,Z" "-v" "/mnt/big/crater/work/local/cargo-home:/cargo-home:ro,Z" "-v" "/mnt/big/crater/work/local/rustup-home:/rustup-home:ro,Z" "-e" "USER_ID=1000" "-e" "SOURCE_DIR=/source" "-e" "USER_ID=1000" "-e" "CMD=cargo +1.30.1 test --frozen --no-run" "-e" "CARGO_TARGET_DIR=/target" "-e" "CARGO_INCREMENTAL=0" "-e" "RUST_BACKTRACE=full" "-e" "RUSTFLAGS=--cap-lints=warn" "-e" "CARGO_HOME=/cargo-home" "-e" "RUSTUP_HOME=/rustup-home" "-m" "1536M" "--network" "none" "crater"`
Dec 01 03:05:13.853 INFO [stdout] 039208209c4ea200f2ab12425ca2c825a2f05cf6f93b1ee782c8f15ff16a92c4
Dec 01 03:05:13.854 INFO running `"docker" "start" "-a" "039208209c4ea200f2ab12425ca2c825a2f05cf6f93b1ee782c8f15ff16a92c4"`
Dec 01 03:05:14.995 INFO [stderr] usermod: no changes
Dec 01 03:05:15.058 INFO [stderr]    Compiling evebattle v0.1.0 (/source)
Dec 01 03:05:19.869 INFO [stderr]     Finished dev [unoptimized + debuginfo] target(s) in 4.86s
Dec 01 03:05:19.875 INFO [stderr] su: No module specific data is present
Dec 01 03:05:20.631 INFO running `"docker" "inspect" "039208209c4ea200f2ab12425ca2c825a2f05cf6f93b1ee782c8f15ff16a92c4"`
Dec 01 03:05:20.921 INFO running `"docker" "rm" "-f" "039208209c4ea200f2ab12425ca2c825a2f05cf6f93b1ee782c8f15ff16a92c4"`
Dec 01 03:05:21.303 INFO [stdout] 039208209c4ea200f2ab12425ca2c825a2f05cf6f93b1ee782c8f15ff16a92c4
Dec 01 03:05:21.306 INFO running `"docker" "create" "-v" "/mnt/big/crater/work/local/target-dirs/beta-1.31-5/worker-7/1.30.1:/target:rw,Z" "-v" "/mnt/big/crater/work/local/test-source/worker-7/beta-1.31-5/1.30.1:/source:ro,Z" "-v" "/mnt/big/crater/work/local/cargo-home:/cargo-home:ro,Z" "-v" "/mnt/big/crater/work/local/rustup-home:/rustup-home:ro,Z" "-e" "USER_ID=1000" "-e" "SOURCE_DIR=/source" "-e" "USER_ID=1000" "-e" "CMD=cargo +1.30.1 test --frozen" "-e" "CARGO_TARGET_DIR=/target" "-e" "CARGO_INCREMENTAL=0" "-e" "RUST_BACKTRACE=full" "-e" "RUSTFLAGS=--cap-lints=warn" "-e" "CARGO_HOME=/cargo-home" "-e" "RUSTUP_HOME=/rustup-home" "-m" "1536M" "--network" "none" "crater"`
Dec 01 03:05:21.950 INFO [stdout] 01acfdc6cce3c61c1afd83909aa7fb8091eacf155af7ff1644531ac6faa849bd
Dec 01 03:05:21.953 INFO running `"docker" "start" "-a" "01acfdc6cce3c61c1afd83909aa7fb8091eacf155af7ff1644531ac6faa849bd"`
Dec 01 03:05:24.402 INFO [stderr] usermod: no changes
Dec 01 03:05:24.551 INFO [stderr]     Finished dev [unoptimized + debuginfo] target(s) in 0.11s
Dec 01 03:05:24.553 INFO [stderr]      Running /target/debug/deps/lib-0b811eedd1db1c9c
Dec 01 03:05:24.559 INFO [stdout] 
Dec 01 03:05:24.559 INFO [stdout] running 14 tests
Dec 01 03:05:24.559 INFO [stdout] test armor::deserialize ... ok
Dec 01 03:05:24.559 INFO [stdout] test offenses::deserialize_without_scrambler ... ok
Dec 01 03:05:24.559 INFO [stdout] test offenses::deserialize ... ok
Dec 01 03:05:24.567 INFO [stdout] test movement::deserialize ... ok
Dec 01 03:05:24.567 INFO [stdout] test missiles::deserialize ... ok
Dec 01 03:05:24.567 INFO [stdout] test offenses::deserialize_without_webifier ... ok
Dec 01 03:05:24.567 INFO [stdout] test offenses::deserialize_without_turrets ... ok
Dec 01 03:05:24.567 INFO [stdout] test shield::deserialize ... ok
Dec 01 03:05:24.567 INFO [stdout] test stasis_webifier::deserialize ... ok
Dec 01 03:05:24.568 INFO [stdout] test structure::deserialize ... ok
Dec 01 03:05:24.568 INFO [stdout] test warp_scrambler::deserialize ... ok
Dec 01 03:05:24.569 INFO [stdout] test targeting::deserialize ... ok
Dec 01 03:05:24.575 INFO [stdout] test turrets::deserialize ... ok
Dec 01 03:05:24.656 INFO [stdout] test defenses::deserialize ... FAILED
Dec 01 03:05:24.656 INFO [stdout] 
Dec 01 03:05:24.656 INFO [stdout] failures:
Dec 01 03:05:24.656 INFO [stdout] 
Dec 01 03:05:24.656 INFO [stdout] ---- defenses::deserialize stdout ----
Dec 01 03:05:24.656 INFO [stdout] thread 'defenses::deserialize' panicked at 'assertion failed: result.is_ok()', src/lib/defenses.rs:49:5
Dec 01 03:05:24.656 INFO [stdout] stack backtrace:
Dec 01 03:05:24.656 INFO [stdout]    0:     0x55f8126f656e - std::sys::unix::backtrace::tracing::imp::unwind_backtrace::h15749a98198ba25f
Dec 01 03:05:24.656 INFO [stdout]                                at libstd/sys/unix/backtrace/tracing/gcc_s.rs:49
Dec 01 03:05:24.656 INFO [stdout]    1:     0x55f8126e98f6 - std::sys_common::backtrace::print::h0ba65c811294dbf0
Dec 01 03:05:24.656 INFO [stdout]                                at libstd/sys_common/backtrace.rs:71
Dec 01 03:05:24.656 INFO [stdout]                                at libstd/sys_common/backtrace.rs:59
Dec 01 03:05:24.656 INFO [stdout]    2:     0x55f8126e7d1d - std::panicking::default_hook::{{closure}}::h42bb31757f0fee64
Dec 01 03:05:24.656 INFO [stdout]                                at libstd/panicking.rs:211
Dec 01 03:05:24.656 INFO [stdout]    3:     0x55f8126e7a2b - std::panicking::default_hook::hebc8848d7aa7dbd9
Dec 01 03:05:24.656 INFO [stdout]                                at libstd/panicking.rs:221
Dec 01 03:05:24.656 INFO [stdout]    4:     0x55f8126e83cc - std::panicking::rust_panic_with_hook::h86e619a638415243
Dec 01 03:05:24.656 INFO [stdout]                                at libstd/panicking.rs:477
Dec 01 03:05:24.656 INFO [stdout]    5:     0x55f8126e324f - std::panicking::begin_panic::he781768911962def
Dec 01 03:05:24.656 INFO [stdout]                                at libstd/panicking.rs:411
Dec 01 03:05:24.656 INFO [stdout]    6:     0x55f81267cc4d - lib::defenses::deserialize::h19fabb1ef9a11e4d
Dec 01 03:05:24.656 INFO [stdout]                                at src/lib/defenses.rs:49
Dec 01 03:05:24.656 INFO [stdout]    7:     0x55f81267cbb9 - lib::defenses::deserialize::{{closure}}::hb0b4acd8f6181667
Dec 01 03:05:24.656 INFO [stdout]                                at src/lib/defenses.rs:22
Dec 01 03:05:24.656 INFO [stdout]    8:     0x55f81269323d - core::ops::function::FnOnce::call_once::hc8b780045b43fbc3
Dec 01 03:05:24.656 INFO [stdout]                                at libcore/ops/function.rs:238
Dec 01 03:05:24.656 INFO [stdout]    9:     0x55f812696d7e - <F as alloc::boxed::FnBox<A>>::call_box::hbea525814fa423cc
Dec 01 03:05:24.656 INFO [stdout]                                at libtest/lib.rs:1461
Dec 01 03:05:24.656 INFO [stdout]                                at libcore/ops/function.rs:238
Dec 01 03:05:24.656 INFO [stdout]                                at liballoc/boxed.rs:646
Dec 01 03:05:24.656 INFO [stdout]   10:     0x55f8127053d9 - __rust_maybe_catch_panic
Dec 01 03:05:24.656 INFO [stdout]                                at libpanic_unwind/lib.rs:103
Dec 01 03:05:24.656 INFO [stdout]   11:     0x55f8126a26dd - std::sys_common::backtrace::__rust_begin_short_backtrace::h0ff507d7422944d3
Dec 01 03:05:24.657 INFO [stdout]                                at libstd/panicking.rs:289
Dec 01 03:05:24.657 INFO [stdout]                                at libstd/panic.rs:392
Dec 01 03:05:24.657 INFO [stdout]                                at libtest/lib.rs:1416
Dec 01 03:05:24.657 INFO [stdout]                                at libstd/sys_common/backtrace.rs:136
Dec 01 03:05:24.657 INFO [stdout]   12:     0x55f8126bad14 - std::panicking::try::do_call::hba0bdcc3670471cc
Dec 01 03:05:24.657 INFO [stdout]                                at libstd/thread/mod.rs:409
Dec 01 03:05:24.657 INFO [stdout]                                at libstd/panic.rs:313
Dec 01 03:05:24.657 INFO [stdout]                                at libstd/panicking.rs:310
Dec 01 03:05:24.657 INFO [stdout]   13:     0x55f8127053d9 - __rust_maybe_catch_panic
Dec 01 03:05:24.657 INFO [stdout]                                at libpanic_unwind/lib.rs:103
Dec 01 03:05:24.657 INFO [stdout]   14:     0x55f8126ab5e6 - <F as alloc::boxed::FnBox<A>>::call_box::hdac52587b00591af
Dec 01 03:05:24.657 INFO [stdout]                                at libstd/panicking.rs:289
Dec 01 03:05:24.657 INFO [stdout]                                at libstd/panic.rs:392
Dec 01 03:05:24.657 INFO [stdout]                                at libstd/thread/mod.rs:408
Dec 01 03:05:24.657 INFO [stdout]                                at liballoc/boxed.rs:646
Dec 01 03:05:24.657 INFO [stdout]   15:     0x55f8126f7e7a - std::sys_common::thread::start_thread::h75d887c7d2cc4479
Dec 01 03:05:24.657 INFO [stdout]                                at liballoc/boxed.rs:656
Dec 01 03:05:24.657 INFO [stdout]                                at libstd/sys_common/thread.rs:24
Dec 01 03:05:24.657 INFO [stdout]   16:     0x55f8126e8b35 - std::sys::unix::thread::Thread::new::thread_start::h8414caee632bf9ed
Dec 01 03:05:24.657 INFO [stdout]                                at libstd/sys/unix/thread.rs:90
Dec 01 03:05:24.657 INFO [stdout]   17:     0x7f7b251ea6b9 - start_thread
Dec 01 03:05:24.657 INFO [stdout]   18:     0x7f7b24d0a41c - clone
Dec 01 03:05:24.657 INFO [stdout]   19:                0x0 - <unknown>
Dec 01 03:05:24.657 INFO [stdout] 
Dec 01 03:05:24.657 INFO [stdout] 
Dec 01 03:05:24.657 INFO [stdout] failures:
Dec 01 03:05:24.657 INFO [stdout]     defenses::deserialize
Dec 01 03:05:24.657 INFO [stdout] 
Dec 01 03:05:24.657 INFO [stdout] test result: FAILED. 13 passed; 1 failed; 0 ignored; 0 measured; 0 filtered out
Dec 01 03:05:24.657 INFO [stdout] 
Dec 01 03:05:24.675 INFO [stderr] error: test failed, to rerun pass '--lib'
Dec 01 03:05:24.677 INFO [stderr] su: No module specific data is present
Dec 01 03:05:26.518 INFO running `"docker" "inspect" "01acfdc6cce3c61c1afd83909aa7fb8091eacf155af7ff1644531ac6faa849bd"`
Dec 01 03:05:26.879 INFO running `"docker" "rm" "-f" "01acfdc6cce3c61c1afd83909aa7fb8091eacf155af7ff1644531ac6faa849bd"`
Dec 01 03:05:27.203 INFO [stdout] 01acfdc6cce3c61c1afd83909aa7fb8091eacf155af7ff1644531ac6faa849bd
