Dec 01 03:09:47.341 INFO testing scrolliris/nib against 1.30.1 for beta-1.31-5
Dec 01 03:09:47.341 INFO running `"docker" "create" "-v" "/mnt/big/crater/work/local/target-dirs/beta-1.31-5/worker-0/1.30.1:/target:rw,Z" "-v" "/mnt/big/crater/work/local/test-source/worker-0/beta-1.31-5/1.30.1:/source:ro,Z" "-v" "/mnt/big/crater/work/local/cargo-home:/cargo-home:ro,Z" "-v" "/mnt/big/crater/work/local/rustup-home:/rustup-home:ro,Z" "-e" "USER_ID=1000" "-e" "SOURCE_DIR=/source" "-e" "USER_ID=1000" "-e" "CMD=cargo +1.30.1 build --frozen" "-e" "CARGO_TARGET_DIR=/target" "-e" "CARGO_INCREMENTAL=0" "-e" "RUST_BACKTRACE=full" "-e" "RUSTFLAGS=--cap-lints=warn" "-e" "CARGO_HOME=/cargo-home" "-e" "RUSTUP_HOME=/rustup-home" "-m" "1536M" "--network" "none" "crater"`
Dec 01 03:09:47.592 INFO [stdout] e0bc27b9765f26436afc561fdc491084317acdb764f1d58ec07ab7e3539aa782
Dec 01 03:09:47.595 INFO running `"docker" "start" "-a" "e0bc27b9765f26436afc561fdc491084317acdb764f1d58ec07ab7e3539aa782"`
Dec 01 03:09:48.086 INFO [stderr] usermod: no changes
Dec 01 03:09:48.215 INFO [stderr]    Compiling proc-macro2 v0.4.18
Dec 01 03:09:52.312 INFO [stderr]    Compiling quote v0.6.8
Dec 01 03:09:53.948 INFO [stderr]    Compiling syn v0.14.9
Dec 01 03:10:00.952 INFO [stderr]    Compiling structopt-derive v0.2.10
Dec 01 03:10:03.871 INFO [stderr]    Compiling structopt v0.2.10
Dec 01 03:10:04.207 INFO [stderr]    Compiling nib v0.0.1 (/source)
Dec 01 03:10:05.637 INFO [stderr]     Finished dev [unoptimized + debuginfo] target(s) in 17.51s
Dec 01 03:10:05.639 INFO [stderr] su: No module specific data is present
Dec 01 03:10:06.596 INFO running `"docker" "inspect" "e0bc27b9765f26436afc561fdc491084317acdb764f1d58ec07ab7e3539aa782"`
Dec 01 03:10:06.793 INFO running `"docker" "rm" "-f" "e0bc27b9765f26436afc561fdc491084317acdb764f1d58ec07ab7e3539aa782"`
Dec 01 03:10:06.996 INFO [stdout] e0bc27b9765f26436afc561fdc491084317acdb764f1d58ec07ab7e3539aa782
Dec 01 03:10:07.001 INFO running `"docker" "create" "-v" "/mnt/big/crater/work/local/target-dirs/beta-1.31-5/worker-0/1.30.1:/target:rw,Z" "-v" "/mnt/big/crater/work/local/test-source/worker-0/beta-1.31-5/1.30.1:/source:ro,Z" "-v" "/mnt/big/crater/work/local/cargo-home:/cargo-home:ro,Z" "-v" "/mnt/big/crater/work/local/rustup-home:/rustup-home:ro,Z" "-e" "USER_ID=1000" "-e" "SOURCE_DIR=/source" "-e" "USER_ID=1000" "-e" "CMD=cargo +1.30.1 test --frozen --no-run" "-e" "CARGO_TARGET_DIR=/target" "-e" "CARGO_INCREMENTAL=0" "-e" "RUST_BACKTRACE=full" "-e" "RUSTFLAGS=--cap-lints=warn" "-e" "CARGO_HOME=/cargo-home" "-e" "RUSTUP_HOME=/rustup-home" "-m" "1536M" "--network" "none" "crater"`
Dec 01 03:10:07.443 INFO [stdout] e4b70940226b33ee5adc1186b491e92f06d9b29b722bd136a332ae2e65a61c19
Dec 01 03:10:07.448 INFO running `"docker" "start" "-a" "e4b70940226b33ee5adc1186b491e92f06d9b29b722bd136a332ae2e65a61c19"`
Dec 01 03:10:08.499 INFO [stderr] usermod: no changes
Dec 01 03:10:08.691 INFO [stderr]    Compiling nib v0.0.1 (/source)
Dec 01 03:10:10.568 INFO [stderr]     Finished dev [unoptimized + debuginfo] target(s) in 2.03s
Dec 01 03:10:10.572 INFO [stderr] su: No module specific data is present
Dec 01 03:10:11.120 INFO running `"docker" "inspect" "e4b70940226b33ee5adc1186b491e92f06d9b29b722bd136a332ae2e65a61c19"`
Dec 01 03:10:11.567 INFO running `"docker" "rm" "-f" "e4b70940226b33ee5adc1186b491e92f06d9b29b722bd136a332ae2e65a61c19"`
Dec 01 03:10:11.931 INFO [stdout] e4b70940226b33ee5adc1186b491e92f06d9b29b722bd136a332ae2e65a61c19
Dec 01 03:10:11.940 INFO running `"docker" "create" "-v" "/mnt/big/crater/work/local/target-dirs/beta-1.31-5/worker-0/1.30.1:/target:rw,Z" "-v" "/mnt/big/crater/work/local/test-source/worker-0/beta-1.31-5/1.30.1:/source:ro,Z" "-v" "/mnt/big/crater/work/local/cargo-home:/cargo-home:ro,Z" "-v" "/mnt/big/crater/work/local/rustup-home:/rustup-home:ro,Z" "-e" "USER_ID=1000" "-e" "SOURCE_DIR=/source" "-e" "USER_ID=1000" "-e" "CMD=cargo +1.30.1 test --frozen" "-e" "CARGO_TARGET_DIR=/target" "-e" "CARGO_INCREMENTAL=0" "-e" "RUST_BACKTRACE=full" "-e" "RUSTFLAGS=--cap-lints=warn" "-e" "CARGO_HOME=/cargo-home" "-e" "RUSTUP_HOME=/rustup-home" "-m" "1536M" "--network" "none" "crater"`
Dec 01 03:10:12.365 INFO [stdout] 8044d2566e5fe9a684a4fb9ac14e0aded7f886526959e9677a1a29974d87b3d1
Dec 01 03:10:12.371 INFO running `"docker" "start" "-a" "8044d2566e5fe9a684a4fb9ac14e0aded7f886526959e9677a1a29974d87b3d1"`
Dec 01 03:10:13.499 INFO [stderr] usermod: no changes
Dec 01 03:10:13.707 INFO [stderr]     Finished dev [unoptimized + debuginfo] target(s) in 0.16s
Dec 01 03:10:13.709 INFO [stderr]      Running /target/debug/deps/nib-28887bfce97e5dbf
Dec 01 03:10:13.715 INFO [stdout] 
Dec 01 03:10:13.715 INFO [stdout] running 0 tests
Dec 01 03:10:13.715 INFO [stdout] 
Dec 01 03:10:13.715 INFO [stdout] test result: ok. 0 passed; 0 failed; 0 ignored; 0 measured; 0 filtered out
Dec 01 03:10:13.715 INFO [stdout] 
Dec 01 03:10:13.723 INFO [stderr]      Running /target/debug/deps/integration_test-65bc5661c1b70266
Dec 01 03:10:13.724 INFO [stdout] 
Dec 01 03:10:13.724 INFO [stdout] running 2 tests
Dec 01 03:10:13.761 INFO [stdout] test integration_test::test_run_with_help ... FAILED
Dec 01 03:10:13.761 INFO [stdout] test integration_test::test_run_with_unknown_option ... FAILED
Dec 01 03:10:13.761 INFO [stdout] 
Dec 01 03:10:13.761 INFO [stdout] failures:
Dec 01 03:10:13.761 INFO [stdout] 
Dec 01 03:10:13.761 INFO [stdout] ---- integration_test::test_run_with_help stdout ----
Dec 01 03:10:13.761 INFO [stdout] thread 'integration_test::test_run_with_help' panicked at 'called `Result::unwrap()` on an `Err` value: Os { code: 2, kind: NotFound, message: "No such file or directory" }', libcore/result.rs:1009:5
Dec 01 03:10:13.761 INFO [stdout] stack backtrace:
Dec 01 03:10:13.761 INFO [stdout]    0:     0x5587fc38f29e - std::sys::unix::backtrace::tracing::imp::unwind_backtrace::h15749a98198ba25f
Dec 01 03:10:13.761 INFO [stdout]                                at libstd/sys/unix/backtrace/tracing/gcc_s.rs:49
Dec 01 03:10:13.761 INFO [stdout]    1:     0x5587fc37e186 - std::sys_common::backtrace::print::h0ba65c811294dbf0
Dec 01 03:10:13.761 INFO [stdout]                                at libstd/sys_common/backtrace.rs:71
Dec 01 03:10:13.761 INFO [stdout]                                at libstd/sys_common/backtrace.rs:59
Dec 01 03:10:13.761 INFO [stdout]    2:     0x5587fc37c5ad - std::panicking::default_hook::{{closure}}::h42bb31757f0fee64
Dec 01 03:10:13.762 INFO [stdout]                                at libstd/panicking.rs:211
Dec 01 03:10:13.762 INFO [stdout]    3:     0x5587fc37c2bb - std::panicking::default_hook::hebc8848d7aa7dbd9
Dec 01 03:10:13.762 INFO [stdout]                                at libstd/panicking.rs:221
Dec 01 03:10:13.762 INFO [stdout]    4:     0x5587fc37cc5c - std::panicking::rust_panic_with_hook::h86e619a638415243
Dec 01 03:10:13.762 INFO [stdout]                                at libstd/panicking.rs:477
Dec 01 03:10:13.762 INFO [stdout]    5:     0x5587fc37c819 - std::panicking::continue_panic_fmt::h2d2d2bfb065a70b2
Dec 01 03:10:13.762 INFO [stdout]                                at libstd/panicking.rs:391
Dec 01 03:10:13.762 INFO [stdout]    6:     0x5587fc37c715 - rust_begin_unwind
Dec 01 03:10:13.762 INFO [stdout]                                at libstd/panicking.rs:326
Dec 01 03:10:13.762 INFO [stdout]    7:     0x5587fc3d0a1b - core::panicking::panic_fmt::h2155aa66b67fe83c
Dec 01 03:10:13.762 INFO [stdout]                                at libcore/panicking.rs:77
Dec 01 03:10:13.762 INFO [stdout]    8:     0x5587fc3351f3 - core::result::unwrap_failed::h2364e09d93f2ee3e
Dec 01 03:10:13.762 INFO [stdout]                                at libcore/macros.rs:26
Dec 01 03:10:13.762 INFO [stdout]    9:     0x5587fc33504e - <core::result::Result<T, E>>::unwrap::hbceacc939c4df549
Dec 01 03:10:13.762 INFO [stdout]                                at libcore/result.rs:808
Dec 01 03:10:13.762 INFO [stdout]   10:     0x5587fc33a5d3 - integration_test::integration_test::test_run_with_help::h6f253f277b5f838a
Dec 01 03:10:13.762 INFO [stdout]                                at tests/integration_test.rs:17
Dec 01 03:10:13.762 INFO [stdout]   11:     0x5587fc33a529 - integration_test::integration_test::test_run_with_help::{{closure}}::h6d98c05254598500
Dec 01 03:10:13.762 INFO [stdout]                                at tests/integration_test.rs:16
Dec 01 03:10:13.762 INFO [stdout]   12:     0x5587fc33363d - core::ops::function::FnOnce::call_once::h22d92c1e0dd05675
Dec 01 03:10:13.762 INFO [stdout]                                at libcore/ops/function.rs:238
Dec 01 03:10:13.762 INFO [stdout]   13:     0x5587fc33cbfe - <F as alloc::boxed::FnBox<A>>::call_box::hbea525814fa423cc
Dec 01 03:10:13.762 INFO [stdout]                                at libtest/lib.rs:1461
Dec 01 03:10:13.762 INFO [stdout]                                at libcore/ops/function.rs:238
Dec 01 03:10:13.762 INFO [stdout]                                at liballoc/boxed.rs:646
Dec 01 03:10:13.762 INFO [stdout]   14:     0x5587fc3a0e49 - __rust_maybe_catch_panic
Dec 01 03:10:13.762 INFO [stdout]                                at libpanic_unwind/lib.rs:103
Dec 01 03:10:13.762 INFO [stdout]   15:     0x5587fc34855d - std::sys_common::backtrace::__rust_begin_short_backtrace::h0ff507d7422944d3
Dec 01 03:10:13.762 INFO [stdout]                                at libstd/panicking.rs:289
Dec 01 03:10:13.762 INFO [stdout]                                at libstd/panic.rs:392
Dec 01 03:10:13.762 INFO [stdout]                                at libtest/lib.rs:1416
Dec 01 03:10:13.762 INFO [stdout]                                at libstd/sys_common/backtrace.rs:136
Dec 01 03:10:13.762 INFO [stdout]   16:     0x5587fc360b94 - std::panicking::try::do_call::hba0bdcc3670471cc
Dec 01 03:10:13.762 INFO [stdout]                                at libstd/thread/mod.rs:409
Dec 01 03:10:13.762 INFO [stdout]                                at libstd/panic.rs:313
Dec 01 03:10:13.762 INFO [stdout]                                at libstd/panicking.rs:310
Dec 01 03:10:13.762 INFO [stdout]   17:     0x5587fc3a0e49 - __rust_maybe_catch_panic
Dec 01 03:10:13.762 INFO [stdout]                                at libpanic_unwind/lib.rs:103
Dec 01 03:10:13.762 INFO [stdout]   18:     0x5587fc351466 - <F as alloc::boxed::FnBox<A>>::call_box::hdac52587b00591af
Dec 01 03:10:13.762 INFO [stdout]                                at libstd/panicking.rs:289
Dec 01 03:10:13.762 INFO [stdout]                                at libstd/panic.rs:392
Dec 01 03:10:13.762 INFO [stdout]                                at libstd/thread/mod.rs:408
Dec 01 03:10:13.762 INFO [stdout]                                at liballoc/boxed.rs:646
Dec 01 03:10:13.762 INFO [stdout]   19:     0x5587fc3911ba - std::sys_common::thread::start_thread::h75d887c7d2cc4479
Dec 01 03:10:13.762 INFO [stdout]                                at liballoc/boxed.rs:656
Dec 01 03:10:13.762 INFO [stdout]                                at libstd/sys_common/thread.rs:24
Dec 01 03:10:13.762 INFO [stdout]   20:     0x5587fc37d3c5 - std::sys::unix::thread::Thread::new::thread_start::h8414caee632bf9ed
Dec 01 03:10:13.762 INFO [stdout]                                at libstd/sys/unix/thread.rs:90
Dec 01 03:10:13.762 INFO [stdout]   21:     0x7f1ec4a346b9 - start_thread
Dec 01 03:10:13.762 INFO [stdout]   22:     0x7f1ec455441c - clone
Dec 01 03:10:13.762 INFO [stdout]   23:                0x0 - <unknown>
Dec 01 03:10:13.762 INFO [stdout] 
Dec 01 03:10:13.762 INFO [stdout] ---- integration_test::test_run_with_unknown_option stdout ----
Dec 01 03:10:13.762 INFO [stdout] thread 'integration_test::test_run_with_unknown_option' panicked at 'called `Result::unwrap()` on an `Err` value: Os { code: 2, kind: NotFound, message: "No such file or directory" }', libcore/result.rs:1009:5
Dec 01 03:10:13.762 INFO [stdout] stack backtrace:
Dec 01 03:10:13.762 INFO [stdout]    0:     0x5587fc38f29e - std::sys::unix::backtrace::tracing::imp::unwind_backtrace::h15749a98198ba25f
Dec 01 03:10:13.762 INFO [stdout]                                at libstd/sys/unix/backtrace/tracing/gcc_s.rs:49
Dec 01 03:10:13.762 INFO [stdout]    1:     0x5587fc37e186 - std::sys_common::backtrace::print::h0ba65c811294dbf0
Dec 01 03:10:13.762 INFO [stdout]                                at libstd/sys_common/backtrace.rs:71
Dec 01 03:10:13.762 INFO [stdout]                                at libstd/sys_common/backtrace.rs:59
Dec 01 03:10:13.762 INFO [stdout]    2:     0x5587fc37c5ad - std::panicking::default_hook::{{closure}}::h42bb31757f0fee64
Dec 01 03:10:13.762 INFO [stdout]                                at libstd/panicking.rs:211
Dec 01 03:10:13.762 INFO [stdout]    3:     0x5587fc37c2bb - std::panicking::default_hook::hebc8848d7aa7dbd9
Dec 01 03:10:13.762 INFO [stdout]                                at libstd/panicking.rs:221
Dec 01 03:10:13.762 INFO [stdout]    4:     0x5587fc37cc5c - std::panicking::rust_panic_with_hook::h86e619a638415243
Dec 01 03:10:13.762 INFO [stdout]                                at libstd/panicking.rs:477
Dec 01 03:10:13.762 INFO [stdout]    5:     0x5587fc37c819 - std::panicking::continue_panic_fmt::h2d2d2bfb065a70b2
Dec 01 03:10:13.762 INFO [stdout]                                at libstd/panicking.rs:391
Dec 01 03:10:13.762 INFO [stdout]    6:     0x5587fc37c715 - rust_begin_unwind
Dec 01 03:10:13.762 INFO [stdout]                                at libstd/panicking.rs:326
Dec 01 03:10:13.762 INFO [stdout]    7:     0x5587fc3d0a1b - core::panicking::panic_fmt::h2155aa66b67fe83c
Dec 01 03:10:13.762 INFO [stdout]                                at libcore/panicking.rs:77
Dec 01 03:10:13.762 INFO [stdout]    8:     0x5587fc3351f3 - core::result::unwrap_failed::h2364e09d93f2ee3e
Dec 01 03:10:13.762 INFO [stdout]                                at libcore/macros.rs:26
Dec 01 03:10:13.762 INFO [stdout]    9:     0x5587fc33504e - <core::result::Result<T, E>>::unwrap::hbceacc939c4df549
Dec 01 03:10:13.762 INFO [stdout]                                at libcore/result.rs:808
Dec 01 03:10:13.762 INFO [stdout]   10:     0x5587fc33a1f3 - integration_test::integration_test::test_run_with_unknown_option::hf852861d3f6ab5fa
Dec 01 03:10:13.762 INFO [stdout]                                at tests/integration_test.rs:7
Dec 01 03:10:13.762 INFO [stdout]   11:     0x5587fc33a149 - integration_test::integration_test::test_run_with_unknown_option::{{closure}}::h4e3710a85df7e648
Dec 01 03:10:13.762 INFO [stdout]                                at tests/integration_test.rs:6
Dec 01 03:10:13.762 INFO [stdout]   12:     0x5587fc3336bd - core::ops::function::FnOnce::call_once::h9973263d519ccead
Dec 01 03:10:13.763 INFO [stdout]                                at libcore/ops/function.rs:238
Dec 01 03:10:13.763 INFO [stdout]   13:     0x5587fc33cbfe - <F as alloc::boxed::FnBox<A>>::call_box::hbea525814fa423cc
Dec 01 03:10:13.763 INFO [stdout]                                at libtest/lib.rs:1461
Dec 01 03:10:13.763 INFO [stdout]                                at libcore/ops/function.rs:238
Dec 01 03:10:13.763 INFO [stdout]                                at liballoc/boxed.rs:646
Dec 01 03:10:13.763 INFO [stdout]   14:     0x5587fc3a0e49 - __rust_maybe_catch_panic
Dec 01 03:10:13.763 INFO [stdout]                                at libpanic_unwind/lib.rs:103
Dec 01 03:10:13.763 INFO [stdout]   15:     0x5587fc34855d - std::sys_common::backtrace::__rust_begin_short_backtrace::h0ff507d7422944d3
Dec 01 03:10:13.763 INFO [stdout]                                at libstd/panicking.rs:289
Dec 01 03:10:13.763 INFO [stdout]                                at libstd/panic.rs:392
Dec 01 03:10:13.763 INFO [stdout]                                at libtest/lib.rs:1416
Dec 01 03:10:13.763 INFO [stdout]                                at libstd/sys_common/backtrace.rs:136
Dec 01 03:10:13.763 INFO [stdout]   16:     0x5587fc360b94 - std::panicking::try::do_call::hba0bdcc3670471cc
Dec 01 03:10:13.763 INFO [stdout]                                at libstd/thread/mod.rs:409
Dec 01 03:10:13.763 INFO [stdout]                                at libstd/panic.rs:313
Dec 01 03:10:13.763 INFO [stdout]                                at libstd/panicking.rs:310
Dec 01 03:10:13.763 INFO [stdout]   17:     0x5587fc3a0e49 - __rust_maybe_catch_panic
Dec 01 03:10:13.763 INFO [stdout]                                at libpanic_unwind/lib.rs:103
Dec 01 03:10:13.763 INFO [stdout]   18:     0x5587fc351466 - <F as alloc::boxed::FnBox<A>>::call_box::hdac52587b00591af
Dec 01 03:10:13.763 INFO [stdout]                                at libstd/panicking.rs:289
Dec 01 03:10:13.763 INFO [stdout]                                at libstd/panic.rs:392
Dec 01 03:10:13.763 INFO [stdout]                                at libstd/thread/mod.rs:408
Dec 01 03:10:13.763 INFO [stdout]                                at liballoc/boxed.rs:646
Dec 01 03:10:13.763 INFO [stdout]   19:     0x5587fc3911ba - std::sys_common::thread::start_thread::h75d887c7d2cc4479
Dec 01 03:10:13.763 INFO [stdout]                                at liballoc/boxed.rs:656
Dec 01 03:10:13.763 INFO [stdout]                                at libstd/sys_common/thread.rs:24
Dec 01 03:10:13.763 INFO [stdout]   20:     0x5587fc37d3c5 - std::sys::unix::thread::Thread::new::thread_start::h8414caee632bf9ed
Dec 01 03:10:13.763 INFO [stdout]                                at libstd/sys/unix/thread.rs:90
Dec 01 03:10:13.763 INFO [stdout]   21:     0x7f1ec4a346b9 - start_thread
Dec 01 03:10:13.763 INFO [stdout]   22:     0x7f1ec455441c - clone
Dec 01 03:10:13.763 INFO [stdout]   23:                0x0 - <unknown>
Dec 01 03:10:13.763 INFO [stdout] 
Dec 01 03:10:13.763 INFO [stdout] 
Dec 01 03:10:13.763 INFO [stdout] failures:
Dec 01 03:10:13.763 INFO [stdout]     integration_test::test_run_with_help
Dec 01 03:10:13.763 INFO [stdout]     integration_test::test_run_with_unknown_option
Dec 01 03:10:13.763 INFO [stdout] 
Dec 01 03:10:13.763 INFO [stdout] test result: FAILED. 0 passed; 2 failed; 0 ignored; 0 measured; 0 filtered out
Dec 01 03:10:13.763 INFO [stdout] 
Dec 01 03:10:13.783 INFO [stderr] error: test failed, to rerun pass '--test integration_test'
Dec 01 03:10:13.783 INFO [stderr] su: No module specific data is present
Dec 01 03:10:14.529 INFO running `"docker" "inspect" "8044d2566e5fe9a684a4fb9ac14e0aded7f886526959e9677a1a29974d87b3d1"`
Dec 01 03:10:14.760 INFO running `"docker" "rm" "-f" "8044d2566e5fe9a684a4fb9ac14e0aded7f886526959e9677a1a29974d87b3d1"`
Dec 01 03:10:15.044 INFO [stdout] 8044d2566e5fe9a684a4fb9ac14e0aded7f886526959e9677a1a29974d87b3d1
