Dec 01 03:40:34.875 INFO testing saghm/monger against 1.30.1 for beta-1.31-5
Dec 01 03:40:34.876 INFO running `"docker" "create" "-v" "/mnt/big/crater/work/local/target-dirs/beta-1.31-5/worker-0/1.30.1:/target:rw,Z" "-v" "/mnt/big/crater/work/local/test-source/worker-0/beta-1.31-5/1.30.1:/source:ro,Z" "-v" "/mnt/big/crater/work/local/cargo-home:/cargo-home:ro,Z" "-v" "/mnt/big/crater/work/local/rustup-home:/rustup-home:ro,Z" "-e" "USER_ID=1000" "-e" "SOURCE_DIR=/source" "-e" "USER_ID=1000" "-e" "CMD=cargo +1.30.1 build --frozen" "-e" "CARGO_TARGET_DIR=/target" "-e" "CARGO_INCREMENTAL=0" "-e" "RUST_BACKTRACE=full" "-e" "RUSTFLAGS=--cap-lints=warn" "-e" "CARGO_HOME=/cargo-home" "-e" "RUSTUP_HOME=/rustup-home" "-m" "1536M" "--network" "none" "crater"`
Dec 01 03:40:35.437 INFO [stdout] 34158b52e6444ac81f9d8bfe7ac1cde2ac5e7b294fec4589a1f2e45c202c904c
Dec 01 03:40:35.439 INFO running `"docker" "start" "-a" "34158b52e6444ac81f9d8bfe7ac1cde2ac5e7b294fec4589a1f2e45c202c904c"`
Dec 01 03:40:36.583 INFO [stderr] usermod: no changes
Dec 01 03:40:36.952 INFO [stderr]    Compiling rs-release v0.1.7
Dec 01 03:40:36.953 INFO [stderr]    Compiling dirs v1.0.4
Dec 01 03:40:36.971 INFO [stderr]    Compiling crossbeam-epoch v0.5.2
Dec 01 03:40:36.972 INFO [stderr]    Compiling want v0.0.6
Dec 01 03:40:36.972 INFO [stderr]    Compiling tokio-io v0.1.9
Dec 01 03:40:36.972 INFO [stderr]    Compiling serde_json v1.0.33
Dec 01 03:40:36.972 INFO [stderr]    Compiling backtrace v0.3.9
Dec 01 03:40:36.973 INFO [stderr]    Compiling openssl v0.10.12
Dec 01 03:40:42.888 INFO [stderr]    Compiling hyperx v0.13.1
Dec 01 03:40:42.908 INFO [stderr]    Compiling regex v1.0.6
Dec 01 03:40:42.912 INFO [stderr]    Compiling error-chain v0.12.0
Dec 01 03:40:42.947 INFO [stderr]    Compiling crossbeam-deque v0.6.1
Dec 01 03:40:46.335 INFO [stderr]    Compiling tokio-codec v0.1.1
Dec 01 03:40:46.335 INFO [stderr]    Compiling tokio-reactor v0.1.6
Dec 01 03:40:46.336 INFO [stderr]    Compiling h2 v0.1.12
Dec 01 03:40:46.703 INFO [stderr]    Compiling tokio-threadpool v0.1.7
Dec 01 03:41:02.315 INFO [stderr]    Compiling tokio-fs v0.1.3
Dec 01 03:41:02.383 INFO [stderr]    Compiling tokio-udp v0.1.2
Dec 01 03:41:02.383 INFO [stderr]    Compiling tokio-uds v0.2.2
Dec 01 03:41:02.384 INFO [stderr]    Compiling tokio-tcp v0.1.2
Dec 01 03:41:13.655 INFO [stderr]    Compiling tokio v0.1.11
Dec 01 03:41:22.008 INFO [stderr]    Compiling native-tls v0.2.1
Dec 01 03:41:29.353 INFO [stderr]    Compiling hyper v0.12.14
Dec 01 03:41:37.881 INFO [stderr]    Compiling hyper-tls v0.3.1
Dec 01 03:41:39.275 INFO [stderr]    Compiling reqwest v0.9.5
Dec 01 03:41:52.437 INFO [stderr]    Compiling monger v0.5.7 (/source)
Dec 01 03:42:03.741 INFO [stderr]     Finished dev [unoptimized + debuginfo] target(s) in 1m 27s
Dec 01 03:42:03.760 INFO [stderr] su: No module specific data is present
Dec 01 03:42:04.371 INFO running `"docker" "inspect" "34158b52e6444ac81f9d8bfe7ac1cde2ac5e7b294fec4589a1f2e45c202c904c"`
Dec 01 03:42:04.623 INFO running `"docker" "rm" "-f" "34158b52e6444ac81f9d8bfe7ac1cde2ac5e7b294fec4589a1f2e45c202c904c"`
Dec 01 03:42:04.979 INFO [stdout] 34158b52e6444ac81f9d8bfe7ac1cde2ac5e7b294fec4589a1f2e45c202c904c
Dec 01 03:42:04.981 INFO running `"docker" "create" "-v" "/mnt/big/crater/work/local/target-dirs/beta-1.31-5/worker-0/1.30.1:/target:rw,Z" "-v" "/mnt/big/crater/work/local/test-source/worker-0/beta-1.31-5/1.30.1:/source:ro,Z" "-v" "/mnt/big/crater/work/local/cargo-home:/cargo-home:ro,Z" "-v" "/mnt/big/crater/work/local/rustup-home:/rustup-home:ro,Z" "-e" "USER_ID=1000" "-e" "SOURCE_DIR=/source" "-e" "USER_ID=1000" "-e" "CMD=cargo +1.30.1 test --frozen --no-run" "-e" "CARGO_TARGET_DIR=/target" "-e" "CARGO_INCREMENTAL=0" "-e" "RUST_BACKTRACE=full" "-e" "RUSTFLAGS=--cap-lints=warn" "-e" "CARGO_HOME=/cargo-home" "-e" "RUSTUP_HOME=/rustup-home" "-m" "1536M" "--network" "none" "crater"`
Dec 01 03:42:05.397 INFO [stdout] e0f9e06ab282121f122cca8bf62361df04146c1c9f6498add2ede838f7ed530c
Dec 01 03:42:05.401 INFO running `"docker" "start" "-a" "e0f9e06ab282121f122cca8bf62361df04146c1c9f6498add2ede838f7ed530c"`
Dec 01 03:42:06.754 INFO [stderr] usermod: no changes
Dec 01 03:42:07.003 INFO [stderr]    Compiling monger v0.5.7 (/source)
Dec 01 03:42:15.019 INFO [stderr]     Finished dev [unoptimized + debuginfo] target(s) in 8.24s
Dec 01 03:42:15.031 INFO [stderr] su: No module specific data is present
Dec 01 03:42:15.356 INFO running `"docker" "inspect" "e0f9e06ab282121f122cca8bf62361df04146c1c9f6498add2ede838f7ed530c"`
Dec 01 03:42:15.410 INFO running `"docker" "rm" "-f" "e0f9e06ab282121f122cca8bf62361df04146c1c9f6498add2ede838f7ed530c"`
Dec 01 03:42:15.522 INFO [stdout] e0f9e06ab282121f122cca8bf62361df04146c1c9f6498add2ede838f7ed530c
Dec 01 03:42:15.524 INFO running `"docker" "create" "-v" "/mnt/big/crater/work/local/target-dirs/beta-1.31-5/worker-0/1.30.1:/target:rw,Z" "-v" "/mnt/big/crater/work/local/test-source/worker-0/beta-1.31-5/1.30.1:/source:ro,Z" "-v" "/mnt/big/crater/work/local/cargo-home:/cargo-home:ro,Z" "-v" "/mnt/big/crater/work/local/rustup-home:/rustup-home:ro,Z" "-e" "USER_ID=1000" "-e" "SOURCE_DIR=/source" "-e" "USER_ID=1000" "-e" "CMD=cargo +1.30.1 test --frozen" "-e" "CARGO_TARGET_DIR=/target" "-e" "CARGO_INCREMENTAL=0" "-e" "RUST_BACKTRACE=full" "-e" "RUSTFLAGS=--cap-lints=warn" "-e" "CARGO_HOME=/cargo-home" "-e" "RUSTUP_HOME=/rustup-home" "-m" "1536M" "--network" "none" "crater"`
Dec 01 03:42:15.722 INFO [stdout] 01792767e8cacce27665b1031777e54e9b0bc52a6d3f486ca8759b5f5f2dfddc
Dec 01 03:42:15.724 INFO running `"docker" "start" "-a" "01792767e8cacce27665b1031777e54e9b0bc52a6d3f486ca8759b5f5f2dfddc"`
Dec 01 03:42:16.473 INFO [stderr] usermod: no changes
Dec 01 03:42:16.695 INFO [stderr]     Finished dev [unoptimized + debuginfo] target(s) in 0.19s
Dec 01 03:42:16.704 INFO [stderr]      Running /target/debug/deps/monger-8ee3346a4c1a7346
Dec 01 03:42:16.709 INFO [stdout] 
Dec 01 03:42:16.709 INFO [stdout] running 37 tests
Dec 01 03:42:16.715 INFO [stdout] test os::linux::tests::amazon_path ... ok
Dec 01 03:42:16.715 INFO [stdout] test os::linux::tests::legacy_path ... ok
Dec 01 03:42:16.715 INFO [stdout] test os::linux::tests::debian7_path ... ok
Dec 01 03:42:16.727 INFO [stdout] test os::linux::tests::debian8_path ... ok
Dec 01 03:42:16.727 INFO [stdout] test os::linux::tests::ubuntu1204_path ... ok
Dec 01 03:42:16.728 INFO [stdout] test os::linux::tests::suse12_path ... ok
Dec 01 03:42:16.728 INFO [stdout] test os::linux::tests::ubuntu1404_path ... ok
Dec 01 03:42:16.728 INFO [stdout] test os::linux::tests::rhel6_path ... ok
Dec 01 03:42:16.728 INFO [stdout] test os::linux::tests::ubuntu1604_arm_path ... ok
Dec 01 03:42:16.728 INFO [stdout] test os::linux::tests::suse11_path ... ok
Dec 01 03:42:16.728 INFO [stdout] test os::linux::tests::rhel7_path ... ok
Dec 01 03:42:16.729 INFO [stdout] test os::macos::tests::nonssl_path ... ok
Dec 01 03:42:16.729 INFO [stdout] test os::macos::tests::ssl_path ... ok
Dec 01 03:42:16.731 INFO [stdout] test os::linux::tests::ubuntu1604_x86_64_path ... ok
Dec 01 03:42:16.731 INFO [stdout] test os::tests::debian7_linux_url ... ok
Dec 01 03:42:16.739 INFO [stdout] test os::tests::amazon_linux_url ... ok
Dec 01 03:42:16.743 INFO [stdout] test os::linux::tests::ubuntu16804_path ... ok
Dec 01 03:42:16.749 INFO [stdout] test os::tests::nonssl_osx_url ... ok
Dec 01 03:42:16.751 INFO [stdout] test os::tests::legacy_linux_url ... ok
Dec 01 03:42:16.751 INFO [stdout] test os::tests::debian8_linux_url ... ok
Dec 01 03:42:16.774 INFO [stdout] test os::tests::server2008_r2_ssl_windows_url ... ok
Dec 01 03:42:16.775 INFO [stdout] test os::tests::rhel6_linux_url ... ok
Dec 01 03:42:16.775 INFO [stdout] test os::tests::rhel7_linux_url ... ok
Dec 01 03:42:16.775 INFO [stdout] test os::tests::suse12_linux_url ... ok
Dec 01 03:42:16.775 INFO [stdout] test os::tests::server2008_windows_url ... ok
Dec 01 03:42:16.775 INFO [stdout] test os::tests::ssl_macos_url ... ok
Dec 01 03:42:16.777 INFO [stdout] test os::tests::ubuntu1604_x86_64_linux_url ... ok
Dec 01 03:42:16.777 INFO [stdout] test os::windows::tests::server2008_path ... ok
Dec 01 03:42:16.777 INFO [stdout] test os::windows::tests::server2008_r2_path ... ok
Dec 01 03:42:16.777 INFO [stdout] test os::tests::ubunutu1604_arm_linux_url ... ok
Dec 01 03:42:16.777 INFO [stdout] test os::windows::tests::server2008_r2_ssl_path ... ok
Dec 01 03:42:16.786 INFO [stdout] test os::tests::ssl_osx_url ... ok
Dec 01 03:42:16.786 INFO [stdout] test os::tests::server2008_r2_windows_url ... ok
Dec 01 03:42:16.799 INFO [stdout] test os::tests::ubunutu1404_linux_url ... ok
Dec 01 03:42:16.799 INFO [stdout] test os::tests::ubuntu1204_linux_url ... ok
Dec 01 03:42:16.801 INFO [stdout] test os::tests::suse11_linux_url ... ok
Dec 01 03:42:17.071 INFO [stdout] test client::tests::download_test ... FAILED
Dec 01 03:42:17.071 INFO [stdout] 
Dec 01 03:42:17.071 INFO [stdout] failures:
Dec 01 03:42:17.071 INFO [stdout] 
Dec 01 03:42:17.071 INFO [stdout] ---- client::tests::download_test stdout ----
Dec 01 03:42:17.071 INFO [stdout] downloading https://httpbin.org/robots.txt...
Dec 01 03:42:17.071 INFO [stdout] thread 'client::tests::download_test' panicked at 'called `Result::unwrap()` on an `Err` value: Error(Http(Inner { kind: Hyper(Error { kind: Connect, cause: Custom { kind: Other, error: StringError("failed to lookup address information: Temporary failure in name resolution") } }), url: Some("https://httpbin.org/robots.txt") }), State { next_error: None, backtrace: InternalBacktrace { backtrace: Some(stack backtrace:
Dec 01 03:42:17.071 INFO [stdout]    0:     0x55d4bb294f25 - backtrace::backtrace::libunwind::trace::hbd5425c13c1edc58
Dec 01 03:42:17.071 INFO [stdout]                         at /cargo-home/registry/src/github.com-1ecc6299db9ec823/backtrace-0.3.9/src/backtrace/libunwind.rs:53
Dec 01 03:42:17.071 INFO [stdout]                          - backtrace::backtrace::trace::h4065bfeec2b1416a
Dec 01 03:42:17.071 INFO [stdout]                         at /cargo-home/registry/src/github.com-1ecc6299db9ec823/backtrace-0.3.9/src/backtrace/mod.rs:42
Dec 01 03:42:17.071 INFO [stdout]    1:     0x55d4bb28f6be - backtrace::capture::Backtrace::new_unresolved::ha87df91bbbd6cc6a
Dec 01 03:42:17.071 INFO [stdout]                         at /cargo-home/registry/src/github.com-1ecc6299db9ec823/backtrace-0.3.9/src/capture.rs:88
Dec 01 03:42:17.071 INFO [stdout]    2:     0x55d4bb28e42f - error_chain::backtrace::imp::InternalBacktrace::new::h98ad270f4f04348c
Dec 01 03:42:17.071 INFO [stdout]                         at /cargo-home/registry/src/github.com-1ecc6299db9ec823/error-chain-0.12.0/src/backtrace.rs:56
Dec 01 03:42:17.071 INFO [stdout]    3:     0x55d4bb28c6ae - <error_chain::State as core::default::Default>::default::h7e89ae39e785ad19
Dec 01 03:42:17.071 INFO [stdout]                         at /cargo-home/registry/src/github.com-1ecc6299db9ec823/error-chain-0.12.0/src/lib.rs:666
Dec 01 03:42:17.071 INFO [stdout]    4:     0x55d4bad5fd2f - monger::error::Error::from_kind::had099bd1f8d24dbb
Dec 01 03:42:17.071 INFO [stdout]                         at /source/<::error_chain::error_chain::impl_error_chain_processed macros>:53
Dec 01 03:42:17.071 INFO [stdout]    5:     0x55d4bad5fdcc - <monger::error::Error as core::convert::From<reqwest::error::Error>>::from::hff1b6b1e1949b3da
Dec 01 03:42:17.071 INFO [stdout]                         at src/error.rs:1
Dec 01 03:42:17.071 INFO [stdout]    6:     0x55d4bad63b33 - monger::client::HttpClient::download_file::h1b9bc1eb227bed4c
Dec 01 03:42:17.071 INFO [stdout]                         at src/client.rs:26
Dec 01 03:42:17.071 INFO [stdout]    7:     0x55d4bad5f9cb - monger::client::tests::download_test::hbfbbd28d552732fc
Dec 01 03:42:17.071 INFO [stdout]                         at src/client.rs:45
Dec 01 03:42:17.071 INFO [stdout]    8:     0x55d4bad5f959 - monger::client::tests::download_test::{{closure}}::h2a1436a8355d029a
Dec 01 03:42:17.071 INFO [stdout]                         at src/client.rs:43
Dec 01 03:42:17.071 INFO [stdout]    9:     0x55d4bad5ccbd - core::ops::function::FnOnce::call_once::hea14c0f34459dc76
Dec 01 03:42:17.071 INFO [stdout]                         at libcore/ops/function.rs:238
Dec 01 03:42:17.071 INFO [stdout]   10:     0x55d4bad66c8e - test::run_test::{{closure}}::h3a5dfbe1d2fab93e
Dec 01 03:42:17.071 INFO [stdout]                         at libtest/lib.rs:1461
Dec 01 03:42:17.071 INFO [stdout]                          - core::ops::function::FnOnce::call_once::h1d9a9e4523345f36
Dec 01 03:42:17.071 INFO [stdout]                         at libcore/ops/function.rs:238
Dec 01 03:42:17.071 INFO [stdout]                          - <F as alloc::boxed::FnBox<A>>::call_box::hbea525814fa423cc
Dec 01 03:42:17.071 INFO [stdout]                         at liballoc/boxed.rs:646
Dec 01 03:42:17.071 INFO [stdout]   11:     0x55d4bb2df129 - __rust_maybe_catch_panic
Dec 01 03:42:17.071 INFO [stdout]                         at libpanic_unwind/lib.rs:103
Dec 01 03:42:17.071 INFO [stdout]   12:     0x55d4bad725ed - std::panicking::try::h52ce98afaa08c3ec
Dec 01 03:42:17.071 INFO [stdout]                         at libstd/panicking.rs:289
Dec 01 03:42:17.071 INFO [stdout]                          - std::panic::catch_unwind::h8b1fa14840c8b239
Dec 01 03:42:17.071 INFO [stdout]                         at libstd/panic.rs:392
Dec 01 03:42:17.071 INFO [stdout]                          - test::run_test::run_test_inner::{{closure}}::h0c1fb56af3cc46d2
Dec 01 03:42:17.071 INFO [stdout]                         at libtest/lib.rs:1416
Dec 01 03:42:17.071 INFO [stdout]                          - std::sys_common::backtrace::__rust_begin_short_backtrace::h0ff507d7422944d3
Dec 01 03:42:17.071 INFO [stdout]                         at libstd/sys_common/backtrace.rs:136
Dec 01 03:42:17.071 INFO [stdout]   13:     0x55d4bad8ac24 - std::thread::Builder::spawn::{{closure}}::{{closure}}::h9015d15de724c3f6
Dec 01 03:42:17.071 INFO [stdout]                         at libstd/thread/mod.rs:409
Dec 01 03:42:17.071 INFO [stdout]                          - <std::panic::AssertUnwindSafe<F> as core::ops::function::FnOnce<()>>::call_once::hdade3f732363d95a
Dec 01 03:42:17.071 INFO [stdout]                         at libstd/panic.rs:313
Dec 01 03:42:17.071 INFO [stdout]                          - std::panicking::try::do_call::hba0bdcc3670471cc
Dec 01 03:42:17.071 INFO [stdout]                         at libstd/panicking.rs:310
Dec 01 03:42:17.071 INFO [stdout]   14:     0x55d4bb2df129 - __rust_maybe_catch_panic
Dec 01 03:42:17.071 INFO [stdout]                         at libpanic_unwind/lib.rs:103
Dec 01 03:42:17.071 INFO [stdout]   15:     0x55d4bad7b4f6 - std::panicking::try::ha2cf51a98ef1d8df
Dec 01 03:42:17.071 INFO [stdout]                         at libstd/panicking.rs:289
Dec 01 03:42:17.071 INFO [stdout]                          - std::panic::catch_unwind::h9dbc14b90b636a56
Dec 01 03:42:17.071 INFO [stdout]                         at libstd/panic.rs:392
Dec 01 03:42:17.071 INFO [stdout]                          - std::thread::Builder::spawn::{{closure}}::h1e078d6b2c4e6a8f
Dec 01 03:42:17.071 INFO [stdout]                         at libstd/thread/mod.rs:408
Dec 01 03:42:17.071 INFO [stdout]                          - <F as alloc::boxed::FnBox<A>>::call_box::hdac52587b00591af
Dec 01 03:42:17.071 INFO [stdout]                         at liballoc/boxed.rs:646
Dec 01 03:42:17.071 INFO [stdout]   16:     0x55d4bb2d1a9a - <alloc::boxed::Box<(dyn alloc::boxed::FnBox<A, Output=R> + 'a)> as core::ops::function::FnOnce<A>>::call_once::hfedf8d10954bca7a
Dec 01 03:42:17.071 INFO [stdout]                         at liballoc/boxed.rs:656
Dec 01 03:42:17.071 INFO [stdout]                          - std::sys_common::thread::start_thread::h75d887c7d2cc4479
Dec 01 03:42:17.071 INFO [stdout]                         at libstd/sys_common/thread.rs:24
Dec 01 03:42:17.071 INFO [stdout]   17:     0x55d4bb2c0ab5 - std::sys::unix::thread::Thread::new::thread_start::h8414caee632bf9ed
Dec 01 03:42:17.071 INFO [stdout]                         at libstd/sys/unix/thread.rs:90
Dec 01 03:42:17.071 INFO [stdout]   18:     0x7f39c22066b9 - start_thread
Dec 01 03:42:17.071 INFO [stdout]   19:     0x7f39c1d2641c - clone
Dec 01 03:42:17.071 INFO [stdout]   20:                0x0 - <unknown>) } })', libcore/result.rs:1009:5
Dec 01 03:42:17.071 INFO [stdout] stack backtrace:
Dec 01 03:42:17.071 INFO [stdout]    0:     0x55d4bb2cff1e - std::sys::unix::backtrace::tracing::imp::unwind_backtrace::h15749a98198ba25f
Dec 01 03:42:17.071 INFO [stdout]                                at libstd/sys/unix/backtrace/tracing/gcc_s.rs:49
Dec 01 03:42:17.071 INFO [stdout]    1:     0x55d4bb2c1916 - std::sys_common::backtrace::print::h0ba65c811294dbf0
Dec 01 03:42:17.071 INFO [stdout]                                at libstd/sys_common/backtrace.rs:71
Dec 01 03:42:17.071 INFO [stdout]                                at libstd/sys_common/backtrace.rs:59
Dec 01 03:42:17.071 INFO [stdout]    2:     0x55d4bb2bfbdd - std::panicking::default_hook::{{closure}}::h42bb31757f0fee64
Dec 01 03:42:17.071 INFO [stdout]                                at libstd/panicking.rs:211
Dec 01 03:42:17.071 INFO [stdout]    3:     0x55d4bb2bf8eb - std::panicking::default_hook::hebc8848d7aa7dbd9
Dec 01 03:42:17.072 INFO [stdout]                                at libstd/panicking.rs:221
Dec 01 03:42:17.072 INFO [stdout]    4:     0x55d4bb2c028c - std::panicking::rust_panic_with_hook::h86e619a638415243
Dec 01 03:42:17.072 INFO [stdout]                                at libstd/panicking.rs:477
Dec 01 03:42:17.072 INFO [stdout]    5:     0x55d4bb2bfe49 - std::panicking::continue_panic_fmt::h2d2d2bfb065a70b2
Dec 01 03:42:17.072 INFO [stdout]                                at libstd/panicking.rs:391
Dec 01 03:42:17.072 INFO [stdout]    6:     0x55d4bb2bfd45 - rust_begin_unwind
Dec 01 03:42:17.072 INFO [stdout]                                at libstd/panicking.rs:326
Dec 01 03:42:17.072 INFO [stdout]    7:     0x55d4bb30fcdb - core::panicking::panic_fmt::h2155aa66b67fe83c
Dec 01 03:42:17.072 INFO [stdout]                                at libcore/panicking.rs:77
Dec 01 03:42:17.072 INFO [stdout]    8:     0x55d4bad59fb3 - core::result::unwrap_failed::h39b8f384d5075fdb
Dec 01 03:42:17.072 INFO [stdout]                                at libcore/macros.rs:26
Dec 01 03:42:17.072 INFO [stdout]    9:     0x55d4bad59c32 - <core::result::Result<T, E>>::unwrap::h6b36c61e8b47f7cc
Dec 01 03:42:17.072 INFO [stdout]                                at libcore/result.rs:808
Dec 01 03:42:17.072 INFO [stdout]   10:     0x55d4bad5f9e2 - monger::client::tests::download_test::hbfbbd28d552732fc
Dec 01 03:42:17.072 INFO [stdout]                                at src/client.rs:45
Dec 01 03:42:17.072 INFO [stdout]   11:     0x55d4bad5f959 - monger::client::tests::download_test::{{closure}}::h2a1436a8355d029a
Dec 01 03:42:17.072 INFO [stdout]                                at src/client.rs:43
Dec 01 03:42:17.072 INFO [stdout]   12:     0x55d4bad5ccbd - core::ops::function::FnOnce::call_once::hea14c0f34459dc76
Dec 01 03:42:17.072 INFO [stdout]                                at libcore/ops/function.rs:238
Dec 01 03:42:17.072 INFO [stdout]   13:     0x55d4bad66c8e - <F as alloc::boxed::FnBox<A>>::call_box::hbea525814fa423cc
Dec 01 03:42:17.072 INFO [stdout]                                at libtest/lib.rs:1461
Dec 01 03:42:17.072 INFO [stdout]                                at libcore/ops/function.rs:238
Dec 01 03:42:17.072 INFO [stdout]                                at liballoc/boxed.rs:646
Dec 01 03:42:17.072 INFO [stdout]   14:     0x55d4bb2df129 - __rust_maybe_catch_panic
Dec 01 03:42:17.072 INFO [stdout]                                at libpanic_unwind/lib.rs:103
Dec 01 03:42:17.072 INFO [stdout]   15:     0x55d4bad725ed - std::sys_common::backtrace::__rust_begin_short_backtrace::h0ff507d7422944d3
Dec 01 03:42:17.072 INFO [stdout]                                at libstd/panicking.rs:289
Dec 01 03:42:17.072 INFO [stdout]                                at libstd/panic.rs:392
Dec 01 03:42:17.072 INFO [stdout]                                at libtest/lib.rs:1416
Dec 01 03:42:17.072 INFO [stdout]                                at libstd/sys_common/backtrace.rs:136
Dec 01 03:42:17.072 INFO [stdout]   16:     0x55d4bad8ac24 - std::panicking::try::do_call::hba0bdcc3670471cc
Dec 01 03:42:17.072 INFO [stdout]                                at libstd/thread/mod.rs:409
Dec 01 03:42:17.072 INFO [stdout]                                at libstd/panic.rs:313
Dec 01 03:42:17.072 INFO [stdout]                                at libstd/panicking.rs:310
Dec 01 03:42:17.072 INFO [stdout]   17:     0x55d4bb2df129 - __rust_maybe_catch_panic
Dec 01 03:42:17.072 INFO [stdout]                                at libpanic_unwind/lib.rs:103
Dec 01 03:42:17.072 INFO [stdout]   18:     0x55d4bad7b4f6 - <F as alloc::boxed::FnBox<A>>::call_box::hdac52587b00591af
Dec 01 03:42:17.072 INFO [stdout]                                at libstd/panicking.rs:289
Dec 01 03:42:17.072 INFO [stdout]                                at libstd/panic.rs:392
Dec 01 03:42:17.072 INFO [stdout]                                at libstd/thread/mod.rs:408
Dec 01 03:42:17.072 INFO [stdout]                                at liballoc/boxed.rs:646
Dec 01 03:42:17.072 INFO [stdout]   19:     0x55d4bb2d1a9a - std::sys_common::thread::start_thread::h75d887c7d2cc4479
Dec 01 03:42:17.072 INFO [stdout]                                at liballoc/boxed.rs:656
Dec 01 03:42:17.072 INFO [stdout]                                at libstd/sys_common/thread.rs:24
Dec 01 03:42:17.072 INFO [stdout]   20:     0x55d4bb2c0ab5 - std::sys::unix::thread::Thread::new::thread_start::h8414caee632bf9ed
Dec 01 03:42:17.072 INFO [stdout]                                at libstd/sys/unix/thread.rs:90
Dec 01 03:42:17.072 INFO [stdout]   21:     0x7f39c22066b9 - start_thread
Dec 01 03:42:17.072 INFO [stdout]   22:     0x7f39c1d2641c - clone
Dec 01 03:42:17.072 INFO [stdout]   23:                0x0 - <unknown>
Dec 01 03:42:17.072 INFO [stdout] 
Dec 01 03:42:17.072 INFO [stdout] 
Dec 01 03:42:17.072 INFO [stdout] failures:
Dec 01 03:42:17.072 INFO [stdout]     client::tests::download_test
Dec 01 03:42:17.072 INFO [stdout] 
Dec 01 03:42:17.072 INFO [stdout] test result: FAILED. 36 passed; 1 failed; 0 ignored; 0 measured; 0 filtered out
Dec 01 03:42:17.072 INFO [stdout] 
Dec 01 03:42:17.087 INFO [stderr] error: test failed, to rerun pass '--bin monger'
Dec 01 03:42:17.087 INFO [stderr] su: No module specific data is present
Dec 01 03:42:17.368 INFO running `"docker" "inspect" "01792767e8cacce27665b1031777e54e9b0bc52a6d3f486ca8759b5f5f2dfddc"`
Dec 01 03:42:17.493 INFO running `"docker" "rm" "-f" "01792767e8cacce27665b1031777e54e9b0bc52a6d3f486ca8759b5f5f2dfddc"`
Dec 01 03:42:17.636 INFO [stdout] 01792767e8cacce27665b1031777e54e9b0bc52a6d3f486ca8759b5f5f2dfddc
