Dec 01 03:47:21.125 INFO testing ryym/rust-actix-realworld-example-app against 1.30.1 for beta-1.31-5
Dec 01 03:47:21.126 INFO running `"docker" "create" "-v" "/mnt/big/crater/work/local/target-dirs/beta-1.31-5/worker-5/1.30.1:/target:rw,Z" "-v" "/mnt/big/crater/work/local/test-source/worker-5/beta-1.31-5/1.30.1:/source:ro,Z" "-v" "/mnt/big/crater/work/local/cargo-home:/cargo-home:ro,Z" "-v" "/mnt/big/crater/work/local/rustup-home:/rustup-home:ro,Z" "-e" "USER_ID=1000" "-e" "SOURCE_DIR=/source" "-e" "USER_ID=1000" "-e" "CMD=cargo +1.30.1 build --frozen" "-e" "CARGO_TARGET_DIR=/target" "-e" "CARGO_INCREMENTAL=0" "-e" "RUST_BACKTRACE=full" "-e" "RUSTFLAGS=--cap-lints=warn" "-e" "CARGO_HOME=/cargo-home" "-e" "RUSTUP_HOME=/rustup-home" "-m" "1536M" "--network" "none" "crater"`
Dec 01 03:47:21.631 INFO [stdout] 2a4eda971f3c231ff0c8f5910b60652be9e5e7456c64ebad89b160635adac858
Dec 01 03:47:21.633 INFO running `"docker" "start" "-a" "2a4eda971f3c231ff0c8f5910b60652be9e5e7456c64ebad89b160635adac858"`
Dec 01 03:47:23.719 INFO [stderr] usermod: no changes
Dec 01 03:47:24.448 INFO [stderr]    Compiling pq-sys v0.4.6
Dec 01 03:47:24.475 INFO [stderr]    Compiling deunicode v0.4.3
Dec 01 03:47:24.484 INFO [stderr]    Compiling actix-web v0.7.13
Dec 01 03:47:24.496 INFO [stderr]    Compiling ring v0.13.2
Dec 01 03:47:24.504 INFO [stderr]    Compiling crossbeam-epoch v0.5.2
Dec 01 03:47:24.505 INFO [stderr]    Compiling crossbeam-epoch v0.6.0
Dec 01 03:47:24.520 INFO [stderr]    Compiling r2d2 v0.8.2
Dec 01 03:47:24.544 INFO [stderr]    Compiling syn v0.14.9
Dec 01 03:47:28.863 INFO [stderr]    Compiling diesel_derives v1.3.0
Dec 01 03:47:29.472 INFO [stderr]    Compiling block-buffer v0.7.0
Dec 01 03:47:32.311 INFO [stderr]    Compiling chrono v0.4.6
Dec 01 03:47:32.520 INFO [stderr]    Compiling synstructure v0.10.0
Dec 01 03:47:32.621 INFO [stderr]    Compiling regex v1.0.6
Dec 01 03:47:32.720 INFO [stderr]    Compiling slug v0.1.4
Dec 01 03:47:33.020 INFO [stderr]    Compiling sha2 v0.8.0
Dec 01 03:47:35.849 INFO [stderr]    Compiling crossbeam-deque v0.6.1
Dec 01 03:47:39.887 INFO [stderr]    Compiling tokio-reactor v0.1.6
Dec 01 03:47:39.919 INFO [stderr]    Compiling crossbeam-channel v0.2.6
Dec 01 03:48:04.767 INFO [stderr]    Compiling tokio-threadpool v0.1.7
Dec 01 03:48:04.967 INFO [stderr]    Compiling pbkdf2 v0.3.0
Dec 01 03:48:05.527 INFO [stderr]    Compiling tokio-tcp v0.1.2
Dec 01 03:48:05.727 INFO [stderr]    Compiling tokio-uds v0.2.2
Dec 01 03:48:06.003 INFO [stderr]    Compiling tokio-udp v0.1.2
Dec 01 03:48:08.059 INFO [stderr]    Compiling tokio-signal v0.2.5
Dec 01 03:48:12.191 INFO [stderr]    Compiling failure_derive v0.1.3
Dec 01 03:48:12.191 INFO [stderr]    Compiling diesel v1.3.3
Dec 01 03:48:12.315 INFO [stderr]    Compiling env_logger v0.5.13
Dec 01 03:48:17.991 INFO [stderr]    Compiling trust-dns-proto v0.4.3
Dec 01 03:48:18.071 INFO [stderr]    Compiling tokio-fs v0.1.3
Dec 01 03:48:32.047 INFO [stderr]    Compiling tokio v0.1.11
Dec 01 03:48:33.375 INFO [stderr]    Compiling cookie v0.11.0
Dec 01 03:48:33.523 INFO [stderr]    Compiling jsonwebtoken v5.0.1
Dec 01 03:48:33.683 INFO [stderr]    Compiling failure v0.1.3
Dec 01 03:48:34.243 INFO [stderr]    Compiling actix_derive v0.3.0
Dec 01 03:48:43.930 INFO [stderr]    Compiling trust-dns-proto v0.5.0-alpha.5
Dec 01 03:48:43.930 INFO [stderr]    Compiling dotenv v0.13.0
Dec 01 03:48:43.955 INFO [stderr]    Compiling trust-dns-resolver v0.9.1
Dec 01 03:48:58.903 INFO [stderr]    Compiling actix v0.7.5
Dec 01 03:49:00.823 INFO [stderr]    Compiling trust-dns-resolver v0.10.0-alpha.3
Dec 01 03:49:14.648 INFO [stderr]    Compiling actix-net v0.1.1
Dec 01 03:49:56.815 INFO [stderr]    Compiling conduit v0.1.0 (/source)
Dec 01 03:50:31.074 INFO [stderr]     Finished dev [unoptimized + debuginfo] target(s) in 3m 07s
Dec 01 03:50:31.101 INFO [stderr] su: No module specific data is present
Dec 01 03:50:31.927 INFO running `"docker" "inspect" "2a4eda971f3c231ff0c8f5910b60652be9e5e7456c64ebad89b160635adac858"`
Dec 01 03:50:32.221 INFO running `"docker" "rm" "-f" "2a4eda971f3c231ff0c8f5910b60652be9e5e7456c64ebad89b160635adac858"`
Dec 01 03:50:32.559 INFO [stdout] 2a4eda971f3c231ff0c8f5910b60652be9e5e7456c64ebad89b160635adac858
Dec 01 03:50:32.567 INFO running `"docker" "create" "-v" "/mnt/big/crater/work/local/target-dirs/beta-1.31-5/worker-5/1.30.1:/target:rw,Z" "-v" "/mnt/big/crater/work/local/test-source/worker-5/beta-1.31-5/1.30.1:/source:ro,Z" "-v" "/mnt/big/crater/work/local/cargo-home:/cargo-home:ro,Z" "-v" "/mnt/big/crater/work/local/rustup-home:/rustup-home:ro,Z" "-e" "USER_ID=1000" "-e" "SOURCE_DIR=/source" "-e" "USER_ID=1000" "-e" "CMD=cargo +1.30.1 test --frozen --no-run" "-e" "CARGO_TARGET_DIR=/target" "-e" "CARGO_INCREMENTAL=0" "-e" "RUST_BACKTRACE=full" "-e" "RUSTFLAGS=--cap-lints=warn" "-e" "CARGO_HOME=/cargo-home" "-e" "RUSTUP_HOME=/rustup-home" "-m" "1536M" "--network" "none" "crater"`
Dec 01 03:50:32.983 INFO [stdout] 4d5de70266b66c15712f6f7687cd2358a9948bada0dc935cfc88076e7c940ab4
Dec 01 03:50:32.987 INFO running `"docker" "start" "-a" "4d5de70266b66c15712f6f7687cd2358a9948bada0dc935cfc88076e7c940ab4"`
Dec 01 03:50:34.378 INFO [stderr] usermod: no changes
Dec 01 03:50:34.815 INFO [stderr]    Compiling conduit v0.1.0 (/source)
Dec 01 03:50:53.821 INFO [stderr]     Finished dev [unoptimized + debuginfo] target(s) in 19.39s
Dec 01 03:50:53.842 INFO [stderr] su: No module specific data is present
Dec 01 03:50:54.560 INFO running `"docker" "inspect" "4d5de70266b66c15712f6f7687cd2358a9948bada0dc935cfc88076e7c940ab4"`
Dec 01 03:50:54.889 INFO running `"docker" "rm" "-f" "4d5de70266b66c15712f6f7687cd2358a9948bada0dc935cfc88076e7c940ab4"`
Dec 01 03:50:55.191 INFO [stdout] 4d5de70266b66c15712f6f7687cd2358a9948bada0dc935cfc88076e7c940ab4
Dec 01 03:50:55.199 INFO running `"docker" "create" "-v" "/mnt/big/crater/work/local/target-dirs/beta-1.31-5/worker-5/1.30.1:/target:rw,Z" "-v" "/mnt/big/crater/work/local/test-source/worker-5/beta-1.31-5/1.30.1:/source:ro,Z" "-v" "/mnt/big/crater/work/local/cargo-home:/cargo-home:ro,Z" "-v" "/mnt/big/crater/work/local/rustup-home:/rustup-home:ro,Z" "-e" "USER_ID=1000" "-e" "SOURCE_DIR=/source" "-e" "USER_ID=1000" "-e" "CMD=cargo +1.30.1 test --frozen" "-e" "CARGO_TARGET_DIR=/target" "-e" "CARGO_INCREMENTAL=0" "-e" "RUST_BACKTRACE=full" "-e" "RUSTFLAGS=--cap-lints=warn" "-e" "CARGO_HOME=/cargo-home" "-e" "RUSTUP_HOME=/rustup-home" "-m" "1536M" "--network" "none" "crater"`
Dec 01 03:50:55.620 INFO [stdout] c748da52632c6ac8538c7644652e9ee4418b9c8622b6a9da3fc559ba19b871b5
Dec 01 03:50:55.622 INFO running `"docker" "start" "-a" "c748da52632c6ac8538c7644652e9ee4418b9c8622b6a9da3fc559ba19b871b5"`
Dec 01 03:50:57.007 INFO [stderr] usermod: no changes
Dec 01 03:50:57.367 INFO [stderr]     Finished dev [unoptimized + debuginfo] target(s) in 0.34s
Dec 01 03:50:57.389 INFO [stderr]      Running /target/debug/deps/conduit-f8f15d6ae5177fcc
Dec 01 03:50:57.437 INFO [stdout] 
Dec 01 03:50:57.437 INFO [stdout] running 6 tests
Dec 01 03:50:57.455 INFO [stdout] test app::users::test::sign_up_registers_user ... ok
Dec 01 03:50:57.455 INFO [stdout] test app::tags::test::list_returns_tag_response ... ok
Dec 01 03:50:58.007 INFO [stdout] test app::articles::get_article::test::no_login_required ... FAILED
Dec 01 03:50:58.008 INFO [stdout] test app::users::register_user::test::register_with_hashed_password ... FAILED
Dec 01 03:50:58.008 INFO [stdout] test app::tags::list_tags::test::list_all_tags ... FAILED
Dec 01 03:50:58.008 INFO [stdout] test app::articles::get_article::test::with_login ... FAILED
Dec 01 03:50:58.008 INFO [stdout] 
Dec 01 03:50:58.009 INFO [stdout] failures:
Dec 01 03:50:58.009 INFO [stdout] 
Dec 01 03:50:58.009 INFO [stdout] ---- app::articles::get_article::test::no_login_required stdout ----
Dec 01 03:50:58.010 INFO [stdout] Error: Error { inner: BadConnection("could not connect to server: Connection refused\n\tIs the server running on host \"localhost\" (127.0.0.1) and accepting\n\tTCP/IP connections on port 5432?\ncould not connect to server: Cannot assign requested address\n\tIs the server running on host \"localhost\" (::1) and accepting\n\tTCP/IP connections on port 5432?\n")
Dec 01 03:50:58.010 INFO [stdout] 
Dec 01 03:50:58.010 INFO [stdout] stack backtrace:
Dec 01 03:50:58.011 INFO [stdout]    0:     0x56167df72c35 - backtrace::backtrace::libunwind::trace::he75458e1cbd68ede
Dec 01 03:50:58.011 INFO [stdout]                         at /cargo-home/registry/src/github.com-1ecc6299db9ec823/backtrace-0.3.9/src/backtrace/libunwind.rs:53
Dec 01 03:50:58.011 INFO [stdout]                          - backtrace::backtrace::trace::h390dec61a04df8f9
Dec 01 03:50:58.011 INFO [stdout]                         at /cargo-home/registry/src/github.com-1ecc6299db9ec823/backtrace-0.3.9/src/backtrace/mod.rs:42
Dec 01 03:50:58.012 INFO [stdout]    1:     0x56167df6d3ce - backtrace::capture::Backtrace::new_unresolved::h33524aa8140d078b
Dec 01 03:50:58.012 INFO [stdout]                         at /cargo-home/registry/src/github.com-1ecc6299db9ec823/backtrace-0.3.9/src/capture.rs:88
Dec 01 03:50:58.012 INFO [stdout]    2:     0x56167df6c043 - failure::backtrace::internal::InternalBacktrace::new::hdcbc31d7be962dc4
Dec 01 03:50:58.013 INFO [stdout]                         at /cargo-home/registry/src/github.com-1ecc6299db9ec823/failure-0.1.3/src/backtrace/internal.rs:44
Dec 01 03:50:58.013 INFO [stdout]    3:     0x56167df6ae8c - failure::backtrace::Backtrace::new::h12af181b4f4c78f3
Dec 01 03:50:58.013 INFO [stdout]                         at /cargo-home/registry/src/github.com-1ecc6299db9ec823/failure-0.1.3/src/backtrace/mod.rs:111
Dec 01 03:50:58.014 INFO [stdout]    4:     0x56167dd29d3d - <failure::error::error_impl::ErrorImpl as core::convert::From<F>>::from::h80a5955c35eec437
Dec 01 03:50:58.014 INFO [stdout]                         at /cargo-home/registry/src/github.com-1ecc6299db9ec823/failure-0.1.3/src/error/error_impl.rs:19
Dec 01 03:50:58.014 INFO [stdout]    5:     0x56167dd01e03 - <failure::error::Error as core::convert::From<F>>::from::h56bce74826b08856
Dec 01 03:50:58.015 INFO [stdout]                         at /cargo-home/registry/src/github.com-1ecc6299db9ec823/failure-0.1.3/src/error/mod.rs:36
Dec 01 03:50:58.015 INFO [stdout]    6:     0x56167dd17173 - <T as core::convert::Into<U>>::into::h95483a49065bfa0a
Dec 01 03:50:58.015 INFO [stdout]                         at libcore/convert.rs:456
Dec 01 03:50:58.015 INFO [stdout]    7:     0x56167dd23880 - <failure::context::Context<D>>::with_err::h00d2ed83cef7b559
Dec 01 03:50:58.016 INFO [stdout]                         at /cargo-home/registry/src/github.com-1ecc6299db9ec823/failure-0.1.3/src/context.rs:105
Dec 01 03:50:58.016 INFO [stdout]    8:     0x56167dd1a616 - failure::Fail::context::h58a2162171b279c5
Dec 01 03:50:58.016 INFO [stdout]                         at /cargo-home/registry/src/github.com-1ecc6299db9ec823/failure-0.1.3/src/lib.rs:153
Dec 01 03:50:58.017 INFO [stdout]    9:     0x56167dd12516 - <core::result::Result<T, E> as failure::result_ext::ResultExt<T, E>>::context::{{closure}}::h25b2e924ef8763a2
Dec 01 03:50:58.017 INFO [stdout]                         at /cargo-home/registry/src/github.com-1ecc6299db9ec823/failure-0.1.3/src/result_ext.rs:164
Dec 01 03:50:58.017 INFO [stdout]   10:     0x56167dcf81f2 - <core::result::Result<T, E>>::map_err::h6e10f95dbb214e94
Dec 01 03:50:58.017 INFO [stdout]                         at libcore/result.rs:530
Dec 01 03:50:58.018 INFO [stdout]   11:     0x56167dcf0121 - <core::result::Result<T, E> as failure::result_ext::ResultExt<T, E>>::context::h0b704ba5f9ff99e9
Dec 01 03:50:58.018 INFO [stdout]                         at /cargo-home/registry/src/github.com-1ecc6299db9ec823/failure-0.1.3/src/result_ext.rs:164
Dec 01 03:50:58.018 INFO [stdout]   12:     0x56167dcec5db - conduit::test::Test::db_conn::h56135448ffa5bcf2
Dec 01 03:50:58.019 INFO [stdout]                         at src/test.rs:18
Dec 01 03:50:58.019 INFO [stdout]   13:     0x56167dd11eb7 - conduit::app::articles::get_article::test::no_login_required::h8cce724454cd2d60
Dec 01 03:50:58.019 INFO [stdout]                         at src/app/articles/get_article.rs:102
Dec 01 03:50:58.020 INFO [stdout]   14:     0x56167dd10c91 - conduit::app::articles::get_article::test::no_login_required::{{closure}}::h74d5764d030bfe9e
Dec 01 03:50:58.020 INFO [stdout]                         at src/app/articles/get_article.rs:100
Dec 01 03:50:58.020 INFO [stdout]   15:     0x56167dd2483d - core::ops::function::FnOnce::call_once::ha8e107381988a6ef
Dec 01 03:50:58.020 INFO [stdout]                         at libcore/ops/function.rs:238
Dec 01 03:50:58.021 INFO [stdout]   16:     0x56167dd6df2e - test::run_test::{{closure}}::h3a5dfbe1d2fab93e
Dec 01 03:50:58.021 INFO [stdout]                         at libtest/lib.rs:1461
Dec 01 03:50:58.021 INFO [stdout]                          - core::ops::function::FnOnce::call_once::h1d9a9e4523345f36
Dec 01 03:50:58.022 INFO [stdout]                         at libcore/ops/function.rs:238
Dec 01 03:50:58.022 INFO [stdout]                          - <F as alloc::boxed::FnBox<A>>::call_box::hbea525814fa423cc
Dec 01 03:50:58.022 INFO [stdout]                         at liballoc/boxed.rs:646
Dec 01 03:50:58.023 INFO [stdout]   17:     0x56167dfb6f39 - __rust_maybe_catch_panic
Dec 01 03:50:58.023 INFO [stdout]                         at libpanic_unwind/lib.rs:103
Dec 01 03:50:58.023 INFO [stdout]   18:     0x56167dd7988d - std::panicking::try::h52ce98afaa08c3ec
Dec 01 03:50:58.023 INFO [stdout]                         at libstd/panicking.rs:289
Dec 01 03:50:58.024 INFO [stdout]                          - std::panic::catch_unwind::h8b1fa14840c8b239
Dec 01 03:50:58.024 INFO [stdout]                         at libstd/panic.rs:392
Dec 01 03:50:58.024 INFO [stdout]                          - test::run_test::run_test_inner::{{closure}}::h0c1fb56af3cc46d2
Dec 01 03:50:58.025 INFO [stdout]                         at libtest/lib.rs:1416
Dec 01 03:50:58.025 INFO [stdout]                          - std::sys_common::backtrace::__rust_begin_short_backtrace::h0ff507d7422944d3
Dec 01 03:50:58.025 INFO [stdout]                         at libstd/sys_common/backtrace.rs:136
Dec 01 03:50:58.026 INFO [stdout]   19:     0x56167dd91ec4 - std::thread::Builder::spawn::{{closure}}::{{closure}}::h9015d15de724c3f6
Dec 01 03:50:58.026 INFO [stdout]                         at libstd/thread/mod.rs:409
Dec 01 03:50:58.026 INFO [stdout]                          - <std::panic::AssertUnwindSafe<F> as core::ops::function::FnOnce<()>>::call_once::hdade3f732363d95a
Dec 01 03:50:58.031 INFO [stdout]                         at libstd/panic.rs:313
Dec 01 03:50:58.031 INFO [stdout]                          - std::panicking::try::do_call::hba0bdcc3670471cc
Dec 01 03:50:58.031 INFO [stdout]                         at libstd/panicking.rs:310
Dec 01 03:50:58.031 INFO [stdout]   20:     0x56167dfb6f39 - __rust_maybe_catch_panic
Dec 01 03:50:58.032 INFO [stdout]                         at libpanic_unwind/lib.rs:103
Dec 01 03:50:58.032 INFO [stdout]   21:     0x56167dd82796 - std::panicking::try::ha2cf51a98ef1d8df
Dec 01 03:50:58.032 INFO [stdout]                         at libstd/panicking.rs:289
Dec 01 03:50:58.033 INFO [stdout]                          - std::panic::catch_unwind::h9dbc14b90b636a56
Dec 01 03:50:58.033 INFO [stdout]                         at libstd/panic.rs:392
Dec 01 03:50:58.033 INFO [stdout]                          - std::thread::Builder::spawn::{{closure}}::h1e078d6b2c4e6a8f
Dec 01 03:50:58.034 INFO [stdout]                         at libstd/thread/mod.rs:408
Dec 01 03:50:58.034 INFO [stdout]                          - <F as alloc::boxed::FnBox<A>>::call_box::hdac52587b00591af
Dec 01 03:50:58.034 INFO [stdout]                         at liballoc/boxed.rs:646
Dec 01 03:50:58.035 INFO [stdout]   22:     0x56167dfa9c2a - <alloc::boxed::Box<(dyn alloc::boxed::FnBox<A, Output=R> + 'a)> as core::ops::function::FnOnce<A>>::call_once::hfedf8d10954bca7a
Dec 01 03:50:58.035 INFO [stdout]                         at liballoc/boxed.rs:656
Dec 01 03:50:58.035 INFO [stdout]                          - std::sys_common::thread::start_thread::h75d887c7d2cc4479
Dec 01 03:50:58.035 INFO [stdout]                         at libstd/sys_common/thread.rs:24
Dec 01 03:50:58.036 INFO [stdout]   23:     0x56167df9a195 - std::sys::unix::thread::Thread::new::thread_start::h8414caee632bf9ed
Dec 01 03:50:58.036 INFO [stdout]                         at libstd/sys/unix/thread.rs:90
Dec 01 03:50:58.036 INFO [stdout]   24:     0x7fa08d7386b9 - start_thread
Dec 01 03:50:58.037 INFO [stdout]   25:     0x7fa08d25841c - clone
Dec 01 03:50:58.037 INFO [stdout]   26:                0x0 - <unknown>
Dec 01 03:50:58.037 INFO [stdout] 
Dec 01 03:50:58.037 INFO [stdout] establish connection }
Dec 01 03:50:58.038 INFO [stdout] thread 'app::articles::get_article::test::no_login_required' panicked at 'assertion failed: `(left == right)`
Dec 01 03:50:58.038 INFO [stdout]   left: `1`,
Dec 01 03:50:58.038 INFO [stdout]  right: `0`: the test returned a termination value with a non-zero status code (1) which indicates a failure', libtest/lib.rs:330:5
Dec 01 03:50:58.039 INFO [stdout] stack backtrace:
Dec 01 03:50:58.039 INFO [stdout]    0:     0x56167dfa818e - std::sys::unix::backtrace::tracing::imp::unwind_backtrace::h15749a98198ba25f
Dec 01 03:50:58.039 INFO [stdout]                                at libstd/sys/unix/backtrace/tracing/gcc_s.rs:49
Dec 01 03:50:58.039 INFO [stdout]    1:     0x56167df9af56 - std::sys_common::backtrace::print::h0ba65c811294dbf0
Dec 01 03:50:58.040 INFO [stdout]                                at libstd/sys_common/backtrace.rs:71
Dec 01 03:50:58.040 INFO [stdout]                                at libstd/sys_common/backtrace.rs:59
Dec 01 03:50:58.040 INFO [stdout]    2:     0x56167df9937d - std::panicking::default_hook::{{closure}}::h42bb31757f0fee64
Dec 01 03:50:58.041 INFO [stdout]                                at libstd/panicking.rs:211
Dec 01 03:50:58.041 INFO [stdout]    3:     0x56167df9908b - std::panicking::default_hook::hebc8848d7aa7dbd9
Dec 01 03:50:58.041 INFO [stdout]                                at libstd/panicking.rs:221
Dec 01 03:50:58.042 INFO [stdout]    4:     0x56167df99a2c - std::panicking::rust_panic_with_hook::h86e619a638415243
Dec 01 03:50:58.042 INFO [stdout]                                at libstd/panicking.rs:477
Dec 01 03:50:58.042 INFO [stdout]    5:     0x56167df995e9 - std::panicking::continue_panic_fmt::h2d2d2bfb065a70b2
Dec 01 03:50:58.047 INFO [stdout]                                at libstd/panicking.rs:391
Dec 01 03:50:58.047 INFO [stdout]    6:     0x56167df9954d - std::panicking::begin_panic_fmt::ha5097e2056ef3d5a
Dec 01 03:50:58.047 INFO [stdout]                                at libstd/panicking.rs:346
Dec 01 03:50:58.048 INFO [stdout]    7:     0x56167dd16fd4 - test::assert_test_result::h0b14640a37a9a7eb
Dec 01 03:50:58.048 INFO [stdout]                                at /source/<::std::macros::panic macros>:8
Dec 01 03:50:58.048 INFO [stdout]    8:     0x56167dd10c9b - conduit::app::articles::get_article::test::no_login_required::{{closure}}::h74d5764d030bfe9e
Dec 01 03:50:58.049 INFO [stdout]                                at src/app/articles/get_article.rs:100
Dec 01 03:50:58.049 INFO [stdout]    9:     0x56167dd2483d - core::ops::function::FnOnce::call_once::ha8e107381988a6ef
Dec 01 03:50:58.049 INFO [stdout]                                at libcore/ops/function.rs:238
Dec 01 03:50:58.050 INFO [stdout]   10:     0x56167dd6df2e - <F as alloc::boxed::FnBox<A>>::call_box::hbea525814fa423cc
Dec 01 03:50:58.050 INFO [stdout]                                at libtest/lib.rs:1461
Dec 01 03:50:58.050 INFO [stdout]                                at libcore/ops/function.rs:238
Dec 01 03:50:58.050 INFO [stdout]                                at liballoc/boxed.rs:646
Dec 01 03:50:58.051 INFO [stdout]   11:     0x56167dfb6f39 - __rust_maybe_catch_panic
Dec 01 03:50:58.051 INFO [stdout]                                at libpanic_unwind/lib.rs:103
Dec 01 03:50:58.051 INFO [stdout]   12:     0x56167dd7988d - std::sys_common::backtrace::__rust_begin_short_backtrace::h0ff507d7422944d3
Dec 01 03:50:58.052 INFO [stdout]                                at libstd/panicking.rs:289
Dec 01 03:50:58.052 INFO [stdout]                                at libstd/panic.rs:392
Dec 01 03:50:58.052 INFO [stdout]                                at libtest/lib.rs:1416
Dec 01 03:50:58.053 INFO [stdout]                                at libstd/sys_common/backtrace.rs:136
Dec 01 03:50:58.053 INFO [stdout]   13:     0x56167dd91ec4 - std::panicking::try::do_call::hba0bdcc3670471cc
Dec 01 03:50:58.053 INFO [stdout]                                at libstd/thread/mod.rs:409
Dec 01 03:50:58.054 INFO [stdout]                                at libstd/panic.rs:313
Dec 01 03:50:58.054 INFO [stdout]                                at libstd/panicking.rs:310
Dec 01 03:50:58.054 INFO [stdout]   14:     0x56167dfb6f39 - __rust_maybe_catch_panic
Dec 01 03:50:58.054 INFO [stdout]                                at libpanic_unwind/lib.rs:103
Dec 01 03:50:58.055 INFO [stdout]   15:     0x56167dd82796 - <F as alloc::boxed::FnBox<A>>::call_box::hdac52587b00591af
Dec 01 03:50:58.055 INFO [stdout]                                at libstd/panicking.rs:289
Dec 01 03:50:58.055 INFO [stdout]                                at libstd/panic.rs:392
Dec 01 03:50:58.056 INFO [stdout]                                at libstd/thread/mod.rs:408
Dec 01 03:50:58.056 INFO [stdout]                                at liballoc/boxed.rs:646
Dec 01 03:50:58.056 INFO [stdout]   16:     0x56167dfa9c2a - std::sys_common::thread::start_thread::h75d887c7d2cc4479
Dec 01 03:50:58.056 INFO [stdout]                                at liballoc/boxed.rs:656
Dec 01 03:50:58.057 INFO [stdout]                                at libstd/sys_common/thread.rs:24
Dec 01 03:50:58.057 INFO [stdout]   17:     0x56167df9a195 - std::sys::unix::thread::Thread::new::thread_start::h8414caee632bf9ed
Dec 01 03:50:58.057 INFO [stdout]                                at libstd/sys/unix/thread.rs:90
Dec 01 03:50:58.057 INFO [stdout]   18:     0x7fa08d7386b9 - start_thread
Dec 01 03:50:58.058 INFO [stdout]   19:     0x7fa08d25841c - clone
Dec 01 03:50:58.058 INFO [stdout]   20:                0x0 - <unknown>
Dec 01 03:50:58.058 INFO [stdout] 
Dec 01 03:50:58.059 INFO [stdout] ---- app::users::register_user::test::register_with_hashed_password stdout ----
Dec 01 03:50:58.059 INFO [stdout] Error: Error { inner: BadConnection("could not connect to server: Connection refused\n\tIs the server running on host \"localhost\" (127.0.0.1) and accepting\n\tTCP/IP connections on port 5432?\ncould not connect to server: Cannot assign requested address\n\tIs the server running on host \"localhost\" (::1) and accepting\n\tTCP/IP connections on port 5432?\n")
Dec 01 03:50:58.059 INFO [stdout] 
Dec 01 03:50:58.059 INFO [stdout] stack backtrace:
Dec 01 03:50:58.060 INFO [stdout]    0:     0x56167df72c35 - backtrace::backtrace::libunwind::trace::he75458e1cbd68ede
Dec 01 03:50:58.060 INFO [stdout]                         at /cargo-home/registry/src/github.com-1ecc6299db9ec823/backtrace-0.3.9/src/backtrace/libunwind.rs:53
Dec 01 03:50:58.060 INFO [stdout]                          - backtrace::backtrace::trace::h390dec61a04df8f9
Dec 01 03:50:58.061 INFO [stdout]                         at /cargo-home/registry/src/github.com-1ecc6299db9ec823/backtrace-0.3.9/src/backtrace/mod.rs:42
Dec 01 03:50:58.061 INFO [stdout]    1:     0x56167df6d3ce - backtrace::capture::Backtrace::new_unresolved::h33524aa8140d078b
Dec 01 03:50:58.061 INFO [stdout]                         at /cargo-home/registry/src/github.com-1ecc6299db9ec823/backtrace-0.3.9/src/capture.rs:88
Dec 01 03:50:58.061 INFO [stdout]    2:     0x56167df6c043 - failure::backtrace::internal::InternalBacktrace::new::hdcbc31d7be962dc4
Dec 01 03:50:58.062 INFO [stdout]                         at /cargo-home/registry/src/github.com-1ecc6299db9ec823/failure-0.1.3/src/backtrace/internal.rs:44
Dec 01 03:50:58.062 INFO [stdout]    3:     0x56167df6ae8c - failure::backtrace::Backtrace::new::h12af181b4f4c78f3
Dec 01 03:50:58.062 INFO [stdout]                         at /cargo-home/registry/src/github.com-1ecc6299db9ec823/failure-0.1.3/src/backtrace/mod.rs:111
Dec 01 03:50:58.063 INFO [stdout]    4:     0x56167dd29d3d - <failure::error::error_impl::ErrorImpl as core::convert::From<F>>::from::h80a5955c35eec437
Dec 01 03:50:58.063 INFO [stdout]                         at /cargo-home/registry/src/github.com-1ecc6299db9ec823/failure-0.1.3/src/error/error_impl.rs:19
Dec 01 03:50:58.063 INFO [stdout]    5:     0x56167dd01e03 - <failure::error::Error as core::convert::From<F>>::from::h56bce74826b08856
Dec 01 03:50:58.064 INFO [stdout]                         at /cargo-home/registry/src/github.com-1ecc6299db9ec823/failure-0.1.3/src/error/mod.rs:36
Dec 01 03:50:58.064 INFO [stdout]    6:     0x56167dd17173 - <T as core::convert::Into<U>>::into::h95483a49065bfa0a
Dec 01 03:50:58.064 INFO [stdout]                         at libcore/convert.rs:456
Dec 01 03:50:58.065 INFO [stdout]    7:     0x56167dd23880 - <failure::context::Context<D>>::with_err::h00d2ed83cef7b559
Dec 01 03:50:58.065 INFO [stdout]                         at /cargo-home/registry/src/github.com-1ecc6299db9ec823/failure-0.1.3/src/context.rs:105
Dec 01 03:50:58.065 INFO [stdout]    8:     0x56167dd1a616 - failure::Fail::context::h58a2162171b279c5
Dec 01 03:50:58.065 INFO [stdout]                         at /cargo-home/registry/src/github.com-1ecc6299db9ec823/failure-0.1.3/src/lib.rs:153
Dec 01 03:50:58.066 INFO [stdout]    9:     0x56167dd12516 - <core::result::Result<T, E> as failure::result_ext::ResultExt<T, E>>::context::{{closure}}::h25b2e924ef8763a2
Dec 01 03:50:58.066 INFO [stdout]                         at /cargo-home/registry/src/github.com-1ecc6299db9ec823/failure-0.1.3/src/result_ext.rs:164
Dec 01 03:50:58.066 INFO [stdout]   10:     0x56167dcf81f2 - <core::result::Result<T, E>>::map_err::h6e10f95dbb214e94
Dec 01 03:50:58.067 INFO [stdout]                         at libcore/result.rs:530
Dec 01 03:50:58.067 INFO [stdout]   11:     0x56167dcf0121 - <core::result::Result<T, E> as failure::result_ext::ResultExt<T, E>>::context::h0b704ba5f9ff99e9
Dec 01 03:50:58.067 INFO [stdout]                         at /cargo-home/registry/src/github.com-1ecc6299db9ec823/failure-0.1.3/src/result_ext.rs:164
Dec 01 03:50:58.067 INFO [stdout]   12:     0x56167dcec5db - conduit::test::Test::db_conn::h56135448ffa5bcf2
Dec 01 03:50:58.068 INFO [stdout]                         at src/test.rs:18
Dec 01 03:50:58.068 INFO [stdout]   13:     0x56167dd2bc77 - conduit::app::users::register_user::test::register_with_hashed_password::h63da2197711b3120
Dec 01 03:50:58.068 INFO [stdout]                         at src/app/users/register_user.rs:37
Dec 01 03:50:58.069 INFO [stdout]   14:     0x56167dd2ad61 - conduit::app::users::register_user::test::register_with_hashed_password::{{closure}}::h6493803af29e283f
Dec 01 03:50:58.069 INFO [stdout]                         at src/app/users/register_user.rs:35
Dec 01 03:50:58.069 INFO [stdout]   15:     0x56167dd2493d - core::ops::function::FnOnce::call_once::hb6ff6c91e8cc5b4e
Dec 01 03:50:58.070 INFO [stdout]                         at libcore/ops/function.rs:238
Dec 01 03:50:58.070 INFO [stdout]   16:     0x56167dd6df2e - test::run_test::{{closure}}::h3a5dfbe1d2fab93e
Dec 01 03:50:58.070 INFO [stdout]                         at libtest/lib.rs:1461
Dec 01 03:50:58.070 INFO [stdout]                          - core::ops::function::FnOnce::call_once::h1d9a9e4523345f36
Dec 01 03:50:58.071 INFO [stdout]                         at libcore/ops/function.rs:238
Dec 01 03:50:58.071 INFO [stdout]                          - <F as alloc::boxed::FnBox<A>>::call_box::hbea525814fa423cc
Dec 01 03:50:58.071 INFO [stdout]                         at liballoc/boxed.rs:646
Dec 01 03:50:58.072 INFO [stdout]   17:     0x56167dfb6f39 - __rust_maybe_catch_panic
Dec 01 03:50:58.072 INFO [stdout]                         at libpanic_unwind/lib.rs:103
Dec 01 03:50:58.072 INFO [stdout]   18:     0x56167dd7988d - std::panicking::try::h52ce98afaa08c3ec
Dec 01 03:50:58.072 INFO [stdout]                         at libstd/panicking.rs:289
Dec 01 03:50:58.073 INFO [stdout]                          - std::panic::catch_unwind::h8b1fa14840c8b239
Dec 01 03:50:58.073 INFO [stdout]                         at libstd/panic.rs:392
Dec 01 03:50:58.073 INFO [stdout]                          - test::run_test::run_test_inner::{{closure}}::h0c1fb56af3cc46d2
Dec 01 03:50:58.073 INFO [stdout]                         at libtest/lib.rs:1416
Dec 01 03:50:58.073 INFO [stdout]                          - std::sys_common::backtrace::__rust_begin_short_backtrace::h0ff507d7422944d3
Dec 01 03:50:58.073 INFO [stdout]                         at libstd/sys_common/backtrace.rs:136
Dec 01 03:50:58.073 INFO [stdout]   19:     0x56167dd91ec4 - std::thread::Builder::spawn::{{closure}}::{{closure}}::h9015d15de724c3f6
Dec 01 03:50:58.073 INFO [stdout]                         at libstd/thread/mod.rs:409
Dec 01 03:50:58.073 INFO [stdout]                          - <std::panic::AssertUnwindSafe<F> as core::ops::function::FnOnce<()>>::call_once::hdade3f732363d95a
Dec 01 03:50:58.073 INFO [stdout]                         at libstd/panic.rs:313
Dec 01 03:50:58.073 INFO [stdout]                          - std::panicking::try::do_call::hba0bdcc3670471cc
Dec 01 03:50:58.073 INFO [stdout]                         at libstd/panicking.rs:310
Dec 01 03:50:58.073 INFO [stdout]   20:     0x56167dfb6f39 - __rust_maybe_catch_panic
Dec 01 03:50:58.073 INFO [stdout]                         at libpanic_unwind/lib.rs:103
Dec 01 03:50:58.073 INFO [stdout]   21:     0x56167dd82796 - std::panicking::try::ha2cf51a98ef1d8df
Dec 01 03:50:58.073 INFO [stdout]                         at libstd/panicking.rs:289
Dec 01 03:50:58.073 INFO [stdout]                          - std::panic::catch_unwind::h9dbc14b90b636a56
Dec 01 03:50:58.073 INFO [stdout]                         at libstd/panic.rs:392
Dec 01 03:50:58.073 INFO [stdout]                          - std::thread::Builder::spawn::{{closure}}::h1e078d6b2c4e6a8f
Dec 01 03:50:58.073 INFO [stdout]                         at libstd/thread/mod.rs:408
Dec 01 03:50:58.073 INFO [stdout]                          - <F as alloc::boxed::FnBox<A>>::call_box::hdac52587b00591af
Dec 01 03:50:58.073 INFO [stdout]                         at liballoc/boxed.rs:646
Dec 01 03:50:58.073 INFO [stdout]   22:     0x56167dfa9c2a - <alloc::boxed::Box<(dyn alloc::boxed::FnBox<A, Output=R> + 'a)> as core::ops::function::FnOnce<A>>::call_once::hfedf8d10954bca7a
Dec 01 03:50:58.073 INFO [stdout]                         at liballoc/boxed.rs:656
Dec 01 03:50:58.073 INFO [stdout]                          - std::sys_common::thread::start_thread::h75d887c7d2cc4479
Dec 01 03:50:58.073 INFO [stdout]                         at libstd/sys_common/thread.rs:24
Dec 01 03:50:58.073 INFO [stdout]   23:     0x56167df9a195 - std::sys::unix::thread::Thread::new::thread_start::h8414caee632bf9ed
Dec 01 03:50:58.074 INFO [stdout]                         at libstd/sys/unix/thread.rs:90
Dec 01 03:50:58.074 INFO [stdout]   24:     0x7fa08d7386b9 - start_thread
Dec 01 03:50:58.074 INFO [stdout]   25:     0x7fa08d25841c - clone
Dec 01 03:50:58.074 INFO [stdout]   26:                0x0 - <unknown>
Dec 01 03:50:58.074 INFO [stdout] 
Dec 01 03:50:58.074 INFO [stdout] establish connection }
Dec 01 03:50:58.074 INFO [stdout] thread 'app::users::register_user::test::register_with_hashed_password' panicked at 'assertion failed: `(left == right)`
Dec 01 03:50:58.074 INFO [stdout]   left: `1`,
Dec 01 03:50:58.074 INFO [stdout]  right: `0`: the test returned a termination value with a non-zero status code (1) which indicates a failure', libtest/lib.rs:330:5
Dec 01 03:50:58.074 INFO [stdout] stack backtrace:
Dec 01 03:50:58.074 INFO [stdout]    0:     0x56167dfa818e - std::sys::unix::backtrace::tracing::imp::unwind_backtrace::h15749a98198ba25f
Dec 01 03:50:58.074 INFO [stdout]                                at libstd/sys/unix/backtrace/tracing/gcc_s.rs:49
Dec 01 03:50:58.074 INFO [stdout]    1:     0x56167df9af56 - std::sys_common::backtrace::print::h0ba65c811294dbf0
Dec 01 03:50:58.074 INFO [stdout]                                at libstd/sys_common/backtrace.rs:71
Dec 01 03:50:58.074 INFO [stdout]                                at libstd/sys_common/backtrace.rs:59
Dec 01 03:50:58.074 INFO [stdout]    2:     0x56167df9937d - std::panicking::default_hook::{{closure}}::h42bb31757f0fee64
Dec 01 03:50:58.074 INFO [stdout]                                at libstd/panicking.rs:211
Dec 01 03:50:58.074 INFO [stdout]    3:     0x56167df9908b - std::panicking::default_hook::hebc8848d7aa7dbd9
Dec 01 03:50:58.074 INFO [stdout]                                at libstd/panicking.rs:221
Dec 01 03:50:58.074 INFO [stdout]    4:     0x56167df99a2c - std::panicking::rust_panic_with_hook::h86e619a638415243
Dec 01 03:50:58.074 INFO [stdout]                                at libstd/panicking.rs:477
Dec 01 03:50:58.074 INFO [stdout]    5:     0x56167df995e9 - std::panicking::continue_panic_fmt::h2d2d2bfb065a70b2
Dec 01 03:50:58.074 INFO [stdout]                                at libstd/panicking.rs:391
Dec 01 03:50:58.074 INFO [stdout]    6:     0x56167df9954d - std::panicking::begin_panic_fmt::ha5097e2056ef3d5a
Dec 01 03:50:58.074 INFO [stdout]                                at libstd/panicking.rs:346
Dec 01 03:50:58.074 INFO [stdout]    7:     0x56167dd16fd4 - test::assert_test_result::h0b14640a37a9a7eb
Dec 01 03:50:58.074 INFO [stdout]                                at /source/<::std::macros::panic macros>:8
Dec 01 03:50:58.074 INFO [stdout]    8:     0x56167dd2ad6b - conduit::app::users::register_user::test::register_with_hashed_password::{{closure}}::h6493803af29e283f
Dec 01 03:50:58.074 INFO [stdout]                                at src/app/users/register_user.rs:35
Dec 01 03:50:58.074 INFO [stdout]    9:     0x56167dd2493d - core::ops::function::FnOnce::call_once::hb6ff6c91e8cc5b4e
Dec 01 03:50:58.074 INFO [stdout]                                at libcore/ops/function.rs:238
Dec 01 03:50:58.074 INFO [stdout]   10:     0x56167dd6df2e - <F as alloc::boxed::FnBox<A>>::call_box::hbea525814fa423cc
Dec 01 03:50:58.074 INFO [stdout]                                at libtest/lib.rs:1461
Dec 01 03:50:58.074 INFO [stdout]                                at libcore/ops/function.rs:238
Dec 01 03:50:58.074 INFO [stdout]                                at liballoc/boxed.rs:646
Dec 01 03:50:58.074 INFO [stdout]   11:     0x56167dfb6f39 - __rust_maybe_catch_panic
Dec 01 03:50:58.074 INFO [stdout]                                at libpanic_unwind/lib.rs:103
Dec 01 03:50:58.074 INFO [stdout]   12:     0x56167dd7988d - std::sys_common::backtrace::__rust_begin_short_backtrace::h0ff507d7422944d3
Dec 01 03:50:58.074 INFO [stdout]                                at libstd/panicking.rs:289
Dec 01 03:50:58.074 INFO [stdout]                                at libstd/panic.rs:392
Dec 01 03:50:58.074 INFO [stdout]                                at libtest/lib.rs:1416
Dec 01 03:50:58.074 INFO [stdout]                                at libstd/sys_common/backtrace.rs:136
Dec 01 03:50:58.074 INFO [stdout]   13:     0x56167dd91ec4 - std::panicking::try::do_call::hba0bdcc3670471cc
Dec 01 03:50:58.074 INFO [stdout]                                at libstd/thread/mod.rs:409
Dec 01 03:50:58.074 INFO [stdout]                                at libstd/panic.rs:313
Dec 01 03:50:58.074 INFO [stdout]                                at libstd/panicking.rs:310
Dec 01 03:50:58.074 INFO [stdout]   14:     0x56167dfb6f39 - __rust_maybe_catch_panic
Dec 01 03:50:58.074 INFO [stdout]                                at libpanic_unwind/lib.rs:103
Dec 01 03:50:58.074 INFO [stdout]   15:     0x56167dd82796 - <F as alloc::boxed::FnBox<A>>::call_box::hdac52587b00591af
Dec 01 03:50:58.074 INFO [stdout]                                at libstd/panicking.rs:289
Dec 01 03:50:58.074 INFO [stdout]                                at libstd/panic.rs:392
Dec 01 03:50:58.074 INFO [stdout]                                at libstd/thread/mod.rs:408
Dec 01 03:50:58.074 INFO [stdout]                                at liballoc/boxed.rs:646
Dec 01 03:50:58.074 INFO [stdout]   16:     0x56167dfa9c2a - std::sys_common::thread::start_thread::h75d887c7d2cc4479
Dec 01 03:50:58.074 INFO [stdout]                                at liballoc/boxed.rs:656
Dec 01 03:50:58.074 INFO [stdout]                                at libstd/sys_common/thread.rs:24
Dec 01 03:50:58.074 INFO [stdout]   17:     0x56167df9a195 - std::sys::unix::thread::Thread::new::thread_start::h8414caee632bf9ed
Dec 01 03:50:58.074 INFO [stdout]                                at libstd/sys/unix/thread.rs:90
Dec 01 03:50:58.074 INFO [stdout]   18:     0x7fa08d7386b9 - start_thread
Dec 01 03:50:58.074 INFO [stdout]   19:     0x7fa08d25841c - clone
Dec 01 03:50:58.074 INFO [stdout]   20:                0x0 - <unknown>
Dec 01 03:50:58.074 INFO [stdout] 
Dec 01 03:50:58.074 INFO [stdout] ---- app::tags::list_tags::test::list_all_tags stdout ----
Dec 01 03:50:58.074 INFO [stdout] Error: Error { inner: BadConnection("could not connect to server: Connection refused\n\tIs the server running on host \"localhost\" (127.0.0.1) and accepting\n\tTCP/IP connections on port 5432?\ncould not connect to server: Cannot assign requested address\n\tIs the server running on host \"localhost\" (::1) and accepting\n\tTCP/IP connections on port 5432?\n")
Dec 01 03:50:58.074 INFO [stdout] 
Dec 01 03:50:58.074 INFO [stdout] stack backtrace:
Dec 01 03:50:58.074 INFO [stdout]    0:     0x56167df72c35 - backtrace::backtrace::libunwind::trace::he75458e1cbd68ede
Dec 01 03:50:58.074 INFO [stdout]                         at /cargo-home/registry/src/github.com-1ecc6299db9ec823/backtrace-0.3.9/src/backtrace/libunwind.rs:53
Dec 01 03:50:58.074 INFO [stdout]                          - backtrace::backtrace::trace::h390dec61a04df8f9
Dec 01 03:50:58.074 INFO [stdout]                         at /cargo-home/registry/src/github.com-1ecc6299db9ec823/backtrace-0.3.9/src/backtrace/mod.rs:42
Dec 01 03:50:58.074 INFO [stdout]    1:     0x56167df6d3ce - backtrace::capture::Backtrace::new_unresolved::h33524aa8140d078b
Dec 01 03:50:58.074 INFO [stdout]                         at /cargo-home/registry/src/github.com-1ecc6299db9ec823/backtrace-0.3.9/src/capture.rs:88
Dec 01 03:50:58.074 INFO [stdout]    2:     0x56167df6c043 - failure::backtrace::internal::InternalBacktrace::new::hdcbc31d7be962dc4
Dec 01 03:50:58.074 INFO [stdout]                         at /cargo-home/registry/src/github.com-1ecc6299db9ec823/failure-0.1.3/src/backtrace/internal.rs:44
Dec 01 03:50:58.074 INFO [stdout]    3:     0x56167df6ae8c - failure::backtrace::Backtrace::new::h12af181b4f4c78f3
Dec 01 03:50:58.074 INFO [stdout]                         at /cargo-home/registry/src/github.com-1ecc6299db9ec823/failure-0.1.3/src/backtrace/mod.rs:111
Dec 01 03:50:58.074 INFO [stdout]    4:     0x56167dd29d3d - <failure::error::error_impl::ErrorImpl as core::convert::From<F>>::from::h80a5955c35eec437
Dec 01 03:50:58.074 INFO [stdout]                         at /cargo-home/registry/src/github.com-1ecc6299db9ec823/failure-0.1.3/src/error/error_impl.rs:19
Dec 01 03:50:58.074 INFO [stdout]    5:     0x56167dd01e03 - <failure::error::Error as core::convert::From<F>>::from::h56bce74826b08856
Dec 01 03:50:58.074 INFO [stdout]                         at /cargo-home/registry/src/github.com-1ecc6299db9ec823/failure-0.1.3/src/error/mod.rs:36
Dec 01 03:50:58.074 INFO [stdout]    6:     0x56167dd17173 - <T as core::convert::Into<U>>::into::h95483a49065bfa0a
Dec 01 03:50:58.075 INFO [stdout]                         at libcore/convert.rs:456
Dec 01 03:50:58.075 INFO [stdout]    7:     0x56167dd23880 - <failure::context::Context<D>>::with_err::h00d2ed83cef7b559
Dec 01 03:50:58.075 INFO [stdout]                         at /cargo-home/registry/src/github.com-1ecc6299db9ec823/failure-0.1.3/src/context.rs:105
Dec 01 03:50:58.075 INFO [stdout]    8:     0x56167dd1a616 - failure::Fail::context::h58a2162171b279c5
Dec 01 03:50:58.075 INFO [stdout]                         at /cargo-home/registry/src/github.com-1ecc6299db9ec823/failure-0.1.3/src/lib.rs:153
Dec 01 03:50:58.075 INFO [stdout]    9:     0x56167dd12516 - <core::result::Result<T, E> as failure::result_ext::ResultExt<T, E>>::context::{{closure}}::h25b2e924ef8763a2
Dec 01 03:50:58.075 INFO [stdout]                         at /cargo-home/registry/src/github.com-1ecc6299db9ec823/failure-0.1.3/src/result_ext.rs:164
Dec 01 03:50:58.075 INFO [stdout]   10:     0x56167dcf81f2 - <core::result::Result<T, E>>::map_err::h6e10f95dbb214e94
Dec 01 03:50:58.075 INFO [stdout]                         at libcore/result.rs:530
Dec 01 03:50:58.075 INFO [stdout]   11:     0x56167dcf0121 - <core::result::Result<T, E> as failure::result_ext::ResultExt<T, E>>::context::h0b704ba5f9ff99e9
Dec 01 03:50:58.075 INFO [stdout]                         at /cargo-home/registry/src/github.com-1ecc6299db9ec823/failure-0.1.3/src/result_ext.rs:164
Dec 01 03:50:58.075 INFO [stdout]   12:     0x56167dcec5db - conduit::test::Test::db_conn::h56135448ffa5bcf2
Dec 01 03:50:58.075 INFO [stdout]                         at src/test.rs:18
Dec 01 03:50:58.075 INFO [stdout]   13:     0x56167dcefc41 - conduit::app::tags::list_tags::test::list_all_tags::hdf3398f3e1081fd2
Dec 01 03:50:58.075 INFO [stdout]                         at src/app/tags/list_tags.rs:31
Dec 01 03:50:58.075 INFO [stdout]   14:     0x56167dceec21 - conduit::app::tags::list_tags::test::list_all_tags::{{closure}}::h778541016de93428
Dec 01 03:50:58.075 INFO [stdout]                         at src/app/tags/list_tags.rs:28
Dec 01 03:50:58.075 INFO [stdout]   15:     0x56167dd246bd - core::ops::function::FnOnce::call_once::h50108ccaf3f7fd9b
Dec 01 03:50:58.075 INFO [stdout]                         at libcore/ops/function.rs:238
Dec 01 03:50:58.075 INFO [stdout]   16:     0x56167dd6df2e - test::run_test::{{closure}}::h3a5dfbe1d2fab93e
Dec 01 03:50:58.075 INFO [stdout]                         at libtest/lib.rs:1461
Dec 01 03:50:58.075 INFO [stdout]                          - core::ops::function::FnOnce::call_once::h1d9a9e4523345f36
Dec 01 03:50:58.075 INFO [stdout]                         at libcore/ops/function.rs:238
Dec 01 03:50:58.075 INFO [stdout]                          - <F as alloc::boxed::FnBox<A>>::call_box::hbea525814fa423cc
Dec 01 03:50:58.075 INFO [stdout]                         at liballoc/boxed.rs:646
Dec 01 03:50:58.075 INFO [stdout]   17:     0x56167dfb6f39 - __rust_maybe_catch_panic
Dec 01 03:50:58.075 INFO [stdout]                         at libpanic_unwind/lib.rs:103
Dec 01 03:50:58.075 INFO [stdout]   18:     0x56167dd7988d - std::panicking::try::h52ce98afaa08c3ec
Dec 01 03:50:58.075 INFO [stdout]                         at libstd/panicking.rs:289
Dec 01 03:50:58.075 INFO [stdout]                          - std::panic::catch_unwind::h8b1fa14840c8b239
Dec 01 03:50:58.075 INFO [stdout]                         at libstd/panic.rs:392
Dec 01 03:50:58.075 INFO [stdout]                          - test::run_test::run_test_inner::{{closure}}::h0c1fb56af3cc46d2
Dec 01 03:50:58.075 INFO [stdout]                         at libtest/lib.rs:1416
Dec 01 03:50:58.075 INFO [stdout]                          - std::sys_common::backtrace::__rust_begin_short_backtrace::h0ff507d7422944d3
Dec 01 03:50:58.075 INFO [stdout]                         at libstd/sys_common/backtrace.rs:136
Dec 01 03:50:58.075 INFO [stdout]   19:     0x56167dd91ec4 - std::thread::Builder::spawn::{{closure}}::{{closure}}::h9015d15de724c3f6
Dec 01 03:50:58.075 INFO [stdout]                         at libstd/thread/mod.rs:409
Dec 01 03:50:58.075 INFO [stdout]                          - <std::panic::AssertUnwindSafe<F> as core::ops::function::FnOnce<()>>::call_once::hdade3f732363d95a
Dec 01 03:50:58.075 INFO [stdout]                         at libstd/panic.rs:313
Dec 01 03:50:58.075 INFO [stdout]                          - std::panicking::try::do_call::hba0bdcc3670471cc
Dec 01 03:50:58.075 INFO [stdout]                         at libstd/panicking.rs:310
Dec 01 03:50:58.075 INFO [stdout]   20:     0x56167dfb6f39 - __rust_maybe_catch_panic
Dec 01 03:50:58.075 INFO [stdout]                         at libpanic_unwind/lib.rs:103
Dec 01 03:50:58.075 INFO [stdout]   21:     0x56167dd82796 - std::panicking::try::ha2cf51a98ef1d8df
Dec 01 03:50:58.075 INFO [stdout]                         at libstd/panicking.rs:289
Dec 01 03:50:58.075 INFO [stdout]                          - std::panic::catch_unwind::h9dbc14b90b636a56
Dec 01 03:50:58.075 INFO [stdout]                         at libstd/panic.rs:392
Dec 01 03:50:58.075 INFO [stdout]                          - std::thread::Builder::spawn::{{closure}}::h1e078d6b2c4e6a8f
Dec 01 03:50:58.075 INFO [stdout]                         at libstd/thread/mod.rs:408
Dec 01 03:50:58.075 INFO [stdout]                          - <F as alloc::boxed::FnBox<A>>::call_box::hdac52587b00591af
Dec 01 03:50:58.075 INFO [stdout]                         at liballoc/boxed.rs:646
Dec 01 03:50:58.075 INFO [stdout]   22:     0x56167dfa9c2a - <alloc::boxed::Box<(dyn alloc::boxed::FnBox<A, Output=R> + 'a)> as core::ops::function::FnOnce<A>>::call_once::hfedf8d10954bca7a
Dec 01 03:50:58.075 INFO [stdout]                         at liballoc/boxed.rs:656
Dec 01 03:50:58.075 INFO [stdout]                          - std::sys_common::thread::start_thread::h75d887c7d2cc4479
Dec 01 03:50:58.075 INFO [stdout]                         at libstd/sys_common/thread.rs:24
Dec 01 03:50:58.075 INFO [stdout]   23:     0x56167df9a195 - std::sys::unix::thread::Thread::new::thread_start::h8414caee632bf9ed
Dec 01 03:50:58.075 INFO [stdout]                         at libstd/sys/unix/thread.rs:90
Dec 01 03:50:58.075 INFO [stdout]   24:     0x7fa08d7386b9 - start_thread
Dec 01 03:50:58.075 INFO [stdout]   25:     0x7fa08d25841c - clone
Dec 01 03:50:58.075 INFO [stdout]   26:                0x0 - <unknown>
Dec 01 03:50:58.075 INFO [stdout] 
Dec 01 03:50:58.075 INFO [stdout] establish connection }
Dec 01 03:50:58.075 INFO [stdout] thread 'app::tags::list_tags::test::list_all_tags' panicked at 'assertion failed: `(left == right)`
Dec 01 03:50:58.075 INFO [stdout]   left: `1`,
Dec 01 03:50:58.075 INFO [stdout]  right: `0`: the test returned a termination value with a non-zero status code (1) which indicates a failure', libtest/lib.rs:330:5
Dec 01 03:50:58.075 INFO [stdout] stack backtrace:
Dec 01 03:50:58.075 INFO [stdout]    0:     0x56167dfa818e - std::sys::unix::backtrace::tracing::imp::unwind_backtrace::h15749a98198ba25f
Dec 01 03:50:58.075 INFO [stdout]                                at libstd/sys/unix/backtrace/tracing/gcc_s.rs:49
Dec 01 03:50:58.075 INFO [stdout]    1:     0x56167df9af56 - std::sys_common::backtrace::print::h0ba65c811294dbf0
Dec 01 03:50:58.075 INFO [stdout]                                at libstd/sys_common/backtrace.rs:71
Dec 01 03:50:58.075 INFO [stdout]                                at libstd/sys_common/backtrace.rs:59
Dec 01 03:50:58.075 INFO [stdout]    2:     0x56167df9937d - std::panicking::default_hook::{{closure}}::h42bb31757f0fee64
Dec 01 03:50:58.075 INFO [stdout]                                at libstd/panicking.rs:211
Dec 01 03:50:58.075 INFO [stdout]    3:     0x56167df9908b - std::panicking::default_hook::hebc8848d7aa7dbd9
Dec 01 03:50:58.075 INFO [stdout]                                at libstd/panicking.rs:221
Dec 01 03:50:58.075 INFO [stdout]    4:     0x56167df99a2c - std::panicking::rust_panic_with_hook::h86e619a638415243
Dec 01 03:50:58.075 INFO [stdout]                                at libstd/panicking.rs:477
Dec 01 03:50:58.075 INFO [stdout]    5:     0x56167df995e9 - std::panicking::continue_panic_fmt::h2d2d2bfb065a70b2
Dec 01 03:50:58.075 INFO [stdout]                                at libstd/panicking.rs:391
Dec 01 03:50:58.075 INFO [stdout]    6:     0x56167df9954d - std::panicking::begin_panic_fmt::ha5097e2056ef3d5a
Dec 01 03:50:58.075 INFO [stdout]                                at libstd/panicking.rs:346
Dec 01 03:50:58.075 INFO [stdout]    7:     0x56167dd16fd4 - test::assert_test_result::h0b14640a37a9a7eb
Dec 01 03:50:58.075 INFO [stdout]                                at /source/<::std::macros::panic macros>:8
Dec 01 03:50:58.075 INFO [stdout]    8:     0x56167dceec2b - conduit::app::tags::list_tags::test::list_all_tags::{{closure}}::h778541016de93428
Dec 01 03:50:58.076 INFO [stdout]                                at src/app/tags/list_tags.rs:28
Dec 01 03:50:58.076 INFO [stdout]    9:     0x56167dd246bd - core::ops::function::FnOnce::call_once::h50108ccaf3f7fd9b
Dec 01 03:50:58.076 INFO [stdout]                                at libcore/ops/function.rs:238
Dec 01 03:50:58.076 INFO [stdout]   10:     0x56167dd6df2e - <F as alloc::boxed::FnBox<A>>::call_box::hbea525814fa423cc
Dec 01 03:50:58.076 INFO [stdout]                                at libtest/lib.rs:1461
Dec 01 03:50:58.076 INFO [stdout]                                at libcore/ops/function.rs:238
Dec 01 03:50:58.076 INFO [stdout]                                at liballoc/boxed.rs:646
Dec 01 03:50:58.076 INFO [stdout]   11:     0x56167dfb6f39 - __rust_maybe_catch_panic
Dec 01 03:50:58.076 INFO [stdout]                                at libpanic_unwind/lib.rs:103
Dec 01 03:50:58.076 INFO [stdout]   12:     0x56167dd7988d - std::sys_common::backtrace::__rust_begin_short_backtrace::h0ff507d7422944d3
Dec 01 03:50:58.076 INFO [stdout]                                at libstd/panicking.rs:289
Dec 01 03:50:58.076 INFO [stdout]                                at libstd/panic.rs:392
Dec 01 03:50:58.076 INFO [stdout]                                at libtest/lib.rs:1416
Dec 01 03:50:58.076 INFO [stdout]                                at libstd/sys_common/backtrace.rs:136
Dec 01 03:50:58.076 INFO [stdout]   13:     0x56167dd91ec4 - std::panicking::try::do_call::hba0bdcc3670471cc
Dec 01 03:50:58.076 INFO [stdout]                                at libstd/thread/mod.rs:409
Dec 01 03:50:58.076 INFO [stdout]                                at libstd/panic.rs:313
Dec 01 03:50:58.076 INFO [stdout]                                at libstd/panicking.rs:310
Dec 01 03:50:58.076 INFO [stdout]   14:     0x56167dfb6f39 - __rust_maybe_catch_panic
Dec 01 03:50:58.076 INFO [stdout]                                at libpanic_unwind/lib.rs:103
Dec 01 03:50:58.076 INFO [stdout]   15:     0x56167dd82796 - <F as alloc::boxed::FnBox<A>>::call_box::hdac52587b00591af
Dec 01 03:50:58.076 INFO [stdout]                                at libstd/panicking.rs:289
Dec 01 03:50:58.076 INFO [stdout]                                at libstd/panic.rs:392
Dec 01 03:50:58.076 INFO [stdout]                                at libstd/thread/mod.rs:408
Dec 01 03:50:58.076 INFO [stdout]                                at liballoc/boxed.rs:646
Dec 01 03:50:58.076 INFO [stdout]   16:     0x56167dfa9c2a - std::sys_common::thread::start_thread::h75d887c7d2cc4479
Dec 01 03:50:58.076 INFO [stdout]                                at liballoc/boxed.rs:656
Dec 01 03:50:58.076 INFO [stdout]                                at libstd/sys_common/thread.rs:24
Dec 01 03:50:58.076 INFO [stdout]   17:     0x56167df9a195 - std::sys::unix::thread::Thread::new::thread_start::h8414caee632bf9ed
Dec 01 03:50:58.076 INFO [stdout]                                at libstd/sys/unix/thread.rs:90
Dec 01 03:50:58.076 INFO [stdout]   18:     0x7fa08d7386b9 - start_thread
Dec 01 03:50:58.076 INFO [stdout]   19:     0x7fa08d25841c - clone
Dec 01 03:50:58.076 INFO [stdout]   20:                0x0 - <unknown>
Dec 01 03:50:58.076 INFO [stdout] 
Dec 01 03:50:58.076 INFO [stdout] ---- app::articles::get_article::test::with_login stdout ----
Dec 01 03:50:58.076 INFO [stdout] Error: Error { inner: BadConnection("could not connect to server: Connection refused\n\tIs the server running on host \"localhost\" (127.0.0.1) and accepting\n\tTCP/IP connections on port 5432?\ncould not connect to server: Cannot assign requested address\n\tIs the server running on host \"localhost\" (::1) and accepting\n\tTCP/IP connections on port 5432?\n")
Dec 01 03:50:58.076 INFO [stdout] 
Dec 01 03:50:58.076 INFO [stdout] stack backtrace:
Dec 01 03:50:58.076 INFO [stdout]    0:     0x56167df72c35 - backtrace::backtrace::libunwind::trace::he75458e1cbd68ede
Dec 01 03:50:58.076 INFO [stdout]                         at /cargo-home/registry/src/github.com-1ecc6299db9ec823/backtrace-0.3.9/src/backtrace/libunwind.rs:53
Dec 01 03:50:58.076 INFO [stdout]                          - backtrace::backtrace::trace::h390dec61a04df8f9
Dec 01 03:50:58.076 INFO [stdout]                         at /cargo-home/registry/src/github.com-1ecc6299db9ec823/backtrace-0.3.9/src/backtrace/mod.rs:42
Dec 01 03:50:58.076 INFO [stdout]    1:     0x56167df6d3ce - backtrace::capture::Backtrace::new_unresolved::h33524aa8140d078b
Dec 01 03:50:58.076 INFO [stdout]                         at /cargo-home/registry/src/github.com-1ecc6299db9ec823/backtrace-0.3.9/src/capture.rs:88
Dec 01 03:50:58.076 INFO [stdout]    2:     0x56167df6c043 - failure::backtrace::internal::InternalBacktrace::new::hdcbc31d7be962dc4
Dec 01 03:50:58.076 INFO [stdout]                         at /cargo-home/registry/src/github.com-1ecc6299db9ec823/failure-0.1.3/src/backtrace/internal.rs:44
Dec 01 03:50:58.076 INFO [stdout]    3:     0x56167df6ae8c - failure::backtrace::Backtrace::new::h12af181b4f4c78f3
Dec 01 03:50:58.076 INFO [stdout]                         at /cargo-home/registry/src/github.com-1ecc6299db9ec823/failure-0.1.3/src/backtrace/mod.rs:111
Dec 01 03:50:58.076 INFO [stdout]    4:     0x56167dd29d3d - <failure::error::error_impl::ErrorImpl as core::convert::From<F>>::from::h80a5955c35eec437
Dec 01 03:50:58.076 INFO [stdout]                         at /cargo-home/registry/src/github.com-1ecc6299db9ec823/failure-0.1.3/src/error/error_impl.rs:19
Dec 01 03:50:58.076 INFO [stdout]    5:     0x56167dd01e03 - <failure::error::Error as core::convert::From<F>>::from::h56bce74826b08856
Dec 01 03:50:58.076 INFO [stdout]                         at /cargo-home/registry/src/github.com-1ecc6299db9ec823/failure-0.1.3/src/error/mod.rs:36
Dec 01 03:50:58.076 INFO [stdout]    6:     0x56167dd17173 - <T as core::convert::Into<U>>::into::h95483a49065bfa0a
Dec 01 03:50:58.076 INFO [stdout]                         at libcore/convert.rs:456
Dec 01 03:50:58.076 INFO [stdout]    7:     0x56167dd23880 - <failure::context::Context<D>>::with_err::h00d2ed83cef7b559
Dec 01 03:50:58.076 INFO [stdout]                         at /cargo-home/registry/src/github.com-1ecc6299db9ec823/failure-0.1.3/src/context.rs:105
Dec 01 03:50:58.076 INFO [stdout]    8:     0x56167dd1a616 - failure::Fail::context::h58a2162171b279c5
Dec 01 03:50:58.076 INFO [stdout]                         at /cargo-home/registry/src/github.com-1ecc6299db9ec823/failure-0.1.3/src/lib.rs:153
Dec 01 03:50:58.076 INFO [stdout]    9:     0x56167dd12516 - <core::result::Result<T, E> as failure::result_ext::ResultExt<T, E>>::context::{{closure}}::h25b2e924ef8763a2
Dec 01 03:50:58.076 INFO [stdout]                         at /cargo-home/registry/src/github.com-1ecc6299db9ec823/failure-0.1.3/src/result_ext.rs:164
Dec 01 03:50:58.076 INFO [stdout]   10:     0x56167dcf81f2 - <core::result::Result<T, E>>::map_err::h6e10f95dbb214e94
Dec 01 03:50:58.076 INFO [stdout]                         at libcore/result.rs:530
Dec 01 03:50:58.076 INFO [stdout]   11:     0x56167dcf0121 - <core::result::Result<T, E> as failure::result_ext::ResultExt<T, E>>::context::h0b704ba5f9ff99e9
Dec 01 03:50:58.076 INFO [stdout]                         at /cargo-home/registry/src/github.com-1ecc6299db9ec823/failure-0.1.3/src/result_ext.rs:164
Dec 01 03:50:58.076 INFO [stdout]   12:     0x56167dcec5db - conduit::test::Test::db_conn::h56135448ffa5bcf2
Dec 01 03:50:58.076 INFO [stdout]                         at src/test.rs:18
Dec 01 03:50:58.076 INFO [stdout]   13:     0x56167dd107c5 - conduit::app::articles::get_article::test::with_login::h2636fb715947b201
Dec 01 03:50:58.076 INFO [stdout]                         at src/app/articles/get_article.rs:125
Dec 01 03:50:58.076 INFO [stdout]   14:     0x56167dd0f2d1 - conduit::app::articles::get_article::test::with_login::{{closure}}::hae5ced7cf5b5957a
Dec 01 03:50:58.076 INFO [stdout]                         at src/app/articles/get_article.rs:123
Dec 01 03:50:58.076 INFO [stdout]   15:     0x56167dd24b7d - core::ops::function::FnOnce::call_once::hf03bdf2e9d609ef9
Dec 01 03:50:58.076 INFO [stdout]                         at libcore/ops/function.rs:238
Dec 01 03:50:58.076 INFO [stdout]   16:     0x56167dd6df2e - test::run_test::{{closure}}::h3a5dfbe1d2fab93e
Dec 01 03:50:58.076 INFO [stdout]                         at libtest/lib.rs:1461
Dec 01 03:50:58.076 INFO [stdout]                          - core::ops::function::FnOnce::call_once::h1d9a9e4523345f36
Dec 01 03:50:58.076 INFO [stdout]                         at libcore/ops/function.rs:238
Dec 01 03:50:58.076 INFO [stdout]                          - <F as alloc::boxed::FnBox<A>>::call_box::hbea525814fa423cc
Dec 01 03:50:58.076 INFO [stdout]                         at liballoc/boxed.rs:646
Dec 01 03:50:58.076 INFO [stdout]   17:     0x56167dfb6f39 - __rust_maybe_catch_panic
Dec 01 03:50:58.077 INFO [stdout]                         at libpanic_unwind/lib.rs:103
Dec 01 03:50:58.077 INFO [stdout]   18:     0x56167dd7988d - std::panicking::try::h52ce98afaa08c3ec
Dec 01 03:50:58.077 INFO [stdout]                         at libstd/panicking.rs:289
Dec 01 03:50:58.077 INFO [stdout]                          - std::panic::catch_unwind::h8b1fa14840c8b239
Dec 01 03:50:58.077 INFO [stdout]                         at libstd/panic.rs:392
Dec 01 03:50:58.077 INFO [stdout]                          - test::run_test::run_test_inner::{{closure}}::h0c1fb56af3cc46d2
Dec 01 03:50:58.077 INFO [stdout]                         at libtest/lib.rs:1416
Dec 01 03:50:58.077 INFO [stdout]                          - std::sys_common::backtrace::__rust_begin_short_backtrace::h0ff507d7422944d3
Dec 01 03:50:58.077 INFO [stdout]                         at libstd/sys_common/backtrace.rs:136
Dec 01 03:50:58.077 INFO [stdout]   19:     0x56167dd91ec4 - std::thread::Builder::spawn::{{closure}}::{{closure}}::h9015d15de724c3f6
Dec 01 03:50:58.077 INFO [stdout]                         at libstd/thread/mod.rs:409
Dec 01 03:50:58.077 INFO [stdout]                          - <std::panic::AssertUnwindSafe<F> as core::ops::function::FnOnce<()>>::call_once::hdade3f732363d95a
Dec 01 03:50:58.077 INFO [stdout]                         at libstd/panic.rs:313
Dec 01 03:50:58.077 INFO [stdout]                          - std::panicking::try::do_call::hba0bdcc3670471cc
Dec 01 03:50:58.077 INFO [stdout]                         at libstd/panicking.rs:310
Dec 01 03:50:58.077 INFO [stdout]   20:     0x56167dfb6f39 - __rust_maybe_catch_panic
Dec 01 03:50:58.077 INFO [stdout]                         at libpanic_unwind/lib.rs:103
Dec 01 03:50:58.077 INFO [stdout]   21:     0x56167dd82796 - std::panicking::try::ha2cf51a98ef1d8df
Dec 01 03:50:58.077 INFO [stdout]                         at libstd/panicking.rs:289
Dec 01 03:50:58.077 INFO [stdout]                          - std::panic::catch_unwind::h9dbc14b90b636a56
Dec 01 03:50:58.077 INFO [stdout]                         at libstd/panic.rs:392
Dec 01 03:50:58.077 INFO [stdout]                          - std::thread::Builder::spawn::{{closure}}::h1e078d6b2c4e6a8f
Dec 01 03:50:58.077 INFO [stdout]                         at libstd/thread/mod.rs:408
Dec 01 03:50:58.077 INFO [stdout]                          - <F as alloc::boxed::FnBox<A>>::call_box::hdac52587b00591af
Dec 01 03:50:58.077 INFO [stdout]                         at liballoc/boxed.rs:646
Dec 01 03:50:58.077 INFO [stdout]   22:     0x56167dfa9c2a - <alloc::boxed::Box<(dyn alloc::boxed::FnBox<A, Output=R> + 'a)> as core::ops::function::FnOnce<A>>::call_once::hfedf8d10954bca7a
Dec 01 03:50:58.077 INFO [stdout]                         at liballoc/boxed.rs:656
Dec 01 03:50:58.077 INFO [stdout]                          - std::sys_common::thread::start_thread::h75d887c7d2cc4479
Dec 01 03:50:58.077 INFO [stdout]                         at libstd/sys_common/thread.rs:24
Dec 01 03:50:58.077 INFO [stdout]   23:     0x56167df9a195 - std::sys::unix::thread::Thread::new::thread_start::h8414caee632bf9ed
Dec 01 03:50:58.077 INFO [stdout]                         at libstd/sys/unix/thread.rs:90
Dec 01 03:50:58.077 INFO [stdout]   24:     0x7fa08d7386b9 - start_thread
Dec 01 03:50:58.077 INFO [stdout]   25:     0x7fa08d25841c - clone
Dec 01 03:50:58.077 INFO [stdout]   26:                0x0 - <unknown>
Dec 01 03:50:58.077 INFO [stdout] 
Dec 01 03:50:58.077 INFO [stdout] establish connection }
Dec 01 03:50:58.077 INFO [stdout] thread 'app::articles::get_article::test::with_login' panicked at 'assertion failed: `(left == right)`
Dec 01 03:50:58.077 INFO [stdout]   left: `1`,
Dec 01 03:50:58.077 INFO [stdout]  right: `0`: the test returned a termination value with a non-zero status code (1) which indicates a failure', libtest/lib.rs:330:5
Dec 01 03:50:58.077 INFO [stdout] stack backtrace:
Dec 01 03:50:58.077 INFO [stdout]    0:     0x56167dfa818e - std::sys::unix::backtrace::tracing::imp::unwind_backtrace::h15749a98198ba25f
Dec 01 03:50:58.077 INFO [stdout]                                at libstd/sys/unix/backtrace/tracing/gcc_s.rs:49
Dec 01 03:50:58.077 INFO [stdout]    1:     0x56167df9af56 - std::sys_common::backtrace::print::h0ba65c811294dbf0
Dec 01 03:50:58.077 INFO [stdout]                                at libstd/sys_common/backtrace.rs:71
Dec 01 03:50:58.077 INFO [stdout]                                at libstd/sys_common/backtrace.rs:59
Dec 01 03:50:58.077 INFO [stdout]    2:     0x56167df9937d - std::panicking::default_hook::{{closure}}::h42bb31757f0fee64
Dec 01 03:50:58.077 INFO [stdout]                                at libstd/panicking.rs:211
Dec 01 03:50:58.077 INFO [stdout]    3:     0x56167df9908b - std::panicking::default_hook::hebc8848d7aa7dbd9
Dec 01 03:50:58.077 INFO [stdout]                                at libstd/panicking.rs:221
Dec 01 03:50:58.077 INFO [stdout]    4:     0x56167df99a2c - std::panicking::rust_panic_with_hook::h86e619a638415243
Dec 01 03:50:58.077 INFO [stdout]                                at libstd/panicking.rs:477
Dec 01 03:50:58.077 INFO [stdout]    5:     0x56167df995e9 - std::panicking::continue_panic_fmt::h2d2d2bfb065a70b2
Dec 01 03:50:58.077 INFO [stdout]                                at libstd/panicking.rs:391
Dec 01 03:50:58.077 INFO [stdout]    6:     0x56167df9954d - std::panicking::begin_panic_fmt::ha5097e2056ef3d5a
Dec 01 03:50:58.077 INFO [stdout]                                at libstd/panicking.rs:346
Dec 01 03:50:58.077 INFO [stdout]    7:     0x56167dd16fd4 - test::assert_test_result::h0b14640a37a9a7eb
Dec 01 03:50:58.077 INFO [stdout]                                at /source/<::std::macros::panic macros>:8
Dec 01 03:50:58.077 INFO [stdout]    8:     0x56167dd0f2db - conduit::app::articles::get_article::test::with_login::{{closure}}::hae5ced7cf5b5957a
Dec 01 03:50:58.077 INFO [stdout]                                at src/app/articles/get_article.rs:123
Dec 01 03:50:58.077 INFO [stdout]    9:     0x56167dd24b7d - core::ops::function::FnOnce::call_once::hf03bdf2e9d609ef9
Dec 01 03:50:58.077 INFO [stdout]                                at libcore/ops/function.rs:238
Dec 01 03:50:58.077 INFO [stdout]   10:     0x56167dd6df2e - <F as alloc::boxed::FnBox<A>>::call_box::hbea525814fa423cc
Dec 01 03:50:58.077 INFO [stdout]                                at libtest/lib.rs:1461
Dec 01 03:50:58.077 INFO [stdout]                                at libcore/ops/function.rs:238
Dec 01 03:50:58.077 INFO [stdout]                                at liballoc/boxed.rs:646
Dec 01 03:50:58.077 INFO [stdout]   11:     0x56167dfb6f39 - __rust_maybe_catch_panic
Dec 01 03:50:58.077 INFO [stdout]                                at libpanic_unwind/lib.rs:103
Dec 01 03:50:58.077 INFO [stdout]   12:     0x56167dd7988d - std::sys_common::backtrace::__rust_begin_short_backtrace::h0ff507d7422944d3
Dec 01 03:50:58.077 INFO [stdout]                                at libstd/panicking.rs:289
Dec 01 03:50:58.077 INFO [stdout]                                at libstd/panic.rs:392
Dec 01 03:50:58.077 INFO [stdout]                                at libtest/lib.rs:1416
Dec 01 03:50:58.077 INFO [stdout]                                at libstd/sys_common/backtrace.rs:136
Dec 01 03:50:58.077 INFO [stdout]   13:     0x56167dd91ec4 - std::panicking::try::do_call::hba0bdcc3670471cc
Dec 01 03:50:58.077 INFO [stdout]                                at libstd/thread/mod.rs:409
Dec 01 03:50:58.077 INFO [stdout]                                at libstd/panic.rs:313
Dec 01 03:50:58.077 INFO [stdout]                                at libstd/panicking.rs:310
Dec 01 03:50:58.077 INFO [stdout]   14:     0x56167dfb6f39 - __rust_maybe_catch_panic
Dec 01 03:50:58.077 INFO [stdout]                                at libpanic_unwind/lib.rs:103
Dec 01 03:50:58.077 INFO [stdout]   15:     0x56167dd82796 - <F as alloc::boxed::FnBox<A>>::call_box::hdac52587b00591af
Dec 01 03:50:58.078 INFO [stdout]                                at libstd/panicking.rs:289
Dec 01 03:50:58.078 INFO [stdout]                                at libstd/panic.rs:392
Dec 01 03:50:58.078 INFO [stdout]                                at libstd/thread/mod.rs:408
Dec 01 03:50:58.078 INFO [stdout]                                at liballoc/boxed.rs:646
Dec 01 03:50:58.078 INFO [stdout]   16:     0x56167dfa9c2a - std::sys_common::thread::start_thread::h75d887c7d2cc4479
Dec 01 03:50:58.078 INFO [stdout]                                at liballoc/boxed.rs:656
Dec 01 03:50:58.078 INFO [stdout]                                at libstd/sys_common/thread.rs:24
Dec 01 03:50:58.078 INFO [stdout]   17:     0x56167df9a195 - std::sys::unix::thread::Thread::new::thread_start::h8414caee632bf9ed
Dec 01 03:50:58.078 INFO [stdout]                                at libstd/sys/unix/thread.rs:90
Dec 01 03:50:58.078 INFO [stdout]   18:     0x7fa08d7386b9 - start_thread
Dec 01 03:50:58.078 INFO [stdout]   19:     0x7fa08d25841c - clone
Dec 01 03:50:58.078 INFO [stdout]   20:                0x0 - <unknown>
Dec 01 03:50:58.078 INFO [stdout] 
Dec 01 03:50:58.078 INFO [stdout] 
Dec 01 03:50:58.078 INFO [stdout] failures:
Dec 01 03:50:58.078 INFO [stdout]     app::articles::get_article::test::no_login_required
Dec 01 03:50:58.078 INFO [stdout]     app::articles::get_article::test::with_login
Dec 01 03:50:58.078 INFO [stdout]     app::tags::list_tags::test::list_all_tags
Dec 01 03:50:58.078 INFO [stdout]     app::users::register_user::test::register_with_hashed_password
Dec 01 03:50:58.078 INFO [stdout] 
Dec 01 03:50:58.078 INFO [stdout] test result: FAILED. 2 passed; 4 failed; 0 ignored; 0 measured; 0 filtered out
Dec 01 03:50:58.078 INFO [stdout] 
Dec 01 03:50:58.078 INFO [stderr] error: test failed, to rerun pass '--lib'
Dec 01 03:50:58.078 INFO [stderr] su: No module specific data is present
Dec 01 03:50:58.537 INFO running `"docker" "inspect" "c748da52632c6ac8538c7644652e9ee4418b9c8622b6a9da3fc559ba19b871b5"`
Dec 01 03:50:58.769 INFO running `"docker" "rm" "-f" "c748da52632c6ac8538c7644652e9ee4418b9c8622b6a9da3fc559ba19b871b5"`
Dec 01 03:50:59.015 INFO [stdout] c748da52632c6ac8538c7644652e9ee4418b9c8622b6a9da3fc559ba19b871b5
