Dec 01 04:19:29.629 INFO testing rsumner31/badtouch2 against 1.30.1 for beta-1.31-5
Dec 01 04:19:29.629 INFO running `"docker" "create" "-v" "/mnt/big/crater/work/local/target-dirs/beta-1.31-5/worker-4/1.30.1:/target:rw,Z" "-v" "/mnt/big/crater/work/local/test-source/worker-4/beta-1.31-5/1.30.1:/source:ro,Z" "-v" "/mnt/big/crater/work/local/cargo-home:/cargo-home:ro,Z" "-v" "/mnt/big/crater/work/local/rustup-home:/rustup-home:ro,Z" "-e" "USER_ID=1000" "-e" "SOURCE_DIR=/source" "-e" "USER_ID=1000" "-e" "CMD=cargo +1.30.1 build --frozen" "-e" "CARGO_TARGET_DIR=/target" "-e" "CARGO_INCREMENTAL=0" "-e" "RUST_BACKTRACE=full" "-e" "RUSTFLAGS=--cap-lints=warn" "-e" "CARGO_HOME=/cargo-home" "-e" "RUSTUP_HOME=/rustup-home" "-m" "1536M" "--network" "none" "crater"`
Dec 01 04:19:30.061 INFO [stdout] 2d8f18766b88ce23f417016bbc8cb6aec37504f8c73b7efafbc504ef1a4a5f9b
Dec 01 04:19:30.065 INFO running `"docker" "start" "-a" "2d8f18766b88ce23f417016bbc8cb6aec37504f8c73b7efafbc504ef1a4a5f9b"`
Dec 01 04:19:31.735 INFO [stderr] usermod: no changes
Dec 01 04:19:32.101 INFO [stderr]    Compiling cc v1.0.7
Dec 01 04:19:32.109 INFO [stderr]    Compiling regex v0.2.9
Dec 01 04:19:32.109 INFO [stderr]    Compiling atty v0.2.8
Dec 01 04:19:32.132 INFO [stderr]    Compiling atoi v0.2.3
Dec 01 04:19:32.132 INFO [stderr]    Compiling nix v0.9.0
Dec 01 04:19:32.163 INFO [stderr]    Compiling lua52-sys v0.1.1
Dec 01 04:19:32.163 INFO [stderr]    Compiling serde_json v1.0.11
Dec 01 04:19:32.173 INFO [stderr]    Compiling twox-hash v1.1.0
Dec 01 04:19:34.250 INFO [stderr]    Compiling clap v2.31.1
Dec 01 04:19:34.250 INFO [stderr]    Compiling chrono v0.4.0
Dec 01 04:19:34.263 INFO [stderr]    Compiling structopt-derive v0.2.5
Dec 01 04:19:35.905 INFO [stderr]    Compiling pbr v1.0.0
Dec 01 04:19:44.796 INFO [stderr]    Compiling openssl-sys v0.9.27
Dec 01 04:19:44.832 INFO [stderr]    Compiling backtrace-sys v0.1.16
Dec 01 04:19:57.347 INFO [stderr]    Compiling openssl v0.9.24
Dec 01 04:20:08.191 INFO [stderr]    Compiling hlua v0.4.1
Dec 01 04:20:37.236 INFO [stderr]    Compiling mysql_common v0.5.0
Dec 01 04:20:42.723 INFO [stderr]    Compiling native-tls v0.1.5
Dec 01 04:20:44.420 INFO [stderr]    Compiling structopt v0.2.5
Dec 01 04:20:46.419 INFO [stderr]    Compiling tokio-tls v0.1.4
Dec 01 04:20:46.635 INFO [stderr]    Compiling backtrace v0.3.5
Dec 01 04:20:49.100 INFO [stderr]    Compiling error-chain v0.11.0
Dec 01 04:20:49.735 INFO [stderr]    Compiling hyper-tls v0.1.2
Dec 01 04:20:53.531 INFO [stderr]    Compiling reqwest v0.8.5
Dec 01 04:20:56.403 INFO [stderr]    Compiling mysql v12.2.0
Dec 01 04:21:11.081 INFO [stderr]    Compiling badtouch v0.2.0 (/source)
Dec 01 04:21:21.735 INFO [stderr]     Finished dev [unoptimized + debuginfo] target(s) in 1m 49s
Dec 01 04:21:21.763 INFO [stderr] su: No module specific data is present
Dec 01 04:21:23.305 INFO running `"docker" "inspect" "2d8f18766b88ce23f417016bbc8cb6aec37504f8c73b7efafbc504ef1a4a5f9b"`
Dec 01 04:21:23.537 INFO running `"docker" "rm" "-f" "2d8f18766b88ce23f417016bbc8cb6aec37504f8c73b7efafbc504ef1a4a5f9b"`
Dec 01 04:21:23.835 INFO [stdout] 2d8f18766b88ce23f417016bbc8cb6aec37504f8c73b7efafbc504ef1a4a5f9b
Dec 01 04:21:23.843 INFO running `"docker" "create" "-v" "/mnt/big/crater/work/local/target-dirs/beta-1.31-5/worker-4/1.30.1:/target:rw,Z" "-v" "/mnt/big/crater/work/local/test-source/worker-4/beta-1.31-5/1.30.1:/source:ro,Z" "-v" "/mnt/big/crater/work/local/cargo-home:/cargo-home:ro,Z" "-v" "/mnt/big/crater/work/local/rustup-home:/rustup-home:ro,Z" "-e" "USER_ID=1000" "-e" "SOURCE_DIR=/source" "-e" "USER_ID=1000" "-e" "CMD=cargo +1.30.1 test --frozen --no-run" "-e" "CARGO_TARGET_DIR=/target" "-e" "CARGO_INCREMENTAL=0" "-e" "RUST_BACKTRACE=full" "-e" "RUSTFLAGS=--cap-lints=warn" "-e" "CARGO_HOME=/cargo-home" "-e" "RUSTUP_HOME=/rustup-home" "-m" "1536M" "--network" "none" "crater"`
Dec 01 04:21:24.384 INFO [stdout] 33b06da26c0a7ee55833fa68fa2188f4a2d29912a374baa918b96541bfea9733
Dec 01 04:21:24.391 INFO running `"docker" "start" "-a" "33b06da26c0a7ee55833fa68fa2188f4a2d29912a374baa918b96541bfea9733"`
Dec 01 04:21:26.740 INFO [stderr] usermod: no changes
Dec 01 04:21:27.141 INFO [stderr]    Compiling badtouch v0.2.0 (/source)
Dec 01 04:21:35.550 INFO [stderr]     Finished dev [unoptimized + debuginfo] target(s) in 8.77s
Dec 01 04:21:35.571 INFO [stderr] su: No module specific data is present
Dec 01 04:21:36.997 INFO running `"docker" "inspect" "33b06da26c0a7ee55833fa68fa2188f4a2d29912a374baa918b96541bfea9733"`
Dec 01 04:21:37.298 INFO running `"docker" "rm" "-f" "33b06da26c0a7ee55833fa68fa2188f4a2d29912a374baa918b96541bfea9733"`
Dec 01 04:21:37.628 INFO [stdout] 33b06da26c0a7ee55833fa68fa2188f4a2d29912a374baa918b96541bfea9733
Dec 01 04:21:37.634 INFO running `"docker" "create" "-v" "/mnt/big/crater/work/local/target-dirs/beta-1.31-5/worker-4/1.30.1:/target:rw,Z" "-v" "/mnt/big/crater/work/local/test-source/worker-4/beta-1.31-5/1.30.1:/source:ro,Z" "-v" "/mnt/big/crater/work/local/cargo-home:/cargo-home:ro,Z" "-v" "/mnt/big/crater/work/local/rustup-home:/rustup-home:ro,Z" "-e" "USER_ID=1000" "-e" "SOURCE_DIR=/source" "-e" "USER_ID=1000" "-e" "CMD=cargo +1.30.1 test --frozen" "-e" "CARGO_TARGET_DIR=/target" "-e" "CARGO_INCREMENTAL=0" "-e" "RUST_BACKTRACE=full" "-e" "RUSTFLAGS=--cap-lints=warn" "-e" "CARGO_HOME=/cargo-home" "-e" "RUSTUP_HOME=/rustup-home" "-m" "1536M" "--network" "none" "crater"`
Dec 01 04:21:38.193 INFO [stdout] 6e26fec29f2d53286e78d8ac497a8986c22014b63667b3b1262e26cc8b04bc3f
Dec 01 04:21:38.195 INFO running `"docker" "start" "-a" "6e26fec29f2d53286e78d8ac497a8986c22014b63667b3b1262e26cc8b04bc3f"`
Dec 01 04:21:40.150 INFO [stderr] usermod: no changes
Dec 01 04:21:40.523 INFO [stderr]     Finished dev [unoptimized + debuginfo] target(s) in 0.34s
Dec 01 04:21:40.536 INFO [stderr]      Running /target/debug/deps/badtouch-2e27d966643ec9bc
Dec 01 04:21:40.545 INFO [stdout] 
Dec 01 04:21:40.545 INFO [stdout] running 5 tests
Dec 01 04:21:40.863 INFO [stdout] test ctx::tests::verify_true ... ok
Dec 01 04:21:40.863 INFO [stdout] test ctx::tests::verify_false ... ok
Dec 01 04:21:41.153 INFO [stdout] test ctx::tests::verify_basic_auth_incorrect ... FAILED
Dec 01 04:21:41.154 INFO [stdout] test ctx::tests::verify_basic_auth_correct ... FAILED
Dec 01 04:21:41.863 INFO [stdout] test ctx::tests::verify_sleep ... ok
Dec 01 04:21:41.863 INFO [stdout] 
Dec 01 04:21:41.863 INFO [stdout] failures:
Dec 01 04:21:41.863 INFO [stdout] 
Dec 01 04:21:41.863 INFO [stdout] ---- ctx::tests::verify_basic_auth_incorrect stdout ----
Dec 01 04:21:41.863 INFO [stdout] thread 'ctx::tests::verify_basic_auth_incorrect' panicked at 'TODO: http error is fatal: Error { kind: Io(Custom { kind: Other, error: StringError("failed to lookup address information: Temporary failure in name resolution") }), url: Some("https://httpbin.org/basic-auth/foo/buzz") }', libcore/result.rs:1009:5
Dec 01 04:21:41.863 INFO [stdout] stack backtrace:
Dec 01 04:21:41.863 INFO [stdout]    0:     0x55ce178c0a3e - std::sys::unix::backtrace::tracing::imp::unwind_backtrace::h15749a98198ba25f
Dec 01 04:21:41.863 INFO [stdout]                                at libstd/sys/unix/backtrace/tracing/gcc_s.rs:49
Dec 01 04:21:41.864 INFO [stdout]    1:     0x55ce178ae396 - std::sys_common::backtrace::print::h0ba65c811294dbf0
Dec 01 04:21:41.864 INFO [stdout]                                at libstd/sys_common/backtrace.rs:71
Dec 01 04:21:41.864 INFO [stdout]                                at libstd/sys_common/backtrace.rs:59
Dec 01 04:21:41.864 INFO [stdout]    2:     0x55ce178ac52d - std::panicking::default_hook::{{closure}}::h42bb31757f0fee64
Dec 01 04:21:41.864 INFO [stdout]                                at libstd/panicking.rs:211
Dec 01 04:21:41.864 INFO [stdout]    3:     0x55ce178ac23b - std::panicking::default_hook::hebc8848d7aa7dbd9
Dec 01 04:21:41.864 INFO [stdout]                                at libstd/panicking.rs:221
Dec 01 04:21:41.864 INFO [stdout]    4:     0x55ce178acbdc - std::panicking::rust_panic_with_hook::h86e619a638415243
Dec 01 04:21:41.864 INFO [stdout]                                at libstd/panicking.rs:477
Dec 01 04:21:41.864 INFO [stdout]    5:     0x55ce178ac799 - std::panicking::continue_panic_fmt::h2d2d2bfb065a70b2
Dec 01 04:21:41.864 INFO [stdout]                                at libstd/panicking.rs:391
Dec 01 04:21:41.864 INFO [stdout]    6:     0x55ce178ac695 - rust_begin_unwind
Dec 01 04:21:41.864 INFO [stdout]                                at libstd/panicking.rs:326
Dec 01 04:21:41.864 INFO [stdout]    7:     0x55ce1790325b - core::panicking::panic_fmt::h2155aa66b67fe83c
Dec 01 04:21:41.864 INFO [stdout]                                at libcore/panicking.rs:77
Dec 01 04:21:41.864 INFO [stdout]    8:     0x55ce1737ee13 - core::result::unwrap_failed::heae68621e433a09a
Dec 01 04:21:41.864 INFO [stdout]                                at libcore/macros.rs:26
Dec 01 04:21:41.864 INFO [stdout]    9:     0x55ce1737dcb9 - <core::result::Result<T, E>>::expect::hf009772188b566c5
Dec 01 04:21:41.864 INFO [stdout]                                at libcore/result.rs:835
Dec 01 04:21:41.864 INFO [stdout]   10:     0x55ce1739655c - badtouch::runtime::http_basic_auth::{{closure}}::h4536016d4f1ecd0f
Dec 01 04:21:41.864 INFO [stdout]                                at src/runtime.rs:33
Dec 01 04:21:41.864 INFO [stdout]   11:     0x55ce17389067 - <hlua::functions_write::Function<Z, (A, B, C), R> as hlua::functions_write::FunctionExt<(A, B, C)>>::call_mut::he2ab212cbfb1aeee
Dec 01 04:21:41.864 INFO [stdout]                                at /cargo-home/registry/src/github.com-1ecc6299db9ec823/hlua-0.4.1/src/functions_write.rs:258
Dec 01 04:21:41.864 INFO [stdout]   12:     0x55ce17389830 - hlua::functions_write::wrapper::h05f4a8318c517742
Dec 01 04:21:41.864 INFO [stdout]                                at /cargo-home/registry/src/github.com-1ecc6299db9ec823/hlua-0.4.1/src/functions_write.rs:415
Dec 01 04:21:41.864 INFO [stdout]   13:     0x55ce17892c46 - luaD_precall
Dec 01 04:21:41.864 INFO [stdout]                                at lua/src/ldo.c:319
Dec 01 04:21:41.864 INFO [stdout]   14:     0x55ce178a3110 - luaV_execute
Dec 01 04:21:41.864 INFO [stdout]                                at lua/src/lvm.c:723
Dec 01 04:21:41.864 INFO [stdout]   15:     0x55ce178930af - luaD_call
Dec 01 04:21:41.864 INFO [stdout]                                at lua/src/ldo.c:402
Dec 01 04:21:41.864 INFO [stdout]   16:     0x55ce17890f06 - f_call
Dec 01 04:21:41.864 INFO [stdout]                                at lua/src/lapi.c:923
Dec 01 04:21:41.864 INFO [stdout]   17:     0x55ce17892201 - luaD_rawrunprotected
Dec 01 04:21:41.864 INFO [stdout]                                at lua/src/ldo.c:131
Dec 01 04:21:41.864 INFO [stdout]   18:     0x55ce1789314c - luaD_pcall
Dec 01 04:21:41.864 INFO [stdout]                                at lua/src/ldo.c:603
Dec 01 04:21:41.864 INFO [stdout]   19:     0x55ce17890fe3 - lua_pcallk
Dec 01 04:21:41.864 INFO [stdout]                                at lua/src/lapi.c:949
Dec 01 04:21:41.864 INFO [stdout]   20:     0x55ce17373b77 - <hlua::lua_functions::LuaFunction<L>>::call_with_args::hc3bf828d3dbae2ae
Dec 01 04:21:41.864 INFO [stdout]                                at /cargo-home/registry/src/github.com-1ecc6299db9ec823/lua52-sys-0.1.1/src/lib.rs:252
Dec 01 04:21:41.864 INFO [stdout]                                at /cargo-home/registry/src/github.com-1ecc6299db9ec823/hlua-0.4.1/src/lua_functions.rs:276
Dec 01 04:21:41.864 INFO [stdout]   21:     0x55ce1737822b - badtouch::ctx::Script::run_once::h4f589ced6c2df8b4
Dec 01 04:21:41.864 INFO [stdout]                                at src/ctx.rs:75
Dec 01 04:21:41.864 INFO [stdout]   22:     0x55ce1737896a - badtouch::ctx::tests::verify_basic_auth_incorrect::hc8d7275c964b4d83
Dec 01 04:21:41.864 INFO [stdout]                                at src/ctx.rs:157
Dec 01 04:21:41.864 INFO [stdout]   23:     0x55ce17378899 - badtouch::ctx::tests::verify_basic_auth_incorrect::{{closure}}::h04096a06358aec75
Dec 01 04:21:41.864 INFO [stdout]                                at src/ctx.rs:148
Dec 01 04:21:41.864 INFO [stdout]   24:     0x55ce1738e52d - core::ops::function::FnOnce::call_once::h817189c8e92a30b5
Dec 01 04:21:41.864 INFO [stdout]                                at libcore/ops/function.rs:238
Dec 01 04:21:41.864 INFO [stdout]   25:     0x55ce1739c72e - <F as alloc::boxed::FnBox<A>>::call_box::hbea525814fa423cc
Dec 01 04:21:41.864 INFO [stdout]                                at libtest/lib.rs:1461
Dec 01 04:21:41.864 INFO [stdout]                                at libcore/ops/function.rs:238
Dec 01 04:21:41.864 INFO [stdout]                                at liballoc/boxed.rs:646
Dec 01 04:21:41.864 INFO [stdout]   26:     0x55ce178d2469 - __rust_maybe_catch_panic
Dec 01 04:21:41.864 INFO [stdout]                                at libpanic_unwind/lib.rs:103
Dec 01 04:21:41.864 INFO [stdout]   27:     0x55ce173a808d - std::sys_common::backtrace::__rust_begin_short_backtrace::h0ff507d7422944d3
Dec 01 04:21:41.864 INFO [stdout]                                at libstd/panicking.rs:289
Dec 01 04:21:41.864 INFO [stdout]                                at libstd/panic.rs:392
Dec 01 04:21:41.864 INFO [stdout]                                at libtest/lib.rs:1416
Dec 01 04:21:41.864 INFO [stdout]                                at libstd/sys_common/backtrace.rs:136
Dec 01 04:21:41.864 INFO [stdout]   28:     0x55ce173c06c4 - std::panicking::try::do_call::hba0bdcc3670471cc
Dec 01 04:21:41.864 INFO [stdout]                                at libstd/thread/mod.rs:409
Dec 01 04:21:41.864 INFO [stdout]                                at libstd/panic.rs:313
Dec 01 04:21:41.864 INFO [stdout]                                at libstd/panicking.rs:310
Dec 01 04:21:41.864 INFO [stdout]   29:     0x55ce178d2469 - __rust_maybe_catch_panic
Dec 01 04:21:41.864 INFO [stdout]                                at libpanic_unwind/lib.rs:103
Dec 01 04:21:41.864 INFO [stdout]   30:     0x55ce173b0f96 - <F as alloc::boxed::FnBox<A>>::call_box::hdac52587b00591af
Dec 01 04:21:41.864 INFO [stdout]                                at libstd/panicking.rs:289
Dec 01 04:21:41.864 INFO [stdout]                                at libstd/panic.rs:392
Dec 01 04:21:41.864 INFO [stdout]                                at libstd/thread/mod.rs:408
Dec 01 04:21:41.864 INFO [stdout]                                at liballoc/boxed.rs:646
Dec 01 04:21:41.864 INFO [stdout]   31:     0x55ce178c2aba - std::sys_common::thread::start_thread::h75d887c7d2cc4479
Dec 01 04:21:41.864 INFO [stdout]                                at liballoc/boxed.rs:656
Dec 01 04:21:41.864 INFO [stdout]                                at libstd/sys_common/thread.rs:24
Dec 01 04:21:41.864 INFO [stdout]   32:     0x55ce178ad405 - std::sys::unix::thread::Thread::new::thread_start::h8414caee632bf9ed
Dec 01 04:21:41.864 INFO [stdout]                                at libstd/sys/unix/thread.rs:90
Dec 01 04:21:41.864 INFO [stdout]   33:     0x7f774215d6b9 - start_thread
Dec 01 04:21:41.864 INFO [stdout]   34:     0x7f7741c7d41c - clone
Dec 01 04:21:41.864 INFO [stdout]   35:                0x0 - <unknown>
Dec 01 04:21:41.864 INFO [stdout] 
Dec 01 04:21:41.864 INFO [stdout] ---- ctx::tests::verify_basic_auth_correct stdout ----
Dec 01 04:21:41.865 INFO [stdout] thread 'ctx::tests::verify_basic_auth_correct' panicked at 'TODO: http error is fatal: Error { kind: Io(Custom { kind: Other, error: StringError("failed to lookup address information: Temporary failure in name resolution") }), url: Some("https://httpbin.org/basic-auth/foo/buzz") }', libcore/result.rs:1009:5
Dec 01 04:21:41.865 INFO [stdout] stack backtrace:
Dec 01 04:21:41.865 INFO [stdout]    0:     0x55ce178c0a3e - std::sys::unix::backtrace::tracing::imp::unwind_backtrace::h15749a98198ba25f
Dec 01 04:21:41.865 INFO [stdout]                                at libstd/sys/unix/backtrace/tracing/gcc_s.rs:49
Dec 01 04:21:41.865 INFO [stdout]    1:     0x55ce178ae396 - std::sys_common::backtrace::print::h0ba65c811294dbf0
Dec 01 04:21:41.865 INFO [stdout]                                at libstd/sys_common/backtrace.rs:71
Dec 01 04:21:41.865 INFO [stdout]                                at libstd/sys_common/backtrace.rs:59
Dec 01 04:21:41.865 INFO [stdout]    2:     0x55ce178ac52d - std::panicking::default_hook::{{closure}}::h42bb31757f0fee64
Dec 01 04:21:41.865 INFO [stdout]                                at libstd/panicking.rs:211
Dec 01 04:21:41.865 INFO [stdout]    3:     0x55ce178ac23b - std::panicking::default_hook::hebc8848d7aa7dbd9
Dec 01 04:21:41.865 INFO [stdout]                                at libstd/panicking.rs:221
Dec 01 04:21:41.865 INFO [stdout]    4:     0x55ce178acbdc - std::panicking::rust_panic_with_hook::h86e619a638415243
Dec 01 04:21:41.865 INFO [stdout]                                at libstd/panicking.rs:477
Dec 01 04:21:41.865 INFO [stdout]    5:     0x55ce178ac799 - std::panicking::continue_panic_fmt::h2d2d2bfb065a70b2
Dec 01 04:21:41.865 INFO [stdout]                                at libstd/panicking.rs:391
Dec 01 04:21:41.865 INFO [stdout]    6:     0x55ce178ac695 - rust_begin_unwind
Dec 01 04:21:41.865 INFO [stdout]                                at libstd/panicking.rs:326
Dec 01 04:21:41.865 INFO [stdout]    7:     0x55ce1790325b - core::panicking::panic_fmt::h2155aa66b67fe83c
Dec 01 04:21:41.865 INFO [stdout]                                at libcore/panicking.rs:77
Dec 01 04:21:41.865 INFO [stdout]    8:     0x55ce1737ee13 - core::result::unwrap_failed::heae68621e433a09a
Dec 01 04:21:41.865 INFO [stdout]                                at libcore/macros.rs:26
Dec 01 04:21:41.865 INFO [stdout]    9:     0x55ce1737dcb9 - <core::result::Result<T, E>>::expect::hf009772188b566c5
Dec 01 04:21:41.865 INFO [stdout]                                at libcore/result.rs:835
Dec 01 04:21:41.865 INFO [stdout]   10:     0x55ce1739655c - badtouch::runtime::http_basic_auth::{{closure}}::h4536016d4f1ecd0f
Dec 01 04:21:41.865 INFO [stdout]                                at src/runtime.rs:33
Dec 01 04:21:41.865 INFO [stdout]   11:     0x55ce17389067 - <hlua::functions_write::Function<Z, (A, B, C), R> as hlua::functions_write::FunctionExt<(A, B, C)>>::call_mut::he2ab212cbfb1aeee
Dec 01 04:21:41.865 INFO [stdout]                                at /cargo-home/registry/src/github.com-1ecc6299db9ec823/hlua-0.4.1/src/functions_write.rs:258
Dec 01 04:21:41.865 INFO [stdout]   12:     0x55ce17389830 - hlua::functions_write::wrapper::h05f4a8318c517742
Dec 01 04:21:41.865 INFO [stdout]                                at /cargo-home/registry/src/github.com-1ecc6299db9ec823/hlua-0.4.1/src/functions_write.rs:415
Dec 01 04:21:41.865 INFO [stdout]   13:     0x55ce17892c46 - luaD_precall
Dec 01 04:21:41.865 INFO [stdout]                                at lua/src/ldo.c:319
Dec 01 04:21:41.865 INFO [stdout]   14:     0x55ce178a3110 - luaV_execute
Dec 01 04:21:41.865 INFO [stdout]                                at lua/src/lvm.c:723
Dec 01 04:21:41.865 INFO [stdout]   15:     0x55ce178930af - luaD_call
Dec 01 04:21:41.865 INFO [stdout]                                at lua/src/ldo.c:402
Dec 01 04:21:41.865 INFO [stdout]   16:     0x55ce17890f06 - f_call
Dec 01 04:21:41.865 INFO [stdout]                                at lua/src/lapi.c:923
Dec 01 04:21:41.865 INFO [stdout]   17:     0x55ce17892201 - luaD_rawrunprotected
Dec 01 04:21:41.865 INFO [stdout]                                at lua/src/ldo.c:131
Dec 01 04:21:41.865 INFO [stdout]   18:     0x55ce1789314c - luaD_pcall
Dec 01 04:21:41.865 INFO [stdout]                                at lua/src/ldo.c:603
Dec 01 04:21:41.865 INFO [stdout]   19:     0x55ce17890fe3 - lua_pcallk
Dec 01 04:21:41.865 INFO [stdout]                                at lua/src/lapi.c:949
Dec 01 04:21:41.865 INFO [stdout]   20:     0x55ce17373b77 - <hlua::lua_functions::LuaFunction<L>>::call_with_args::hc3bf828d3dbae2ae
Dec 01 04:21:41.865 INFO [stdout]                                at /cargo-home/registry/src/github.com-1ecc6299db9ec823/lua52-sys-0.1.1/src/lib.rs:252
Dec 01 04:21:41.865 INFO [stdout]                                at /cargo-home/registry/src/github.com-1ecc6299db9ec823/hlua-0.4.1/src/lua_functions.rs:276
Dec 01 04:21:41.865 INFO [stdout]   21:     0x55ce1737822b - badtouch::ctx::Script::run_once::h4f589ced6c2df8b4
Dec 01 04:21:41.865 INFO [stdout]                                at src/ctx.rs:75
Dec 01 04:21:41.865 INFO [stdout]   22:     0x55ce1737880a - badtouch::ctx::tests::verify_basic_auth_correct::haeb8eccbd98e263d
Dec 01 04:21:41.865 INFO [stdout]                                at src/ctx.rs:143
Dec 01 04:21:41.865 INFO [stdout]   23:     0x55ce17378739 - badtouch::ctx::tests::verify_basic_auth_correct::{{closure}}::hb4862b0ca4766313
Dec 01 04:21:41.865 INFO [stdout]                                at src/ctx.rs:134
Dec 01 04:21:41.865 INFO [stdout]   24:     0x55ce1738e56d - core::ops::function::FnOnce::call_once::h8ea2be2f3de70357
Dec 01 04:21:41.865 INFO [stdout]                                at libcore/ops/function.rs:238
Dec 01 04:21:41.865 INFO [stdout]   25:     0x55ce1739c72e - <F as alloc::boxed::FnBox<A>>::call_box::hbea525814fa423cc
Dec 01 04:21:41.865 INFO [stdout]                                at libtest/lib.rs:1461
Dec 01 04:21:41.865 INFO [stdout]                                at libcore/ops/function.rs:238
Dec 01 04:21:41.865 INFO [stdout]                                at liballoc/boxed.rs:646
Dec 01 04:21:41.865 INFO [stdout]   26:     0x55ce178d2469 - __rust_maybe_catch_panic
Dec 01 04:21:41.865 INFO [stdout]                                at libpanic_unwind/lib.rs:103
Dec 01 04:21:41.865 INFO [stdout]   27:     0x55ce173a808d - std::sys_common::backtrace::__rust_begin_short_backtrace::h0ff507d7422944d3
Dec 01 04:21:41.865 INFO [stdout]                                at libstd/panicking.rs:289
Dec 01 04:21:41.865 INFO [stdout]                                at libstd/panic.rs:392
Dec 01 04:21:41.865 INFO [stdout]                                at libtest/lib.rs:1416
Dec 01 04:21:41.865 INFO [stdout]                                at libstd/sys_common/backtrace.rs:136
Dec 01 04:21:41.865 INFO [stdout]   28:     0x55ce173c06c4 - std::panicking::try::do_call::hba0bdcc3670471cc
Dec 01 04:21:41.865 INFO [stdout]                                at libstd/thread/mod.rs:409
Dec 01 04:21:41.865 INFO [stdout]                                at libstd/panic.rs:313
Dec 01 04:21:41.865 INFO [stdout]                                at libstd/panicking.rs:310
Dec 01 04:21:41.865 INFO [stdout]   29:     0x55ce178d2469 - __rust_maybe_catch_panic
Dec 01 04:21:41.865 INFO [stdout]                                at libpanic_unwind/lib.rs:103
Dec 01 04:21:41.865 INFO [stdout]   30:     0x55ce173b0f96 - <F as alloc::boxed::FnBox<A>>::call_box::hdac52587b00591af
Dec 01 04:21:41.865 INFO [stdout]                                at libstd/panicking.rs:289
Dec 01 04:21:41.865 INFO [stdout]                                at libstd/panic.rs:392
Dec 01 04:21:41.865 INFO [stdout]                                at libstd/thread/mod.rs:408
Dec 01 04:21:41.865 INFO [stdout]                                at liballoc/boxed.rs:646
Dec 01 04:21:41.865 INFO [stdout]   31:     0x55ce178c2aba - std::sys_common::thread::start_thread::h75d887c7d2cc4479
Dec 01 04:21:41.865 INFO [stdout]                                at liballoc/boxed.rs:656
Dec 01 04:21:41.865 INFO [stdout]                                at libstd/sys_common/thread.rs:24
Dec 01 04:21:41.865 INFO [stdout]   32:     0x55ce178ad405 - std::sys::unix::thread::Thread::new::thread_start::h8414caee632bf9ed
Dec 01 04:21:41.865 INFO [stdout]                                at libstd/sys/unix/thread.rs:90
Dec 01 04:21:41.865 INFO [stdout]   33:     0x7f774215d6b9 - start_thread
Dec 01 04:21:41.865 INFO [stdout]   34:     0x7f7741c7d41c - clone
Dec 01 04:21:41.865 INFO [stdout]   35:                0x0 - <unknown>
Dec 01 04:21:41.865 INFO [stdout] 
Dec 01 04:21:41.866 INFO [stdout] 
Dec 01 04:21:41.866 INFO [stdout] failures:
Dec 01 04:21:41.866 INFO [stdout]     ctx::tests::verify_basic_auth_correct
Dec 01 04:21:41.866 INFO [stdout]     ctx::tests::verify_basic_auth_incorrect
Dec 01 04:21:41.866 INFO [stdout] 
Dec 01 04:21:41.866 INFO [stdout] test result: FAILED. 3 passed; 2 failed; 0 ignored; 0 measured; 0 filtered out
Dec 01 04:21:41.866 INFO [stdout] 
Dec 01 04:21:41.867 INFO [stderr] error: test failed, to rerun pass '--bin badtouch'
Dec 01 04:21:41.868 INFO [stderr] su: No module specific data is present
Dec 01 04:21:43.136 INFO running `"docker" "inspect" "6e26fec29f2d53286e78d8ac497a8986c22014b63667b3b1262e26cc8b04bc3f"`
Dec 01 04:21:43.431 INFO running `"docker" "rm" "-f" "6e26fec29f2d53286e78d8ac497a8986c22014b63667b3b1262e26cc8b04bc3f"`
Dec 01 04:21:43.771 INFO [stdout] 6e26fec29f2d53286e78d8ac497a8986c22014b63667b3b1262e26cc8b04bc3f
