Dec 01 04:55:17.921 INFO testing rharel/rust-squid-downloader against 1.30.1 for beta-1.31-5
Dec 01 04:55:17.921 INFO running `"docker" "create" "-v" "/mnt/big/crater/work/local/target-dirs/beta-1.31-5/worker-0/1.30.1:/target:rw,Z" "-v" "/mnt/big/crater/work/local/test-source/worker-0/beta-1.31-5/1.30.1:/source:ro,Z" "-v" "/mnt/big/crater/work/local/cargo-home:/cargo-home:ro,Z" "-v" "/mnt/big/crater/work/local/rustup-home:/rustup-home:ro,Z" "-e" "USER_ID=1000" "-e" "SOURCE_DIR=/source" "-e" "USER_ID=1000" "-e" "CMD=cargo +1.30.1 build --frozen" "-e" "CARGO_TARGET_DIR=/target" "-e" "CARGO_INCREMENTAL=0" "-e" "RUST_BACKTRACE=full" "-e" "RUSTFLAGS=--cap-lints=warn" "-e" "CARGO_HOME=/cargo-home" "-e" "RUSTUP_HOME=/rustup-home" "-m" "1536M" "--network" "none" "crater"`
Dec 01 04:55:18.485 INFO [stdout] 4bb270ac7129e84a62108a48303d634f420147858e961ffbb08531a4fb351fdd
Dec 01 04:55:18.488 INFO running `"docker" "start" "-a" "4bb270ac7129e84a62108a48303d634f420147858e961ffbb08531a4fb351fdd"`
Dec 01 04:55:19.655 INFO [stderr] usermod: no changes
Dec 01 04:55:19.779 INFO [stderr]    Compiling gcc v0.3.46
Dec 01 04:55:19.781 INFO [stderr]    Compiling openssl v0.9.12
Dec 01 04:55:19.787 INFO [stderr]    Compiling threadpool v1.3.2
Dec 01 04:55:19.789 INFO [stderr]    Compiling unicode-bidi v0.2.6
Dec 01 04:55:19.789 INFO [stderr]    Compiling num_cpus v1.4.0
Dec 01 04:55:19.789 INFO [stderr]    Compiling time v0.1.37
Dec 01 04:55:19.789 INFO [stderr]    Compiling base64 v0.5.2
Dec 01 04:55:19.790 INFO [stderr]    Compiling mime v0.2.4
Dec 01 04:55:23.071 INFO [stderr]    Compiling hyper v0.10.10
Dec 01 04:55:23.091 INFO [stderr]    Compiling openssl-sys v0.9.12
Dec 01 04:55:23.210 INFO [stderr]    Compiling idna v0.1.1
Dec 01 04:55:26.566 INFO [stderr]    Compiling url v1.4.0
Dec 01 04:55:31.130 INFO [stderr]    Compiling native-tls v0.1.2
Dec 01 04:55:37.419 INFO [stderr]    Compiling hyper-native-tls v0.2.2
Dec 01 04:55:38.380 INFO [stderr]    Compiling squid-downloader v0.1.0 (/source)
Dec 01 04:55:44.022 INFO [stderr]     Finished dev [unoptimized + debuginfo] target(s) in 24.34s
Dec 01 04:55:44.031 INFO [stderr] su: No module specific data is present
Dec 01 04:55:44.807 INFO running `"docker" "inspect" "4bb270ac7129e84a62108a48303d634f420147858e961ffbb08531a4fb351fdd"`
Dec 01 04:55:45.097 INFO running `"docker" "rm" "-f" "4bb270ac7129e84a62108a48303d634f420147858e961ffbb08531a4fb351fdd"`
Dec 01 04:55:45.435 INFO [stdout] 4bb270ac7129e84a62108a48303d634f420147858e961ffbb08531a4fb351fdd
Dec 01 04:55:45.441 INFO running `"docker" "create" "-v" "/mnt/big/crater/work/local/target-dirs/beta-1.31-5/worker-0/1.30.1:/target:rw,Z" "-v" "/mnt/big/crater/work/local/test-source/worker-0/beta-1.31-5/1.30.1:/source:ro,Z" "-v" "/mnt/big/crater/work/local/cargo-home:/cargo-home:ro,Z" "-v" "/mnt/big/crater/work/local/rustup-home:/rustup-home:ro,Z" "-e" "USER_ID=1000" "-e" "SOURCE_DIR=/source" "-e" "USER_ID=1000" "-e" "CMD=cargo +1.30.1 test --frozen --no-run" "-e" "CARGO_TARGET_DIR=/target" "-e" "CARGO_INCREMENTAL=0" "-e" "RUST_BACKTRACE=full" "-e" "RUSTFLAGS=--cap-lints=warn" "-e" "CARGO_HOME=/cargo-home" "-e" "RUSTUP_HOME=/rustup-home" "-m" "1536M" "--network" "none" "crater"`
Dec 01 04:55:45.867 INFO [stdout] 258e9e812dc7ad1623dd44139fd7ee946053ea537ee15d3172cbd451b0a2985c
Dec 01 04:55:45.872 INFO running `"docker" "start" "-a" "258e9e812dc7ad1623dd44139fd7ee946053ea537ee15d3172cbd451b0a2985c"`
Dec 01 04:55:47.234 INFO [stderr] usermod: no changes
Dec 01 04:55:47.364 INFO [stderr]    Compiling squid-downloader v0.1.0 (/source)
Dec 01 04:55:51.723 INFO [stderr]     Finished dev [unoptimized + debuginfo] target(s) in 4.46s
Dec 01 04:55:51.730 INFO [stderr] su: No module specific data is present
Dec 01 04:55:52.588 INFO running `"docker" "inspect" "258e9e812dc7ad1623dd44139fd7ee946053ea537ee15d3172cbd451b0a2985c"`
Dec 01 04:55:52.864 INFO running `"docker" "rm" "-f" "258e9e812dc7ad1623dd44139fd7ee946053ea537ee15d3172cbd451b0a2985c"`
Dec 01 04:55:53.225 INFO [stdout] 258e9e812dc7ad1623dd44139fd7ee946053ea537ee15d3172cbd451b0a2985c
Dec 01 04:55:53.230 INFO running `"docker" "create" "-v" "/mnt/big/crater/work/local/target-dirs/beta-1.31-5/worker-0/1.30.1:/target:rw,Z" "-v" "/mnt/big/crater/work/local/test-source/worker-0/beta-1.31-5/1.30.1:/source:ro,Z" "-v" "/mnt/big/crater/work/local/cargo-home:/cargo-home:ro,Z" "-v" "/mnt/big/crater/work/local/rustup-home:/rustup-home:ro,Z" "-e" "USER_ID=1000" "-e" "SOURCE_DIR=/source" "-e" "USER_ID=1000" "-e" "CMD=cargo +1.30.1 test --frozen" "-e" "CARGO_TARGET_DIR=/target" "-e" "CARGO_INCREMENTAL=0" "-e" "RUST_BACKTRACE=full" "-e" "RUSTFLAGS=--cap-lints=warn" "-e" "CARGO_HOME=/cargo-home" "-e" "RUSTUP_HOME=/rustup-home" "-m" "1536M" "--network" "none" "crater"`
Dec 01 04:55:53.716 INFO [stdout] 019529bcbdd8dfac56e8c02b05daf181e3a8b713cb806e613bc5ba4f7d65b598
Dec 01 04:55:53.720 INFO running `"docker" "start" "-a" "019529bcbdd8dfac56e8c02b05daf181e3a8b713cb806e613bc5ba4f7d65b598"`
Dec 01 04:55:55.502 INFO [stderr] usermod: no changes
Dec 01 04:55:55.673 INFO [stderr]     Finished dev [unoptimized + debuginfo] target(s) in 0.13s
Dec 01 04:55:55.692 INFO [stderr]      Running /target/debug/deps/squid-686ef594e67935de
Dec 01 04:55:55.692 INFO [stdout] 
Dec 01 04:55:55.692 INFO [stdout] running 3 tests
Dec 01 04:55:55.693 INFO [stdout] test download::tests::new ... ignored
Dec 01 04:55:55.727 INFO [stdout] test download::tests::new_with_invalid_target_url ... ok
Dec 01 04:55:55.803 INFO [stdout] test download::tests::new_with_invalid_output_directory ... FAILED
Dec 01 04:55:55.803 INFO [stderr] error: test failed, to rerun pass '--lib'
Dec 01 04:55:55.804 INFO [stdout] 
Dec 01 04:55:55.804 INFO [stdout] failures:
Dec 01 04:55:55.804 INFO [stdout] 
Dec 01 04:55:55.805 INFO [stdout] ---- download::tests::new_with_invalid_output_directory stdout ----
Dec 01 04:55:55.805 INFO [stdout] thread 'download::tests::new_with_invalid_output_directory' panicked at 'Expected an output-related error, got 'Err(Http(Io(Custom { kind: Other, error: StringError("failed to lookup address information: Temporary failure in name resolution") })))' instead.', src/download.rs:928:16
Dec 01 04:55:55.805 INFO [stdout] stack backtrace:
Dec 01 04:55:55.806 INFO [stdout]    0:     0x5635d01b7bae - std::sys::unix::backtrace::tracing::imp::unwind_backtrace::h15749a98198ba25f
Dec 01 04:55:55.806 INFO [stdout]                                at libstd/sys/unix/backtrace/tracing/gcc_s.rs:49
Dec 01 04:55:55.806 INFO [stdout]    1:     0x5635d01a9e36 - std::sys_common::backtrace::print::h0ba65c811294dbf0
Dec 01 04:55:55.807 INFO [stdout]                                at libstd/sys_common/backtrace.rs:71
Dec 01 04:55:55.807 INFO [stdout]                                at libstd/sys_common/backtrace.rs:59
Dec 01 04:55:55.807 INFO [stdout]    2:     0x5635d01a819d - std::panicking::default_hook::{{closure}}::h42bb31757f0fee64
Dec 01 04:55:55.807 INFO [stdout]                                at libstd/panicking.rs:211
Dec 01 04:55:55.808 INFO [stdout]    3:     0x5635d01a7eab - std::panicking::default_hook::hebc8848d7aa7dbd9
Dec 01 04:55:55.808 INFO [stdout]                                at libstd/panicking.rs:221
Dec 01 04:55:55.809 INFO [stdout]    4:     0x5635d01a884c - std::panicking::rust_panic_with_hook::h86e619a638415243
Dec 01 04:55:55.809 INFO [stdout]                                at libstd/panicking.rs:477
Dec 01 04:55:55.809 INFO [stdout]    5:     0x5635d01a8409 - std::panicking::continue_panic_fmt::h2d2d2bfb065a70b2
Dec 01 04:55:55.809 INFO [stdout]                                at libstd/panicking.rs:391
Dec 01 04:55:55.810 INFO [stdout]    6:     0x5635d01a836d - std::panicking::begin_panic_fmt::ha5097e2056ef3d5a
Dec 01 04:55:55.810 INFO [stdout]                                at libstd/panicking.rs:346
Dec 01 04:55:55.810 INFO [stdout]    7:     0x5635d0073264 - squid::download::tests::new_with_invalid_output_directory::h43b5a7b79d2f0178
Dec 01 04:55:55.811 INFO [stdout]                                at src/download.rs:928
Dec 01 04:55:55.811 INFO [stdout]    8:     0x5635d00730b9 - squid::download::tests::new_with_invalid_output_directory::{{closure}}::he55bd1e51134c2f1
Dec 01 04:55:55.811 INFO [stdout]                                at src/download.rs:917
Dec 01 04:55:55.812 INFO [stdout]    9:     0x5635d005f11d - core::ops::function::FnOnce::call_once::h25f513ba17c29a7c
Dec 01 04:55:55.812 INFO [stdout]                                at libcore/ops/function.rs:238
Dec 01 04:55:55.812 INFO [stdout]   10:     0x5635d00759ee - <F as alloc::boxed::FnBox<A>>::call_box::hbea525814fa423cc
Dec 01 04:55:55.813 INFO [stdout]                                at libtest/lib.rs:1461
Dec 01 04:55:55.813 INFO [stdout]                                at libcore/ops/function.rs:238
Dec 01 04:55:55.813 INFO [stdout]                                at liballoc/boxed.rs:646
Dec 01 04:55:55.813 INFO [stdout]   11:     0x5635d01c72a9 - __rust_maybe_catch_panic
Dec 01 04:55:55.814 INFO [stdout]                                at libpanic_unwind/lib.rs:103
Dec 01 04:55:55.814 INFO [stdout]   12:     0x5635d008134d - std::sys_common::backtrace::__rust_begin_short_backtrace::h0ff507d7422944d3
Dec 01 04:55:55.815 INFO [stdout]                                at libstd/panicking.rs:289
Dec 01 04:55:55.815 INFO [stdout]                                at libstd/panic.rs:392
Dec 01 04:55:55.815 INFO [stdout]                                at libtest/lib.rs:1416
Dec 01 04:55:55.815 INFO [stdout]                                at libstd/sys_common/backtrace.rs:136
Dec 01 04:55:55.816 INFO [stdout]   13:     0x5635d0099984 - std::panicking::try::do_call::hba0bdcc3670471cc
Dec 01 04:55:55.816 INFO [stdout]                                at libstd/thread/mod.rs:409
Dec 01 04:55:55.816 INFO [stdout]                                at libstd/panic.rs:313
Dec 01 04:55:55.817 INFO [stdout]                                at libstd/panicking.rs:310
Dec 01 04:55:55.817 INFO [stdout]   14:     0x5635d01c72a9 - __rust_maybe_catch_panic
Dec 01 04:55:55.817 INFO [stdout]                                at libpanic_unwind/lib.rs:103
Dec 01 04:55:55.818 INFO [stdout]   15:     0x5635d008a256 - <F as alloc::boxed::FnBox<A>>::call_box::hdac52587b00591af
Dec 01 04:55:55.818 INFO [stdout]                                at libstd/panicking.rs:289
Dec 01 04:55:55.818 INFO [stdout]                                at libstd/panic.rs:392
Dec 01 04:55:55.823 INFO [stdout]                                at libstd/thread/mod.rs:408
Dec 01 04:55:55.823 INFO [stdout]                                at liballoc/boxed.rs:646
Dec 01 04:55:55.823 INFO [stdout]   16:     0x5635d01b96ea - std::sys_common::thread::start_thread::h75d887c7d2cc4479
Dec 01 04:55:55.823 INFO [stdout]                                at liballoc/boxed.rs:656
Dec 01 04:55:55.824 INFO [stdout]                                at libstd/sys_common/thread.rs:24
Dec 01 04:55:55.824 INFO [stdout]   17:     0x5635d01a9075 - std::sys::unix::thread::Thread::new::thread_start::h8414caee632bf9ed
Dec 01 04:55:55.824 INFO [stdout]                                at libstd/sys/unix/thread.rs:90
Dec 01 04:55:55.825 INFO [stdout]   18:     0x7fdd32c286b9 - start_thread
Dec 01 04:55:55.825 INFO [stdout]   19:     0x7fdd3274841c - clone
Dec 01 04:55:55.825 INFO [stdout]   20:                0x0 - <unknown>
Dec 01 04:55:55.825 INFO [stdout] 
Dec 01 04:55:55.826 INFO [stdout] 
Dec 01 04:55:55.826 INFO [stdout] failures:
Dec 01 04:55:55.826 INFO [stdout]     download::tests::new_with_invalid_output_directory
Dec 01 04:55:55.827 INFO [stdout] 
Dec 01 04:55:55.827 INFO [stdout] test result: FAILED. 1 passed; 1 failed; 1 ignored; 0 measured; 0 filtered out
Dec 01 04:55:55.827 INFO [stdout] 
Dec 01 04:55:55.827 INFO [stderr] su: No module specific data is present
Dec 01 04:55:56.821 INFO running `"docker" "inspect" "019529bcbdd8dfac56e8c02b05daf181e3a8b713cb806e613bc5ba4f7d65b598"`
Dec 01 04:55:57.243 INFO running `"docker" "rm" "-f" "019529bcbdd8dfac56e8c02b05daf181e3a8b713cb806e613bc5ba4f7d65b598"`
Dec 01 04:55:57.514 INFO [stdout] 019529bcbdd8dfac56e8c02b05daf181e3a8b713cb806e613bc5ba4f7d65b598
