Dec 01 06:15:51.588 INFO testing phillyai/calc-repl-rs against 1.30.1 for beta-1.31-5
Dec 01 06:15:51.588 INFO running `"docker" "create" "-v" "/mnt/big/crater/work/local/target-dirs/beta-1.31-5/worker-0/1.30.1:/target:rw,Z" "-v" "/mnt/big/crater/work/local/test-source/worker-0/beta-1.31-5/1.30.1:/source:ro,Z" "-v" "/mnt/big/crater/work/local/cargo-home:/cargo-home:ro,Z" "-v" "/mnt/big/crater/work/local/rustup-home:/rustup-home:ro,Z" "-e" "USER_ID=1000" "-e" "SOURCE_DIR=/source" "-e" "USER_ID=1000" "-e" "CMD=cargo +1.30.1 build --frozen" "-e" "CARGO_TARGET_DIR=/target" "-e" "CARGO_INCREMENTAL=0" "-e" "RUST_BACKTRACE=full" "-e" "RUSTFLAGS=--cap-lints=warn" "-e" "CARGO_HOME=/cargo-home" "-e" "RUSTUP_HOME=/rustup-home" "-m" "1536M" "--network" "none" "crater"`
Dec 01 06:15:51.814 INFO [stdout] e7132da00c7881def15b3aac91e20467ece609c9470447e27599399ac083b10b
Dec 01 06:15:51.820 INFO running `"docker" "start" "-a" "e7132da00c7881def15b3aac91e20467ece609c9470447e27599399ac083b10b"`
Dec 01 06:15:52.446 INFO [stderr] usermod: no changes
Dec 01 06:15:52.479 INFO [stderr]    Compiling calc-repl-rs v0.1.0 (/source)
Dec 01 06:15:53.571 INFO [stderr]     Finished dev [unoptimized + debuginfo] target(s) in 1.10s
Dec 01 06:15:53.574 INFO [stderr] su: No module specific data is present
Dec 01 06:15:54.064 INFO running `"docker" "inspect" "e7132da00c7881def15b3aac91e20467ece609c9470447e27599399ac083b10b"`
Dec 01 06:15:54.272 INFO running `"docker" "rm" "-f" "e7132da00c7881def15b3aac91e20467ece609c9470447e27599399ac083b10b"`
Dec 01 06:15:54.487 INFO [stdout] e7132da00c7881def15b3aac91e20467ece609c9470447e27599399ac083b10b
Dec 01 06:15:54.493 INFO running `"docker" "create" "-v" "/mnt/big/crater/work/local/target-dirs/beta-1.31-5/worker-0/1.30.1:/target:rw,Z" "-v" "/mnt/big/crater/work/local/test-source/worker-0/beta-1.31-5/1.30.1:/source:ro,Z" "-v" "/mnt/big/crater/work/local/cargo-home:/cargo-home:ro,Z" "-v" "/mnt/big/crater/work/local/rustup-home:/rustup-home:ro,Z" "-e" "USER_ID=1000" "-e" "SOURCE_DIR=/source" "-e" "USER_ID=1000" "-e" "CMD=cargo +1.30.1 test --frozen --no-run" "-e" "CARGO_TARGET_DIR=/target" "-e" "CARGO_INCREMENTAL=0" "-e" "RUST_BACKTRACE=full" "-e" "RUSTFLAGS=--cap-lints=warn" "-e" "CARGO_HOME=/cargo-home" "-e" "RUSTUP_HOME=/rustup-home" "-m" "1536M" "--network" "none" "crater"`
Dec 01 06:15:54.679 INFO [stdout] f4a30d14922cc720f8364f3c318f5890381ff995e7d903fd7d2601ba8c234084
Dec 01 06:15:54.685 INFO running `"docker" "start" "-a" "f4a30d14922cc720f8364f3c318f5890381ff995e7d903fd7d2601ba8c234084"`
Dec 01 06:15:55.187 INFO [stderr] usermod: no changes
Dec 01 06:15:55.216 INFO [stderr]    Compiling calc-repl-rs v0.1.0 (/source)
Dec 01 06:15:56.235 INFO [stderr]     Finished dev [unoptimized + debuginfo] target(s) in 1.02s
Dec 01 06:15:56.235 INFO [stderr] su: No module specific data is present
Dec 01 06:15:56.833 INFO running `"docker" "inspect" "f4a30d14922cc720f8364f3c318f5890381ff995e7d903fd7d2601ba8c234084"`
Dec 01 06:15:57.063 INFO running `"docker" "rm" "-f" "f4a30d14922cc720f8364f3c318f5890381ff995e7d903fd7d2601ba8c234084"`
Dec 01 06:15:57.251 INFO [stdout] f4a30d14922cc720f8364f3c318f5890381ff995e7d903fd7d2601ba8c234084
Dec 01 06:15:57.257 INFO running `"docker" "create" "-v" "/mnt/big/crater/work/local/target-dirs/beta-1.31-5/worker-0/1.30.1:/target:rw,Z" "-v" "/mnt/big/crater/work/local/test-source/worker-0/beta-1.31-5/1.30.1:/source:ro,Z" "-v" "/mnt/big/crater/work/local/cargo-home:/cargo-home:ro,Z" "-v" "/mnt/big/crater/work/local/rustup-home:/rustup-home:ro,Z" "-e" "USER_ID=1000" "-e" "SOURCE_DIR=/source" "-e" "USER_ID=1000" "-e" "CMD=cargo +1.30.1 test --frozen" "-e" "CARGO_TARGET_DIR=/target" "-e" "CARGO_INCREMENTAL=0" "-e" "RUST_BACKTRACE=full" "-e" "RUSTFLAGS=--cap-lints=warn" "-e" "CARGO_HOME=/cargo-home" "-e" "RUSTUP_HOME=/rustup-home" "-m" "1536M" "--network" "none" "crater"`
Dec 01 06:15:57.725 INFO [stdout] 1d7ae80408a6a0648ec91142b896635b05f431c8fe434e85e8b6c9c21b5815f5
Dec 01 06:15:57.726 INFO running `"docker" "start" "-a" "1d7ae80408a6a0648ec91142b896635b05f431c8fe434e85e8b6c9c21b5815f5"`
Dec 01 06:15:58.758 INFO [stderr] usermod: no changes
Dec 01 06:15:58.797 INFO [stderr]     Finished dev [unoptimized + debuginfo] target(s) in 0.01s
Dec 01 06:15:58.800 INFO [stderr]      Running /target/debug/deps/calc_repl_rs-757dc533e04c7a3e
Dec 01 06:15:58.808 INFO [stdout] 
Dec 01 06:15:58.808 INFO [stdout] running 1 test
Dec 01 06:15:58.831 INFO [stdout] test test_interpreter ... FAILED
Dec 01 06:15:58.831 INFO [stdout] 
Dec 01 06:15:58.831 INFO [stdout] failures:
Dec 01 06:15:58.831 INFO [stdout] 
Dec 01 06:15:58.831 INFO [stdout] ---- test_interpreter stdout ----
Dec 01 06:15:58.831 INFO [stdout] thread 'test_interpreter' panicked at 'assertion failed: `(left == right)`
Dec 01 06:15:58.831 INFO [stdout]   left: `12`,
Dec 01 06:15:58.831 INFO [stdout]  right: `14`', src/main.rs:144:25
Dec 01 06:15:58.831 INFO [stdout] stack backtrace:
Dec 01 06:15:58.831 INFO [stdout]    0:     0x55eb360f668e - std::sys::unix::backtrace::tracing::imp::unwind_backtrace::h15749a98198ba25f
Dec 01 06:15:58.831 INFO [stdout]                                at libstd/sys/unix/backtrace/tracing/gcc_s.rs:49
Dec 01 06:15:58.831 INFO [stdout]    1:     0x55eb360e9a16 - std::sys_common::backtrace::print::h0ba65c811294dbf0
Dec 01 06:15:58.831 INFO [stdout]                                at libstd/sys_common/backtrace.rs:71
Dec 01 06:15:58.831 INFO [stdout]                                at libstd/sys_common/backtrace.rs:59
Dec 01 06:15:58.831 INFO [stdout]    2:     0x55eb360e7e3d - std::panicking::default_hook::{{closure}}::h42bb31757f0fee64
Dec 01 06:15:58.831 INFO [stdout]                                at libstd/panicking.rs:211
Dec 01 06:15:58.831 INFO [stdout]    3:     0x55eb360e7b4b - std::panicking::default_hook::hebc8848d7aa7dbd9
Dec 01 06:15:58.831 INFO [stdout]                                at libstd/panicking.rs:221
Dec 01 06:15:58.831 INFO [stdout]    4:     0x55eb360e84ec - std::panicking::rust_panic_with_hook::h86e619a638415243
Dec 01 06:15:58.831 INFO [stdout]                                at libstd/panicking.rs:477
Dec 01 06:15:58.831 INFO [stdout]    5:     0x55eb360e80a9 - std::panicking::continue_panic_fmt::h2d2d2bfb065a70b2
Dec 01 06:15:58.831 INFO [stdout]                                at libstd/panicking.rs:391
Dec 01 06:15:58.831 INFO [stdout]    6:     0x55eb360e800d - std::panicking::begin_panic_fmt::ha5097e2056ef3d5a
Dec 01 06:15:58.831 INFO [stdout]                                at libstd/panicking.rs:346
Dec 01 06:15:58.831 INFO [stdout]    7:     0x55eb3609ec5c - calc_repl_rs::test_interpreter::{{closure}}::he1c4d6dec819351e
Dec 01 06:15:58.831 INFO [stdout]                                at src/main.rs:144
Dec 01 06:15:58.831 INFO [stdout]    8:     0x55eb3609ea42 - calc_repl_rs::test_interpreter::hd7b328ad859b5e83
Dec 01 06:15:58.831 INFO [stdout]                                at src/main.rs:148
Dec 01 06:15:58.831 INFO [stdout]    9:     0x55eb3609e949 - calc_repl_rs::test_interpreter::{{closure}}::hbe41eb2a028dc4d2
Dec 01 06:15:58.831 INFO [stdout]                                at src/main.rs:143
Dec 01 06:15:58.831 INFO [stdout]   10:     0x55eb360a1c2d - core::ops::function::FnOnce::call_once::hb6399e65f16cbd4c
Dec 01 06:15:58.831 INFO [stdout]                                at libcore/ops/function.rs:238
Dec 01 06:15:58.831 INFO [stdout]   11:     0x55eb360a8a1e - <F as alloc::boxed::FnBox<A>>::call_box::hbea525814fa423cc
Dec 01 06:15:58.831 INFO [stdout]                                at libtest/lib.rs:1461
Dec 01 06:15:58.831 INFO [stdout]                                at libcore/ops/function.rs:238
Dec 01 06:15:58.831 INFO [stdout]                                at liballoc/boxed.rs:646
Dec 01 06:15:58.831 INFO [stdout]   12:     0x55eb361054f9 - __rust_maybe_catch_panic
Dec 01 06:15:58.831 INFO [stdout]                                at libpanic_unwind/lib.rs:103
Dec 01 06:15:58.831 INFO [stdout]   13:     0x55eb360b437d - std::sys_common::backtrace::__rust_begin_short_backtrace::h0ff507d7422944d3
Dec 01 06:15:58.831 INFO [stdout]                                at libstd/panicking.rs:289
Dec 01 06:15:58.831 INFO [stdout]                                at libstd/panic.rs:392
Dec 01 06:15:58.831 INFO [stdout]                                at libtest/lib.rs:1416
Dec 01 06:15:58.831 INFO [stdout]                                at libstd/sys_common/backtrace.rs:136
Dec 01 06:15:58.831 INFO [stdout]   14:     0x55eb360cc9b4 - std::panicking::try::do_call::hba0bdcc3670471cc
Dec 01 06:15:58.831 INFO [stdout]                                at libstd/thread/mod.rs:409
Dec 01 06:15:58.831 INFO [stdout]                                at libstd/panic.rs:313
Dec 01 06:15:58.831 INFO [stdout]                                at libstd/panicking.rs:310
Dec 01 06:15:58.831 INFO [stdout]   15:     0x55eb361054f9 - __rust_maybe_catch_panic
Dec 01 06:15:58.831 INFO [stdout]                                at libpanic_unwind/lib.rs:103
Dec 01 06:15:58.831 INFO [stdout]   16:     0x55eb360bd286 - <F as alloc::boxed::FnBox<A>>::call_box::hdac52587b00591af
Dec 01 06:15:58.831 INFO [stdout]                                at libstd/panicking.rs:289
Dec 01 06:15:58.831 INFO [stdout]                                at libstd/panic.rs:392
Dec 01 06:15:58.831 INFO [stdout]                                at libstd/thread/mod.rs:408
Dec 01 06:15:58.831 INFO [stdout]                                at liballoc/boxed.rs:646
Dec 01 06:15:58.831 INFO [stdout]   17:     0x55eb360f7f9a - std::sys_common::thread::start_thread::h75d887c7d2cc4479
Dec 01 06:15:58.831 INFO [stdout]                                at liballoc/boxed.rs:656
Dec 01 06:15:58.831 INFO [stdout]                                at libstd/sys_common/thread.rs:24
Dec 01 06:15:58.831 INFO [stdout]   18:     0x55eb360e8c55 - std::sys::unix::thread::Thread::new::thread_start::h8414caee632bf9ed
Dec 01 06:15:58.831 INFO [stdout]                                at libstd/sys/unix/thread.rs:90
Dec 01 06:15:58.831 INFO [stdout]   19:     0x7f92126e36b9 - start_thread
Dec 01 06:15:58.831 INFO [stdout]   20:     0x7f921220341c - clone
Dec 01 06:15:58.831 INFO [stdout]   21:                0x0 - <unknown>
Dec 01 06:15:58.832 INFO [stdout] 
Dec 01 06:15:58.832 INFO [stdout] 
Dec 01 06:15:58.832 INFO [stdout] failures:
Dec 01 06:15:58.832 INFO [stdout]     test_interpreter
Dec 01 06:15:58.832 INFO [stdout] 
Dec 01 06:15:58.832 INFO [stdout] test result: FAILED. 0 passed; 1 failed; 0 ignored; 0 measured; 0 filtered out
Dec 01 06:15:58.832 INFO [stdout] 
Dec 01 06:15:58.833 INFO [stderr] error: test failed, to rerun pass '--bin calc-repl-rs'
Dec 01 06:15:58.839 INFO [stderr] su: No module specific data is present
Dec 01 06:15:59.105 INFO running `"docker" "inspect" "1d7ae80408a6a0648ec91142b896635b05f431c8fe434e85e8b6c9c21b5815f5"`
Dec 01 06:15:59.202 INFO running `"docker" "rm" "-f" "1d7ae80408a6a0648ec91142b896635b05f431c8fe434e85e8b6c9c21b5815f5"`
Dec 01 06:15:59.291 INFO [stdout] 1d7ae80408a6a0648ec91142b896635b05f431c8fe434e85e8b6c9c21b5815f5
