Dec 01 06:21:11.862 INFO testing peterdn/shutter against 1.30.1 for beta-1.31-5
Dec 01 06:21:11.862 INFO running `"docker" "create" "-v" "/mnt/big/crater/work/local/target-dirs/beta-1.31-5/worker-4/1.30.1:/target:rw,Z" "-v" "/mnt/big/crater/work/local/test-source/worker-4/beta-1.31-5/1.30.1:/source:ro,Z" "-v" "/mnt/big/crater/work/local/cargo-home:/cargo-home:ro,Z" "-v" "/mnt/big/crater/work/local/rustup-home:/rustup-home:ro,Z" "-e" "USER_ID=1000" "-e" "SOURCE_DIR=/source" "-e" "USER_ID=1000" "-e" "CMD=cargo +1.30.1 build --frozen" "-e" "CARGO_TARGET_DIR=/target" "-e" "CARGO_INCREMENTAL=0" "-e" "RUST_BACKTRACE=full" "-e" "RUSTFLAGS=--cap-lints=warn" "-e" "CARGO_HOME=/cargo-home" "-e" "RUSTUP_HOME=/rustup-home" "-m" "1536M" "--network" "none" "crater"`
Dec 01 06:21:12.225 INFO [stdout] 02a0c86125b241c3346551ecfcb38740e9f70dc2b950339e30aa6497cbf36d56
Dec 01 06:21:12.227 INFO running `"docker" "start" "-a" "02a0c86125b241c3346551ecfcb38740e9f70dc2b950339e30aa6497cbf36d56"`
Dec 01 06:21:13.673 INFO [stderr] usermod: no changes
Dec 01 06:21:14.075 INFO [stderr]    Compiling openssl-sys v0.9.31
Dec 01 06:21:14.077 INFO [stderr]    Compiling bytes v0.4.8
Dec 01 06:21:14.077 INFO [stderr]    Compiling uuid v0.6.5
Dec 01 06:21:14.087 INFO [stderr]    Compiling crossbeam-epoch v0.4.1
Dec 01 06:21:14.087 INFO [stderr]    Compiling crossbeam-epoch v0.3.1
Dec 01 06:21:14.088 INFO [stderr]    Compiling clap v2.31.2
Dec 01 06:21:14.129 INFO [stderr]    Compiling backtrace-sys v0.1.23
Dec 01 06:21:14.140 INFO [stderr]    Compiling serde_urlencoded v0.5.2
Dec 01 06:21:15.348 INFO [stderr]    Compiling serde_derive v1.0.65
Dec 01 06:21:19.803 INFO [stderr]    Compiling backtrace v0.3.8
Dec 01 06:21:19.803 INFO [stderr]    Compiling crossbeam-deque v0.2.0
Dec 01 06:21:19.803 INFO [stderr]    Compiling crossbeam-deque v0.3.1
Dec 01 06:21:22.709 INFO [stderr]    Compiling tokio-io v0.1.6
Dec 01 06:21:24.223 INFO [stderr]    Compiling tokio-threadpool v0.1.3
Dec 01 06:21:24.487 INFO [stderr]    Compiling openssl v0.9.24
Dec 01 06:21:24.487 INFO [stderr]    Compiling rayon-core v1.4.0
Dec 01 06:21:24.575 INFO [stderr]    Compiling failure v0.1.1
Dec 01 06:21:30.279 INFO [stderr]    Compiling tokio-reactor v0.1.1
Dec 01 06:21:34.717 INFO [stderr]    Compiling rayon v1.0.1
Dec 01 06:21:39.043 INFO [stderr]    Compiling tokio-fs v0.1.0
Dec 01 06:21:39.266 INFO [stderr]    Compiling tokio-tcp v0.1.0
Dec 01 06:21:39.266 INFO [stderr]    Compiling tokio-udp v0.1.0
Dec 01 06:21:42.431 INFO [stderr]    Compiling tokio v0.1.6
Dec 01 06:21:50.751 INFO [stderr]    Compiling tokio-core v0.1.17
Dec 01 06:21:50.803 INFO [stderr]    Compiling native-tls v0.1.5
Dec 01 06:21:53.171 INFO [stderr]    Compiling tokio-proto v0.1.1
Dec 01 06:21:53.171 INFO [stderr]    Compiling tokio-tls v0.1.4
Dec 01 06:21:55.962 INFO [stderr]    Compiling hyper v0.11.27
Dec 01 06:22:04.357 INFO [stderr]    Compiling hyper-tls v0.1.3
Dec 01 06:22:06.075 INFO [stderr]    Compiling reqwest v0.8.6
Dec 01 06:22:14.435 INFO [stderr]    Compiling instagram-scraper v0.1.0 (/source)
Dec 01 06:22:25.370 INFO [stderr]     Finished dev [unoptimized + debuginfo] target(s) in 1m 11s
Dec 01 06:22:25.385 INFO [stderr] su: No module specific data is present
Dec 01 06:22:26.052 INFO running `"docker" "inspect" "02a0c86125b241c3346551ecfcb38740e9f70dc2b950339e30aa6497cbf36d56"`
Dec 01 06:22:26.388 INFO running `"docker" "rm" "-f" "02a0c86125b241c3346551ecfcb38740e9f70dc2b950339e30aa6497cbf36d56"`
Dec 01 06:22:26.773 INFO [stdout] 02a0c86125b241c3346551ecfcb38740e9f70dc2b950339e30aa6497cbf36d56
Dec 01 06:22:26.775 INFO running `"docker" "create" "-v" "/mnt/big/crater/work/local/target-dirs/beta-1.31-5/worker-4/1.30.1:/target:rw,Z" "-v" "/mnt/big/crater/work/local/test-source/worker-4/beta-1.31-5/1.30.1:/source:ro,Z" "-v" "/mnt/big/crater/work/local/cargo-home:/cargo-home:ro,Z" "-v" "/mnt/big/crater/work/local/rustup-home:/rustup-home:ro,Z" "-e" "USER_ID=1000" "-e" "SOURCE_DIR=/source" "-e" "USER_ID=1000" "-e" "CMD=cargo +1.30.1 test --frozen --no-run" "-e" "CARGO_TARGET_DIR=/target" "-e" "CARGO_INCREMENTAL=0" "-e" "RUST_BACKTRACE=full" "-e" "RUSTFLAGS=--cap-lints=warn" "-e" "CARGO_HOME=/cargo-home" "-e" "RUSTUP_HOME=/rustup-home" "-m" "1536M" "--network" "none" "crater"`
Dec 01 06:22:27.231 INFO [stdout] 6b18f5e43bd89b2116fe1ee2de2c3e4cef8a71a70a15386174ddf18cb2d77287
Dec 01 06:22:27.239 INFO running `"docker" "start" "-a" "6b18f5e43bd89b2116fe1ee2de2c3e4cef8a71a70a15386174ddf18cb2d77287"`
Dec 01 06:22:28.742 INFO [stderr] usermod: no changes
Dec 01 06:22:29.139 INFO [stderr]    Compiling assert_matches v1.2.0
Dec 01 06:22:29.591 INFO [stderr]    Compiling instagram-scraper v0.1.0 (/source)
Dec 01 06:22:39.743 INFO [stderr]     Finished dev [unoptimized + debuginfo] target(s) in 10.96s
Dec 01 06:22:39.759 INFO [stderr] su: No module specific data is present
Dec 01 06:22:40.875 INFO running `"docker" "inspect" "6b18f5e43bd89b2116fe1ee2de2c3e4cef8a71a70a15386174ddf18cb2d77287"`
Dec 01 06:22:41.123 INFO running `"docker" "rm" "-f" "6b18f5e43bd89b2116fe1ee2de2c3e4cef8a71a70a15386174ddf18cb2d77287"`
Dec 01 06:22:41.507 INFO [stdout] 6b18f5e43bd89b2116fe1ee2de2c3e4cef8a71a70a15386174ddf18cb2d77287
Dec 01 06:22:41.516 INFO running `"docker" "create" "-v" "/mnt/big/crater/work/local/target-dirs/beta-1.31-5/worker-4/1.30.1:/target:rw,Z" "-v" "/mnt/big/crater/work/local/test-source/worker-4/beta-1.31-5/1.30.1:/source:ro,Z" "-v" "/mnt/big/crater/work/local/cargo-home:/cargo-home:ro,Z" "-v" "/mnt/big/crater/work/local/rustup-home:/rustup-home:ro,Z" "-e" "USER_ID=1000" "-e" "SOURCE_DIR=/source" "-e" "USER_ID=1000" "-e" "CMD=cargo +1.30.1 test --frozen" "-e" "CARGO_TARGET_DIR=/target" "-e" "CARGO_INCREMENTAL=0" "-e" "RUST_BACKTRACE=full" "-e" "RUSTFLAGS=--cap-lints=warn" "-e" "CARGO_HOME=/cargo-home" "-e" "RUSTUP_HOME=/rustup-home" "-m" "1536M" "--network" "none" "crater"`
Dec 01 06:22:41.957 INFO [stdout] 8b31130114d0722f4d68786a81b9e5d6a482dae0e6f5e56d7b7c9957a858e3ba
Dec 01 06:22:41.960 INFO running `"docker" "start" "-a" "8b31130114d0722f4d68786a81b9e5d6a482dae0e6f5e56d7b7c9957a858e3ba"`
Dec 01 06:22:43.646 INFO [stderr] usermod: no changes
Dec 01 06:22:43.916 INFO [stderr]     Finished dev [unoptimized + debuginfo] target(s) in 0.23s
Dec 01 06:22:43.950 INFO [stderr]      Running /target/debug/deps/shutter-19017a8140e3911d
Dec 01 06:22:43.954 INFO [stdout] 
Dec 01 06:22:43.954 INFO [stdout] running 4 tests
Dec 01 06:22:43.979 INFO [stdout] test scrape::tests::test_extract_instagram_json_text ... ok
Dec 01 06:22:43.983 INFO [stdout] test profile::tests::test_from_json_profile ... ok
Dec 01 06:22:43.983 INFO [stdout] test scrape::tests::test_get_profile_json_data ... ok
Dec 01 06:22:44.171 INFO [stdout] test profile::tests::test_get_instagram_profile ... FAILED
Dec 01 06:22:44.171 INFO [stdout] 
Dec 01 06:22:44.171 INFO [stdout] failures:
Dec 01 06:22:44.171 INFO [stdout] 
Dec 01 06:22:44.171 INFO [stdout] ---- profile::tests::test_get_instagram_profile stdout ----
Dec 01 06:22:44.171 INFO [stdout] thread 'profile::tests::test_get_instagram_profile' panicked at 'assertion failed: profile.is_ok()', src/profile.rs:102:9
Dec 01 06:22:44.171 INFO [stdout] stack backtrace:
Dec 01 06:22:44.171 INFO [stdout]    0:     0x55874156273e - std::sys::unix::backtrace::tracing::imp::unwind_backtrace::h15749a98198ba25f
Dec 01 06:22:44.171 INFO [stdout]                                at libstd/sys/unix/backtrace/tracing/gcc_s.rs:49
Dec 01 06:22:44.171 INFO [stdout]    1:     0x558741554846 - std::sys_common::backtrace::print::h0ba65c811294dbf0
Dec 01 06:22:44.171 INFO [stdout]                                at libstd/sys_common/backtrace.rs:71
Dec 01 06:22:44.171 INFO [stdout]                                at libstd/sys_common/backtrace.rs:59
Dec 01 06:22:44.171 INFO [stdout]    2:     0x558741552b0d - std::panicking::default_hook::{{closure}}::h42bb31757f0fee64
Dec 01 06:22:44.171 INFO [stdout]                                at libstd/panicking.rs:211
Dec 01 06:22:44.171 INFO [stdout]    3:     0x55874155281b - std::panicking::default_hook::hebc8848d7aa7dbd9
Dec 01 06:22:44.171 INFO [stdout]                                at libstd/panicking.rs:221
Dec 01 06:22:44.171 INFO [stdout]    4:     0x5587415531bc - std::panicking::rust_panic_with_hook::h86e619a638415243
Dec 01 06:22:44.171 INFO [stdout]                                at libstd/panicking.rs:477
Dec 01 06:22:44.171 INFO [stdout]    5:     0x5587414bc4cf - std::panicking::begin_panic::h1d75b98ff56e90ea
Dec 01 06:22:44.171 INFO [stdout]                                at libstd/panicking.rs:411
Dec 01 06:22:44.171 INFO [stdout]    6:     0x5587411012f2 - shutter::profile::tests::test_get_instagram_profile::hfe30c8f47f4d80c4
Dec 01 06:22:44.171 INFO [stdout]                                at src/profile.rs:102
Dec 01 06:22:44.171 INFO [stdout]    7:     0x558741101259 - shutter::profile::tests::test_get_instagram_profile::{{closure}}::ha978fb09ff12f3e8
Dec 01 06:22:44.171 INFO [stdout]                                at src/profile.rs:99
Dec 01 06:22:44.171 INFO [stdout]    8:     0x5587410fd2bd - core::ops::function::FnOnce::call_once::h2f91d71b4b810525
Dec 01 06:22:44.171 INFO [stdout]                                at libcore/ops/function.rs:238
Dec 01 06:22:44.171 INFO [stdout]    9:     0x5587411171ee - <F as alloc::boxed::FnBox<A>>::call_box::hbea525814fa423cc
Dec 01 06:22:44.171 INFO [stdout]                                at libtest/lib.rs:1461
Dec 01 06:22:44.171 INFO [stdout]                                at libcore/ops/function.rs:238
Dec 01 06:22:44.171 INFO [stdout]                                at liballoc/boxed.rs:646
Dec 01 06:22:44.171 INFO [stdout]   10:     0x5587415716c9 - __rust_maybe_catch_panic
Dec 01 06:22:44.171 INFO [stdout]                                at libpanic_unwind/lib.rs:103
Dec 01 06:22:44.171 INFO [stdout]   11:     0x558741122b4d - std::sys_common::backtrace::__rust_begin_short_backtrace::h0ff507d7422944d3
Dec 01 06:22:44.171 INFO [stdout]                                at libstd/panicking.rs:289
Dec 01 06:22:44.171 INFO [stdout]                                at libstd/panic.rs:392
Dec 01 06:22:44.171 INFO [stdout]                                at libtest/lib.rs:1416
Dec 01 06:22:44.171 INFO [stdout]                                at libstd/sys_common/backtrace.rs:136
Dec 01 06:22:44.171 INFO [stdout]   12:     0x55874113b184 - std::panicking::try::do_call::hba0bdcc3670471cc
Dec 01 06:22:44.172 INFO [stdout]                                at libstd/thread/mod.rs:409
Dec 01 06:22:44.172 INFO [stdout]                                at libstd/panic.rs:313
Dec 01 06:22:44.172 INFO [stdout]                                at libstd/panicking.rs:310
Dec 01 06:22:44.172 INFO [stdout]   13:     0x5587415716c9 - __rust_maybe_catch_panic
Dec 01 06:22:44.172 INFO [stdout]                                at libpanic_unwind/lib.rs:103
Dec 01 06:22:44.172 INFO [stdout]   14:     0x55874112ba56 - <F as alloc::boxed::FnBox<A>>::call_box::hdac52587b00591af
Dec 01 06:22:44.172 INFO [stdout]                                at libstd/panicking.rs:289
Dec 01 06:22:44.172 INFO [stdout]                                at libstd/panic.rs:392
Dec 01 06:22:44.172 INFO [stdout]                                at libstd/thread/mod.rs:408
Dec 01 06:22:44.172 INFO [stdout]                                at liballoc/boxed.rs:646
Dec 01 06:22:44.172 INFO [stdout]   15:     0x55874156427a - std::sys_common::thread::start_thread::h75d887c7d2cc4479
Dec 01 06:22:44.172 INFO [stdout]                                at liballoc/boxed.rs:656
Dec 01 06:22:44.172 INFO [stdout]                                at libstd/sys_common/thread.rs:24
Dec 01 06:22:44.172 INFO [stdout]   16:     0x5587415539e5 - std::sys::unix::thread::Thread::new::thread_start::h8414caee632bf9ed
Dec 01 06:22:44.172 INFO [stdout]                                at libstd/sys/unix/thread.rs:90
Dec 01 06:22:44.172 INFO [stdout]   17:     0x7fe1fbd2b6b9 - start_thread
Dec 01 06:22:44.172 INFO [stdout]   18:     0x7fe1fb84b41c - clone
Dec 01 06:22:44.172 INFO [stdout]   19:                0x0 - <unknown>
Dec 01 06:22:44.172 INFO [stdout] 
Dec 01 06:22:44.172 INFO [stdout] 
Dec 01 06:22:44.172 INFO [stdout] failures:
Dec 01 06:22:44.172 INFO [stdout]     profile::tests::test_get_instagram_profile
Dec 01 06:22:44.172 INFO [stdout] 
Dec 01 06:22:44.172 INFO [stdout] test result: FAILED. 3 passed; 1 failed; 0 ignored; 0 measured; 0 filtered out
Dec 01 06:22:44.172 INFO [stdout] 
Dec 01 06:22:44.175 INFO [stderr] error: test failed, to rerun pass '--lib'
Dec 01 06:22:44.183 INFO [stderr] su: No module specific data is present
Dec 01 06:22:45.250 INFO running `"docker" "inspect" "8b31130114d0722f4d68786a81b9e5d6a482dae0e6f5e56d7b7c9957a858e3ba"`
Dec 01 06:22:45.565 INFO running `"docker" "rm" "-f" "8b31130114d0722f4d68786a81b9e5d6a482dae0e6f5e56d7b7c9957a858e3ba"`
Dec 01 06:22:45.835 INFO [stdout] 8b31130114d0722f4d68786a81b9e5d6a482dae0e6f5e56d7b7c9957a858e3ba
